37.212.55.31 - - [29/Jul/2026:01:24:29 +0000] "GET /?p=1257 HTTP/1.1" 301 5 "-" "Mozilla/5.0 (Windows NT 10.0; Win64; x64) AppleWebKit/537.36 (KHTML, like Gecko) Chrome/120.0.0.0 Safari/537.36"
37.212.55.31 - - [29/Jul/2026:01:24:30 +0000] "GET /2026/07/28/bu-ay-pinco-kazinosunda-yeni-oyunlari-ksf-edin-9/ HTTP/1.1" 200 15409 "-" "Mozilla/5.0 (Windows NT 10.0; Win64; x64) AppleWebKit/537.36 (KHTML, like Gecko) Chrome/120.0.0.0 Safari/537.36"
37.212.55.31 - - [29/Jul/2026:01:24:33 +0000] "GET /?p=1257 HTTP/1.1" 301 5 "-" "Mozilla/5.0 (Windows NT 10.0; Win64; x64) AppleWebKit/537.36 (KHTML, like Gecko) Chrome/120.0.0.0 Safari/537.36"
37.212.55.31 - - [29/Jul/2026:01:24:34 +0000] "GET /2026/07/28/bu-ay-pinco-kazinosunda-yeni-oyunlari-ksf-edin-9/ HTTP/1.1" 200 15407 "-" "Mozilla/5.0 (Windows NT 10.0; Win64; x64) AppleWebKit/537.36 (KHTML, like Gecko) Chrome/120.0.0.0 Safari/537.36"
37.212.55.31 - - [29/Jul/2026:01:24:38 +0000] "GET /?p=1257 HTTP/1.1" 301 5 "-" "Mozilla/5.0 (Windows NT 10.0; Win64; x64) AppleWebKit/537.36 (KHTML, like Gecko) Chrome/120.0.0.0 Safari/537.36"
37.212.55.31 - - [29/Jul/2026:01:24:39 +0000] "GET /2026/07/28/bu-ay-pinco-kazinosunda-yeni-oyunlari-ksf-edin-9/ HTTP/1.1" 200 15415 "-" "Mozilla/5.0 (Windows NT 10.0; Win64; x64) AppleWebKit/537.36 (KHTML, like Gecko) Chrome/120.0.0.0 Safari/537.36"
65.1.209.187 - - [29/Jul/2026:01:24:40 +0000] "POST /wp-cron.php?doing_wp_cron=1785288280.9601469039916992187500 HTTP/1.1" 200 31 "-" "WordPress/6.9; https://www.drjunior.in"
37.212.55.31 - - [29/Jul/2026:01:24:40 +0000] "POST /wp-json/wp/v2/posts HTTP/1.1" 201 17636 "-" "Mozilla/5.0 (Windows NT 10.0; Win64; x64) AppleWebKit/537.36 (KHTML, like Gecko) Chrome/120.0.0.0 Safari/537.36"
37.212.55.31 - - [29/Jul/2026:01:24:42 +0000] "GET /2026/07/28/bu-ay-pinco-kazinosunda-yeni-oyunlari-ksf-edin-10/ HTTP/1.1" 200 15408 "-" "Mozilla/5.0 (Windows NT 10.0; Win64; x64) AppleWebKit/537.36 (KHTML, like Gecko) Chrome/120.0.0.0 Safari/537.36"
37.212.55.31 - - [29/Jul/2026:01:24:45 +0000] "GET /2026/07/28/bu-ay-pinco-kazinosunda-yeni-oyunlari-ksf-edin-10/ HTTP/1.1" 200 15404 "-" "Mozilla/5.0 (Windows NT 10.0; Win64; x64) AppleWebKit/537.36 (KHTML, like Gecko) Chrome/120.0.0.0 Safari/537.36"
37.212.55.31 - - [29/Jul/2026:01:24:48 +0000] "GET /2026/07/28/bu-ay-pinco-kazinosunda-yeni-oyunlari-ksf-edin-10/ HTTP/1.1" 200 15408 "-" "Mozilla/5.0 (Windows NT 10.0; Win64; x64) AppleWebKit/537.36 (KHTML, like Gecko) Chrome/120.0.0.0 Safari/537.36"
65.1.209.187 - - [29/Jul/2026:01:24:49 +0000] "POST /wp-cron.php?doing_wp_cron=1785288289.9328980445861816406250 HTTP/1.1" 200 31 "-" "WordPress/6.9; https://www.drjunior.in"
37.212.55.31 - - [29/Jul/2026:01:24:49 +0000] "POST /wp-json/wp/v2/posts HTTP/1.1" 201 17636 "-" "Mozilla/5.0 (Windows NT 10.0; Win64; x64) AppleWebKit/537.36 (KHTML, like Gecko) Chrome/120.0.0.0 Safari/537.36"
37.212.55.31 - - [29/Jul/2026:01:24:51 +0000] "GET /2026/07/28/bu-ay-pinco-kazinosunda-yeni-oyunlari-ksf-edin-11/ HTTP/1.1" 200 15410 "-" "Mozilla/5.0 (Windows NT 10.0; Win64; x64) AppleWebKit/537.36 (KHTML, like Gecko) Chrome/120.0.0.0 Safari/537.36"
37.212.55.31 - - [29/Jul/2026:01:24:54 +0000] "GET /2026/07/28/bu-ay-pinco-kazinosunda-yeni-oyunlari-ksf-edin-11/ HTTP/1.1" 200 15406 "-" "Mozilla/5.0 (Windows NT 10.0; Win64; x64) AppleWebKit/537.36 (KHTML, like Gecko) Chrome/120.0.0.0 Safari/537.36"
37.212.55.31 - - [29/Jul/2026:01:24:57 +0000] "GET /2026/07/28/bu-ay-pinco-kazinosunda-yeni-oyunlari-ksf-edin-11/ HTTP/1.1" 200 15405 "-" "Mozilla/5.0 (Windows NT 10.0; Win64; x64) AppleWebKit/537.36 (KHTML, like Gecko) Chrome/120.0.0.0 Safari/537.36"
37.212.55.31 - - [29/Jul/2026:01:24:58 +0000] "GET /wp-admin/post-new.php HTTP/1.1" 200 79128 "-" "Mozilla/5.0 (Windows NT 10.0; Win64; x64) AppleWebKit/537.36 (KHTML, like Gecko) Chrome/120.0.0.0 Safari/537.36"
65.1.209.187 - - [29/Jul/2026:01:25:00 +0000] "POST /wp-cron.php?doing_wp_cron=1785288300.2122979164123535156250 HTTP/1.1" 200 31 "-" "WordPress/6.9; https://www.drjunior.in"
37.212.55.31 - - [29/Jul/2026:01:25:00 +0000] "POST /wp-admin/post.php HTTP/1.1" 302 5 "-" "Mozilla/5.0 (Windows NT 10.0; Win64; x64) AppleWebKit/537.36 (KHTML, like Gecko) Chrome/120.0.0.0 Safari/537.36"
37.212.55.31 - - [29/Jul/2026:01:25:00 +0000] "GET /wp-admin/post.php?post=1261&action=edit&message=1 HTTP/1.1" 200 82743 "-" "Mozilla/5.0 (Windows NT 10.0; Win64; x64) AppleWebKit/537.36 (KHTML, like Gecko) Chrome/120.0.0.0 Safari/537.36"
117.55.251.12 - - [29/Jul/2026:01:25:03 +0000] "GET /?p=1261 HTTP/1.1" 301 5 "-" "Mozilla/5.0 (Windows NT 10.0; Win64; x64) AppleWebKit/537.36 (KHTML, like Gecko) Chrome/120.0.0.0 Safari/537.36"
117.55.251.12 - - [29/Jul/2026:01:25:04 +0000] "GET /2026/07/29/bu-ay-pinco-kazinosunda-yeni-oyunlari-ksf-edin-12/ HTTP/1.1" 200 15413 "-" "Mozilla/5.0 (Windows NT 10.0; Win64; x64) AppleWebKit/537.36 (KHTML, like Gecko) Chrome/120.0.0.0 Safari/537.36"
117.55.251.12 - - [29/Jul/2026:01:25:07 +0000] "GET /?p=1261 HTTP/1.1" 301 5 "-" "Mozilla/5.0 (Windows NT 10.0; Win64; x64) AppleWebKit/537.36 (KHTML, like Gecko) Chrome/120.0.0.0 Safari/537.36"
117.55.251.12 - - [29/Jul/2026:01:25:08 +0000] "GET /2026/07/29/bu-ay-pinco-kazinosunda-yeni-oyunlari-ksf-edin-12/ HTTP/1.1" 200 15407 "-" "Mozilla/5.0 (Windows NT 10.0; Win64; x64) AppleWebKit/537.36 (KHTML, like Gecko) Chrome/120.0.0.0 Safari/537.36"
43.165.127.225 - - [29/Jul/2026:01:25:09 +0000] "GET / HTTP/1.1" 444 0 "-" "Mozilla/5.0 (iPhone; CPU iPhone OS 13_2_3 like Mac OS X) AppleWebKit/605.1.15 (KHTML, like Gecko) Version/13.0.3 Mobile/15E148 Safari/604.1"
117.55.251.12 - - [29/Jul/2026:01:25:11 +0000] "GET /?p=1261 HTTP/1.1" 301 5 "-" "Mozilla/5.0 (Windows NT 10.0; Win64; x64) AppleWebKit/537.36 (KHTML, like Gecko) Chrome/120.0.0.0 Safari/537.36"
117.55.251.12 - - [29/Jul/2026:01:25:12 +0000] "GET /2026/07/29/bu-ay-pinco-kazinosunda-yeni-oyunlari-ksf-edin-12/ HTTP/1.1" 200 15406 "-" "Mozilla/5.0 (Windows NT 10.0; Win64; x64) AppleWebKit/537.36 (KHTML, like Gecko) Chrome/120.0.0.0 Safari/537.36"
190.124.22.245 - - [29/Jul/2026:01:25:15 +0000] "GET / HTTP/1.1" 200 15847 "-" "Mozilla/5.0 (Windows NT 10.0; Win64; x64) AppleWebKit/537.36 (KHTML, like Gecko) Chrome/120.0.0.0 Safari/537.36"
190.124.22.245 - - [29/Jul/2026:01:25:16 +0000] "GET /wp-login.php HTTP/1.1" 200 2037 "-" "Mozilla/5.0 (Windows NT 10.0; Win64; x64) AppleWebKit/537.36 (KHTML, like Gecko) Chrome/120.0.0.0 Safari/537.36"
190.124.22.245 - - [29/Jul/2026:01:25:18 +0000] "POST /wp-login.php HTTP/1.1" 302 5 "https://www.drjunior.in/wp-login.php" "Mozilla/5.0 (Windows NT 10.0; Win64; x64) AppleWebKit/537.36 (KHTML, like Gecko) Chrome/120.0.0.0 Safari/537.36"
190.124.22.245 - - [29/Jul/2026:01:25:19 +0000] "GET /wp-admin/ HTTP/1.1" 200 24227 "https://www.drjunior.in/wp-login.php" "Mozilla/5.0 (Windows NT 10.0; Win64; x64) AppleWebKit/537.36 (KHTML, like Gecko) Chrome/120.0.0.0 Safari/537.36"
171.251.236.71 - - [29/Jul/2026:01:25:22 +0000] "GET /wp-admin/ HTTP/1.1" 200 24227 "-" "Mozilla/5.0 (Windows NT 10.0; Win64; x64) AppleWebKit/537.36 (KHTML, like Gecko) Chrome/120.0.0.0 Safari/537.36"
171.251.236.71 - - [29/Jul/2026:01:25:23 +0000] "GET /wp-admin/post-new.php HTTP/1.1" 200 79130 "-" "Mozilla/5.0 (Windows NT 10.0; Win64; x64) AppleWebKit/537.36 (KHTML, like Gecko) Chrome/120.0.0.0 Safari/537.36"
171.251.236.71 - - [29/Jul/2026:01:25:25 +0000] "POST /xmlrpc.php HTTP/1.1" 200 661 "-" "WordPress/5.0; https://www.drjunior.in"
198.235.24.6 - - [29/Jul/2026:01:25:25 +0000] "GET / HTTP/1.1" 200 409 "-" "Hello from Palo Alto Networks, find out more about our scans in https://docs-cortex.paloaltonetworks.com/r/1/Cortex-Xpanse/Scanning-activity"
171.251.236.71 - - [29/Jul/2026:01:25:26 +0000] "GET /wp-admin/admin-ajax.php?action=rest-nonce HTTP/1.1" 200 41 "-" "Mozilla/5.0 (Windows NT 10.0; Win64; x64) AppleWebKit/537.36 (KHTML, like Gecko) Chrome/120.0.0.0 Safari/537.36"
65.1.209.187 - - [29/Jul/2026:01:25:27 +0000] "POST /wp-cron.php?doing_wp_cron=1785288327.4669289588928222656250 HTTP/1.1" 200 31 "-" "WordPress/6.9; https://www.drjunior.in"
171.251.236.71 - - [29/Jul/2026:01:25:27 +0000] "POST /xmlrpc.php HTTP/1.1" 200 190 "-" "Mozilla/5.0 (Windows NT 10.0; Win64; x64) AppleWebKit/537.36 (KHTML, like Gecko) Chrome/120.0.0.0 Safari/537.36"
171.251.236.71 - - [29/Jul/2026:01:25:28 +0000] "GET /?p=1264 HTTP/1.1" 301 5 "-" "Mozilla/5.0 (Windows NT 10.0; Win64; x64) AppleWebKit/537.36 (KHTML, like Gecko) Chrome/120.0.0.0 Safari/537.36"
171.251.236.71 - - [29/Jul/2026:01:25:29 +0000] "GET /2026/07/28/bu-ay-pinco-kazinosunda-yeni-oyunlari-ksf-edin-13/ HTTP/1.1" 200 15410 "-" "Mozilla/5.0 (Windows NT 10.0; Win64; x64) AppleWebKit/537.36 (KHTML, like Gecko) Chrome/120.0.0.0 Safari/537.36"
171.251.236.71 - - [29/Jul/2026:01:25:32 +0000] "GET /?p=1264 HTTP/1.1" 301 5 "-" "Mozilla/5.0 (Windows NT 10.0; Win64; x64) AppleWebKit/537.36 (KHTML, like Gecko) Chrome/120.0.0.0 Safari/537.36"
171.251.236.71 - - [29/Jul/2026:01:25:32 +0000] "GET /2026/07/28/bu-ay-pinco-kazinosunda-yeni-oyunlari-ksf-edin-13/ HTTP/1.1" 200 15397 "-" "Mozilla/5.0 (Windows NT 10.0; Win64; x64) AppleWebKit/537.36 (KHTML, like Gecko) Chrome/120.0.0.0 Safari/537.36"
171.251.236.71 - - [29/Jul/2026:01:25:35 +0000] "GET /?p=1264 HTTP/1.1" 301 5 "-" "Mozilla/5.0 (Windows NT 10.0; Win64; x64) AppleWebKit/537.36 (KHTML, like Gecko) Chrome/120.0.0.0 Safari/537.36"
171.251.236.71 - - [29/Jul/2026:01:25:36 +0000] "GET /2026/07/28/bu-ay-pinco-kazinosunda-yeni-oyunlari-ksf-edin-13/ HTTP/1.1" 200 15399 "-" "Mozilla/5.0 (Windows NT 10.0; Win64; x64) AppleWebKit/537.36 (KHTML, like Gecko) Chrome/120.0.0.0 Safari/537.36"
65.1.209.187 - - [29/Jul/2026:01:25:37 +0000] "POST /wp-cron.php?doing_wp_cron=1785288337.8434050083160400390625 HTTP/1.1" 200 31 "-" "WordPress/6.9; https://www.drjunior.in"
171.251.236.71 - - [29/Jul/2026:01:25:37 +0000] "POST /wp-json/wp/v2/posts HTTP/1.1" 201 17636 "-" "Mozilla/5.0 (Windows NT 10.0; Win64; x64) AppleWebKit/537.36 (KHTML, like Gecko) Chrome/120.0.0.0 Safari/537.36"
171.251.236.71 - - [29/Jul/2026:01:25:38 +0000] "GET /2026/07/28/bu-ay-pinco-kazinosunda-yeni-oyunlari-ksf-edin-14/ HTTP/1.1" 200 15416 "-" "Mozilla/5.0 (Windows NT 10.0; Win64; x64) AppleWebKit/537.36 (KHTML, like Gecko) Chrome/120.0.0.0 Safari/537.36"
171.251.236.71 - - [29/Jul/2026:01:25:41 +0000] "GET /2026/07/28/bu-ay-pinco-kazinosunda-yeni-oyunlari-ksf-edin-14/ HTTP/1.1" 200 15413 "-" "Mozilla/5.0 (Windows NT 10.0; Win64; x64) AppleWebKit/537.36 (KHTML, like Gecko) Chrome/120.0.0.0 Safari/537.36"
171.251.236.71 - - [29/Jul/2026:01:25:44 +0000] "GET /2026/07/28/bu-ay-pinco-kazinosunda-yeni-oyunlari-ksf-edin-14/ HTTP/1.1" 200 15411 "-" "Mozilla/5.0 (Windows NT 10.0; Win64; x64) AppleWebKit/537.36 (KHTML, like Gecko) Chrome/120.0.0.0 Safari/537.36"
65.1.209.187 - - [29/Jul/2026:01:25:45 +0000] "POST /wp-cron.php?doing_wp_cron=1785288345.9414548873901367187500 HTTP/1.1" 200 31 "-" "WordPress/6.9; https://www.drjunior.in"
171.251.236.71 - - [29/Jul/2026:01:25:45 +0000] "POST /wp-json/wp/v2/posts HTTP/1.1" 201 17636 "-" "Mozilla/5.0 (Windows NT 10.0; Win64; x64) AppleWebKit/537.36 (KHTML, like Gecko) Chrome/120.0.0.0 Safari/537.36"
171.251.236.71 - - [29/Jul/2026:01:25:46 +0000] "GET /2026/07/28/bu-ay-pinco-kazinosunda-yeni-oyunlari-ksf-edin-15/ HTTP/1.1" 200 15406 "-" "Mozilla/5.0 (Windows NT 10.0; Win64; x64) AppleWebKit/537.36 (KHTML, like Gecko) Chrome/120.0.0.0 Safari/537.36"
171.251.236.71 - - [29/Jul/2026:01:25:49 +0000] "GET /2026/07/28/bu-ay-pinco-kazinosunda-yeni-oyunlari-ksf-edin-15/ HTTP/1.1" 200 15404 "-" "Mozilla/5.0 (Windows NT 10.0; Win64; x64) AppleWebKit/537.36 (KHTML, like Gecko) Chrome/120.0.0.0 Safari/537.36"
103.252.5.229 - - [29/Jul/2026:01:25:59 +0000] "GET /wp-admin/post-new.php HTTP/1.1" 200 79146 "-" "Mozilla/5.0 (Windows NT 10.0; Win64; x64) AppleWebKit/537.36 (KHTML, like Gecko) Chrome/120.0.0.0 Safari/537.36"
65.1.209.187 - - [29/Jul/2026:01:26:02 +0000] "POST /wp-cron.php?doing_wp_cron=1785288362.5262529850006103515625 HTTP/1.1" 200 31 "-" "WordPress/6.9; https://www.drjunior.in"
103.252.5.229 - - [29/Jul/2026:01:26:02 +0000] "POST /wp-admin/post.php HTTP/1.1" 302 5 "-" "Mozilla/5.0 (Windows NT 10.0; Win64; x64) AppleWebKit/537.36 (KHTML, like Gecko) Chrome/120.0.0.0 Safari/537.36"
103.252.5.229 - - [29/Jul/2026:01:26:03 +0000] "GET /wp-admin/post.php?post=1268&action=edit&message=1 HTTP/1.1" 200 82741 "-" "Mozilla/5.0 (Windows NT 10.0; Win64; x64) AppleWebKit/537.36 (KHTML, like Gecko) Chrome/120.0.0.0 Safari/537.36"
37.238.23.4 - - [29/Jul/2026:01:26:06 +0000] "GET /?p=1268 HTTP/1.1" 301 5 "-" "Mozilla/5.0 (Windows NT 10.0; Win64; x64) AppleWebKit/537.36 (KHTML, like Gecko) Chrome/120.0.0.0 Safari/537.36"
37.238.23.4 - - [29/Jul/2026:01:26:07 +0000] "GET /2026/07/29/bu-ay-pinco-kazinosunda-yeni-oyunlari-ksf-edin-16/ HTTP/1.1" 200 15411 "-" "Mozilla/5.0 (Windows NT 10.0; Win64; x64) AppleWebKit/537.36 (KHTML, like Gecko) Chrome/120.0.0.0 Safari/537.36"
37.238.23.4 - - [29/Jul/2026:01:26:10 +0000] "GET /?p=1268 HTTP/1.1" 301 5 "-" "Mozilla/5.0 (Windows NT 10.0; Win64; x64) AppleWebKit/537.36 (KHTML, like Gecko) Chrome/120.0.0.0 Safari/537.36"
37.238.23.4 - - [29/Jul/2026:01:26:11 +0000] "GET /2026/07/29/bu-ay-pinco-kazinosunda-yeni-oyunlari-ksf-edin-16/ HTTP/1.1" 200 15402 "-" "Mozilla/5.0 (Windows NT 10.0; Win64; x64) AppleWebKit/537.36 (KHTML, like Gecko) Chrome/120.0.0.0 Safari/537.36"
37.238.23.4 - - [29/Jul/2026:01:26:14 +0000] "GET /?p=1268 HTTP/1.1" 301 5 "-" "Mozilla/5.0 (Windows NT 10.0; Win64; x64) AppleWebKit/537.36 (KHTML, like Gecko) Chrome/120.0.0.0 Safari/537.36"
37.238.23.4 - - [29/Jul/2026:01:26:15 +0000] "GET /2026/07/29/bu-ay-pinco-kazinosunda-yeni-oyunlari-ksf-edin-16/ HTTP/1.1" 200 15416 "-" "Mozilla/5.0 (Windows NT 10.0; Win64; x64) AppleWebKit/537.36 (KHTML, like Gecko) Chrome/120.0.0.0 Safari/537.36"
105.184.7.217 - - [29/Jul/2026:01:26:18 +0000] "GET / HTTP/1.1" 200 15844 "-" "Mozilla/5.0 (Windows NT 10.0; Win64; x64) AppleWebKit/537.36 (KHTML, like Gecko) Chrome/120.0.0.0 Safari/537.36"
105.184.7.217 - - [29/Jul/2026:01:26:20 +0000] "GET /wp-login.php HTTP/1.1" 200 2041 "-" "Mozilla/5.0 (Windows NT 10.0; Win64; x64) AppleWebKit/537.36 (KHTML, like Gecko) Chrome/120.0.0.0 Safari/537.36"
105.184.7.217 - - [29/Jul/2026:01:26:21 +0000] "POST /wp-login.php HTTP/1.1" 302 5 "https://www.drjunior.in/wp-login.php" "Mozilla/5.0 (Windows NT 10.0; Win64; x64) AppleWebKit/537.36 (KHTML, like Gecko) Chrome/120.0.0.0 Safari/537.36"
105.184.7.217 - - [29/Jul/2026:01:26:22 +0000] "GET /wp-admin/ HTTP/1.1" 200 24227 "https://www.drjunior.in/wp-login.php" "Mozilla/5.0 (Windows NT 10.0; Win64; x64) AppleWebKit/537.36 (KHTML, like Gecko) Chrome/120.0.0.0 Safari/537.36"
200.36.143.144 - - [29/Jul/2026:01:26:27 +0000] "GET /wp-admin/ HTTP/1.1" 200 24226 "-" "Mozilla/5.0 (Windows NT 10.0; Win64; x64) AppleWebKit/537.36 (KHTML, like Gecko) Chrome/120.0.0.0 Safari/537.36"
200.36.143.144 - - [29/Jul/2026:01:26:29 +0000] "GET /wp-admin/post-new.php HTTP/1.1" 200 79129 "-" "Mozilla/5.0 (Windows NT 10.0; Win64; x64) AppleWebKit/537.36 (KHTML, like Gecko) Chrome/120.0.0.0 Safari/537.36"
200.36.143.144 - - [29/Jul/2026:01:26:32 +0000] "POST /xmlrpc.php HTTP/1.1" 200 661 "-" "WordPress/5.0; https://www.drjunior.in"
200.36.143.144 - - [29/Jul/2026:01:26:33 +0000] "GET /wp-admin/admin-ajax.php?action=rest-nonce HTTP/1.1" 200 41 "-" "Mozilla/5.0 (Windows NT 10.0; Win64; x64) AppleWebKit/537.36 (KHTML, like Gecko) Chrome/120.0.0.0 Safari/537.36"
65.1.209.187 - - [29/Jul/2026:01:26:35 +0000] "POST /wp-cron.php?doing_wp_cron=1785288395.2002530097961425781250 HTTP/1.1" 200 31 "-" "WordPress/6.9; https://www.drjunior.in"
200.36.143.144 - - [29/Jul/2026:01:26:35 +0000] "POST /xmlrpc.php HTTP/1.1" 200 190 "-" "Mozilla/5.0 (Windows NT 10.0; Win64; x64) AppleWebKit/537.36 (KHTML, like Gecko) Chrome/120.0.0.0 Safari/537.36"
200.36.143.144 - - [29/Jul/2026:01:26:36 +0000] "GET /?p=1271 HTTP/1.1" 301 5 "-" "Mozilla/5.0 (Windows NT 10.0; Win64; x64) AppleWebKit/537.36 (KHTML, like Gecko) Chrome/120.0.0.0 Safari/537.36"
200.36.143.144 - - [29/Jul/2026:01:26:37 +0000] "GET /2026/07/28/bu-ay-pinco-kazinosunda-yeni-oyunlari-ksf-edin-17/ HTTP/1.1" 200 15409 "-" "Mozilla/5.0 (Windows NT 10.0; Win64; x64) AppleWebKit/537.36 (KHTML, like Gecko) Chrome/120.0.0.0 Safari/537.36"
200.36.143.144 - - [29/Jul/2026:01:26:41 +0000] "GET /?p=1271 HTTP/1.1" 301 5 "-" "Mozilla/5.0 (Windows NT 10.0; Win64; x64) AppleWebKit/537.36 (KHTML, like Gecko) Chrome/120.0.0.0 Safari/537.36"
200.36.143.144 - - [29/Jul/2026:01:26:43 +0000] "GET /2026/07/28/bu-ay-pinco-kazinosunda-yeni-oyunlari-ksf-edin-17/ HTTP/1.1" 200 15415 "-" "Mozilla/5.0 (Windows NT 10.0; Win64; x64) AppleWebKit/537.36 (KHTML, like Gecko) Chrome/120.0.0.0 Safari/537.36"
200.36.143.144 - - [29/Jul/2026:01:26:46 +0000] "GET /?p=1271 HTTP/1.1" 301 5 "-" "Mozilla/5.0 (Windows NT 10.0; Win64; x64) AppleWebKit/537.36 (KHTML, like Gecko) Chrome/120.0.0.0 Safari/537.36"
200.36.143.144 - - [29/Jul/2026:01:26:48 +0000] "GET /2026/07/28/bu-ay-pinco-kazinosunda-yeni-oyunlari-ksf-edin-17/ HTTP/1.1" 200 15414 "-" "Mozilla/5.0 (Windows NT 10.0; Win64; x64) AppleWebKit/537.36 (KHTML, like Gecko) Chrome/120.0.0.0 Safari/537.36"
65.1.209.187 - - [29/Jul/2026:01:26:50 +0000] "POST /wp-cron.php?doing_wp_cron=1785288410.4574670791625976562500 HTTP/1.1" 200 31 "-" "WordPress/6.9; https://www.drjunior.in"
200.36.143.144 - - [29/Jul/2026:01:26:50 +0000] "POST /wp-json/wp/v2/posts HTTP/1.1" 201 17636 "-" "Mozilla/5.0 (Windows NT 10.0; Win64; x64) AppleWebKit/537.36 (KHTML, like Gecko) Chrome/120.0.0.0 Safari/537.36"
200.36.143.144 - - [29/Jul/2026:01:26:52 +0000] "GET /2026/07/28/bu-ay-pinco-kazinosunda-yeni-oyunlari-ksf-edin-18/ HTTP/1.1" 200 15408 "-" "Mozilla/5.0 (Windows NT 10.0; Win64; x64) AppleWebKit/537.36 (KHTML, like Gecko) Chrome/120.0.0.0 Safari/537.36"
200.36.143.144 - - [29/Jul/2026:01:26:56 +0000] "GET /2026/07/28/bu-ay-pinco-kazinosunda-yeni-oyunlari-ksf-edin-18/ HTTP/1.1" 200 15409 "-" "Mozilla/5.0 (Windows NT 10.0; Win64; x64) AppleWebKit/537.36 (KHTML, like Gecko) Chrome/120.0.0.0 Safari/537.36"
200.36.143.144 - - [29/Jul/2026:01:26:59 +0000] "GET /2026/07/28/bu-ay-pinco-kazinosunda-yeni-oyunlari-ksf-edin-18/ HTTP/1.1" 200 15409 "-" "Mozilla/5.0 (Windows NT 10.0; Win64; x64) AppleWebKit/537.36 (KHTML, like Gecko) Chrome/120.0.0.0 Safari/537.36"
65.1.209.187 - - [29/Jul/2026:01:27:02 +0000] "POST /wp-cron.php?doing_wp_cron=1785288422.2660300731658935546875 HTTP/1.1" 200 31 "-" "WordPress/6.9; https://www.drjunior.in"
200.36.143.144 - - [29/Jul/2026:01:27:02 +0000] "POST /wp-json/wp/v2/posts HTTP/1.1" 201 17636 "-" "Mozilla/5.0 (Windows NT 10.0; Win64; x64) AppleWebKit/537.36 (KHTML, like Gecko) Chrome/120.0.0.0 Safari/537.36"
200.36.143.144 - - [29/Jul/2026:01:27:03 +0000] "GET /2026/07/28/bu-ay-pinco-kazinosunda-yeni-oyunlari-ksf-edin-19/ HTTP/1.1" 200 15408 "-" "Mozilla/5.0 (Windows NT 10.0; Win64; x64) AppleWebKit/537.36 (KHTML, like Gecko) Chrome/120.0.0.0 Safari/537.36"
200.36.143.144 - - [29/Jul/2026:01:27:07 +0000] "GET /2026/07/28/bu-ay-pinco-kazinosunda-yeni-oyunlari-ksf-edin-19/ HTTP/1.1" 200 15421 "-" "Mozilla/5.0 (Windows NT 10.0; Win64; x64) AppleWebKit/537.36 (KHTML, like Gecko) Chrome/120.0.0.0 Safari/537.36"
200.36.143.144 - - [29/Jul/2026:01:27:10 +0000] "GET /2026/07/28/bu-ay-pinco-kazinosunda-yeni-oyunlari-ksf-edin-19/ HTTP/1.1" 200 15402 "-" "Mozilla/5.0 (Windows NT 10.0; Win64; x64) AppleWebKit/537.36 (KHTML, like Gecko) Chrome/120.0.0.0 Safari/537.36"
200.36.143.144 - - [29/Jul/2026:01:27:12 +0000] "GET /wp-admin/post-new.php HTTP/1.1" 200 79130 "-" "Mozilla/5.0 (Windows NT 10.0; Win64; x64) AppleWebKit/537.36 (KHTML, like Gecko) Chrome/120.0.0.0 Safari/537.36"
65.1.209.187 - - [29/Jul/2026:01:27:14 +0000] "POST /wp-cron.php?doing_wp_cron=1785288434.8329300880432128906250 HTTP/1.1" 200 31 "-" "WordPress/6.9; https://www.drjunior.in"
200.36.143.144 - - [29/Jul/2026:01:27:14 +0000] "POST /wp-admin/post.php HTTP/1.1" 302 5 "-" "Mozilla/5.0 (Windows NT 10.0; Win64; x64) AppleWebKit/537.36 (KHTML, like Gecko) Chrome/120.0.0.0 Safari/537.36"
200.36.143.144 - - [29/Jul/2026:01:27:16 +0000] "GET /wp-admin/post.php?post=1275&action=edit&message=1 HTTP/1.1" 200 82751 "-" "Mozilla/5.0 (Windows NT 10.0; Win64; x64) AppleWebKit/537.36 (KHTML, like Gecko) Chrome/120.0.0.0 Safari/537.36"
223.228.66.177 - - [29/Jul/2026:01:27:19 +0000] "GET /?p=1275 HTTP/1.1" 301 5 "-" "Mozilla/5.0 (Windows NT 10.0; Win64; x64) AppleWebKit/537.36 (KHTML, like Gecko) Chrome/120.0.0.0 Safari/537.36"
223.228.66.177 - - [29/Jul/2026:01:27:20 +0000] "GET /2026/07/29/bu-ay-pinco-kazinosunda-yeni-oyunlari-ksf-edin-20/ HTTP/1.1" 200 15402 "-" "Mozilla/5.0 (Windows NT 10.0; Win64; x64) AppleWebKit/537.36 (KHTML, like Gecko) Chrome/120.0.0.0 Safari/537.36"
223.228.66.177 - - [29/Jul/2026:01:27:23 +0000] "GET /?p=1275 HTTP/1.1" 301 5 "-" "Mozilla/5.0 (Windows NT 10.0; Win64; x64) AppleWebKit/537.36 (KHTML, like Gecko) Chrome/120.0.0.0 Safari/537.36"
223.228.66.177 - - [29/Jul/2026:01:27:24 +0000] "GET /2026/07/29/bu-ay-pinco-kazinosunda-yeni-oyunlari-ksf-edin-20/ HTTP/1.1" 200 15407 "-" "Mozilla/5.0 (Windows NT 10.0; Win64; x64) AppleWebKit/537.36 (KHTML, like Gecko) Chrome/120.0.0.0 Safari/537.36"
223.228.66.177 - - [29/Jul/2026:01:27:28 +0000] "GET /?p=1275 HTTP/1.1" 301 5 "-" "Mozilla/5.0 (Windows NT 10.0; Win64; x64) AppleWebKit/537.36 (KHTML, like Gecko) Chrome/120.0.0.0 Safari/537.36"
223.228.66.177 - - [29/Jul/2026:01:27:28 +0000] "GET /2026/07/29/bu-ay-pinco-kazinosunda-yeni-oyunlari-ksf-edin-20/ HTTP/1.1" 200 15413 "-" "Mozilla/5.0 (Windows NT 10.0; Win64; x64) AppleWebKit/537.36 (KHTML, like Gecko) Chrome/120.0.0.0 Safari/537.36"
156.255.208.86 - - [29/Jul/2026:01:27:38 +0000] "GET / HTTP/1.1" 200 15842 "-" "Mozilla/5.0 (Windows NT 10.0; Win64; x64) AppleWebKit/537.36 (KHTML, like Gecko) Chrome/120.0.0.0 Safari/537.36"
156.255.208.86 - - [29/Jul/2026:01:27:40 +0000] "GET /wp-login.php HTTP/1.1" 200 2036 "-" "Mozilla/5.0 (Windows NT 10.0; Win64; x64) AppleWebKit/537.36 (KHTML, like Gecko) Chrome/120.0.0.0 Safari/537.36"
156.255.208.86 - - [29/Jul/2026:01:27:41 +0000] "POST /wp-login.php HTTP/1.1" 302 5 "https://www.drjunior.in/wp-login.php" "Mozilla/5.0 (Windows NT 10.0; Win64; x64) AppleWebKit/537.36 (KHTML, like Gecko) Chrome/120.0.0.0 Safari/537.36"
156.255.208.86 - - [29/Jul/2026:01:27:42 +0000] "GET /wp-admin/ HTTP/1.1" 200 24157 "https://www.drjunior.in/wp-login.php" "Mozilla/5.0 (Windows NT 10.0; Win64; x64) AppleWebKit/537.36 (KHTML, like Gecko) Chrome/120.0.0.0 Safari/537.36"
195.23.72.173 - - [29/Jul/2026:01:27:46 +0000] "GET /wp-admin/ HTTP/1.1" 200 24157 "-" "Mozilla/5.0 (Windows NT 10.0; Win64; x64) AppleWebKit/537.36 (KHTML, like Gecko) Chrome/120.0.0.0 Safari/537.36"
195.23.72.173 - - [29/Jul/2026:01:27:48 +0000] "GET /wp-admin/post-new.php HTTP/1.1" 200 79125 "-" "Mozilla/5.0 (Windows NT 10.0; Win64; x64) AppleWebKit/537.36 (KHTML, like Gecko) Chrome/120.0.0.0 Safari/537.36"
195.23.72.173 - - [29/Jul/2026:01:27:50 +0000] "POST /xmlrpc.php HTTP/1.1" 200 661 "-" "WordPress/5.0; https://www.drjunior.in"
195.23.72.173 - - [29/Jul/2026:01:27:50 +0000] "GET /wp-admin/admin-ajax.php?action=rest-nonce HTTP/1.1" 200 41 "-" "Mozilla/5.0 (Windows NT 10.0; Win64; x64) AppleWebKit/537.36 (KHTML, like Gecko) Chrome/120.0.0.0 Safari/537.36"
65.1.209.187 - - [29/Jul/2026:01:27:51 +0000] "POST /wp-cron.php?doing_wp_cron=1785288471.7722868919372558593750 HTTP/1.1" 200 31 "-" "WordPress/6.7.2; https://www.trivandrumtennisclub.com"
57.141.0.69 - - [29/Jul/2026:01:27:51 +0000] "GET /member/hotel-luciya-continental-2/ HTTP/1.1" 200 17929 "-" "Mozilla/5.0 (Windows NT 10.0; Win64; x64) AppleWebKit/537.36 (KHTML, like Gecko) Chrome/145.0.0.0 Safari/537.36 (compatible; meta-externalagent/1.1 (+https://developers.facebook.com/docs/sharing/webmasters/crawler))"
65.1.209.187 - - [29/Jul/2026:01:27:52 +0000] "POST /wp-cron.php?doing_wp_cron=1785288472.1905920505523681640625 HTTP/1.1" 200 31 "-" "WordPress/6.9; https://www.drjunior.in"
195.23.72.173 - - [29/Jul/2026:01:27:52 +0000] "POST /xmlrpc.php HTTP/1.1" 200 190 "-" "Mozilla/5.0 (Windows NT 10.0; Win64; x64) AppleWebKit/537.36 (KHTML, like Gecko) Chrome/120.0.0.0 Safari/537.36"
195.23.72.173 - - [29/Jul/2026:01:27:53 +0000] "GET /?p=1278 HTTP/1.1" 301 5 "-" "Mozilla/5.0 (Windows NT 10.0; Win64; x64) AppleWebKit/537.36 (KHTML, like Gecko) Chrome/120.0.0.0 Safari/537.36"
195.23.72.173 - - [29/Jul/2026:01:27:54 +0000] "GET /2026/07/28/pincos-successful-expansion-into-international-markets-bir-onlayn-kazino-baglantisi/ HTTP/1.1" 200 15493 "-" "Mozilla/5.0 (Windows NT 10.0; Win64; x64) AppleWebKit/537.36 (KHTML, like Gecko) Chrome/120.0.0.0 Safari/537.36"
195.23.72.173 - - [29/Jul/2026:01:27:57 +0000] "GET /?p=1278 HTTP/1.1" 301 5 "-" "Mozilla/5.0 (Windows NT 10.0; Win64; x64) AppleWebKit/537.36 (KHTML, like Gecko) Chrome/120.0.0.0 Safari/537.36"
195.23.72.173 - - [29/Jul/2026:01:27:58 +0000] "GET /2026/07/28/pincos-successful-expansion-into-international-markets-bir-onlayn-kazino-baglantisi/ HTTP/1.1" 200 15510 "-" "Mozilla/5.0 (Windows NT 10.0; Win64; x64) AppleWebKit/537.36 (KHTML, like Gecko) Chrome/120.0.0.0 Safari/537.36"
195.23.72.173 - - [29/Jul/2026:01:28:01 +0000] "GET /?p=1278 HTTP/1.1" 301 5 "-" "Mozilla/5.0 (Windows NT 10.0; Win64; x64) AppleWebKit/537.36 (KHTML, like Gecko) Chrome/120.0.0.0 Safari/537.36"
195.23.72.173 - - [29/Jul/2026:01:28:02 +0000] "GET /2026/07/28/pincos-successful-expansion-into-international-markets-bir-onlayn-kazino-baglantisi/ HTTP/1.1" 200 15502 "-" "Mozilla/5.0 (Windows NT 10.0; Win64; x64) AppleWebKit/537.36 (KHTML, like Gecko) Chrome/120.0.0.0 Safari/537.36"
65.1.209.187 - - [29/Jul/2026:01:28:04 +0000] "POST /wp-cron.php?doing_wp_cron=1785288484.7053360939025878906250 HTTP/1.1" 200 31 "-" "WordPress/6.9; https://www.drjunior.in"
195.23.72.173 - - [29/Jul/2026:01:28:04 +0000] "POST /wp-json/wp/v2/posts HTTP/1.1" 201 21072 "-" "Mozilla/5.0 (Windows NT 10.0; Win64; x64) AppleWebKit/537.36 (KHTML, like Gecko) Chrome/120.0.0.0 Safari/537.36"
195.23.72.173 - - [29/Jul/2026:01:28:06 +0000] "GET /2026/07/28/pincos-successful-expansion-into-international-markets-bir-onlayn-kazino-baglantisi-2/ HTTP/1.1" 200 15500 "-" "Mozilla/5.0 (Windows NT 10.0; Win64; x64) AppleWebKit/537.36 (KHTML, like Gecko) Chrome/120.0.0.0 Safari/537.36"
195.23.72.173 - - [29/Jul/2026:01:28:09 +0000] "GET /2026/07/28/pincos-successful-expansion-into-international-markets-bir-onlayn-kazino-baglantisi-2/ HTTP/1.1" 200 15496 "-" "Mozilla/5.0 (Windows NT 10.0; Win64; x64) AppleWebKit/537.36 (KHTML, like Gecko) Chrome/120.0.0.0 Safari/537.36"
195.23.72.173 - - [29/Jul/2026:01:28:12 +0000] "GET /2026/07/28/pincos-successful-expansion-into-international-markets-bir-onlayn-kazino-baglantisi-2/ HTTP/1.1" 200 15495 "-" "Mozilla/5.0 (Windows NT 10.0; Win64; x64) AppleWebKit/537.36 (KHTML, like Gecko) Chrome/120.0.0.0 Safari/537.36"
65.1.209.187 - - [29/Jul/2026:01:28:14 +0000] "POST /wp-cron.php?doing_wp_cron=1785288494.7347059249877929687500 HTTP/1.1" 200 31 "-" "WordPress/6.9; https://www.drjunior.in"
195.23.72.173 - - [29/Jul/2026:01:28:14 +0000] "POST /wp-json/wp/v2/posts HTTP/1.1" 201 21072 "-" "Mozilla/5.0 (Windows NT 10.0; Win64; x64) AppleWebKit/537.36 (KHTML, like Gecko) Chrome/120.0.0.0 Safari/537.36"
195.23.72.173 - - [29/Jul/2026:01:28:16 +0000] "GET /2026/07/28/pincos-successful-expansion-into-international-markets-bir-onlayn-kazino-baglantisi-3/ HTTP/1.1" 200 15505 "-" "Mozilla/5.0 (Windows NT 10.0; Win64; x64) AppleWebKit/537.36 (KHTML, like Gecko) Chrome/120.0.0.0 Safari/537.36"
195.23.72.173 - - [29/Jul/2026:01:28:19 +0000] "GET /2026/07/28/pincos-successful-expansion-into-international-markets-bir-onlayn-kazino-baglantisi-3/ HTTP/1.1" 200 15507 "-" "Mozilla/5.0 (Windows NT 10.0; Win64; x64) AppleWebKit/537.36 (KHTML, like Gecko) Chrome/120.0.0.0 Safari/537.36"
195.23.72.173 - - [29/Jul/2026:01:28:22 +0000] "GET /2026/07/28/pincos-successful-expansion-into-international-markets-bir-onlayn-kazino-baglantisi-3/ HTTP/1.1" 200 15503 "-" "Mozilla/5.0 (Windows NT 10.0; Win64; x64) AppleWebKit/537.36 (KHTML, like Gecko) Chrome/120.0.0.0 Safari/537.36"
195.23.72.173 - - [29/Jul/2026:01:28:23 +0000] "GET /wp-admin/post-new.php HTTP/1.1" 200 79119 "-" "Mozilla/5.0 (Windows NT 10.0; Win64; x64) AppleWebKit/537.36 (KHTML, like Gecko) Chrome/120.0.0.0 Safari/537.36"
65.1.209.187 - - [29/Jul/2026:01:28:26 +0000] "POST /wp-cron.php?doing_wp_cron=1785288506.0188419818878173828125 HTTP/1.1" 200 31 "-" "WordPress/6.9; https://www.drjunior.in"
195.23.72.173 - - [29/Jul/2026:01:28:26 +0000] "POST /wp-admin/post.php HTTP/1.1" 302 5 "-" "Mozilla/5.0 (Windows NT 10.0; Win64; x64) AppleWebKit/537.36 (KHTML, like Gecko) Chrome/120.0.0.0 Safari/537.36"
195.23.72.173 - - [29/Jul/2026:01:28:27 +0000] "GET /wp-admin/post.php?post=1282&action=edit&message=1 HTTP/1.1" 200 83601 "-" "Mozilla/5.0 (Windows NT 10.0; Win64; x64) AppleWebKit/537.36 (KHTML, like Gecko) Chrome/120.0.0.0 Safari/537.36"
49.144.44.127 - - [29/Jul/2026:01:28:31 +0000] "GET /?p=1282 HTTP/1.1" 301 5 "-" "Mozilla/5.0 (Windows NT 10.0; Win64; x64) AppleWebKit/537.36 (KHTML, like Gecko) Chrome/120.0.0.0 Safari/537.36"
49.144.44.127 - - [29/Jul/2026:01:28:32 +0000] "GET /2026/07/29/pincos-successful-expansion-into-international-markets-bir-onlayn-kazino-baglantisi-4/ HTTP/1.1" 200 15508 "-" "Mozilla/5.0 (Windows NT 10.0; Win64; x64) AppleWebKit/537.36 (KHTML, like Gecko) Chrome/120.0.0.0 Safari/537.36"
49.144.44.127 - - [29/Jul/2026:01:28:35 +0000] "GET /?p=1282 HTTP/1.1" 301 5 "-" "Mozilla/5.0 (Windows NT 10.0; Win64; x64) AppleWebKit/537.36 (KHTML, like Gecko) Chrome/120.0.0.0 Safari/537.36"
49.144.44.127 - - [29/Jul/2026:01:28:36 +0000] "GET /2026/07/29/pincos-successful-expansion-into-international-markets-bir-onlayn-kazino-baglantisi-4/ HTTP/1.1" 200 15491 "-" "Mozilla/5.0 (Windows NT 10.0; Win64; x64) AppleWebKit/537.36 (KHTML, like Gecko) Chrome/120.0.0.0 Safari/537.36"
49.144.44.127 - - [29/Jul/2026:01:28:39 +0000] "GET /?p=1282 HTTP/1.1" 301 5 "-" "Mozilla/5.0 (Windows NT 10.0; Win64; x64) AppleWebKit/537.36 (KHTML, like Gecko) Chrome/120.0.0.0 Safari/537.36"
49.144.44.127 - - [29/Jul/2026:01:28:40 +0000] "GET /2026/07/29/pincos-successful-expansion-into-international-markets-bir-onlayn-kazino-baglantisi-4/ HTTP/1.1" 200 15495 "-" "Mozilla/5.0 (Windows NT 10.0; Win64; x64) AppleWebKit/537.36 (KHTML, like Gecko) Chrome/120.0.0.0 Safari/537.36"
103.111.122.175 - - [29/Jul/2026:01:28:43 +0000] "GET / HTTP/1.1" 200 15848 "-" "Mozilla/5.0 (Windows NT 10.0; Win64; x64) AppleWebKit/537.36 (KHTML, like Gecko) Chrome/120.0.0.0 Safari/537.36"
103.111.122.175 - - [29/Jul/2026:01:28:45 +0000] "GET /wp-login.php HTTP/1.1" 200 2037 "-" "Mozilla/5.0 (Windows NT 10.0; Win64; x64) AppleWebKit/537.36 (KHTML, like Gecko) Chrome/120.0.0.0 Safari/537.36"
103.111.122.175 - - [29/Jul/2026:01:28:46 +0000] "POST /wp-login.php HTTP/1.1" 302 5 "https://www.drjunior.in/wp-login.php" "Mozilla/5.0 (Windows NT 10.0; Win64; x64) AppleWebKit/537.36 (KHTML, like Gecko) Chrome/120.0.0.0 Safari/537.36"
103.111.122.175 - - [29/Jul/2026:01:28:47 +0000] "GET /wp-admin/ HTTP/1.1" 200 24221 "https://www.drjunior.in/wp-login.php" "Mozilla/5.0 (Windows NT 10.0; Win64; x64) AppleWebKit/537.36 (KHTML, like Gecko) Chrome/120.0.0.0 Safari/537.36"
177.34.128.189 - - [29/Jul/2026:01:28:52 +0000] "GET /wp-admin/ HTTP/1.1" 200 24222 "-" "Mozilla/5.0 (Windows NT 10.0; Win64; x64) AppleWebKit/537.36 (KHTML, like Gecko) Chrome/120.0.0.0 Safari/537.36"
177.34.128.189 - - [29/Jul/2026:01:28:54 +0000] "GET /wp-admin/post-new.php HTTP/1.1" 200 79124 "-" "Mozilla/5.0 (Windows NT 10.0; Win64; x64) AppleWebKit/537.36 (KHTML, like Gecko) Chrome/120.0.0.0 Safari/537.36"
177.34.128.189 - - [29/Jul/2026:01:28:57 +0000] "POST /xmlrpc.php HTTP/1.1" 200 661 "-" "WordPress/5.0; https://www.drjunior.in"
177.34.128.189 - - [29/Jul/2026:01:28:58 +0000] "GET /wp-admin/admin-ajax.php?action=rest-nonce HTTP/1.1" 200 41 "-" "Mozilla/5.0 (Windows NT 10.0; Win64; x64) AppleWebKit/537.36 (KHTML, like Gecko) Chrome/120.0.0.0 Safari/537.36"
65.1.209.187 - - [29/Jul/2026:01:29:00 +0000] "POST /wp-cron.php?doing_wp_cron=1785288540.3111419677734375000000 HTTP/1.1" 200 31 "-" "WordPress/6.9; https://www.drjunior.in"
177.34.128.189 - - [29/Jul/2026:01:29:00 +0000] "POST /xmlrpc.php HTTP/1.1" 200 190 "-" "Mozilla/5.0 (Windows NT 10.0; Win64; x64) AppleWebKit/537.36 (KHTML, like Gecko) Chrome/120.0.0.0 Safari/537.36"
177.34.128.189 - - [29/Jul/2026:01:29:01 +0000] "GET /?p=1285 HTTP/1.1" 301 5 "-" "Mozilla/5.0 (Windows NT 10.0; Win64; x64) AppleWebKit/537.36 (KHTML, like Gecko) Chrome/120.0.0.0 Safari/537.36"
177.34.128.189 - - [29/Jul/2026:01:29:02 +0000] "GET /2026/07/28/pincos-successful-expansion-into-international-markets-bir-onlayn-kazino-baglantisi-5/ HTTP/1.1" 200 15500 "-" "Mozilla/5.0 (Windows NT 10.0; Win64; x64) AppleWebKit/537.36 (KHTML, like Gecko) Chrome/120.0.0.0 Safari/537.36"
177.34.128.189 - - [29/Jul/2026:01:29:06 +0000] "GET /?p=1285 HTTP/1.1" 301 5 "-" "Mozilla/5.0 (Windows NT 10.0; Win64; x64) AppleWebKit/537.36 (KHTML, like Gecko) Chrome/120.0.0.0 Safari/537.36"
103.189.247.79 - - [29/Jul/2026:01:29:07 +0000] "GET / HTTP/1.1" 200 15846 "-" "Mozilla/5.0 (Windows NT 10.0; Win64; x64) AppleWebKit/537.36 (KHTML, like Gecko) Chrome/120.0.0.0 Safari/537.36"
177.34.128.189 - - [29/Jul/2026:01:29:07 +0000] "GET /2026/07/28/pincos-successful-expansion-into-international-markets-bir-onlayn-kazino-baglantisi-5/ HTTP/1.1" 200 15509 "-" "Mozilla/5.0 (Windows NT 10.0; Win64; x64) AppleWebKit/537.36 (KHTML, like Gecko) Chrome/120.0.0.0 Safari/537.36"
177.34.128.189 - - [29/Jul/2026:01:29:11 +0000] "GET /?p=1285 HTTP/1.1" 301 5 "-" "Mozilla/5.0 (Windows NT 10.0; Win64; x64) AppleWebKit/537.36 (KHTML, like Gecko) Chrome/120.0.0.0 Safari/537.36"
103.189.247.79 - - [29/Jul/2026:01:29:12 +0000] "GET /wp-login.php HTTP/1.1" 200 2036 "-" "Mozilla/5.0 (Windows NT 10.0; Win64; x64) AppleWebKit/537.36 (KHTML, like Gecko) Chrome/120.0.0.0 Safari/537.36"
177.34.128.189 - - [29/Jul/2026:01:29:12 +0000] "GET /2026/07/28/pincos-successful-expansion-into-international-markets-bir-onlayn-kazino-baglantisi-5/ HTTP/1.1" 200 15503 "-" "Mozilla/5.0 (Windows NT 10.0; Win64; x64) AppleWebKit/537.36 (KHTML, like Gecko) Chrome/120.0.0.0 Safari/537.36"
65.1.209.187 - - [29/Jul/2026:01:29:14 +0000] "POST /wp-cron.php?doing_wp_cron=1785288554.6154060363769531250000 HTTP/1.1" 200 31 "-" "WordPress/6.9; https://www.drjunior.in"
177.34.128.189 - - [29/Jul/2026:01:29:14 +0000] "POST /wp-json/wp/v2/posts HTTP/1.1" 201 21072 "-" "Mozilla/5.0 (Windows NT 10.0; Win64; x64) AppleWebKit/537.36 (KHTML, like Gecko) Chrome/120.0.0.0 Safari/537.36"
103.189.247.79 - - [29/Jul/2026:01:29:14 +0000] "POST /wp-login.php HTTP/1.1" 302 5 "https://www.drjunior.in/wp-login.php" "Mozilla/5.0 (Windows NT 10.0; Win64; x64) AppleWebKit/537.36 (KHTML, like Gecko) Chrome/120.0.0.0 Safari/537.36"
177.34.128.189 - - [29/Jul/2026:01:29:16 +0000] "GET /2026/07/28/pincos-successful-expansion-into-international-markets-bir-onlayn-kazino-baglantisi-6/ HTTP/1.1" 200 15503 "-" "Mozilla/5.0 (Windows NT 10.0; Win64; x64) AppleWebKit/537.36 (KHTML, like Gecko) Chrome/120.0.0.0 Safari/537.36"
103.189.247.79 - - [29/Jul/2026:01:29:19 +0000] "GET /wp-admin/ HTTP/1.1" 200 24215 "https://www.drjunior.in/wp-login.php" "Mozilla/5.0 (Windows NT 10.0; Win64; x64) AppleWebKit/537.36 (KHTML, like Gecko) Chrome/120.0.0.0 Safari/537.36"
177.34.128.189 - - [29/Jul/2026:01:29:21 +0000] "GET /2026/07/28/pincos-successful-expansion-into-international-markets-bir-onlayn-kazino-baglantisi-6/ HTTP/1.1" 200 15506 "-" "Mozilla/5.0 (Windows NT 10.0; Win64; x64) AppleWebKit/537.36 (KHTML, like Gecko) Chrome/120.0.0.0 Safari/537.36"
99.210.129.47 - - [29/Jul/2026:01:29:24 +0000] "GET /wp-admin/ HTTP/1.1" 200 24215 "-" "Mozilla/5.0 (Windows NT 10.0; Win64; x64) AppleWebKit/537.36 (KHTML, like Gecko) Chrome/120.0.0.0 Safari/537.36"
177.34.128.189 - - [29/Jul/2026:01:29:25 +0000] "GET /2026/07/28/pincos-successful-expansion-into-international-markets-bir-onlayn-kazino-baglantisi-6/ HTTP/1.1" 200 15491 "-" "Mozilla/5.0 (Windows NT 10.0; Win64; x64) AppleWebKit/537.36 (KHTML, like Gecko) Chrome/120.0.0.0 Safari/537.36"
99.210.129.47 - - [29/Jul/2026:01:29:26 +0000] "GET /wp-admin/post-new.php HTTP/1.1" 200 79102 "-" "Mozilla/5.0 (Windows NT 10.0; Win64; x64) AppleWebKit/537.36 (KHTML, like Gecko) Chrome/120.0.0.0 Safari/537.36"
65.1.209.187 - - [29/Jul/2026:01:29:26 +0000] "POST /wp-cron.php?doing_wp_cron=1785288566.8977689743041992187500 HTTP/1.1" 200 31 "-" "WordPress/6.9; https://www.drjunior.in"
177.34.128.189 - - [29/Jul/2026:01:29:26 +0000] "POST /wp-json/wp/v2/posts HTTP/1.1" 201 21072 "-" "Mozilla/5.0 (Windows NT 10.0; Win64; x64) AppleWebKit/537.36 (KHTML, like Gecko) Chrome/120.0.0.0 Safari/537.36"
99.210.129.47 - - [29/Jul/2026:01:29:28 +0000] "POST /xmlrpc.php HTTP/1.1" 200 661 "-" "WordPress/5.0; https://www.drjunior.in"
177.34.128.189 - - [29/Jul/2026:01:29:29 +0000] "GET /2026/07/28/pincos-successful-expansion-into-international-markets-bir-onlayn-kazino-baglantisi-7/ HTTP/1.1" 200 15504 "-" "Mozilla/5.0 (Windows NT 10.0; Win64; x64) AppleWebKit/537.36 (KHTML, like Gecko) Chrome/120.0.0.0 Safari/537.36"
99.210.129.47 - - [29/Jul/2026:01:29:29 +0000] "GET /wp-admin/admin-ajax.php?action=rest-nonce HTTP/1.1" 200 41 "-" "Mozilla/5.0 (Windows NT 10.0; Win64; x64) AppleWebKit/537.36 (KHTML, like Gecko) Chrome/120.0.0.0 Safari/537.36"
99.210.129.47 - - [29/Jul/2026:01:29:30 +0000] "GET /wp-json/wp/v2/plugins HTTP/1.1" 200 3380 "-" "Mozilla/5.0 (Windows NT 10.0; Win64; x64) AppleWebKit/537.36 (KHTML, like Gecko) Chrome/120.0.0.0 Safari/537.36"
99.210.129.47 - - [29/Jul/2026:01:29:31 +0000] "GET / HTTP/1.1" 200 17693 "-" "Mozilla/5.0 (Windows NT 10.0; Win64; x64) AppleWebKit/537.36 (KHTML, like Gecko) Chrome/120.0.0.0 Safari/537.36"
177.34.128.189 - - [29/Jul/2026:01:29:32 +0000] "GET /2026/07/28/pincos-successful-expansion-into-international-markets-bir-onlayn-kazino-baglantisi-7/ HTTP/1.1" 200 15504 "-" "Mozilla/5.0 (Windows NT 10.0; Win64; x64) AppleWebKit/537.36 (KHTML, like Gecko) Chrome/120.0.0.0 Safari/537.36"
99.210.129.47 - - [29/Jul/2026:01:29:32 +0000] "GET /wp-json/wp/v2/settings HTTP/1.1" 200 453 "-" "Mozilla/5.0 (Windows NT 10.0; Win64; x64) AppleWebKit/537.36 (KHTML, like Gecko) Chrome/120.0.0.0 Safari/537.36"
99.210.129.47 - - [29/Jul/2026:01:29:34 +0000] "GET /wp-json/wp/v2/pages/6 HTTP/1.1" 200 2427 "-" "Mozilla/5.0 (Windows NT 10.0; Win64; x64) AppleWebKit/537.36 (KHTML, like Gecko) Chrome/120.0.0.0 Safari/537.36"
99.210.129.47 - - [29/Jul/2026:01:29:36 +0000] "POST /xmlrpc.php HTTP/1.1" 200 189 "-" "Mozilla/5.0 (Windows NT 10.0; Win64; x64) AppleWebKit/537.36 (KHTML, like Gecko) Chrome/120.0.0.0 Safari/537.36"
177.34.128.189 - - [29/Jul/2026:01:29:36 +0000] "GET /2026/07/28/pincos-successful-expansion-into-international-markets-bir-onlayn-kazino-baglantisi-7/ HTTP/1.1" 200 15500 "-" "Mozilla/5.0 (Windows NT 10.0; Win64; x64) AppleWebKit/537.36 (KHTML, like Gecko) Chrome/120.0.0.0 Safari/537.36"
177.34.128.189 - - [29/Jul/2026:01:29:38 +0000] "GET /wp-admin/post-new.php HTTP/1.1" 200 79126 "-" "Mozilla/5.0 (Windows NT 10.0; Win64; x64) AppleWebKit/537.36 (KHTML, like Gecko) Chrome/120.0.0.0 Safari/537.36"
99.210.129.47 - - [29/Jul/2026:01:29:39 +0000] "GET /?page_id=6 HTTP/1.1" 301 5 "-" "Mozilla/5.0 (Windows NT 10.0; Win64; x64) AppleWebKit/537.36 (KHTML, like Gecko) Chrome/120.0.0.0 Safari/537.36"
99.210.129.47 - - [29/Jul/2026:01:29:40 +0000] "GET / HTTP/1.1" 200 17700 "-" "Mozilla/5.0 (Windows NT 10.0; Win64; x64) AppleWebKit/537.36 (KHTML, like Gecko) Chrome/120.0.0.0 Safari/537.36"
65.1.209.187 - - [29/Jul/2026:01:29:41 +0000] "POST /wp-cron.php?doing_wp_cron=1785288581.3889060020446777343750 HTTP/1.1" 200 31 "-" "WordPress/6.9; https://www.drjunior.in"
177.34.128.189 - - [29/Jul/2026:01:29:41 +0000] "POST /wp-admin/post.php HTTP/1.1" 302 5 "-" "Mozilla/5.0 (Windows NT 10.0; Win64; x64) AppleWebKit/537.36 (KHTML, like Gecko) Chrome/120.0.0.0 Safari/537.36"
177.34.128.189 - - [29/Jul/2026:01:29:42 +0000] "GET /wp-admin/post.php?post=1291&action=edit&message=1 HTTP/1.1" 200 83607 "-" "Mozilla/5.0 (Windows NT 10.0; Win64; x64) AppleWebKit/537.36 (KHTML, like Gecko) Chrome/120.0.0.0 Safari/537.36"
99.210.129.47 - - [29/Jul/2026:01:29:44 +0000] "GET /?page_id=6 HTTP/1.1" 301 5 "-" "Mozilla/5.0 (Windows NT 10.0; Win64; x64) AppleWebKit/537.36 (KHTML, like Gecko) Chrome/120.0.0.0 Safari/537.36"
99.210.129.47 - - [29/Jul/2026:01:29:45 +0000] "GET / HTTP/1.1" 200 17699 "-" "Mozilla/5.0 (Windows NT 10.0; Win64; x64) AppleWebKit/537.36 (KHTML, like Gecko) Chrome/120.0.0.0 Safari/537.36"
181.197.40.201 - - [29/Jul/2026:01:29:48 +0000] "GET /?p=1291 HTTP/1.1" 301 5 "-" "Mozilla/5.0 (Windows NT 10.0; Win64; x64) AppleWebKit/537.36 (KHTML, like Gecko) Chrome/120.0.0.0 Safari/537.36"
99.210.129.47 - - [29/Jul/2026:01:29:49 +0000] "GET /?page_id=6 HTTP/1.1" 301 5 "-" "Mozilla/5.0 (Windows NT 10.0; Win64; x64) AppleWebKit/537.36 (KHTML, like Gecko) Chrome/120.0.0.0 Safari/537.36"
181.197.40.201 - - [29/Jul/2026:01:29:49 +0000] "GET /2026/07/29/pincos-successful-expansion-into-international-markets-bir-onlayn-kazino-baglantisi-8/ HTTP/1.1" 200 15499 "-" "Mozilla/5.0 (Windows NT 10.0; Win64; x64) AppleWebKit/537.36 (KHTML, like Gecko) Chrome/120.0.0.0 Safari/537.36"
99.210.129.47 - - [29/Jul/2026:01:29:50 +0000] "GET / HTTP/1.1" 200 17707 "-" "Mozilla/5.0 (Windows NT 10.0; Win64; x64) AppleWebKit/537.36 (KHTML, like Gecko) Chrome/120.0.0.0 Safari/537.36"
99.210.129.47 - - [29/Jul/2026:01:29:52 +0000] "POST /wp-json/wp/v2/pages/6 HTTP/1.1" 200 4122 "-" "Mozilla/5.0 (Windows NT 10.0; Win64; x64) AppleWebKit/537.36 (KHTML, like Gecko) Chrome/120.0.0.0 Safari/537.36"
181.197.40.201 - - [29/Jul/2026:01:29:53 +0000] "GET /?p=1291 HTTP/1.1" 301 5 "-" "Mozilla/5.0 (Windows NT 10.0; Win64; x64) AppleWebKit/537.36 (KHTML, like Gecko) Chrome/120.0.0.0 Safari/537.36"
181.197.40.201 - - [29/Jul/2026:01:29:55 +0000] "GET /2026/07/29/pincos-successful-expansion-into-international-markets-bir-onlayn-kazino-baglantisi-8/ HTTP/1.1" 200 15496 "-" "Mozilla/5.0 (Windows NT 10.0; Win64; x64) AppleWebKit/537.36 (KHTML, like Gecko) Chrome/120.0.0.0 Safari/537.36"
99.210.129.47 - - [29/Jul/2026:01:29:55 +0000] "GET /?page_id=6 HTTP/1.1" 301 5 "-" "Mozilla/5.0 (Windows NT 10.0; Win64; x64) AppleWebKit/537.36 (KHTML, like Gecko) Chrome/120.0.0.0 Safari/537.36"
99.210.129.47 - - [29/Jul/2026:01:29:57 +0000] "GET / HTTP/1.1" 200 17704 "-" "Mozilla/5.0 (Windows NT 10.0; Win64; x64) AppleWebKit/537.36 (KHTML, like Gecko) Chrome/120.0.0.0 Safari/537.36"
181.197.40.201 - - [29/Jul/2026:01:29:59 +0000] "GET /?p=1291 HTTP/1.1" 301 5 "-" "Mozilla/5.0 (Windows NT 10.0; Win64; x64) AppleWebKit/537.36 (KHTML, like Gecko) Chrome/120.0.0.0 Safari/537.36"
99.210.129.47 - - [29/Jul/2026:01:30:00 +0000] "GET /?page_id=6 HTTP/1.1" 301 5 "-" "Mozilla/5.0 (Windows NT 10.0; Win64; x64) AppleWebKit/537.36 (KHTML, like Gecko) Chrome/120.0.0.0 Safari/537.36"
181.197.40.201 - - [29/Jul/2026:01:30:00 +0000] "GET /2026/07/29/pincos-successful-expansion-into-international-markets-bir-onlayn-kazino-baglantisi-8/ HTTP/1.1" 200 15502 "-" "Mozilla/5.0 (Windows NT 10.0; Win64; x64) AppleWebKit/537.36 (KHTML, like Gecko) Chrome/120.0.0.0 Safari/537.36"
99.210.129.47 - - [29/Jul/2026:01:30:01 +0000] "GET / HTTP/1.1" 200 17702 "-" "Mozilla/5.0 (Windows NT 10.0; Win64; x64) AppleWebKit/537.36 (KHTML, like Gecko) Chrome/120.0.0.0 Safari/537.36"
99.210.129.47 - - [29/Jul/2026:01:30:05 +0000] "GET /?page_id=6 HTTP/1.1" 301 5 "-" "Mozilla/5.0 (Windows NT 10.0; Win64; x64) AppleWebKit/537.36 (KHTML, like Gecko) Chrome/120.0.0.0 Safari/537.36"
179.107.212.54 - - [29/Jul/2026:01:30:06 +0000] "GET / HTTP/1.1" 200 15849 "-" "Mozilla/5.0 (Windows NT 10.0; Win64; x64) AppleWebKit/537.36 (KHTML, like Gecko) Chrome/120.0.0.0 Safari/537.36"
179.107.212.54 - - [29/Jul/2026:01:30:08 +0000] "GET /wp-login.php HTTP/1.1" 200 2041 "-" "Mozilla/5.0 (Windows NT 10.0; Win64; x64) AppleWebKit/537.36 (KHTML, like Gecko) Chrome/120.0.0.0 Safari/537.36"
99.210.129.47 - - [29/Jul/2026:01:30:08 +0000] "GET / HTTP/1.1" 200 17708 "-" "Mozilla/5.0 (Windows NT 10.0; Win64; x64) AppleWebKit/537.36 (KHTML, like Gecko) Chrome/120.0.0.0 Safari/537.36"
179.107.212.54 - - [29/Jul/2026:01:30:09 +0000] "POST /wp-login.php HTTP/1.1" 302 5 "https://www.drjunior.in/wp-login.php" "Mozilla/5.0 (Windows NT 10.0; Win64; x64) AppleWebKit/537.36 (KHTML, like Gecko) Chrome/120.0.0.0 Safari/537.36"
99.210.129.47 - - [29/Jul/2026:01:30:09 +0000] "POST /wp-json/rankmath/v1/updateMeta?_locale=user HTTP/1.1" 404 125 "-" "Mozilla/5.0 (Windows NT 10.0; Win64; x64) AppleWebKit/537.36 (KHTML, like Gecko) Chrome/120.0.0.0 Safari/537.36"
179.107.212.54 - - [29/Jul/2026:01:30:10 +0000] "GET /wp-admin/ HTTP/1.1" 200 24232 "https://www.drjunior.in/wp-login.php" "Mozilla/5.0 (Windows NT 10.0; Win64; x64) AppleWebKit/537.36 (KHTML, like Gecko) Chrome/120.0.0.0 Safari/537.36"
99.210.129.47 - - [29/Jul/2026:01:30:10 +0000] "POST /wp-json/wp/v2/pages/6?_locale=user HTTP/1.1" 200 4116 "-" "Mozilla/5.0 (Windows NT 10.0; Win64; x64) AppleWebKit/537.36 (KHTML, like Gecko) Chrome/120.0.0.0 Safari/537.36"
99.210.129.47 - - [29/Jul/2026:01:30:13 +0000] "GET /?page_id=6 HTTP/1.1" 301 5 "-" "Mozilla/5.0 (Windows NT 10.0; Win64; x64) AppleWebKit/537.36 (KHTML, like Gecko) Chrome/120.0.0.0 Safari/537.36"
99.210.129.47 - - [29/Jul/2026:01:30:14 +0000] "GET / HTTP/1.1" 200 17697 "-" "Mozilla/5.0 (Windows NT 10.0; Win64; x64) AppleWebKit/537.36 (KHTML, like Gecko) Chrome/120.0.0.0 Safari/537.36"
188.70.11.20 - - [29/Jul/2026:01:30:15 +0000] "GET /wp-admin/ HTTP/1.1" 200 24237 "-" "Mozilla/5.0 (Windows NT 10.0; Win64; x64) AppleWebKit/537.36 (KHTML, like Gecko) Chrome/120.0.0.0 Safari/537.36"
188.70.11.20 - - [29/Jul/2026:01:30:17 +0000] "GET /wp-admin/post-new.php HTTP/1.1" 200 79128 "-" "Mozilla/5.0 (Windows NT 10.0; Win64; x64) AppleWebKit/537.36 (KHTML, like Gecko) Chrome/120.0.0.0 Safari/537.36"
188.70.11.20 - - [29/Jul/2026:01:30:18 +0000] "POST /xmlrpc.php HTTP/1.1" 200 661 "-" "WordPress/5.0; https://www.drjunior.in"
99.210.129.47 - - [29/Jul/2026:01:30:19 +0000] "GET /?page_id=6 HTTP/1.1" 301 5 "-" "Mozilla/5.0 (Windows NT 10.0; Win64; x64) AppleWebKit/537.36 (KHTML, like Gecko) Chrome/120.0.0.0 Safari/537.36"
188.70.11.20 - - [29/Jul/2026:01:30:19 +0000] "GET /wp-admin/admin-ajax.php?action=rest-nonce HTTP/1.1" 200 41 "-" "Mozilla/5.0 (Windows NT 10.0; Win64; x64) AppleWebKit/537.36 (KHTML, like Gecko) Chrome/120.0.0.0 Safari/537.36"
99.210.129.47 - - [29/Jul/2026:01:30:20 +0000] "GET / HTTP/1.1" 200 17708 "-" "Mozilla/5.0 (Windows NT 10.0; Win64; x64) AppleWebKit/537.36 (KHTML, like Gecko) Chrome/120.0.0.0 Safari/537.36"
65.1.209.187 - - [29/Jul/2026:01:30:21 +0000] "POST /wp-cron.php?doing_wp_cron=1785288621.1972200870513916015625 HTTP/1.1" 200 31 "-" "WordPress/6.9; https://www.drjunior.in"
188.70.11.20 - - [29/Jul/2026:01:30:21 +0000] "POST /xmlrpc.php HTTP/1.1" 200 190 "-" "Mozilla/5.0 (Windows NT 10.0; Win64; x64) AppleWebKit/537.36 (KHTML, like Gecko) Chrome/120.0.0.0 Safari/537.36"
188.70.11.20 - - [29/Jul/2026:01:30:22 +0000] "GET /?p=1294 HTTP/1.1" 301 5 "-" "Mozilla/5.0 (Windows NT 10.0; Win64; x64) AppleWebKit/537.36 (KHTML, like Gecko) Chrome/120.0.0.0 Safari/537.36"
188.70.11.20 - - [29/Jul/2026:01:30:23 +0000] "GET /2026/07/28/pincos-successful-expansion-into-international-markets-bir-onlayn-kazino-baglantisi-9/ HTTP/1.1" 200 15500 "-" "Mozilla/5.0 (Windows NT 10.0; Win64; x64) AppleWebKit/537.36 (KHTML, like Gecko) Chrome/120.0.0.0 Safari/537.36"
99.210.129.47 - - [29/Jul/2026:01:30:23 +0000] "GET /?page_id=6 HTTP/1.1" 301 5 "-" "Mozilla/5.0 (Windows NT 10.0; Win64; x64) AppleWebKit/537.36 (KHTML, like Gecko) Chrome/120.0.0.0 Safari/537.36"
99.210.129.47 - - [29/Jul/2026:01:30:24 +0000] "GET / HTTP/1.1" 200 17696 "-" "Mozilla/5.0 (Windows NT 10.0; Win64; x64) AppleWebKit/537.36 (KHTML, like Gecko) Chrome/120.0.0.0 Safari/537.36"
188.70.11.20 - - [29/Jul/2026:01:30:27 +0000] "GET /?p=1294 HTTP/1.1" 301 5 "-" "Mozilla/5.0 (Windows NT 10.0; Win64; x64) AppleWebKit/537.36 (KHTML, like Gecko) Chrome/120.0.0.0 Safari/537.36"
188.70.11.20 - - [29/Jul/2026:01:30:28 +0000] "GET /2026/07/28/pincos-successful-expansion-into-international-markets-bir-onlayn-kazino-baglantisi-9/ HTTP/1.1" 200 15509 "-" "Mozilla/5.0 (Windows NT 10.0; Win64; x64) AppleWebKit/537.36 (KHTML, like Gecko) Chrome/120.0.0.0 Safari/537.36"
187.175.27.152 - - [29/Jul/2026:01:30:29 +0000] "GET / HTTP/1.1" 200 15847 "-" "Mozilla/5.0 (Windows NT 10.0; Win64; x64) AppleWebKit/537.36 (KHTML, like Gecko) Chrome/120.0.0.0 Safari/537.36"
187.175.27.152 - - [29/Jul/2026:01:30:31 +0000] "GET /wp-login.php HTTP/1.1" 200 2037 "-" "Mozilla/5.0 (Windows NT 10.0; Win64; x64) AppleWebKit/537.36 (KHTML, like Gecko) Chrome/120.0.0.0 Safari/537.36"
188.70.11.20 - - [29/Jul/2026:01:30:32 +0000] "GET /?p=1294 HTTP/1.1" 301 5 "-" "Mozilla/5.0 (Windows NT 10.0; Win64; x64) AppleWebKit/537.36 (KHTML, like Gecko) Chrome/120.0.0.0 Safari/537.36"
187.175.27.152 - - [29/Jul/2026:01:30:33 +0000] "POST /wp-login.php HTTP/1.1" 302 5 "https://www.drjunior.in/wp-login.php" "Mozilla/5.0 (Windows NT 10.0; Win64; x64) AppleWebKit/537.36 (KHTML, like Gecko) Chrome/120.0.0.0 Safari/537.36"
188.70.11.20 - - [29/Jul/2026:01:30:33 +0000] "GET /2026/07/28/pincos-successful-expansion-into-international-markets-bir-onlayn-kazino-baglantisi-9/ HTTP/1.1" 200 15505 "-" "Mozilla/5.0 (Windows NT 10.0; Win64; x64) AppleWebKit/537.36 (KHTML, like Gecko) Chrome/120.0.0.0 Safari/537.36"
187.175.27.152 - - [29/Jul/2026:01:30:35 +0000] "GET /wp-admin/ HTTP/1.1" 200 24244 "https://www.drjunior.in/wp-login.php" "Mozilla/5.0 (Windows NT 10.0; Win64; x64) AppleWebKit/537.36 (KHTML, like Gecko) Chrome/120.0.0.0 Safari/537.36"
