131.103.157.187 - - [29/Jul/2026:04:20:56 +0000] "GET /images/v-play2.png HTTP/1.1" 301 178 "https://trivandrumtennisclub.com/press-coverage.html" "Mozilla/5.0 (Macintosh; Intel Mac OS X 10_15_7) AppleWebKit/537.36 (KHTML, like Gecko) Chrome/130.0.0.0 Safari/537.36"
104.129.56.209 - - [29/Jul/2026:04:20:57 +0000] "GET /images/v-play2.png HTTP/1.1" 301 178 "https://trivandrumtennisclub.com/press-coverage.html" "Mozilla/5.0 (Macintosh; Intel Mac OS X 10_15_7) AppleWebKit/537.36 (KHTML, like Gecko) Chrome/130.0.0.0 Safari/537.36"
155.94.200.237 - - [29/Jul/2026:04:20:58 +0000] "GET /images/v-play2.png HTTP/1.1" 301 178 "https://trivandrumtennisclub.com/press-coverage.html" "Mozilla/5.0 (Macintosh; Intel Mac OS X 10_15_7) AppleWebKit/537.36 (KHTML, like Gecko) Chrome/130.0.0.0 Safari/537.36"
124.105.206.79 - - [29/Jul/2026:04:20:59 +0000] "POST /xmlrpc.php HTTP/1.1" 200 415 "-" "Jetpack/13.0; WordPress/6.3; http://site97581873.com"
43.173.176.35 - - [29/Jul/2026:04:21:01 +0000] "GET / HTTP/1.1" 301 178 "-" "Mozilla/5.0 (Windows NT 10.0; Win64; x64) AppleWebKit/537.36 (KHTML, like Gecko) Chrome/131.0.0.0 Safari/537.36"
65.1.209.187 - - [29/Jul/2026:04:21:01 +0000] "POST /wp-cron.php?doing_wp_cron=1785298861.4226329326629638671875 HTTP/1.1" 200 31 "-" "WordPress/6.7.2; https://www.trivandrumtennisclub.com"
43.172.194.185 - - [29/Jul/2026:04:21:01 +0000] "GET / HTTP/1.1" 200 19848 "-" "Mozilla/5.0 (Windows NT 10.0; Win64; x64) AppleWebKit/537.36 (KHTML, like Gecko) Chrome/131.0.0.0 Safari/537.36"
57.141.0.51 - - [29/Jul/2026:04:21:04 +0000] "GET /member/1687/ HTTP/1.1" 200 17630 "-" "Mozilla/5.0 (Macintosh; Intel Mac OS X 10_15_7) AppleWebKit/537.36 (KHTML, like Gecko) Chrome/145.0.0.0 Safari/537.36 (compatible; meta-externalagent/1.1 (+https://developers.facebook.com/docs/sharing/webmasters/crawler))"
124.105.206.79 - - [29/Jul/2026:04:21:09 +0000] "POST /xmlrpc.php HTTP/1.1" 200 415 "-" "Jetpack by WordPress.com (Jetpack 12.1; WordPress 6.3)"
157.51.239.128 - - [29/Jul/2026:04:21:14 +0000] "POST /v2/learning-material/4859/video/add-watch-log HTTP/1.1" 200 77 "-" "okhttp/3.12.12"
157.51.239.128 - - [29/Jul/2026:04:21:14 +0000] "POST /v2/learning-material/4859/video/add-watch-log HTTP/1.1" 200 77 "-" "okhttp/3.12.12"
110.42.208.131 - - [29/Jul/2026:04:21:15 +0000] "GET / HTTP/1.1" 301 178 "-" "Mozilla/5.0 (iPhone; CPU iPhone OS 13_2_3 like Mac OS X) AppleWebKit/605.1.15 (KHTML, like Gecko) Version/13.0.3 Mobile/15E148 Safari/604.1"
110.42.208.131 - - [29/Jul/2026:04:21:20 +0000] "GET / HTTP/1.1" 200 19848 "http://www.trivandrumtennisclub.com" "Mozilla/5.0 (iPhone; CPU iPhone OS 13_2_3 like Mac OS X) AppleWebKit/605.1.15 (KHTML, like Gecko) Version/13.0.3 Mobile/15E148 Safari/604.1"
124.105.206.79 - - [29/Jul/2026:04:21:20 +0000] "POST /xmlrpc.php HTTP/1.1" 200 415 "-" "Jetpack by WordPress.com"
124.105.206.79 - - [29/Jul/2026:04:21:31 +0000] "POST /xmlrpc.php HTTP/1.1" 200 415 "-" "Jetpack/12.0; WordPress/6.2; http://site34345594.com"
124.105.206.79 - - [29/Jul/2026:04:21:42 +0000] "POST /xmlrpc.php HTTP/1.1" 200 415 "-" "Jetpack by WordPress.com (Jetpack 13.0; WordPress 6.2)"
65.1.209.187 - - [29/Jul/2026:04:21:43 +0000] "POST /wp-cron.php?doing_wp_cron=1785298903.5984969139099121093750 HTTP/1.1" 200 31 "-" "WordPress/6.7.2; https://www.trivandrumtennisclub.com"
57.141.0.16 - - [29/Jul/2026:04:21:43 +0000] "GET /member/ouspfqdawsomihcwyjxailz-huruztthwducniojoeqklj/ HTTP/1.1" 200 17780 "-" "Mozilla/5.0 (Windows NT 10.0; Win64; x64) AppleWebKit/537.36 (KHTML, like Gecko) Chrome/145.0.0.0 Safari/537.36 (compatible; meta-externalagent/1.1 (+https://developers.facebook.com/docs/sharing/webmasters/crawler))"
124.105.206.79 - - [29/Jul/2026:04:21:53 +0000] "POST /xmlrpc.php HTTP/1.1" 200 415 "-" "WordPress.com; https://wordpress.com"
124.105.206.79 - - [29/Jul/2026:04:22:04 +0000] "POST /xmlrpc.php HTTP/1.1" 200 415 "-" "WordPress.com; https://wordpress.com"
124.105.206.79 - - [29/Jul/2026:04:22:15 +0000] "POST /xmlrpc.php HTTP/1.1" 200 415 "-" "Jetpack by WordPress.com"
51.68.236.91 - - [29/Jul/2026:04:22:18 +0000] "GET /robots.txt HTTP/1.1" 200 140 "-" "Mozilla/5.0 (compatible; MJ12bot/v2.0.5; http://mj12bot.com/)"
51.68.236.91 - - [29/Jul/2026:04:22:18 +0000] "GET / HTTP/1.1" 200 19848 "-" "Mozilla/5.0 (compatible; MJ12bot/v2.0.5; http://mj12bot.com/)"
106.76.191.221 - - [29/Jul/2026:04:22:22 +0000] "POST /v2/learning-material/4669/video/add-watch-log HTTP/1.1" 200 77 "-" "okhttp/3.12.12"
106.76.191.221 - - [29/Jul/2026:04:22:22 +0000] "POST /v2/learning-material/4669/video/add-watch-log HTTP/1.1" 200 77 "-" "okhttp/3.12.12"
124.105.206.79 - - [29/Jul/2026:04:22:26 +0000] "POST /xmlrpc.php HTTP/1.1" 200 415 "-" "Jetpack/12.5; WordPress/6.3; http://site31746467.com"
65.1.209.187 - - [29/Jul/2026:04:22:38 +0000] "POST /wp-cron.php?doing_wp_cron=1785298958.5218660831451416015625 HTTP/1.1" 200 31 "-" "WordPress/6.7.2; https://www.trivandrumtennisclub.com"
57.141.0.54 - - [29/Jul/2026:04:22:38 +0000] "GET /member/dpnumpxefotpvrztcsqregn-qpfiajpwmzqwpcwctd/ HTTP/1.1" 200 17771 "-" "Mozilla/5.0 (Windows NT 10.0; Win64; x64) AppleWebKit/537.36 (KHTML, like Gecko) Chrome/145.0.0.0 Safari/537.36 (compatible; meta-externalagent/1.1 (+https://developers.facebook.com/docs/sharing/webmasters/crawler))"
124.105.206.79 - - [29/Jul/2026:04:22:38 +0000] "POST /xmlrpc.php HTTP/1.1" 200 415 "-" "Jetpack by WordPress.com"
49.47.198.39 - - [29/Jul/2026:04:22:42 +0000] "OPTIONS /user HTTP/1.1" 204 0 "https://profinz.studentswebapp.quditinfotech.com/" "Mozilla/5.0 (Linux; Android 10; K) AppleWebKit/537.36 (KHTML, like Gecko) SamsungBrowser/30.0 Chrome/143.0.0.0 Mobile Safari/537.36"
49.47.198.39 - - [29/Jul/2026:04:22:42 +0000] "GET /user HTTP/1.1" 304 0 "https://profinz.studentswebapp.quditinfotech.com/" "Mozilla/5.0 (Linux; Android 10; K) AppleWebKit/537.36 (KHTML, like Gecko) SamsungBrowser/30.0 Chrome/143.0.0.0 Mobile Safari/537.36"
49.47.198.39 - - [29/Jul/2026:04:22:42 +0000] "OPTIONS /user-notifications/unread-count HTTP/1.1" 204 0 "https://profinz.studentswebapp.quditinfotech.com/" "Mozilla/5.0 (Linux; Android 10; K) AppleWebKit/537.36 (KHTML, like Gecko) SamsungBrowser/30.0 Chrome/143.0.0.0 Mobile Safari/537.36"
49.47.198.39 - - [29/Jul/2026:04:22:42 +0000] "OPTIONS /user/subscriptions/package/active HTTP/1.1" 204 0 "https://profinz.studentswebapp.quditinfotech.com/" "Mozilla/5.0 (Linux; Android 10; K) AppleWebKit/537.36 (KHTML, like Gecko) SamsungBrowser/30.0 Chrome/143.0.0.0 Mobile Safari/537.36"
49.47.198.39 - - [29/Jul/2026:04:22:42 +0000] "GET /user/subscriptions/package/active HTTP/1.1" 304 0 "https://profinz.studentswebapp.quditinfotech.com/" "Mozilla/5.0 (Linux; Android 10; K) AppleWebKit/537.36 (KHTML, like Gecko) SamsungBrowser/30.0 Chrome/143.0.0.0 Mobile Safari/537.36"
49.47.198.39 - - [29/Jul/2026:04:22:42 +0000] "OPTIONS /package/get-live-recordings-in-packages?page=1&limit=12 HTTP/1.1" 204 0 "https://profinz.studentswebapp.quditinfotech.com/" "Mozilla/5.0 (Linux; Android 10; K) AppleWebKit/537.36 (KHTML, like Gecko) SamsungBrowser/30.0 Chrome/143.0.0.0 Mobile Safari/537.36"
49.47.198.39 - - [29/Jul/2026:04:22:42 +0000] "OPTIONS /package/get-folders-for-live-recordings?root_only=false HTTP/1.1" 204 0 "https://profinz.studentswebapp.quditinfotech.com/" "Mozilla/5.0 (Linux; Android 10; K) AppleWebKit/537.36 (KHTML, like Gecko) SamsungBrowser/30.0 Chrome/143.0.0.0 Mobile Safari/537.36"
49.47.198.39 - - [29/Jul/2026:04:22:42 +0000] "OPTIONS /package/get-live-recordings-in-packages?page=1&limit=100 HTTP/1.1" 204 0 "https://profinz.studentswebapp.quditinfotech.com/" "Mozilla/5.0 (Linux; Android 10; K) AppleWebKit/537.36 (KHTML, like Gecko) SamsungBrowser/30.0 Chrome/143.0.0.0 Mobile Safari/537.36"
49.47.198.39 - - [29/Jul/2026:04:22:42 +0000] "POST /package/get-folders-for-live-recordings?root_only=false HTTP/1.1" 200 1322 "https://profinz.studentswebapp.quditinfotech.com/" "Mozilla/5.0 (Linux; Android 10; K) AppleWebKit/537.36 (KHTML, like Gecko) SamsungBrowser/30.0 Chrome/143.0.0.0 Mobile Safari/537.36"
49.47.198.39 - - [29/Jul/2026:04:22:42 +0000] "POST /package/get-live-recordings-in-packages?page=1&limit=12 HTTP/1.1" 200 11208 "https://profinz.studentswebapp.quditinfotech.com/" "Mozilla/5.0 (Linux; Android 10; K) AppleWebKit/537.36 (KHTML, like Gecko) SamsungBrowser/30.0 Chrome/143.0.0.0 Mobile Safari/537.36"
49.47.198.39 - - [29/Jul/2026:04:22:42 +0000] "POST /package/get-live-recordings-in-packages?page=1&limit=100 HTTP/1.1" 200 46411 "https://profinz.studentswebapp.quditinfotech.com/" "Mozilla/5.0 (Linux; Android 10; K) AppleWebKit/537.36 (KHTML, like Gecko) SamsungBrowser/30.0 Chrome/143.0.0.0 Mobile Safari/537.36"
49.47.198.39 - - [29/Jul/2026:04:22:49 +0000] "OPTIONS /package/get-live-recordings-in-packages?page=1&limit=25 HTTP/1.1" 204 0 "https://profinz.studentswebapp.quditinfotech.com/" "Mozilla/5.0 (Linux; Android 10; K) AppleWebKit/537.36 (KHTML, like Gecko) SamsungBrowser/30.0 Chrome/143.0.0.0 Mobile Safari/537.36"
49.47.198.39 - - [29/Jul/2026:04:22:49 +0000] "POST /package/get-live-recordings-in-packages?page=1&limit=25 HTTP/1.1" 200 23355 "https://profinz.studentswebapp.quditinfotech.com/" "Mozilla/5.0 (Linux; Android 10; K) AppleWebKit/537.36 (KHTML, like Gecko) SamsungBrowser/30.0 Chrome/143.0.0.0 Mobile Safari/537.36"
124.105.206.79 - - [29/Jul/2026:04:22:49 +0000] "POST /xmlrpc.php HTTP/1.1" 200 415 "-" "Jetpack by WordPress.com (Jetpack 13.0; WordPress 6.2)"
49.47.198.39 - - [29/Jul/2026:04:22:52 +0000] "GET /user-notifications/unread-count HTTP/1.1" 499 0 "https://profinz.studentswebapp.quditinfotech.com/" "Mozilla/5.0 (Linux; Android 10; K) AppleWebKit/537.36 (KHTML, like Gecko) SamsungBrowser/30.0 Chrome/143.0.0.0 Mobile Safari/537.36"
49.47.198.39 - - [29/Jul/2026:04:22:53 +0000] "OPTIONS /user-notifications/unread-count HTTP/1.1" 204 0 "https://profinz.studentswebapp.quditinfotech.com/" "Mozilla/5.0 (Linux; Android 10; K) AppleWebKit/537.36 (KHTML, like Gecko) SamsungBrowser/30.0 Chrome/143.0.0.0 Mobile Safari/537.36"
49.47.198.39 - - [29/Jul/2026:04:22:56 +0000] "OPTIONS /learning-material/video/4932 HTTP/1.1" 204 0 "https://profinz.studentswebapp.quditinfotech.com/" "Mozilla/5.0 (Linux; Android 10; K) AppleWebKit/537.36 (KHTML, like Gecko) SamsungBrowser/30.0 Chrome/143.0.0.0 Mobile Safari/537.36"
49.47.198.39 - - [29/Jul/2026:04:22:56 +0000] "GET /learning-material/video/4932 HTTP/1.1" 304 0 "https://profinz.studentswebapp.quditinfotech.com/" "Mozilla/5.0 (Linux; Android 10; K) AppleWebKit/537.36 (KHTML, like Gecko) SamsungBrowser/30.0 Chrome/143.0.0.0 Mobile Safari/537.36"
124.105.206.79 - - [29/Jul/2026:04:23:00 +0000] "POST /xmlrpc.php HTTP/1.1" 200 415 "-" "WordPress.com; https://wordpress.com"
49.47.198.39 - - [29/Jul/2026:04:23:03 +0000] "GET /user-notifications/unread-count HTTP/1.1" 499 0 "https://profinz.studentswebapp.quditinfotech.com/" "Mozilla/5.0 (Linux; Android 10; K) AppleWebKit/537.36 (KHTML, like Gecko) SamsungBrowser/30.0 Chrome/143.0.0.0 Mobile Safari/537.36"
51.68.107.157 - - [29/Jul/2026:04:23:08 +0000] "GET /robots.txt HTTP/1.1" 301 5 "-" "Mozilla/5.0 (compatible; MJ12bot/v2.0.5; http://mj12bot.com/)"
51.68.107.157 - - [29/Jul/2026:04:23:09 +0000] "GET /robots.txt HTTP/1.1" 200 127 "-" "Mozilla/5.0 (compatible; MJ12bot/v2.0.5; http://mj12bot.com/)"
51.68.107.157 - - [29/Jul/2026:04:23:09 +0000] "GET / HTTP/1.1" 301 5 "-" "Mozilla/5.0 (compatible; MJ12bot/v2.0.5; http://mj12bot.com/)"
51.68.107.157 - - [29/Jul/2026:04:23:09 +0000] "GET / HTTP/1.1" 200 15843 "-" "Mozilla/5.0 (compatible; MJ12bot/v2.0.5; http://mj12bot.com/)"
106.76.191.221 - - [29/Jul/2026:04:23:10 +0000] "POST /v2/learning-material/4669/video/add-watch-log HTTP/1.1" 200 77 "-" "okhttp/3.12.12"
106.76.191.221 - - [29/Jul/2026:04:23:10 +0000] "POST /v2/learning-material/4669/video/add-watch-log HTTP/1.1" 200 77 "-" "okhttp/3.12.12"
124.105.206.79 - - [29/Jul/2026:04:23:11 +0000] "POST /xmlrpc.php HTTP/1.1" 200 415 "-" "WordPress.com; https://wordpress.com"
124.105.206.79 - - [29/Jul/2026:04:23:22 +0000] "POST /xmlrpc.php HTTP/1.1" 200 415 "-" "Jetpack by WordPress.com (Jetpack 12.0; WordPress 6.4)"
124.105.206.79 - - [29/Jul/2026:04:23:33 +0000] "POST /xmlrpc.php HTTP/1.1" 200 415 "-" "Jetpack/12.1; WordPress/6.1; http://site35187996.com"
124.105.206.79 - - [29/Jul/2026:04:23:44 +0000] "POST /xmlrpc.php HTTP/1.1" 200 415 "-" "Jetpack/12.0; WordPress/6.1; http://site13995974.com"
106.76.191.221 - - [29/Jul/2026:04:23:52 +0000] "POST /v2/learning-material/4669/video/add-watch-log HTTP/1.1" 200 77 "-" "okhttp/3.12.12"
106.76.191.221 - - [29/Jul/2026:04:23:52 +0000] "POST /v2/learning-material/4669/video/add-watch-log HTTP/1.1" 200 77 "-" "okhttp/3.12.12"
124.105.206.79 - - [29/Jul/2026:04:23:55 +0000] "POST /xmlrpc.php HTTP/1.1" 200 415 "-" "WordPress.com; https://wordpress.com"
106.76.191.221 - - [29/Jul/2026:04:23:55 +0000] "POST /v2/learning-material/4669/video/add-watch-log HTTP/1.1" 200 77 "-" "okhttp/3.12.12"
106.76.191.221 - - [29/Jul/2026:04:23:55 +0000] "POST /v2/learning-material/4669/video/add-watch-log HTTP/1.1" 200 77 "-" "okhttp/3.12.12"
124.105.206.79 - - [29/Jul/2026:04:24:06 +0000] "POST /xmlrpc.php HTTP/1.1" 200 415 "-" "Jetpack by WordPress.com"
124.105.206.79 - - [29/Jul/2026:04:24:16 +0000] "POST /xmlrpc.php HTTP/1.1" 200 415 "-" "Jetpack by WordPress.com"
124.105.206.79 - - [29/Jul/2026:04:24:27 +0000] "POST /xmlrpc.php HTTP/1.1" 200 415 "-" "Jetpack by WordPress.com"
106.76.191.221 - - [29/Jul/2026:04:24:34 +0000] "POST /v2/learning-material/4669/video/add-watch-log HTTP/1.1" 200 77 "-" "okhttp/3.12.12"
106.76.191.221 - - [29/Jul/2026:04:24:34 +0000] "POST /v2/learning-material/4669/video/add-watch-log HTTP/1.1" 200 77 "-" "okhttp/3.12.12"
124.105.206.79 - - [29/Jul/2026:04:24:38 +0000] "POST /xmlrpc.php HTTP/1.1" 200 415 "-" "Jetpack by WordPress.com (Jetpack 12.5; WordPress 6.4)"
124.105.206.79 - - [29/Jul/2026:04:24:49 +0000] "POST /xmlrpc.php HTTP/1.1" 200 415 "-" "WordPress.com; https://wordpress.com"
106.76.191.221 - - [29/Jul/2026:04:24:57 +0000] "POST /v2/learning-material/4669/video/add-watch-log HTTP/1.1" 200 77 "-" "okhttp/3.12.12"
106.76.191.221 - - [29/Jul/2026:04:24:57 +0000] "POST /v2/learning-material/4669/video/add-watch-log HTTP/1.1" 200 77 "-" "okhttp/3.12.12"
124.105.206.79 - - [29/Jul/2026:04:25:00 +0000] "POST /xmlrpc.php HTTP/1.1" 200 415 "-" "Jetpack by WordPress.com"
103.166.244.167 - - [29/Jul/2026:04:25:03 +0000] "GET /standards HTTP/1.1" 304 0 "-" "okhttp/4.9.2"
124.105.206.79 - - [29/Jul/2026:04:25:10 +0000] "POST /xmlrpc.php HTTP/1.1" 200 415 "-" "Jetpack by WordPress.com"
124.105.206.79 - - [29/Jul/2026:04:25:21 +0000] "POST /xmlrpc.php HTTP/1.1" 200 415 "-" "Jetpack by WordPress.com (Jetpack 12.1; WordPress 6.2)"
106.76.191.221 - - [29/Jul/2026:04:25:26 +0000] "POST /v2/learning-material/4669/video/add-watch-log HTTP/1.1" 200 77 "-" "okhttp/3.12.12"
106.76.191.221 - - [29/Jul/2026:04:25:26 +0000] "POST /v2/learning-material/4669/video/add-watch-log HTTP/1.1" 200 77 "-" "okhttp/3.12.12"
124.105.206.79 - - [29/Jul/2026:04:25:32 +0000] "POST /xmlrpc.php HTTP/1.1" 200 415 "-" "WordPress.com; https://wordpress.com"
106.76.191.221 - - [29/Jul/2026:04:25:38 +0000] "POST /v2/learning-material/4669/video/add-watch-log HTTP/1.1" 200 77 "-" "okhttp/3.12.12"
106.76.191.221 - - [29/Jul/2026:04:25:38 +0000] "POST /v2/learning-material/4669/video/add-watch-log HTTP/1.1" 200 77 "-" "okhttp/3.12.12"
106.76.191.221 - - [29/Jul/2026:04:25:39 +0000] "POST /v2/learning-material/4669/video/add-watch-log HTTP/1.1" 200 77 "-" "okhttp/3.12.12"
106.76.191.221 - - [29/Jul/2026:04:25:39 +0000] "POST /v2/learning-material/4669/video/add-watch-log HTTP/1.1" 200 77 "-" "okhttp/3.12.12"
106.76.191.221 - - [29/Jul/2026:04:25:42 +0000] "POST /v2/learning-material/4669/video/add-watch-log HTTP/1.1" 200 77 "-" "okhttp/3.12.12"
106.76.191.221 - - [29/Jul/2026:04:25:42 +0000] "POST /v2/learning-material/4669/video/add-watch-log HTTP/1.1" 200 77 "-" "okhttp/3.12.12"
124.105.206.79 - - [29/Jul/2026:04:25:43 +0000] "POST /xmlrpc.php HTTP/1.1" 200 415 "-" "Jetpack by WordPress.com (Jetpack 13.0; WordPress 6.4)"
124.105.206.79 - - [29/Jul/2026:04:25:54 +0000] "POST /xmlrpc.php HTTP/1.1" 200 415 "-" "Jetpack by WordPress.com (Jetpack 12.0; WordPress 6.3)"
111.92.86.133 - - [29/Jul/2026:04:26:00 +0000] "OPTIONS /user-notifications/unread-count HTTP/1.1" 204 0 "https://profinz.studentswebapp.quditinfotech.com/" "Mozilla/5.0 (Linux; Android 10; K) AppleWebKit/537.36 (KHTML, like Gecko) Chrome/150.0.0.0 Mobile Safari/537.36"
111.92.86.133 - - [29/Jul/2026:04:26:00 +0000] "OPTIONS /learning-material/video/4671 HTTP/1.1" 204 0 "https://profinz.studentswebapp.quditinfotech.com/" "Mozilla/5.0 (Linux; Android 10; K) AppleWebKit/537.36 (KHTML, like Gecko) Chrome/150.0.0.0 Mobile Safari/537.36"
111.92.86.133 - - [29/Jul/2026:04:26:00 +0000] "GET /learning-material/video/4671 HTTP/1.1" 304 0 "https://profinz.studentswebapp.quditinfotech.com/" "Mozilla/5.0 (Linux; Android 10; K) AppleWebKit/537.36 (KHTML, like Gecko) Chrome/150.0.0.0 Mobile Safari/537.36"
124.105.206.79 - - [29/Jul/2026:04:26:04 +0000] "POST /xmlrpc.php HTTP/1.1" 200 415 "-" "Jetpack/12.1; WordPress/6.4; http://site28729519.com"
111.92.86.133 - - [29/Jul/2026:04:26:09 +0000] "GET /user-notifications/unread-count HTTP/1.1" 499 0 "https://profinz.studentswebapp.quditinfotech.com/" "Mozilla/5.0 (Linux; Android 10; K) AppleWebKit/537.36 (KHTML, like Gecko) Chrome/150.0.0.0 Mobile Safari/537.36"
111.92.86.133 - - [29/Jul/2026:04:26:10 +0000] "OPTIONS /user-notifications/unread-count HTTP/1.1" 204 0 "https://profinz.studentswebapp.quditinfotech.com/" "Mozilla/5.0 (Linux; Android 10; K) AppleWebKit/537.36 (KHTML, like Gecko) Chrome/150.0.0.0 Mobile Safari/537.36"
124.105.206.79 - - [29/Jul/2026:04:26:15 +0000] "POST /xmlrpc.php HTTP/1.1" 200 415 "-" "Jetpack/13.0; WordPress/6.4; http://site63393179.com"
65.1.209.187 - - [29/Jul/2026:04:26:18 +0000] "POST /wp-cron.php?doing_wp_cron=1785299178.1606800556182861328125 HTTP/1.1" 200 31 "-" "WordPress/6.7.2; https://www.trivandrumtennisclub.com"
57.141.0.7 - - [29/Jul/2026:04:26:18 +0000] "GET /member/adithyan-s-d/ HTTP/1.1" 200 17655 "-" "Mozilla/5.0 (Windows NT 10.0; Win64; x64) AppleWebKit/537.36 (KHTML, like Gecko) Chrome/145.0.0.0 Safari/537.36 (compatible; meta-externalagent/1.1 (+https://developers.facebook.com/docs/sharing/webmasters/crawler))"
111.92.86.133 - - [29/Jul/2026:04:26:20 +0000] "GET /user-notifications/unread-count HTTP/1.1" 499 0 "https://profinz.studentswebapp.quditinfotech.com/" "Mozilla/5.0 (Linux; Android 10; K) AppleWebKit/537.36 (KHTML, like Gecko) Chrome/150.0.0.0 Mobile Safari/537.36"
124.105.206.79 - - [29/Jul/2026:04:26:26 +0000] "POST /xmlrpc.php HTTP/1.1" 200 415 "-" "WordPress.com; https://wordpress.com"
106.76.191.221 - - [29/Jul/2026:04:26:29 +0000] "POST /v2/learning-material/4669/video/add-watch-log HTTP/1.1" 200 77 "-" "okhttp/3.12.12"
106.76.191.221 - - [29/Jul/2026:04:26:29 +0000] "POST /v2/learning-material/4669/video/add-watch-log HTTP/1.1" 200 77 "-" "okhttp/3.12.12"
124.105.206.79 - - [29/Jul/2026:04:26:37 +0000] "POST /xmlrpc.php HTTP/1.1" 200 415 "-" "Jetpack by WordPress.com"
124.105.206.79 - - [29/Jul/2026:04:26:48 +0000] "POST /xmlrpc.php HTTP/1.1" 200 415 "-" "WordPress.com; https://wordpress.com"
134.224.12.54 - - [29/Jul/2026:04:26:53 +0000] "POST /zoom-webhook?title=PROFINZ_CAMPUS HTTP/1.1" 200 0 "-" "Zoom Marketplace/1.0a"
124.105.206.79 - - [29/Jul/2026:04:26:58 +0000] "POST /xmlrpc.php HTTP/1.1" 200 415 "-" "Jetpack by WordPress.com (Jetpack 12.5; WordPress 6.2)"
106.76.191.221 - - [29/Jul/2026:04:27:04 +0000] "POST /v2/learning-material/4669/video/add-watch-log HTTP/1.1" 200 77 "-" "okhttp/3.12.12"
106.76.191.221 - - [29/Jul/2026:04:27:04 +0000] "POST /v2/learning-material/4669/video/add-watch-log HTTP/1.1" 200 77 "-" "okhttp/3.12.12"
124.105.206.79 - - [29/Jul/2026:04:27:09 +0000] "POST /xmlrpc.php HTTP/1.1" 200 415 "-" "Jetpack by WordPress.com"
124.105.206.79 - - [29/Jul/2026:04:27:20 +0000] "POST /xmlrpc.php HTTP/1.1" 200 415 "-" "Jetpack by WordPress.com (Jetpack 12.0; WordPress 6.1)"
106.76.191.221 - - [29/Jul/2026:04:27:29 +0000] "POST /v2/learning-material/4669/video/add-watch-log HTTP/1.1" 200 77 "-" "okhttp/3.12.12"
106.76.191.221 - - [29/Jul/2026:04:27:29 +0000] "POST /v2/learning-material/4669/video/add-watch-log HTTP/1.1" 200 77 "-" "okhttp/3.12.12"
49.47.198.39 - - [29/Jul/2026:04:27:29 +0000] "OPTIONS /user-notifications/unread-count HTTP/1.1" 204 0 "https://profinz.studentswebapp.quditinfotech.com/" "Mozilla/5.0 (Linux; Android 10; K) AppleWebKit/537.36 (KHTML, like Gecko) SamsungBrowser/30.0 Chrome/143.0.0.0 Mobile Safari/537.36"
124.105.206.79 - - [29/Jul/2026:04:27:31 +0000] "POST /xmlrpc.php HTTP/1.1" 200 415 "-" "Jetpack/12.0; WordPress/6.4; http://site23303305.com"
223.188.117.67 - - [29/Jul/2026:04:27:35 +0000] "OPTIONS /user-notifications/unread-count HTTP/1.1" 204 0 "https://profinz.studentswebapp.quditinfotech.com/" "Mozilla/5.0 (Windows NT 10.0; Win64; x64) AppleWebKit/537.36 (KHTML, like Gecko) Chrome/150.0.0.0 Safari/537.36"
223.188.117.67 - - [29/Jul/2026:04:27:35 +0000] "OPTIONS /live-event/213 HTTP/1.1" 204 0 "https://profinz.studentswebapp.quditinfotech.com/" "Mozilla/5.0 (Windows NT 10.0; Win64; x64) AppleWebKit/537.36 (KHTML, like Gecko) Chrome/150.0.0.0 Safari/537.36"
223.188.117.67 - - [29/Jul/2026:04:27:35 +0000] "OPTIONS /package/get-live-events-in-packages?page=1&limit=100¬_yet_ended_time=2026-07-29T04%3A27%3A31.842Z HTTP/1.1" 204 0 "https://profinz.studentswebapp.quditinfotech.com/" "Mozilla/5.0 (Windows NT 10.0; Win64; x64) AppleWebKit/537.36 (KHTML, like Gecko) Chrome/150.0.0.0 Safari/537.36"
223.188.117.67 - - [29/Jul/2026:04:27:35 +0000] "OPTIONS /package/get-live-events-in-packages?page=1&limit=100&start_time=2026-07-29T04%3A27%3A31.842Z HTTP/1.1" 204 0 "https://profinz.studentswebapp.quditinfotech.com/" "Mozilla/5.0 (Windows NT 10.0; Win64; x64) AppleWebKit/537.36 (KHTML, like Gecko) Chrome/150.0.0.0 Safari/537.36"
223.188.117.67 - - [29/Jul/2026:04:27:36 +0000] "POST /package/get-live-events-in-packages?page=1&limit=100&start_time=2026-07-29T04%3A27%3A31.842Z HTTP/1.1" 200 845 "https://profinz.studentswebapp.quditinfotech.com/" "Mozilla/5.0 (Windows NT 10.0; Win64; x64) AppleWebKit/537.36 (KHTML, like Gecko) Chrome/150.0.0.0 Safari/537.36"
223.188.117.67 - - [29/Jul/2026:04:27:36 +0000] "GET /live-event/213 HTTP/1.1" 200 938 "https://profinz.studentswebapp.quditinfotech.com/" "Mozilla/5.0 (Windows NT 10.0; Win64; x64) AppleWebKit/537.36 (KHTML, like Gecko) Chrome/150.0.0.0 Safari/537.36"
223.188.117.67 - - [29/Jul/2026:04:27:36 +0000] "POST /package/get-live-events-in-packages?page=1&limit=100¬_yet_ended_time=2026-07-29T04%3A27%3A31.842Z HTTP/1.1" 200 845 "https://profinz.studentswebapp.quditinfotech.com/" "Mozilla/5.0 (Windows NT 10.0; Win64; x64) AppleWebKit/537.36 (KHTML, like Gecko) Chrome/150.0.0.0 Safari/537.36"
49.47.198.39 - - [29/Jul/2026:04:27:39 +0000] "GET /user-notifications/unread-count HTTP/1.1" 499 0 "https://profinz.studentswebapp.quditinfotech.com/" "Mozilla/5.0 (Linux; Android 10; K) AppleWebKit/537.36 (KHTML, like Gecko) SamsungBrowser/30.0 Chrome/143.0.0.0 Mobile Safari/537.36"
49.47.198.39 - - [29/Jul/2026:04:27:40 +0000] "OPTIONS /user-notifications/unread-count HTTP/1.1" 204 0 "https://profinz.studentswebapp.quditinfotech.com/" "Mozilla/5.0 (Linux; Android 10; K) AppleWebKit/537.36 (KHTML, like Gecko) SamsungBrowser/30.0 Chrome/143.0.0.0 Mobile Safari/537.36"
124.105.206.79 - - [29/Jul/2026:04:27:42 +0000] "POST /xmlrpc.php HTTP/1.1" 200 415 "-" "Jetpack by WordPress.com"
223.188.117.67 - - [29/Jul/2026:04:27:44 +0000] "GET /user-notifications/unread-count HTTP/1.1" 499 0 "https://profinz.studentswebapp.quditinfotech.com/" "Mozilla/5.0 (Windows NT 10.0; Win64; x64) AppleWebKit/537.36 (KHTML, like Gecko) Chrome/150.0.0.0 Safari/537.36"
134.224.12.54 - - [29/Jul/2026:04:27:48 +0000] "POST /zoom-webhook?title=PROFINZ_CAMPUS HTTP/1.1" 200 0 "-" "Zoom Marketplace/1.0a"
49.47.198.39 - - [29/Jul/2026:04:27:50 +0000] "GET /user-notifications/unread-count HTTP/1.1" 499 0 "https://profinz.studentswebapp.quditinfotech.com/" "Mozilla/5.0 (Linux; Android 10; K) AppleWebKit/537.36 (KHTML, like Gecko) SamsungBrowser/30.0 Chrome/143.0.0.0 Mobile Safari/537.36"
124.105.206.79 - - [29/Jul/2026:04:27:53 +0000] "POST /xmlrpc.php HTTP/1.1" 200 415 "-" "Jetpack/12.5; WordPress/6.4; http://site78261105.com"
106.76.191.221 - - [29/Jul/2026:04:28:03 +0000] "POST /v2/learning-material/4669/video/add-watch-log HTTP/1.1" 200 77 "-" "okhttp/3.12.12"
106.76.191.221 - - [29/Jul/2026:04:28:03 +0000] "POST /v2/learning-material/4669/video/add-watch-log HTTP/1.1" 200 77 "-" "okhttp/3.12.12"
124.105.206.79 - - [29/Jul/2026:04:28:03 +0000] "POST /xmlrpc.php HTTP/1.1" 200 415 "-" "Jetpack by WordPress.com"
65.1.209.187 - - [29/Jul/2026:04:28:05 +0000] "POST /wp-cron.php?doing_wp_cron=1785299284.9012789726257324218750 HTTP/1.1" 200 31 "-" "WordPress/6.7.2; https://www.trivandrumtennisclub.com"
57.141.0.50 - - [29/Jul/2026:04:28:05 +0000] "GET /member/celia-abraham/ HTTP/1.1" 200 17846 "-" "Mozilla/5.0 (Windows NT 10.0; Win64; x64) AppleWebKit/537.36 (KHTML, like Gecko) Chrome/145.0.0.0 Safari/537.36 (compatible; meta-externalagent/1.1 (+https://developers.facebook.com/docs/sharing/webmasters/crawler))"
124.105.206.79 - - [29/Jul/2026:04:28:14 +0000] "POST /xmlrpc.php HTTP/1.1" 200 415 "-" "Jetpack/12.5; WordPress/6.2; http://site98946261.com"
124.105.206.79 - - [29/Jul/2026:04:28:25 +0000] "POST /xmlrpc.php HTTP/1.1" 200 415 "-" "Jetpack by WordPress.com"
124.105.206.79 - - [29/Jul/2026:04:28:36 +0000] "POST /xmlrpc.php HTTP/1.1" 200 415 "-" "Jetpack by WordPress.com"
124.105.206.79 - - [29/Jul/2026:04:28:47 +0000] "POST /xmlrpc.php HTTP/1.1" 200 415 "-" "Jetpack by WordPress.com (Jetpack 12.0; WordPress 6.1)"
124.105.206.79 - - [29/Jul/2026:04:28:58 +0000] "POST /xmlrpc.php HTTP/1.1" 200 415 "-" "Jetpack by WordPress.com"
124.105.206.79 - - [29/Jul/2026:04:29:09 +0000] "POST /xmlrpc.php HTTP/1.1" 200 415 "-" "Jetpack by WordPress.com (Jetpack 12.1; WordPress 6.1)"
106.76.191.221 - - [29/Jul/2026:04:29:12 +0000] "POST /v2/learning-material/4669/video/add-watch-log HTTP/1.1" 200 77 "-" "okhttp/3.12.12"
106.76.191.221 - - [29/Jul/2026:04:29:12 +0000] "POST /v2/learning-material/4669/video/add-watch-log HTTP/1.1" 200 77 "-" "okhttp/3.12.12"
106.76.191.221 - - [29/Jul/2026:04:29:17 +0000] "POST /v2/learning-material/4669/video/add-watch-log HTTP/1.1" 200 77 "-" "okhttp/3.12.12"
106.76.191.221 - - [29/Jul/2026:04:29:17 +0000] "POST /v2/learning-material/4669/video/add-watch-log HTTP/1.1" 200 77 "-" "okhttp/3.12.12"
124.105.206.79 - - [29/Jul/2026:04:29:19 +0000] "POST /xmlrpc.php HTTP/1.1" 200 415 "-" "Jetpack by WordPress.com (Jetpack 12.5; WordPress 6.2)"
124.105.206.79 - - [29/Jul/2026:04:29:30 +0000] "POST /xmlrpc.php HTTP/1.1" 200 415 "-" "Jetpack by WordPress.com (Jetpack 12.1; WordPress 6.1)"
157.51.237.27 - - [29/Jul/2026:04:29:30 +0000] "POST /v2/learning-material/4859/video/add-watch-log HTTP/1.1" 200 77 "-" "okhttp/3.12.12"
157.51.237.27 - - [29/Jul/2026:04:29:30 +0000] "POST /v2/learning-material/4859/video/add-watch-log HTTP/1.1" 200 77 "-" "okhttp/3.12.12"
65.1.209.187 - - [29/Jul/2026:04:29:31 +0000] "POST /wp-cron.php?doing_wp_cron=1785299371.6182200908660888671875 HTTP/1.1" 200 31 "-" "WordPress/6.7.2; https://www.trivandrumtennisclub.com"
57.141.0.66 - - [29/Jul/2026:04:29:31 +0000] "GET /member/mvgxxzipnvmickmqonaf-gxupzbqmamedonlipuq/ HTTP/1.1" 200 17976 "-" "Mozilla/5.0 (Macintosh; Intel Mac OS X 10_15_7) AppleWebKit/537.36 (KHTML, like Gecko) Chrome/145.0.0.0 Safari/537.36 (compatible; meta-externalagent/1.1 (+https://developers.facebook.com/docs/sharing/webmasters/crawler))"
124.105.206.79 - - [29/Jul/2026:04:29:41 +0000] "POST /xmlrpc.php HTTP/1.1" 200 415 "-" "Jetpack by WordPress.com"
106.76.191.221 - - [29/Jul/2026:04:29:45 +0000] "POST /v2/learning-material/4669/video/add-watch-log HTTP/1.1" 200 77 "-" "okhttp/3.12.12"
106.76.191.221 - - [29/Jul/2026:04:29:45 +0000] "POST /v2/learning-material/4669/video/add-watch-log HTTP/1.1" 200 77 "-" "okhttp/3.12.12"
124.105.206.79 - - [29/Jul/2026:04:29:52 +0000] "POST /xmlrpc.php HTTP/1.1" 200 415 "-" "Jetpack by WordPress.com (Jetpack 12.5; WordPress 6.2)"
5.61.209.44 - - [29/Jul/2026:04:30:00 +0000] "GET /SDK/webLanguage HTTP/1.1" 404 196 "-" "Mozilla/5.0 (Windows NT 10.0; Win64; x64) AppleWebKit/537.36 (KHTML, like Gecko) Chrome/90.0.4430.85 Safari/537.36 Edg/90.0.818.46"
124.105.206.79 - - [29/Jul/2026:04:30:03 +0000] "POST /xmlrpc.php HTTP/1.1" 200 415 "-" "Jetpack/12.0; WordPress/6.4; http://site78651523.com"
106.76.191.221 - - [29/Jul/2026:04:30:07 +0000] "POST /v2/learning-material/4669/video/add-watch-log HTTP/1.1" 200 77 "-" "okhttp/3.12.12"
106.76.191.221 - - [29/Jul/2026:04:30:07 +0000] "POST /v2/learning-material/4669/video/add-watch-log HTTP/1.1" 200 77 "-" "okhttp/3.12.12"
124.105.206.79 - - [29/Jul/2026:04:30:14 +0000] "POST /xmlrpc.php HTTP/1.1" 200 415 "-" "Jetpack by WordPress.com (Jetpack 12.5; WordPress 6.3)"
124.105.206.79 - - [29/Jul/2026:04:30:25 +0000] "POST /xmlrpc.php HTTP/1.1" 200 415 "-" "WordPress.com; https://wordpress.com"
106.76.191.221 - - [29/Jul/2026:04:30:26 +0000] "POST /v2/learning-material/4669/video/add-watch-log HTTP/1.1" 200 77 "-" "okhttp/3.12.12"
106.76.191.221 - - [29/Jul/2026:04:30:26 +0000] "POST /v2/learning-material/4669/video/add-watch-log HTTP/1.1" 200 77 "-" "okhttp/3.12.12"
124.105.206.79 - - [29/Jul/2026:04:30:35 +0000] "POST /xmlrpc.php HTTP/1.1" 200 415 "-" "Jetpack/12.1; WordPress/6.3; http://site58893387.com"
124.105.206.79 - - [29/Jul/2026:04:30:46 +0000] "POST /xmlrpc.php HTTP/1.1" 200 415 "-" "Jetpack/13.0; WordPress/6.2; http://site71250395.com"
124.105.206.79 - - [29/Jul/2026:04:30:57 +0000] "POST /xmlrpc.php HTTP/1.1" 200 415 "-" "WordPress.com; https://wordpress.com"
172.71.146.164 - - [29/Jul/2026:04:31:02 +0000] "GET / HTTP/1.1" 301 5 "-" "Mozilla/5.0 (Macintosh; Intel Mac OS X 10_15_7) AppleWebKit/537.36 (KHTML, like Gecko) Chrome/147.0.0.0 Safari/537.36 CloudflareWebScanner/1.0"
172.71.146.126 - - [29/Jul/2026:04:31:03 +0000] "GET / HTTP/1.1" 200 15843 "-" "Mozilla/5.0 (Macintosh; Intel Mac OS X 10_15_7) AppleWebKit/537.36 (KHTML, like Gecko) Chrome/147.0.0.0 Safari/537.36 CloudflareWebScanner/1.0"
124.105.206.79 - - [29/Jul/2026:04:31:08 +0000] "POST /xmlrpc.php HTTP/1.1" 200 415 "-" "Jetpack by WordPress.com"
106.76.191.221 - - [29/Jul/2026:04:31:09 +0000] "POST /v2/learning-material/4669/video/add-watch-log HTTP/1.1" 200 77 "-" "okhttp/3.12.12"
106.76.191.221 - - [29/Jul/2026:04:31:09 +0000] "POST /v2/learning-material/4669/video/add-watch-log HTTP/1.1" 200 77 "-" "okhttp/3.12.12"
65.1.209.187 - - [29/Jul/2026:04:31:10 +0000] "POST /wp-cron.php?doing_wp_cron=1785299470.5475680828094482421875 HTTP/1.1" 200 31 "-" "WordPress/6.7.2; https://www.trivandrumtennisclub.com"
57.141.0.53 - - [29/Jul/2026:04:31:10 +0000] "GET /member/jmtcfactspcrrmuwuavgmmcz-jhpmpgmtlgdsdztwacwsgah/ HTTP/1.1" 200 17791 "-" "Mozilla/5.0 (Windows NT 10.0; Win64; x64) AppleWebKit/537.36 (KHTML, like Gecko) Chrome/145.0.0.0 Safari/537.36 (compatible; meta-externalagent/1.1 (+https://developers.facebook.com/docs/sharing/webmasters/crawler))"
124.105.206.79 - - [29/Jul/2026:04:31:19 +0000] "POST /xmlrpc.php HTTP/1.1" 200 415 "-" "Jetpack/12.1; WordPress/6.1; http://site50139622.com"
124.105.206.79 - - [29/Jul/2026:04:31:29 +0000] "POST /xmlrpc.php HTTP/1.1" 200 415 "-" "Jetpack by WordPress.com (Jetpack 12.1; WordPress 6.3)"
134.224.12.55 - - [29/Jul/2026:04:31:31 +0000] "POST /zoom-webhook?title=PROFINZ_CAMPUS HTTP/1.1" 200 0 "-" "Zoom Marketplace/1.0a"
106.76.191.221 - - [29/Jul/2026:04:31:38 +0000] "POST /v2/learning-material/4669/video/add-watch-log HTTP/1.1" 200 77 "-" "okhttp/3.12.12"
106.76.191.221 - - [29/Jul/2026:04:31:38 +0000] "POST /v2/learning-material/4669/video/add-watch-log HTTP/1.1" 200 77 "-" "okhttp/3.12.12"
124.105.206.79 - - [29/Jul/2026:04:31:40 +0000] "POST /xmlrpc.php HTTP/1.1" 200 415 "-" "Jetpack by WordPress.com (Jetpack 12.5; WordPress 6.1)"
134.224.12.54 - - [29/Jul/2026:04:31:42 +0000] "POST /zoom-webhook?title=PROFINZ_CAMPUS HTTP/1.1" 200 0 "-" "Zoom Marketplace/1.0a"
106.76.191.221 - - [29/Jul/2026:04:31:43 +0000] "POST /v2/learning-material/4669/video/add-watch-log HTTP/1.1" 200 77 "-" "okhttp/3.12.12"
106.76.191.221 - - [29/Jul/2026:04:31:43 +0000] "POST /v2/learning-material/4669/video/add-watch-log HTTP/1.1" 200 77 "-" "okhttp/3.12.12"
124.105.206.79 - - [29/Jul/2026:04:31:51 +0000] "POST /xmlrpc.php HTTP/1.1" 200 415 "-" "Jetpack/12.1; WordPress/6.1; http://site11206563.com"
124.105.206.79 - - [29/Jul/2026:04:32:02 +0000] "POST /xmlrpc.php HTTP/1.1" 200 415 "-" "Jetpack/12.0; WordPress/6.3; http://site13879324.com"
171.79.53.127 - - [29/Jul/2026:04:32:06 +0000] "POST /get-config/by-keys HTTP/1.1" 200 412 "-" "okhttp/3.12.12"
171.79.53.127 - - [29/Jul/2026:04:32:06 +0000] "POST /app/check-for-update HTTP/1.1" 200 62 "-" "okhttp/3.12.12"
124.105.206.79 - - [29/Jul/2026:04:32:13 +0000] "POST /xmlrpc.php HTTP/1.1" 200 415 "-" "Jetpack by WordPress.com (Jetpack 12.5; WordPress 6.2)"
106.76.191.221 - - [29/Jul/2026:04:32:19 +0000] "POST /v2/learning-material/4669/video/add-watch-log HTTP/1.1" 200 77 "-" "okhttp/3.12.12"
106.76.191.221 - - [29/Jul/2026:04:32:19 +0000] "POST /v2/learning-material/4669/video/add-watch-log HTTP/1.1" 200 77 "-" "okhttp/3.12.12"
124.105.206.79 - - [29/Jul/2026:04:32:24 +0000] "POST /xmlrpc.php HTTP/1.1" 200 415 "-" "WordPress.com; https://wordpress.com"
124.105.206.79 - - [29/Jul/2026:04:32:35 +0000] "POST /xmlrpc.php HTTP/1.1" 200 415 "-" "WordPress.com; https://wordpress.com"
65.1.209.187 - - [29/Jul/2026:04:32:36 +0000] "POST /wp-cron.php?doing_wp_cron=1785299556.1866369247436523437500 HTTP/1.1" 200 31 "-" "WordPress/6.7.2; https://www.trivandrumtennisclub.com"
216.73.216.69 - - [29/Jul/2026:04:32:36 +0000] "GET /robots.txt HTTP/1.1" 200 140 "-" "Mozilla/5.0 AppleWebKit/537.36 (KHTML, like Gecko; compatible; ClaudeBot/1.0; +claudebot@anthropic.com)"
216.73.216.69 - - [29/Jul/2026:04:32:36 +0000] "GET /wp-sitemap.xml HTTP/1.1" 200 1505 "-" "Mozilla/5.0 AppleWebKit/537.36 (KHTML, like Gecko; compatible; ClaudeBot/1.0; +claudebot@anthropic.com)"
106.76.191.221 - - [29/Jul/2026:04:32:40 +0000] "POST /v2/learning-material/4669/video/add-watch-log HTTP/1.1" 200 77 "-" "okhttp/3.12.12"
106.76.191.221 - - [29/Jul/2026:04:32:40 +0000] "POST /v2/learning-material/4669/video/add-watch-log HTTP/1.1" 200 77 "-" "okhttp/3.12.12"
124.105.206.79 - - [29/Jul/2026:04:32:46 +0000] "POST /xmlrpc.php HTTP/1.1" 200 415 "-" "Jetpack by WordPress.com"
124.105.206.79 - - [29/Jul/2026:04:32:57 +0000] "POST /xmlrpc.php HTTP/1.1" 200 415 "-" "Jetpack by WordPress.com"
106.76.191.221 - - [29/Jul/2026:04:32:57 +0000] "POST /v2/learning-material/4669/video/add-watch-log HTTP/1.1" 200 77 "-" "okhttp/3.12.12"
106.76.191.221 - - [29/Jul/2026:04:32:57 +0000] "POST /v2/learning-material/4669/video/add-watch-log HTTP/1.1" 200 77 "-" "okhttp/3.12.12"
124.105.206.79 - - [29/Jul/2026:04:33:07 +0000] "POST /xmlrpc.php HTTP/1.1" 200 415 "-" "Jetpack by WordPress.com"
124.105.206.79 - - [29/Jul/2026:04:33:18 +0000] "POST /xmlrpc.php HTTP/1.1" 200 415 "-" "WordPress.com; https://wordpress.com"
106.76.191.221 - - [29/Jul/2026:04:33:28 +0000] "POST /v2/learning-material/4669/video/add-watch-log HTTP/1.1" 200 77 "-" "okhttp/3.12.12"
106.76.191.221 - - [29/Jul/2026:04:33:28 +0000] "POST /v2/learning-material/4669/video/add-watch-log HTTP/1.1" 200 77 "-" "okhttp/3.12.12"
124.105.206.79 - - [29/Jul/2026:04:33:29 +0000] "POST /xmlrpc.php HTTP/1.1" 200 415 "-" "Jetpack by WordPress.com"
124.105.206.79 - - [29/Jul/2026:04:33:40 +0000] "POST /xmlrpc.php HTTP/1.1" 200 415 "-" "WordPress.com; https://wordpress.com"
124.105.206.79 - - [29/Jul/2026:04:33:51 +0000] "POST /xmlrpc.php HTTP/1.1" 200 415 "-" "WordPress.com; https://wordpress.com"
106.76.191.221 - - [29/Jul/2026:04:33:51 +0000] "POST /v2/learning-material/4669/video/add-watch-log HTTP/1.1" 200 77 "-" "okhttp/3.12.12"
106.76.191.221 - - [29/Jul/2026:04:33:51 +0000] "POST /v2/learning-material/4669/video/add-watch-log HTTP/1.1" 200 77 "-" "okhttp/3.12.12"
124.105.206.79 - - [29/Jul/2026:04:34:02 +0000] "POST /xmlrpc.php HTTP/1.1" 200 415 "-" "Jetpack by WordPress.com"
124.105.206.79 - - [29/Jul/2026:04:34:13 +0000] "POST /xmlrpc.php HTTP/1.1" 200 415 "-" "WordPress.com; https://wordpress.com"
106.76.191.221 - - [29/Jul/2026:04:34:19 +0000] "POST /v2/learning-material/4669/video/add-watch-log HTTP/1.1" 200 77 "-" "okhttp/3.12.12"
106.76.191.221 - - [29/Jul/2026:04:34:19 +0000] "POST /v2/learning-material/4669/video/add-watch-log HTTP/1.1" 200 77 "-" "okhttp/3.12.12"
124.105.206.79 - - [29/Jul/2026:04:34:24 +0000] "POST /xmlrpc.php HTTP/1.1" 200 415 "-" "Jetpack by WordPress.com"
223.188.117.67 - - [29/Jul/2026:04:34:29 +0000] "OPTIONS /package/get-live-events-in-packages?page=1&limit=100&start_time=2026-07-29T04%3A34%3A28.641Z HTTP/1.1" 204 0 "https://profinz.studentswebapp.quditinfotech.com/" "Mozilla/5.0 (Windows NT 10.0; Win64; x64) AppleWebKit/537.36 (KHTML, like Gecko) Chrome/150.0.0.0 Safari/537.36"
223.188.117.67 - - [29/Jul/2026:04:34:29 +0000] "OPTIONS /package/get-live-events-in-packages?page=1&limit=100¬_yet_ended_time=2026-07-29T04%3A34%3A28.641Z HTTP/1.1" 204 0 "https://profinz.studentswebapp.quditinfotech.com/" "Mozilla/5.0 (Windows NT 10.0; Win64; x64) AppleWebKit/537.36 (KHTML, like Gecko) Chrome/150.0.0.0 Safari/537.36"
223.188.117.67 - - [29/Jul/2026:04:34:29 +0000] "OPTIONS /user-notifications/unread-count HTTP/1.1" 204 0 "https://profinz.studentswebapp.quditinfotech.com/" "Mozilla/5.0 (Windows NT 10.0; Win64; x64) AppleWebKit/537.36 (KHTML, like Gecko) Chrome/150.0.0.0 Safari/537.36"
223.188.117.67 - - [29/Jul/2026:04:34:29 +0000] "POST /package/get-live-events-in-packages?page=1&limit=100&start_time=2026-07-29T04%3A34%3A28.641Z HTTP/1.1" 200 845 "https://profinz.studentswebapp.quditinfotech.com/" "Mozilla/5.0 (Windows NT 10.0; Win64; x64) AppleWebKit/537.36 (KHTML, like Gecko) Chrome/150.0.0.0 Safari/537.36"
223.188.117.67 - - [29/Jul/2026:04:34:29 +0000] "POST /package/get-live-events-in-packages?page=1&limit=100¬_yet_ended_time=2026-07-29T04%3A34%3A28.641Z HTTP/1.1" 200 845 "https://profinz.studentswebapp.quditinfotech.com/" "Mozilla/5.0 (Windows NT 10.0; Win64; x64) AppleWebKit/537.36 (KHTML, like Gecko) Chrome/150.0.0.0 Safari/537.36"
124.105.206.79 - - [29/Jul/2026:04:34:35 +0000] "POST /xmlrpc.php HTTP/1.1" 200 415 "-" "Jetpack/12.0; WordPress/6.4; http://site56445919.com"
223.188.117.67 - - [29/Jul/2026:04:34:38 +0000] "GET /user-notifications/unread-count HTTP/1.1" 499 0 "https://profinz.studentswebapp.quditinfotech.com/" "Mozilla/5.0 (Windows NT 10.0; Win64; x64) AppleWebKit/537.36 (KHTML, like Gecko) Chrome/150.0.0.0 Safari/537.36"
124.105.206.79 - - [29/Jul/2026:04:34:46 +0000] "POST /xmlrpc.php HTTP/1.1" 200 415 "-" "Jetpack/12.1; WordPress/6.2; http://site17447066.com"
157.51.212.245 - - [29/Jul/2026:04:34:48 +0000] "OPTIONS /user HTTP/1.1" 204 0 "https://profinz.studentswebapp.quditinfotech.com/" "Mozilla/5.0 (Windows NT 10.0; Win64; x64) AppleWebKit/537.36 (KHTML, like Gecko) Chrome/150.0.0.0 Safari/537.36 Edg/150.0.0.0"
157.51.212.245 - - [29/Jul/2026:04:34:48 +0000] "GET /user HTTP/1.1" 200 859 "https://profinz.studentswebapp.quditinfotech.com/" "Mozilla/5.0 (Windows NT 10.0; Win64; x64) AppleWebKit/537.36 (KHTML, like Gecko) Chrome/150.0.0.0 Safari/537.36 Edg/150.0.0.0"
157.51.212.245 - - [29/Jul/2026:04:34:48 +0000] "OPTIONS /user-notifications/unread-count HTTP/1.1" 204 0 "https://profinz.studentswebapp.quditinfotech.com/" "Mozilla/5.0 (Windows NT 10.0; Win64; x64) AppleWebKit/537.36 (KHTML, like Gecko) Chrome/150.0.0.0 Safari/537.36 Edg/150.0.0.0"
157.51.244.198 - - [29/Jul/2026:04:34:48 +0000] "OPTIONS /user-notifications/unread-count HTTP/1.1" 204 0 "https://profinz.studentswebapp.quditinfotech.com/" "Mozilla/5.0 (Windows NT 10.0; Win64; x64) AppleWebKit/537.36 (KHTML, like Gecko) Chrome/150.0.0.0 Safari/537.36"
157.51.244.198 - - [29/Jul/2026:04:34:48 +0000] "OPTIONS /learning-material/video/4938 HTTP/1.1" 204 0 "https://profinz.studentswebapp.quditinfotech.com/" "Mozilla/5.0 (Windows NT 10.0; Win64; x64) AppleWebKit/537.36 (KHTML, like Gecko) Chrome/150.0.0.0 Safari/537.36"
157.51.212.245 - - [29/Jul/2026:04:34:48 +0000] "OPTIONS /user/subscriptions/package/active HTTP/1.1" 204 0 "https://profinz.studentswebapp.quditinfotech.com/" "Mozilla/5.0 (Windows NT 10.0; Win64; x64) AppleWebKit/537.36 (KHTML, like Gecko) Chrome/150.0.0.0 Safari/537.36 Edg/150.0.0.0"
157.51.244.198 - - [29/Jul/2026:04:34:48 +0000] "GET /learning-material/video/4938 HTTP/1.1" 304 0 "https://profinz.studentswebapp.quditinfotech.com/" "Mozilla/5.0 (Windows NT 10.0; Win64; x64) AppleWebKit/537.36 (KHTML, like Gecko) Chrome/150.0.0.0 Safari/537.36"
157.51.212.245 - - [29/Jul/2026:04:34:48 +0000] "GET /user/subscriptions/package/active HTTP/1.1" 200 858 "https://profinz.studentswebapp.quditinfotech.com/" "Mozilla/5.0 (Windows NT 10.0; Win64; x64) AppleWebKit/537.36 (KHTML, like Gecko) Chrome/150.0.0.0 Safari/537.36 Edg/150.0.0.0"
157.51.212.245 - - [29/Jul/2026:04:34:49 +0000] "OPTIONS /package/get-folders-for-live-recordings?root_only=false HTTP/1.1" 204 0 "https://profinz.studentswebapp.quditinfotech.com/" "Mozilla/5.0 (Windows NT 10.0; Win64; x64) AppleWebKit/537.36 (KHTML, like Gecko) Chrome/150.0.0.0 Safari/537.36 Edg/150.0.0.0"
157.51.212.245 - - [29/Jul/2026:04:34:49 +0000] "OPTIONS /package/get-live-recordings-in-packages?page=1&limit=12 HTTP/1.1" 204 0 "https://profinz.studentswebapp.quditinfotech.com/" "Mozilla/5.0 (Windows NT 10.0; Win64; x64) AppleWebKit/537.36 (KHTML, like Gecko) Chrome/150.0.0.0 Safari/537.36 Edg/150.0.0.0"
157.51.212.245 - - [29/Jul/2026:04:34:49 +0000] "OPTIONS /package/get-live-recordings-in-packages?page=1&limit=100 HTTP/1.1" 204 0 "https://profinz.studentswebapp.quditinfotech.com/" "Mozilla/5.0 (Windows NT 10.0; Win64; x64) AppleWebKit/537.36 (KHTML, like Gecko) Chrome/150.0.0.0 Safari/537.36 Edg/150.0.0.0"
157.51.212.245 - - [29/Jul/2026:04:34:49 +0000] "POST /package/get-folders-for-live-recordings?root_only=false HTTP/1.1" 200 1557 "https://profinz.studentswebapp.quditinfotech.com/" "Mozilla/5.0 (Windows NT 10.0; Win64; x64) AppleWebKit/537.36 (KHTML, like Gecko) Chrome/150.0.0.0 Safari/537.36 Edg/150.0.0.0"
157.51.212.245 - - [29/Jul/2026:04:34:49 +0000] "POST /package/get-live-recordings-in-packages?page=1&limit=12 HTTP/1.1" 200 11929 "https://profinz.studentswebapp.quditinfotech.com/" "Mozilla/5.0 (Windows NT 10.0; Win64; x64) AppleWebKit/537.36 (KHTML, like Gecko) Chrome/150.0.0.0 Safari/537.36 Edg/150.0.0.0"
157.51.212.245 - - [29/Jul/2026:04:34:49 +0000] "POST /package/get-live-recordings-in-packages?page=1&limit=100 HTTP/1.1" 200 62937 "https://profinz.studentswebapp.quditinfotech.com/" "Mozilla/5.0 (Windows NT 10.0; Win64; x64) AppleWebKit/537.36 (KHTML, like Gecko) Chrome/150.0.0.0 Safari/537.36 Edg/150.0.0.0"
157.51.212.245 - - [29/Jul/2026:04:34:51 +0000] "OPTIONS /package/get-live-events-in-packages?page=1&limit=100¬_yet_ended_time=2026-07-29T04%3A34%3A53.941Z HTTP/1.1" 204 0 "https://profinz.studentswebapp.quditinfotech.com/" "Mozilla/5.0 (Windows NT 10.0; Win64; x64) AppleWebKit/537.36 (KHTML, like Gecko) Chrome/150.0.0.0 Safari/537.36 Edg/150.0.0.0"
157.51.212.245 - - [29/Jul/2026:04:34:51 +0000] "OPTIONS /package/get-live-events-in-packages?page=1&limit=100&start_time=2026-07-29T04%3A34%3A53.940Z HTTP/1.1" 204 0 "https://profinz.studentswebapp.quditinfotech.com/" "Mozilla/5.0 (Windows NT 10.0; Win64; x64) AppleWebKit/537.36 (KHTML, like Gecko) Chrome/150.0.0.0 Safari/537.36 Edg/150.0.0.0"
157.51.212.245 - - [29/Jul/2026:04:34:51 +0000] "POST /package/get-live-events-in-packages?page=1&limit=100¬_yet_ended_time=2026-07-29T04%3A34%3A53.941Z HTTP/1.1" 200 845 "https://profinz.studentswebapp.quditinfotech.com/" "Mozilla/5.0 (Windows NT 10.0; Win64; x64) AppleWebKit/537.36 (KHTML, like Gecko) Chrome/150.0.0.0 Safari/537.36 Edg/150.0.0.0"
157.51.212.245 - - [29/Jul/2026:04:34:51 +0000] "POST /package/get-live-events-in-packages?page=1&limit=100&start_time=2026-07-29T04%3A34%3A53.940Z HTTP/1.1" 200 845 "https://profinz.studentswebapp.quditinfotech.com/" "Mozilla/5.0 (Windows NT 10.0; Win64; x64) AppleWebKit/537.36 (KHTML, like Gecko) Chrome/150.0.0.0 Safari/537.36 Edg/150.0.0.0"
106.76.191.221 - - [29/Jul/2026:04:34:52 +0000] "POST /v2/learning-material/4669/video/add-watch-log HTTP/1.1" 200 77 "-" "okhttp/3.12.12"
106.76.191.221 - - [29/Jul/2026:04:34:52 +0000] "POST /v2/learning-material/4669/video/add-watch-log HTTP/1.1" 200 77 "-" "okhttp/3.12.12"
65.1.209.187 - - [29/Jul/2026:04:34:53 +0000] "POST /wp-cron.php?doing_wp_cron=1785299693.1929860115051269531250 HTTP/1.1" 200 31 "-" "WordPress/6.7.2; https://www.trivandrumtennisclub.com"
57.141.0.47 - - [29/Jul/2026:04:34:53 +0000] "GET /member/dr-preetha-v-nair/ HTTP/1.1" 200 17898 "-" "Mozilla/5.0 (Windows NT 10.0; Win64; x64) AppleWebKit/537.36 (KHTML, like Gecko) Chrome/145.0.0.0 Safari/537.36 (compatible; meta-externalagent/1.1 (+https://developers.facebook.com/docs/sharing/webmasters/crawler))"
157.51.212.245 - - [29/Jul/2026:04:34:54 +0000] "OPTIONS /live-event/213 HTTP/1.1" 204 0 "https://profinz.studentswebapp.quditinfotech.com/" "Mozilla/5.0 (Windows NT 10.0; Win64; x64) AppleWebKit/537.36 (KHTML, like Gecko) Chrome/150.0.0.0 Safari/537.36 Edg/150.0.0.0"
157.51.212.245 - - [29/Jul/2026:04:34:54 +0000] "GET /live-event/213 HTTP/1.1" 200 938 "https://profinz.studentswebapp.quditinfotech.com/" "Mozilla/5.0 (Windows NT 10.0; Win64; x64) AppleWebKit/537.36 (KHTML, like Gecko) Chrome/150.0.0.0 Safari/537.36 Edg/150.0.0.0"
124.105.206.79 - - [29/Jul/2026:04:34:57 +0000] "POST /xmlrpc.php HTTP/1.1" 200 415 "-" "Jetpack by WordPress.com (Jetpack 12.1; WordPress 6.3)"
157.51.212.245 - - [29/Jul/2026:04:34:59 +0000] "GET /user-notifications/unread-count HTTP/1.1" 499 0 "https://profinz.studentswebapp.quditinfotech.com/" "Mozilla/5.0 (Windows NT 10.0; Win64; x64) AppleWebKit/537.36 (KHTML, like Gecko) Chrome/150.0.0.0 Safari/537.36 Edg/150.0.0.0"
157.51.244.198 - - [29/Jul/2026:04:34:59 +0000] "GET /user-notifications/unread-count HTTP/1.1" 499 0 "https://profinz.studentswebapp.quditinfotech.com/" "Mozilla/5.0 (Windows NT 10.0; Win64; x64) AppleWebKit/537.36 (KHTML, like Gecko) Chrome/150.0.0.0 Safari/537.36"
57.141.0.24 - - [29/Jul/2026:04:35:02 +0000] "GET /member/smt-sneha-susan-thomas/ HTTP/1.1" 200 17907 "-" "Mozilla/5.0 (Windows NT 10.0; Win64; x64) AppleWebKit/537.36 (KHTML, like Gecko) Chrome/145.0.0.0 Safari/537.36 (compatible; meta-externalagent/1.1 (+https://developers.facebook.com/docs/sharing/webmasters/crawler))"
124.105.206.79 - - [29/Jul/2026:04:35:08 +0000] "POST /xmlrpc.php HTTP/1.1" 200 415 "-" "WordPress.com; https://wordpress.com"
223.188.117.67 - - [29/Jul/2026:04:35:14 +0000] "OPTIONS /user-notifications/unread-count HTTP/1.1" 204 0 "https://profinz.studentswebapp.quditinfotech.com/" "Mozilla/5.0 (Windows NT 10.0; Win64; x64) AppleWebKit/537.36 (KHTML, like Gecko) Chrome/150.0.0.0 Safari/537.36"
124.105.206.79 - - [29/Jul/2026:04:35:18 +0000] "POST /xmlrpc.php HTTP/1.1" 200 415 "-" "WordPress.com; https://wordpress.com"
223.188.117.67 - - [29/Jul/2026:04:35:24 +0000] "GET /user-notifications/unread-count HTTP/1.1" 499 0 "https://profinz.studentswebapp.quditinfotech.com/" "Mozilla/5.0 (Windows NT 10.0; Win64; x64) AppleWebKit/537.36 (KHTML, like Gecko) Chrome/150.0.0.0 Safari/537.36"
124.105.206.79 - - [29/Jul/2026:04:35:29 +0000] "POST /xmlrpc.php HTTP/1.1" 200 415 "-" "Jetpack/12.5; WordPress/6.4; http://site43824525.com"
124.105.206.79 - - [29/Jul/2026:04:35:40 +0000] "POST /xmlrpc.php HTTP/1.1" 200 415 "-" "Jetpack/12.5; WordPress/6.2; http://site39867013.com"
106.76.191.221 - - [29/Jul/2026:04:35:46 +0000] "POST /v2/learning-material/4669/video/add-watch-log HTTP/1.1" 200 77 "-" "okhttp/3.12.12"
106.76.191.221 - - [29/Jul/2026:04:35:46 +0000] "POST /v2/learning-material/4669/video/add-watch-log HTTP/1.1" 200 77 "-" "okhttp/3.12.12"
65.1.209.187 - - [29/Jul/2026:04:35:46 +0000] "POST /wp-cron.php?doing_wp_cron=1785299746.7820971012115478515625 HTTP/1.1" 200 31 "-" "WordPress/6.7.2; https://www.trivandrumtennisclub.com"
57.141.0.27 - - [29/Jul/2026:04:35:46 +0000] "GET /member/sri-prem-s-kataria/ HTTP/1.1" 200 17844 "-" "Mozilla/5.0 (Windows NT 10.0; Win64; x64) AppleWebKit/537.36 (KHTML, like Gecko) Chrome/145.0.0.0 Safari/537.36 (compatible; meta-externalagent/1.1 (+https://developers.facebook.com/docs/sharing/webmasters/crawler))"
124.105.206.79 - - [29/Jul/2026:04:35:51 +0000] "POST /xmlrpc.php HTTP/1.1" 200 415 "-" "Jetpack by WordPress.com"
134.224.12.55 - - [29/Jul/2026:04:35:53 +0000] "POST /zoom-webhook?title=PROFINZ_CAMPUS HTTP/1.1" 200 0 "-" "Zoom Marketplace/1.0a"
124.105.206.79 - - [29/Jul/2026:04:36:02 +0000] "POST /xmlrpc.php HTTP/1.1" 200 415 "-" "Jetpack by WordPress.com (Jetpack 13.0; WordPress 6.2)"
223.188.117.67 - - [29/Jul/2026:04:36:10 +0000] "OPTIONS /user-notifications/unread-count HTTP/1.1" 204 0 "https://profinz.studentswebapp.quditinfotech.com/" "Mozilla/5.0 (Windows NT 10.0; Win64; x64) AppleWebKit/537.36 (KHTML, like Gecko) Chrome/150.0.0.0 Safari/537.36"
157.51.244.198 - - [29/Jul/2026:04:36:10 +0000] "OPTIONS /user-notifications/unread-count HTTP/1.1" 204 0 "https://profinz.studentswebapp.quditinfotech.com/" "Mozilla/5.0 (Windows NT 10.0; Win64; x64) AppleWebKit/537.36 (KHTML, like Gecko) Chrome/150.0.0.0 Safari/537.36"
103.70.199.38 - - [29/Jul/2026:04:36:12 +0000] "OPTIONS /user HTTP/1.1" 204 0 "https://profinz.studentswebapp.quditinfotech.com/" "Mozilla/5.0 (X11; CrOS x86_64 14541.0.0) AppleWebKit/537.36 (KHTML, like Gecko) Chrome/149.0.0.0 Safari/537.36"
