182.8.162.238 - - [29/Jul/2026:02:03:55 +0000] "GET / HTTP/1.1" 200 17699 "-" "Mozilla/5.0 (Windows NT 10.0; Win64; x64) AppleWebKit/537.36 (KHTML, like Gecko) Chrome/120.0.0.0 Safari/537.36"
65.1.209.187 - - [29/Jul/2026:02:03:56 +0000] "POST /wp-cron.php?doing_wp_cron=1785290636.4411959648132324218750 HTTP/1.1" 200 31 "-" "WordPress/6.9; https://www.drjunior.in"
109.107.224.228 - - [29/Jul/2026:02:03:56 +0000] "POST /wp-admin/post.php HTTP/1.1" 302 5 "-" "Mozilla/5.0 (Windows NT 10.0; Win64; x64) AppleWebKit/537.36 (KHTML, like Gecko) Chrome/120.0.0.0 Safari/537.36"
182.8.162.238 - - [29/Jul/2026:02:03:56 +0000] "POST /wp-json/rankmath/v1/updateMeta?_locale=user HTTP/1.1" 404 125 "-" "Mozilla/5.0 (Windows NT 10.0; Win64; x64) AppleWebKit/537.36 (KHTML, like Gecko) Chrome/120.0.0.0 Safari/537.36"
182.8.162.238 - - [29/Jul/2026:02:03:57 +0000] "POST /wp-json/wp/v2/pages/6?_locale=user HTTP/1.1" 200 6811 "-" "Mozilla/5.0 (Windows NT 10.0; Win64; x64) AppleWebKit/537.36 (KHTML, like Gecko) Chrome/120.0.0.0 Safari/537.36"
109.107.224.228 - - [29/Jul/2026:02:03:57 +0000] "GET /wp-admin/post.php?post=1484&action=edit&message=1 HTTP/1.1" 200 88580 "-" "Mozilla/5.0 (Windows NT 10.0; Win64; x64) AppleWebKit/537.36 (KHTML, like Gecko) Chrome/120.0.0.0 Safari/537.36"
182.8.162.238 - - [29/Jul/2026:02:03:59 +0000] "GET /?page_id=6 HTTP/1.1" 301 5 "-" "Mozilla/5.0 (Windows NT 10.0; Win64; x64) AppleWebKit/537.36 (KHTML, like Gecko) Chrome/120.0.0.0 Safari/537.36"
182.8.162.238 - - [29/Jul/2026:02:04:00 +0000] "GET / HTTP/1.1" 200 17698 "-" "Mozilla/5.0 (Windows NT 10.0; Win64; x64) AppleWebKit/537.36 (KHTML, like Gecko) Chrome/120.0.0.0 Safari/537.36"
128.234.150.12 - - [29/Jul/2026:02:04:00 +0000] "GET /?p=1484 HTTP/1.1" 301 5 "-" "Mozilla/5.0 (Windows NT 10.0; Win64; x64) AppleWebKit/537.36 (KHTML, like Gecko) Chrome/120.0.0.0 Safari/537.36"
65.1.209.187 - - [29/Jul/2026:02:04:00 +0000] "POST /wp-cron.php?doing_wp_cron=1785290640.9716010093688964843750 HTTP/1.1" 200 31 "-" "WordPress/6.7.2; https://www.trivandrumtennisclub.com"
57.141.0.70 - - [29/Jul/2026:02:04:01 +0000] "GET /member/sri-salim-m-k/ HTTP/1.1" 200 17836 "-" "Mozilla/5.0 (Windows NT 10.0; Win64; x64) AppleWebKit/537.36 (KHTML, like Gecko) Chrome/145.0.0.0 Safari/537.36 (compatible; meta-externalagent/1.1 (+https://developers.facebook.com/docs/sharing/webmasters/crawler))"
128.234.150.12 - - [29/Jul/2026:02:04:01 +0000] "GET /2026/07/29/instruktsiia-registratsiia-i-pervyi-vkhod-v-akkaunt-pin-up-dlia-novichkov-12/ HTTP/1.1" 200 15607 "-" "Mozilla/5.0 (Windows NT 10.0; Win64; x64) AppleWebKit/537.36 (KHTML, like Gecko) Chrome/120.0.0.0 Safari/537.36"
182.8.162.238 - - [29/Jul/2026:02:04:03 +0000] "GET /?page_id=6 HTTP/1.1" 301 5 "-" "Mozilla/5.0 (Windows NT 10.0; Win64; x64) AppleWebKit/537.36 (KHTML, like Gecko) Chrome/120.0.0.0 Safari/537.36"
182.8.162.238 - - [29/Jul/2026:02:04:03 +0000] "GET / HTTP/1.1" 200 17700 "-" "Mozilla/5.0 (Windows NT 10.0; Win64; x64) AppleWebKit/537.36 (KHTML, like Gecko) Chrome/120.0.0.0 Safari/537.36"
128.234.150.12 - - [29/Jul/2026:02:04:04 +0000] "GET /?p=1484 HTTP/1.1" 301 5 "-" "Mozilla/5.0 (Windows NT 10.0; Win64; x64) AppleWebKit/537.36 (KHTML, like Gecko) Chrome/120.0.0.0 Safari/537.36"
128.234.150.12 - - [29/Jul/2026:02:04:05 +0000] "GET /2026/07/29/instruktsiia-registratsiia-i-pervyi-vkhod-v-akkaunt-pin-up-dlia-novichkov-12/ HTTP/1.1" 200 15609 "-" "Mozilla/5.0 (Windows NT 10.0; Win64; x64) AppleWebKit/537.36 (KHTML, like Gecko) Chrome/120.0.0.0 Safari/537.36"
182.8.162.238 - - [29/Jul/2026:02:04:06 +0000] "GET /?page_id=6 HTTP/1.1" 301 5 "-" "Mozilla/5.0 (Windows NT 10.0; Win64; x64) AppleWebKit/537.36 (KHTML, like Gecko) Chrome/120.0.0.0 Safari/537.36"
182.8.162.238 - - [29/Jul/2026:02:04:07 +0000] "GET / HTTP/1.1" 200 17703 "-" "Mozilla/5.0 (Windows NT 10.0; Win64; x64) AppleWebKit/537.36 (KHTML, like Gecko) Chrome/120.0.0.0 Safari/537.36"
128.234.150.12 - - [29/Jul/2026:02:04:08 +0000] "GET /?p=1484 HTTP/1.1" 301 5 "-" "Mozilla/5.0 (Windows NT 10.0; Win64; x64) AppleWebKit/537.36 (KHTML, like Gecko) Chrome/120.0.0.0 Safari/537.36"
128.234.150.12 - - [29/Jul/2026:02:04:09 +0000] "GET /2026/07/29/instruktsiia-registratsiia-i-pervyi-vkhod-v-akkaunt-pin-up-dlia-novichkov-12/ HTTP/1.1" 200 15605 "-" "Mozilla/5.0 (Windows NT 10.0; Win64; x64) AppleWebKit/537.36 (KHTML, like Gecko) Chrome/120.0.0.0 Safari/537.36"
70.82.98.154 - - [29/Jul/2026:02:04:10 +0000] "GET / HTTP/1.1" 200 15846 "-" "Mozilla/5.0 (Windows NT 10.0; Win64; x64) AppleWebKit/537.36 (KHTML, like Gecko) Chrome/120.0.0.0 Safari/537.36"
70.82.98.154 - - [29/Jul/2026:02:04:11 +0000] "GET /wp-login.php HTTP/1.1" 200 2037 "-" "Mozilla/5.0 (Windows NT 10.0; Win64; x64) AppleWebKit/537.36 (KHTML, like Gecko) Chrome/120.0.0.0 Safari/537.36"
70.82.98.154 - - [29/Jul/2026:02:04:11 +0000] "POST /wp-login.php HTTP/1.1" 302 5 "https://www.drjunior.in/wp-login.php" "Mozilla/5.0 (Windows NT 10.0; Win64; x64) AppleWebKit/537.36 (KHTML, like Gecko) Chrome/120.0.0.0 Safari/537.36"
70.82.98.154 - - [29/Jul/2026:02:04:12 +0000] "GET /wp-admin/ HTTP/1.1" 200 24369 "https://www.drjunior.in/wp-login.php" "Mozilla/5.0 (Windows NT 10.0; Win64; x64) AppleWebKit/537.36 (KHTML, like Gecko) Chrome/120.0.0.0 Safari/537.36"
181.85.209.55 - - [29/Jul/2026:02:04:14 +0000] "GET / HTTP/1.1" 200 15839 "-" "Mozilla/5.0 (Windows NT 10.0; Win64; x64) AppleWebKit/537.36 (KHTML, like Gecko) Chrome/120.0.0.0 Safari/537.36"
181.85.209.55 - - [29/Jul/2026:02:04:16 +0000] "GET /wp-login.php HTTP/1.1" 200 2036 "-" "Mozilla/5.0 (Windows NT 10.0; Win64; x64) AppleWebKit/537.36 (KHTML, like Gecko) Chrome/120.0.0.0 Safari/537.36"
38.25.175.2 - - [29/Jul/2026:02:04:16 +0000] "GET /wp-admin/ HTTP/1.1" 200 24369 "-" "Mozilla/5.0 (Windows NT 10.0; Win64; x64) AppleWebKit/537.36 (KHTML, like Gecko) Chrome/120.0.0.0 Safari/537.36"
181.85.209.55 - - [29/Jul/2026:02:04:17 +0000] "POST /wp-login.php HTTP/1.1" 302 5 "https://www.drjunior.in/wp-login.php" "Mozilla/5.0 (Windows NT 10.0; Win64; x64) AppleWebKit/537.36 (KHTML, like Gecko) Chrome/120.0.0.0 Safari/537.36"
38.25.175.2 - - [29/Jul/2026:02:04:18 +0000] "GET /wp-admin/post-new.php HTTP/1.1" 200 79139 "-" "Mozilla/5.0 (Windows NT 10.0; Win64; x64) AppleWebKit/537.36 (KHTML, like Gecko) Chrome/120.0.0.0 Safari/537.36"
181.85.209.55 - - [29/Jul/2026:02:04:18 +0000] "GET /wp-admin/ HTTP/1.1" 200 24375 "https://www.drjunior.in/wp-login.php" "Mozilla/5.0 (Windows NT 10.0; Win64; x64) AppleWebKit/537.36 (KHTML, like Gecko) Chrome/120.0.0.0 Safari/537.36"
38.25.175.2 - - [29/Jul/2026:02:04:21 +0000] "POST /xmlrpc.php HTTP/1.1" 200 661 "-" "WordPress/5.0; https://www.drjunior.in"
77.247.120.143 - - [29/Jul/2026:02:04:23 +0000] "GET /wp-admin/ HTTP/1.1" 200 24376 "-" "Mozilla/5.0 (Windows NT 10.0; Win64; x64) AppleWebKit/537.36 (KHTML, like Gecko) Chrome/120.0.0.0 Safari/537.36"
38.25.175.2 - - [29/Jul/2026:02:04:23 +0000] "GET /wp-admin/admin-ajax.php?action=rest-nonce HTTP/1.1" 200 41 "-" "Mozilla/5.0 (Windows NT 10.0; Win64; x64) AppleWebKit/537.36 (KHTML, like Gecko) Chrome/120.0.0.0 Safari/537.36"
77.247.120.143 - - [29/Jul/2026:02:04:25 +0000] "GET /wp-admin/post-new.php HTTP/1.1" 200 79127 "-" "Mozilla/5.0 (Windows NT 10.0; Win64; x64) AppleWebKit/537.36 (KHTML, like Gecko) Chrome/120.0.0.0 Safari/537.36"
77.247.120.143 - - [29/Jul/2026:02:04:27 +0000] "POST /xmlrpc.php HTTP/1.1" 200 661 "-" "WordPress/5.0; https://www.drjunior.in"
77.247.120.143 - - [29/Jul/2026:02:04:27 +0000] "GET /wp-admin/admin-ajax.php?action=rest-nonce HTTP/1.1" 200 41 "-" "Mozilla/5.0 (Windows NT 10.0; Win64; x64) AppleWebKit/537.36 (KHTML, like Gecko) Chrome/120.0.0.0 Safari/537.36"
38.25.175.2 - - [29/Jul/2026:02:04:28 +0000] "GET /wp-json/wp/v2/plugins HTTP/1.1" 200 3380 "-" "Mozilla/5.0 (Windows NT 10.0; Win64; x64) AppleWebKit/537.36 (KHTML, like Gecko) Chrome/120.0.0.0 Safari/537.36"
112.86.225.251 - - [29/Jul/2026:02:04:29 +0000] "GET /sri-chitra HTTP/1.1" 301 5 "-" "Sogou web spider/4.0(+http://www.sogou.com/docs/help/webmasters.htm#07)"
38.25.175.2 - - [29/Jul/2026:02:04:29 +0000] "GET / HTTP/1.1" 200 17700 "-" "Mozilla/5.0 (Windows NT 10.0; Win64; x64) AppleWebKit/537.36 (KHTML, like Gecko) Chrome/120.0.0.0 Safari/537.36"
112.86.225.251 - - [29/Jul/2026:02:04:29 +0000] "GET /sri-chitra/ HTTP/1.1" 200 15875 "-" "Sogou web spider/4.0(+http://www.sogou.com/docs/help/webmasters.htm#07)"
65.1.209.187 - - [29/Jul/2026:02:04:30 +0000] "POST /wp-cron.php?doing_wp_cron=1785290670.8195888996124267578125 HTTP/1.1" 200 31 "-" "WordPress/6.9; https://www.drjunior.in"
77.247.120.143 - - [29/Jul/2026:02:04:30 +0000] "POST /xmlrpc.php HTTP/1.1" 200 190 "-" "Mozilla/5.0 (Windows NT 10.0; Win64; x64) AppleWebKit/537.36 (KHTML, like Gecko) Chrome/120.0.0.0 Safari/537.36"
77.247.120.143 - - [29/Jul/2026:02:04:31 +0000] "GET /?p=1488 HTTP/1.1" 301 5 "-" "Mozilla/5.0 (Windows NT 10.0; Win64; x64) AppleWebKit/537.36 (KHTML, like Gecko) Chrome/120.0.0.0 Safari/537.36"
38.25.175.2 - - [29/Jul/2026:02:04:32 +0000] "GET /wp-json/wp/v2/settings HTTP/1.1" 200 453 "-" "Mozilla/5.0 (Windows NT 10.0; Win64; x64) AppleWebKit/537.36 (KHTML, like Gecko) Chrome/120.0.0.0 Safari/537.36"
77.247.120.143 - - [29/Jul/2026:02:04:32 +0000] "GET /2026/07/28/instruktsiia-registratsiia-i-pervyi-vkhod-v-akkaunt-pin-up-dlia-novichkov-13/ HTTP/1.1" 200 15613 "-" "Mozilla/5.0 (Windows NT 10.0; Win64; x64) AppleWebKit/537.36 (KHTML, like Gecko) Chrome/120.0.0.0 Safari/537.36"
57.141.0.60 - - [29/Jul/2026:02:04:34 +0000] "GET /member/lbrornimpxtbqrqirsfn-luctrjvzrcrvhxxmusywmd/ HTTP/1.1" 200 17768 "-" "Mozilla/5.0 (Windows NT 10.0; Win64; x64) AppleWebKit/537.36 (KHTML, like Gecko) Chrome/145.0.0.0 Safari/537.36 (compatible; meta-externalagent/1.1 (+https://developers.facebook.com/docs/sharing/webmasters/crawler))"
77.247.120.143 - - [29/Jul/2026:02:04:35 +0000] "GET /?p=1488 HTTP/1.1" 301 5 "-" "Mozilla/5.0 (Windows NT 10.0; Win64; x64) AppleWebKit/537.36 (KHTML, like Gecko) Chrome/120.0.0.0 Safari/537.36"
38.25.175.2 - - [29/Jul/2026:02:04:36 +0000] "GET /wp-json/wp/v2/pages/6 HTTP/1.1" 200 4210 "-" "Mozilla/5.0 (Windows NT 10.0; Win64; x64) AppleWebKit/537.36 (KHTML, like Gecko) Chrome/120.0.0.0 Safari/537.36"
77.247.120.143 - - [29/Jul/2026:02:04:36 +0000] "GET /2026/07/28/instruktsiia-registratsiia-i-pervyi-vkhod-v-akkaunt-pin-up-dlia-novichkov-13/ HTTP/1.1" 200 15596 "-" "Mozilla/5.0 (Windows NT 10.0; Win64; x64) AppleWebKit/537.36 (KHTML, like Gecko) Chrome/120.0.0.0 Safari/537.36"
38.25.175.2 - - [29/Jul/2026:02:04:37 +0000] "POST /xmlrpc.php HTTP/1.1" 200 189 "-" "Mozilla/5.0 (Windows NT 10.0; Win64; x64) AppleWebKit/537.36 (KHTML, like Gecko) Chrome/120.0.0.0 Safari/537.36"
77.247.120.143 - - [29/Jul/2026:02:04:40 +0000] "GET /?p=1488 HTTP/1.1" 301 5 "-" "Mozilla/5.0 (Windows NT 10.0; Win64; x64) AppleWebKit/537.36 (KHTML, like Gecko) Chrome/120.0.0.0 Safari/537.36"
38.25.175.2 - - [29/Jul/2026:02:04:40 +0000] "GET /?page_id=6 HTTP/1.1" 301 5 "-" "Mozilla/5.0 (Windows NT 10.0; Win64; x64) AppleWebKit/537.36 (KHTML, like Gecko) Chrome/120.0.0.0 Safari/537.36"
77.247.120.143 - - [29/Jul/2026:02:04:41 +0000] "GET /2026/07/28/instruktsiia-registratsiia-i-pervyi-vkhod-v-akkaunt-pin-up-dlia-novichkov-13/ HTTP/1.1" 200 15602 "-" "Mozilla/5.0 (Windows NT 10.0; Win64; x64) AppleWebKit/537.36 (KHTML, like Gecko) Chrome/120.0.0.0 Safari/537.36"
38.25.175.2 - - [29/Jul/2026:02:04:41 +0000] "GET / HTTP/1.1" 200 17701 "-" "Mozilla/5.0 (Windows NT 10.0; Win64; x64) AppleWebKit/537.36 (KHTML, like Gecko) Chrome/120.0.0.0 Safari/537.36"
65.1.209.187 - - [29/Jul/2026:02:04:43 +0000] "POST /wp-cron.php?doing_wp_cron=1785290683.2247331142425537109375 HTTP/1.1" 200 31 "-" "WordPress/6.9; https://www.drjunior.in"
77.247.120.143 - - [29/Jul/2026:02:04:43 +0000] "POST /wp-json/wp/v2/posts HTTP/1.1" 201 43470 "-" "Mozilla/5.0 (Windows NT 10.0; Win64; x64) AppleWebKit/537.36 (KHTML, like Gecko) Chrome/120.0.0.0 Safari/537.36"
77.247.120.143 - - [29/Jul/2026:02:04:44 +0000] "GET /2026/07/28/instruktsiia-registratsiia-i-pervyi-vkhod-v-akkaunt-pin-up-dlia-novichkov-14/ HTTP/1.1" 200 15596 "-" "Mozilla/5.0 (Windows NT 10.0; Win64; x64) AppleWebKit/537.36 (KHTML, like Gecko) Chrome/120.0.0.0 Safari/537.36"
38.25.175.2 - - [29/Jul/2026:02:04:45 +0000] "GET /?page_id=6 HTTP/1.1" 301 5 "-" "Mozilla/5.0 (Windows NT 10.0; Win64; x64) AppleWebKit/537.36 (KHTML, like Gecko) Chrome/120.0.0.0 Safari/537.36"
38.25.175.2 - - [29/Jul/2026:02:04:46 +0000] "GET / HTTP/1.1" 200 17711 "-" "Mozilla/5.0 (Windows NT 10.0; Win64; x64) AppleWebKit/537.36 (KHTML, like Gecko) Chrome/120.0.0.0 Safari/537.36"
77.247.120.143 - - [29/Jul/2026:02:04:47 +0000] "GET /2026/07/28/instruktsiia-registratsiia-i-pervyi-vkhod-v-akkaunt-pin-up-dlia-novichkov-14/ HTTP/1.1" 200 15612 "-" "Mozilla/5.0 (Windows NT 10.0; Win64; x64) AppleWebKit/537.36 (KHTML, like Gecko) Chrome/120.0.0.0 Safari/537.36"
38.25.175.2 - - [29/Jul/2026:02:04:50 +0000] "GET /?page_id=6 HTTP/1.1" 301 5 "-" "Mozilla/5.0 (Windows NT 10.0; Win64; x64) AppleWebKit/537.36 (KHTML, like Gecko) Chrome/120.0.0.0 Safari/537.36"
77.247.120.143 - - [29/Jul/2026:02:04:51 +0000] "GET /2026/07/28/instruktsiia-registratsiia-i-pervyi-vkhod-v-akkaunt-pin-up-dlia-novichkov-14/ HTTP/1.1" 200 15604 "-" "Mozilla/5.0 (Windows NT 10.0; Win64; x64) AppleWebKit/537.36 (KHTML, like Gecko) Chrome/120.0.0.0 Safari/537.36"
38.25.175.2 - - [29/Jul/2026:02:04:52 +0000] "GET / HTTP/1.1" 200 17695 "-" "Mozilla/5.0 (Windows NT 10.0; Win64; x64) AppleWebKit/537.36 (KHTML, like Gecko) Chrome/120.0.0.0 Safari/537.36"
65.1.209.187 - - [29/Jul/2026:02:04:52 +0000] "POST /wp-cron.php?doing_wp_cron=1785290692.8929638862609863281250 HTTP/1.1" 200 31 "-" "WordPress/6.9; https://www.drjunior.in"
77.247.120.143 - - [29/Jul/2026:02:04:52 +0000] "POST /wp-json/wp/v2/posts HTTP/1.1" 201 43470 "-" "Mozilla/5.0 (Windows NT 10.0; Win64; x64) AppleWebKit/537.36 (KHTML, like Gecko) Chrome/120.0.0.0 Safari/537.36"
77.247.120.143 - - [29/Jul/2026:02:04:54 +0000] "GET /2026/07/28/instruktsiia-registratsiia-i-pervyi-vkhod-v-akkaunt-pin-up-dlia-novichkov-15/ HTTP/1.1" 200 15604 "-" "Mozilla/5.0 (Windows NT 10.0; Win64; x64) AppleWebKit/537.36 (KHTML, like Gecko) Chrome/120.0.0.0 Safari/537.36"
38.25.175.2 - - [29/Jul/2026:02:04:55 +0000] "POST /wp-json/wp/v2/pages/6 HTTP/1.1" 200 7249 "-" "Mozilla/5.0 (Windows NT 10.0; Win64; x64) AppleWebKit/537.36 (KHTML, like Gecko) Chrome/120.0.0.0 Safari/537.36"
66.132.172.143 - - [29/Jul/2026:02:04:57 +0000] "GET / HTTP/1.1" 200 409 "-" "Mozilla/5.0 (compatible; CensysInspect/1.1; +https://about.censys.io/)"
77.247.120.143 - - [29/Jul/2026:02:04:58 +0000] "GET /2026/07/28/instruktsiia-registratsiia-i-pervyi-vkhod-v-akkaunt-pin-up-dlia-novichkov-15/ HTTP/1.1" 200 15596 "-" "Mozilla/5.0 (Windows NT 10.0; Win64; x64) AppleWebKit/537.36 (KHTML, like Gecko) Chrome/120.0.0.0 Safari/537.36"
66.132.172.143 - - [29/Jul/2026:02:04:58 +0000] "PRI * HTTP/2.0" 400 166 "-" "-"
38.25.175.2 - - [29/Jul/2026:02:04:58 +0000] "GET /?page_id=6 HTTP/1.1" 301 5 "-" "Mozilla/5.0 (Windows NT 10.0; Win64; x64) AppleWebKit/537.36 (KHTML, like Gecko) Chrome/120.0.0.0 Safari/537.36"
66.132.172.143 - - [29/Jul/2026:02:04:59 +0000] "GET /favicon.ico HTTP/1.1" 404 134 "-" "Mozilla/5.0 (compatible; CensysInspect/1.1; +https://about.censys.io/)"
38.25.175.2 - - [29/Jul/2026:02:04:59 +0000] "GET / HTTP/1.1" 200 17695 "-" "Mozilla/5.0 (Windows NT 10.0; Win64; x64) AppleWebKit/537.36 (KHTML, like Gecko) Chrome/120.0.0.0 Safari/537.36"
66.132.172.143 - - [29/Jul/2026:02:05:01 +0000] "\x16\x03\x01\x01\x18\x01\x00\x01\x14\x03\x03\x81!\xC2\x9E\xAE\xFDD\xFE\x89M\x19\xF7\x87w_J\xC8H[F\xEF)\xEA\x11\xB1\x84\xCA\x87\xCD\xFA\xF9. K\xBE\x94+.\x86\x81\x0F~\x10$z\x90\xCD\x9A\xBE\xF6\xBE\xE1\x13\xEB\x5C\xB0\x0Bk\x9C\xEA\x1B\x1A(\x8CE\x00&\xCC\xA8\xCC\xA9\xC0/\xC00\xC0+\xC0,\xC0\x13\xC0\x09\xC0\x14\xC0" 400 166 "-" "-"
77.247.120.143 - - [29/Jul/2026:02:05:02 +0000] "GET /2026/07/28/instruktsiia-registratsiia-i-pervyi-vkhod-v-akkaunt-pin-up-dlia-novichkov-15/ HTTP/1.1" 200 15605 "-" "Mozilla/5.0 (Windows NT 10.0; Win64; x64) AppleWebKit/537.36 (KHTML, like Gecko) Chrome/120.0.0.0 Safari/537.36"
38.25.175.2 - - [29/Jul/2026:02:05:03 +0000] "GET /?page_id=6 HTTP/1.1" 301 5 "-" "Mozilla/5.0 (Windows NT 10.0; Win64; x64) AppleWebKit/537.36 (KHTML, like Gecko) Chrome/120.0.0.0 Safari/537.36"
77.247.120.143 - - [29/Jul/2026:02:05:03 +0000] "GET /wp-admin/post-new.php HTTP/1.1" 200 79127 "-" "Mozilla/5.0 (Windows NT 10.0; Win64; x64) AppleWebKit/537.36 (KHTML, like Gecko) Chrome/120.0.0.0 Safari/537.36"
38.25.175.2 - - [29/Jul/2026:02:05:04 +0000] "GET / HTTP/1.1" 200 17699 "-" "Mozilla/5.0 (Windows NT 10.0; Win64; x64) AppleWebKit/537.36 (KHTML, like Gecko) Chrome/120.0.0.0 Safari/537.36"
65.1.209.187 - - [29/Jul/2026:02:05:06 +0000] "POST /wp-cron.php?doing_wp_cron=1785290706.1730549335479736328125 HTTP/1.1" 200 31 "-" "WordPress/6.9; https://www.drjunior.in"
77.247.120.143 - - [29/Jul/2026:02:05:06 +0000] "POST /wp-admin/post.php HTTP/1.1" 302 5 "-" "Mozilla/5.0 (Windows NT 10.0; Win64; x64) AppleWebKit/537.36 (KHTML, like Gecko) Chrome/120.0.0.0 Safari/537.36"
77.247.120.143 - - [29/Jul/2026:02:05:07 +0000] "GET /wp-admin/post.php?post=1493&action=edit&message=1 HTTP/1.1" 200 88583 "-" "Mozilla/5.0 (Windows NT 10.0; Win64; x64) AppleWebKit/537.36 (KHTML, like Gecko) Chrome/120.0.0.0 Safari/537.36"
38.25.175.2 - - [29/Jul/2026:02:05:09 +0000] "GET /?page_id=6 HTTP/1.1" 301 5 "-" "Mozilla/5.0 (Windows NT 10.0; Win64; x64) AppleWebKit/537.36 (KHTML, like Gecko) Chrome/120.0.0.0 Safari/537.36"
38.25.175.2 - - [29/Jul/2026:02:05:10 +0000] "GET / HTTP/1.1" 200 17696 "-" "Mozilla/5.0 (Windows NT 10.0; Win64; x64) AppleWebKit/537.36 (KHTML, like Gecko) Chrome/120.0.0.0 Safari/537.36"
190.150.39.69 - - [29/Jul/2026:02:05:10 +0000] "GET /?p=1493 HTTP/1.1" 301 5 "-" "Mozilla/5.0 (Windows NT 10.0; Win64; x64) AppleWebKit/537.36 (KHTML, like Gecko) Chrome/120.0.0.0 Safari/537.36"
190.150.39.69 - - [29/Jul/2026:02:05:11 +0000] "GET /2026/07/29/instruktsiia-registratsiia-i-pervyi-vkhod-v-akkaunt-pin-up-dlia-novichkov-16/ HTTP/1.1" 200 15604 "-" "Mozilla/5.0 (Windows NT 10.0; Win64; x64) AppleWebKit/537.36 (KHTML, like Gecko) Chrome/120.0.0.0 Safari/537.36"
38.25.175.2 - - [29/Jul/2026:02:05:12 +0000] "POST /wp-json/rankmath/v1/updateMeta?_locale=user HTTP/1.1" 404 125 "-" "Mozilla/5.0 (Windows NT 10.0; Win64; x64) AppleWebKit/537.36 (KHTML, like Gecko) Chrome/120.0.0.0 Safari/537.36"
38.25.175.2 - - [29/Jul/2026:02:05:13 +0000] "POST /wp-json/wp/v2/pages/6?_locale=user HTTP/1.1" 200 7255 "-" "Mozilla/5.0 (Windows NT 10.0; Win64; x64) AppleWebKit/537.36 (KHTML, like Gecko) Chrome/120.0.0.0 Safari/537.36"
190.150.39.69 - - [29/Jul/2026:02:05:15 +0000] "GET /?p=1493 HTTP/1.1" 301 5 "-" "Mozilla/5.0 (Windows NT 10.0; Win64; x64) AppleWebKit/537.36 (KHTML, like Gecko) Chrome/120.0.0.0 Safari/537.36"
38.25.175.2 - - [29/Jul/2026:02:05:16 +0000] "GET /?page_id=6 HTTP/1.1" 301 5 "-" "Mozilla/5.0 (Windows NT 10.0; Win64; x64) AppleWebKit/537.36 (KHTML, like Gecko) Chrome/120.0.0.0 Safari/537.36"
190.150.39.69 - - [29/Jul/2026:02:05:16 +0000] "GET /2026/07/29/instruktsiia-registratsiia-i-pervyi-vkhod-v-akkaunt-pin-up-dlia-novichkov-16/ HTTP/1.1" 200 15599 "-" "Mozilla/5.0 (Windows NT 10.0; Win64; x64) AppleWebKit/537.36 (KHTML, like Gecko) Chrome/120.0.0.0 Safari/537.36"
38.25.175.2 - - [29/Jul/2026:02:05:17 +0000] "GET / HTTP/1.1" 200 17704 "-" "Mozilla/5.0 (Windows NT 10.0; Win64; x64) AppleWebKit/537.36 (KHTML, like Gecko) Chrome/120.0.0.0 Safari/537.36"
190.150.39.69 - - [29/Jul/2026:02:05:19 +0000] "GET /?p=1493 HTTP/1.1" 301 5 "-" "Mozilla/5.0 (Windows NT 10.0; Win64; x64) AppleWebKit/537.36 (KHTML, like Gecko) Chrome/120.0.0.0 Safari/537.36"
38.25.175.2 - - [29/Jul/2026:02:05:20 +0000] "GET /?page_id=6 HTTP/1.1" 301 5 "-" "Mozilla/5.0 (Windows NT 10.0; Win64; x64) AppleWebKit/537.36 (KHTML, like Gecko) Chrome/120.0.0.0 Safari/537.36"
190.150.39.69 - - [29/Jul/2026:02:05:20 +0000] "GET /2026/07/29/instruktsiia-registratsiia-i-pervyi-vkhod-v-akkaunt-pin-up-dlia-novichkov-16/ HTTP/1.1" 200 15605 "-" "Mozilla/5.0 (Windows NT 10.0; Win64; x64) AppleWebKit/537.36 (KHTML, like Gecko) Chrome/120.0.0.0 Safari/537.36"
38.25.175.2 - - [29/Jul/2026:02:05:21 +0000] "GET / HTTP/1.1" 200 17698 "-" "Mozilla/5.0 (Windows NT 10.0; Win64; x64) AppleWebKit/537.36 (KHTML, like Gecko) Chrome/120.0.0.0 Safari/537.36"
165.99.99.41 - - [29/Jul/2026:02:05:24 +0000] "GET / HTTP/1.1" 200 15845 "-" "Mozilla/5.0 (Windows NT 10.0; Win64; x64) AppleWebKit/537.36 (KHTML, like Gecko) Chrome/120.0.0.0 Safari/537.36"
165.99.99.41 - - [29/Jul/2026:02:05:24 +0000] "GET /wp-login.php HTTP/1.1" 200 2046 "-" "Mozilla/5.0 (Windows NT 10.0; Win64; x64) AppleWebKit/537.36 (KHTML, like Gecko) Chrome/120.0.0.0 Safari/537.36"
165.99.99.41 - - [29/Jul/2026:02:05:25 +0000] "POST /wp-login.php HTTP/1.1" 302 5 "https://www.drjunior.in/wp-login.php" "Mozilla/5.0 (Windows NT 10.0; Win64; x64) AppleWebKit/537.36 (KHTML, like Gecko) Chrome/120.0.0.0 Safari/537.36"
165.99.99.41 - - [29/Jul/2026:02:05:26 +0000] "GET /wp-admin/ HTTP/1.1" 200 24365 "https://www.drjunior.in/wp-login.php" "Mozilla/5.0 (Windows NT 10.0; Win64; x64) AppleWebKit/537.36 (KHTML, like Gecko) Chrome/120.0.0.0 Safari/537.36"
179.8.51.176 - - [29/Jul/2026:02:05:29 +0000] "GET /wp-admin/ HTTP/1.1" 200 24365 "-" "Mozilla/5.0 (Windows NT 10.0; Win64; x64) AppleWebKit/537.36 (KHTML, like Gecko) Chrome/120.0.0.0 Safari/537.36"
179.8.51.176 - - [29/Jul/2026:02:05:30 +0000] "GET /wp-admin/post-new.php HTTP/1.1" 200 79128 "-" "Mozilla/5.0 (Windows NT 10.0; Win64; x64) AppleWebKit/537.36 (KHTML, like Gecko) Chrome/120.0.0.0 Safari/537.36"
179.8.51.176 - - [29/Jul/2026:02:05:32 +0000] "POST /xmlrpc.php HTTP/1.1" 200 661 "-" "WordPress/5.0; https://www.drjunior.in"
179.8.51.176 - - [29/Jul/2026:02:05:33 +0000] "GET /wp-admin/admin-ajax.php?action=rest-nonce HTTP/1.1" 200 41 "-" "Mozilla/5.0 (Windows NT 10.0; Win64; x64) AppleWebKit/537.36 (KHTML, like Gecko) Chrome/120.0.0.0 Safari/537.36"
65.1.209.187 - - [29/Jul/2026:02:05:34 +0000] "POST /wp-cron.php?doing_wp_cron=1785290734.3851990699768066406250 HTTP/1.1" 200 31 "-" "WordPress/6.9; https://www.drjunior.in"
179.8.51.176 - - [29/Jul/2026:02:05:34 +0000] "POST /xmlrpc.php HTTP/1.1" 200 190 "-" "Mozilla/5.0 (Windows NT 10.0; Win64; x64) AppleWebKit/537.36 (KHTML, like Gecko) Chrome/120.0.0.0 Safari/537.36"
38.25.175.2 - - [29/Jul/2026:02:05:35 +0000] "GET /?page_id=6 HTTP/1.1" 301 5 "-" "Mozilla/5.0 (Windows NT 10.0; Win64; x64) AppleWebKit/537.36 (KHTML, like Gecko) Chrome/120.0.0.0 Safari/537.36"
179.8.51.176 - - [29/Jul/2026:02:05:35 +0000] "GET /?p=1496 HTTP/1.1" 301 5 "-" "Mozilla/5.0 (Windows NT 10.0; Win64; x64) AppleWebKit/537.36 (KHTML, like Gecko) Chrome/120.0.0.0 Safari/537.36"
179.8.51.176 - - [29/Jul/2026:02:05:36 +0000] "GET /2026/07/28/instruktsiia-registratsiia-i-pervyi-vkhod-v-akkaunt-pin-up-dlia-novichkov-17/ HTTP/1.1" 200 15607 "-" "Mozilla/5.0 (Windows NT 10.0; Win64; x64) AppleWebKit/537.36 (KHTML, like Gecko) Chrome/120.0.0.0 Safari/537.36"
38.25.175.2 - - [29/Jul/2026:02:05:36 +0000] "GET / HTTP/1.1" 200 17707 "-" "Mozilla/5.0 (Windows NT 10.0; Win64; x64) AppleWebKit/537.36 (KHTML, like Gecko) Chrome/120.0.0.0 Safari/537.36"
179.8.51.176 - - [29/Jul/2026:02:05:39 +0000] "GET /?p=1496 HTTP/1.1" 301 5 "-" "Mozilla/5.0 (Windows NT 10.0; Win64; x64) AppleWebKit/537.36 (KHTML, like Gecko) Chrome/120.0.0.0 Safari/537.36"
179.8.51.176 - - [29/Jul/2026:02:05:40 +0000] "GET /2026/07/28/instruktsiia-registratsiia-i-pervyi-vkhod-v-akkaunt-pin-up-dlia-novichkov-17/ HTTP/1.1" 200 15616 "-" "Mozilla/5.0 (Windows NT 10.0; Win64; x64) AppleWebKit/537.36 (KHTML, like Gecko) Chrome/120.0.0.0 Safari/537.36"
45.162.238.24 - - [29/Jul/2026:02:05:41 +0000] "GET / HTTP/1.1" 200 15842 "-" "Mozilla/5.0 (Windows NT 10.0; Win64; x64) AppleWebKit/537.36 (KHTML, like Gecko) Chrome/120.0.0.0 Safari/537.36"
111.92.86.133 - - [29/Jul/2026:02:05:43 +0000] "OPTIONS /user HTTP/1.1" 204 0 "https://profinz.studentswebapp.quditinfotech.com/" "Mozilla/5.0 (Linux; Android 10; K) AppleWebKit/537.36 (KHTML, like Gecko) Chrome/150.0.0.0 Mobile Safari/537.36"
179.8.51.176 - - [29/Jul/2026:02:05:43 +0000] "GET /?p=1496 HTTP/1.1" 301 5 "-" "Mozilla/5.0 (Windows NT 10.0; Win64; x64) AppleWebKit/537.36 (KHTML, like Gecko) Chrome/120.0.0.0 Safari/537.36"
111.92.86.133 - - [29/Jul/2026:02:05:43 +0000] "GET /user HTTP/1.1" 304 0 "https://profinz.studentswebapp.quditinfotech.com/" "Mozilla/5.0 (Linux; Android 10; K) AppleWebKit/537.36 (KHTML, like Gecko) Chrome/150.0.0.0 Mobile Safari/537.36"
111.92.86.133 - - [29/Jul/2026:02:05:44 +0000] "OPTIONS /user-notifications/unread-count HTTP/1.1" 204 0 "https://profinz.studentswebapp.quditinfotech.com/" "Mozilla/5.0 (Linux; Android 10; K) AppleWebKit/537.36 (KHTML, like Gecko) Chrome/150.0.0.0 Mobile Safari/537.36"
179.8.51.176 - - [29/Jul/2026:02:05:44 +0000] "GET /2026/07/28/instruktsiia-registratsiia-i-pervyi-vkhod-v-akkaunt-pin-up-dlia-novichkov-17/ HTTP/1.1" 200 15606 "-" "Mozilla/5.0 (Windows NT 10.0; Win64; x64) AppleWebKit/537.36 (KHTML, like Gecko) Chrome/120.0.0.0 Safari/537.36"
111.92.86.133 - - [29/Jul/2026:02:05:44 +0000] "OPTIONS /user/subscriptions/package/active HTTP/1.1" 204 0 "https://profinz.studentswebapp.quditinfotech.com/" "Mozilla/5.0 (Linux; Android 10; K) AppleWebKit/537.36 (KHTML, like Gecko) Chrome/150.0.0.0 Mobile Safari/537.36"
111.92.86.133 - - [29/Jul/2026:02:05:44 +0000] "GET /user/subscriptions/package/active HTTP/1.1" 304 0 "https://profinz.studentswebapp.quditinfotech.com/" "Mozilla/5.0 (Linux; Android 10; K) AppleWebKit/537.36 (KHTML, like Gecko) Chrome/150.0.0.0 Mobile Safari/537.36"
105.245.28.145 - - [29/Jul/2026:02:05:45 +0000] "GET /wp-login.php HTTP/1.1" 200 2044 "-" "Mozilla/5.0 (Windows NT 10.0; Win64; x64) AppleWebKit/537.36 (KHTML, like Gecko) Chrome/120.0.0.0 Safari/537.36"
111.92.86.133 - - [29/Jul/2026:02:05:45 +0000] "OPTIONS /package/get-live-recordings-in-packages?page=1&limit=12 HTTP/1.1" 204 0 "https://profinz.studentswebapp.quditinfotech.com/" "Mozilla/5.0 (Linux; Android 10; K) AppleWebKit/537.36 (KHTML, like Gecko) Chrome/150.0.0.0 Mobile Safari/537.36"
111.92.86.133 - - [29/Jul/2026:02:05:45 +0000] "OPTIONS /package/get-folders-for-live-recordings?root_only=false HTTP/1.1" 204 0 "https://profinz.studentswebapp.quditinfotech.com/" "Mozilla/5.0 (Linux; Android 10; K) AppleWebKit/537.36 (KHTML, like Gecko) Chrome/150.0.0.0 Mobile Safari/537.36"
111.92.86.133 - - [29/Jul/2026:02:05:45 +0000] "OPTIONS /package/get-live-recordings-in-packages?page=1&limit=100 HTTP/1.1" 204 0 "https://profinz.studentswebapp.quditinfotech.com/" "Mozilla/5.0 (Linux; Android 10; K) AppleWebKit/537.36 (KHTML, like Gecko) Chrome/150.0.0.0 Mobile Safari/537.36"
111.92.86.133 - - [29/Jul/2026:02:05:45 +0000] "POST /package/get-live-recordings-in-packages?page=1&limit=12 HTTP/1.1" 200 11989 "https://profinz.studentswebapp.quditinfotech.com/" "Mozilla/5.0 (Linux; Android 10; K) AppleWebKit/537.36 (KHTML, like Gecko) Chrome/150.0.0.0 Mobile Safari/537.36"
111.92.86.133 - - [29/Jul/2026:02:05:45 +0000] "POST /package/get-folders-for-live-recordings?root_only=false HTTP/1.1" 200 987 "https://profinz.studentswebapp.quditinfotech.com/" "Mozilla/5.0 (Linux; Android 10; K) AppleWebKit/537.36 (KHTML, like Gecko) Chrome/150.0.0.0 Mobile Safari/537.36"
111.92.86.133 - - [29/Jul/2026:02:05:45 +0000] "POST /package/get-live-recordings-in-packages?page=1&limit=100 HTTP/1.1" 200 37224 "https://profinz.studentswebapp.quditinfotech.com/" "Mozilla/5.0 (Linux; Android 10; K) AppleWebKit/537.36 (KHTML, like Gecko) Chrome/150.0.0.0 Mobile Safari/537.36"
65.1.209.187 - - [29/Jul/2026:02:05:46 +0000] "POST /wp-cron.php?doing_wp_cron=1785290746.3274168968200683593750 HTTP/1.1" 200 31 "-" "WordPress/6.9; https://www.drjunior.in"
179.8.51.176 - - [29/Jul/2026:02:05:46 +0000] "POST /wp-json/wp/v2/posts HTTP/1.1" 201 43470 "-" "Mozilla/5.0 (Windows NT 10.0; Win64; x64) AppleWebKit/537.36 (KHTML, like Gecko) Chrome/120.0.0.0 Safari/537.36"
105.245.28.145 - - [29/Jul/2026:02:05:46 +0000] "POST /wp-login.php HTTP/1.1" 302 5 "https://www.drjunior.in/wp-login.php" "Mozilla/5.0 (Windows NT 10.0; Win64; x64) AppleWebKit/537.36 (KHTML, like Gecko) Chrome/120.0.0.0 Safari/537.36"
179.8.51.176 - - [29/Jul/2026:02:05:47 +0000] "GET /2026/07/28/instruktsiia-registratsiia-i-pervyi-vkhod-v-akkaunt-pin-up-dlia-novichkov-18/ HTTP/1.1" 200 15608 "-" "Mozilla/5.0 (Windows NT 10.0; Win64; x64) AppleWebKit/537.36 (KHTML, like Gecko) Chrome/120.0.0.0 Safari/537.36"
105.245.28.145 - - [29/Jul/2026:02:05:47 +0000] "GET /wp-admin/ HTTP/1.1" 200 24357 "https://www.drjunior.in/wp-login.php" "Mozilla/5.0 (Windows NT 10.0; Win64; x64) AppleWebKit/537.36 (KHTML, like Gecko) Chrome/120.0.0.0 Safari/537.36"
179.8.51.176 - - [29/Jul/2026:02:05:50 +0000] "GET /2026/07/28/instruktsiia-registratsiia-i-pervyi-vkhod-v-akkaunt-pin-up-dlia-novichkov-18/ HTTP/1.1" 200 15601 "-" "Mozilla/5.0 (Windows NT 10.0; Win64; x64) AppleWebKit/537.36 (KHTML, like Gecko) Chrome/120.0.0.0 Safari/537.36"
93.35.132.118 - - [29/Jul/2026:02:05:52 +0000] "GET /wp-admin/ HTTP/1.1" 200 24357 "-" "Mozilla/5.0 (Windows NT 10.0; Win64; x64) AppleWebKit/537.36 (KHTML, like Gecko) Chrome/120.0.0.0 Safari/537.36"
93.35.132.118 - - [29/Jul/2026:02:05:54 +0000] "GET /wp-admin/post-new.php HTTP/1.1" 200 79132 "-" "Mozilla/5.0 (Windows NT 10.0; Win64; x64) AppleWebKit/537.36 (KHTML, like Gecko) Chrome/120.0.0.0 Safari/537.36"
179.8.51.176 - - [29/Jul/2026:02:05:54 +0000] "GET /2026/07/28/instruktsiia-registratsiia-i-pervyi-vkhod-v-akkaunt-pin-up-dlia-novichkov-18/ HTTP/1.1" 200 15604 "-" "Mozilla/5.0 (Windows NT 10.0; Win64; x64) AppleWebKit/537.36 (KHTML, like Gecko) Chrome/120.0.0.0 Safari/537.36"
111.92.86.133 - - [29/Jul/2026:02:05:54 +0000] "GET /user-notifications/unread-count HTTP/1.1" 499 0 "https://profinz.studentswebapp.quditinfotech.com/" "Mozilla/5.0 (Linux; Android 10; K) AppleWebKit/537.36 (KHTML, like Gecko) Chrome/150.0.0.0 Mobile Safari/537.36"
111.92.86.133 - - [29/Jul/2026:02:05:55 +0000] "OPTIONS /user-notifications/unread-count HTTP/1.1" 204 0 "https://profinz.studentswebapp.quditinfotech.com/" "Mozilla/5.0 (Linux; Android 10; K) AppleWebKit/537.36 (KHTML, like Gecko) Chrome/150.0.0.0 Mobile Safari/537.36"
93.35.132.118 - - [29/Jul/2026:02:05:55 +0000] "POST /xmlrpc.php HTTP/1.1" 200 661 "-" "WordPress/5.0; https://www.drjunior.in"
65.1.209.187 - - [29/Jul/2026:02:05:56 +0000] "POST /wp-cron.php?doing_wp_cron=1785290756.0124189853668212890625 HTTP/1.1" 200 31 "-" "WordPress/6.9; https://www.drjunior.in"
179.8.51.176 - - [29/Jul/2026:02:05:56 +0000] "POST /wp-json/wp/v2/posts HTTP/1.1" 201 43470 "-" "Mozilla/5.0 (Windows NT 10.0; Win64; x64) AppleWebKit/537.36 (KHTML, like Gecko) Chrome/120.0.0.0 Safari/537.36"
111.92.86.133 - - [29/Jul/2026:02:05:56 +0000] "OPTIONS /package/get-live-recordings-in-packages?page=1&limit=100 HTTP/1.1" 204 0 "https://profinz.studentswebapp.quditinfotech.com/" "Mozilla/5.0 (Linux; Android 10; K) AppleWebKit/537.36 (KHTML, like Gecko) Chrome/150.0.0.0 Mobile Safari/537.36"
111.92.86.133 - - [29/Jul/2026:02:05:56 +0000] "POST /package/get-live-recordings-in-packages?page=1&limit=100 HTTP/1.1" 200 37224 "https://profinz.studentswebapp.quditinfotech.com/" "Mozilla/5.0 (Linux; Android 10; K) AppleWebKit/537.36 (KHTML, like Gecko) Chrome/150.0.0.0 Mobile Safari/537.36"
93.35.132.118 - - [29/Jul/2026:02:05:56 +0000] "GET /wp-admin/admin-ajax.php?action=rest-nonce HTTP/1.1" 200 41 "-" "Mozilla/5.0 (Windows NT 10.0; Win64; x64) AppleWebKit/537.36 (KHTML, like Gecko) Chrome/120.0.0.0 Safari/537.36"
93.35.132.118 - - [29/Jul/2026:02:05:57 +0000] "GET /wp-json/wp/v2/plugins HTTP/1.1" 200 3380 "-" "Mozilla/5.0 (Windows NT 10.0; Win64; x64) AppleWebKit/537.36 (KHTML, like Gecko) Chrome/120.0.0.0 Safari/537.36"
179.8.51.176 - - [29/Jul/2026:02:05:57 +0000] "GET /2026/07/28/instruktsiia-registratsiia-i-pervyi-vkhod-v-akkaunt-pin-up-dlia-novichkov-19/ HTTP/1.1" 200 15615 "-" "Mozilla/5.0 (Windows NT 10.0; Win64; x64) AppleWebKit/537.36 (KHTML, like Gecko) Chrome/120.0.0.0 Safari/537.36"
93.35.132.118 - - [29/Jul/2026:02:05:57 +0000] "GET / HTTP/1.1" 200 17696 "-" "Mozilla/5.0 (Windows NT 10.0; Win64; x64) AppleWebKit/537.36 (KHTML, like Gecko) Chrome/120.0.0.0 Safari/537.36"
93.35.132.118 - - [29/Jul/2026:02:05:58 +0000] "GET /wp-json/wp/v2/settings HTTP/1.1" 200 453 "-" "Mozilla/5.0 (Windows NT 10.0; Win64; x64) AppleWebKit/537.36 (KHTML, like Gecko) Chrome/120.0.0.0 Safari/537.36"
93.35.132.118 - - [29/Jul/2026:02:05:59 +0000] "GET /wp-json/wp/v2/pages/6 HTTP/1.1" 200 4435 "-" "Mozilla/5.0 (Windows NT 10.0; Win64; x64) AppleWebKit/537.36 (KHTML, like Gecko) Chrome/120.0.0.0 Safari/537.36"
179.8.51.176 - - [29/Jul/2026:02:06:00 +0000] "GET /2026/07/28/instruktsiia-registratsiia-i-pervyi-vkhod-v-akkaunt-pin-up-dlia-novichkov-19/ HTTP/1.1" 200 15594 "-" "Mozilla/5.0 (Windows NT 10.0; Win64; x64) AppleWebKit/537.36 (KHTML, like Gecko) Chrome/120.0.0.0 Safari/537.36"
93.35.132.118 - - [29/Jul/2026:02:06:00 +0000] "POST /xmlrpc.php HTTP/1.1" 200 189 "-" "Mozilla/5.0 (Windows NT 10.0; Win64; x64) AppleWebKit/537.36 (KHTML, like Gecko) Chrome/120.0.0.0 Safari/537.36"
93.35.132.118 - - [29/Jul/2026:02:06:03 +0000] "GET /?page_id=6 HTTP/1.1" 301 5 "-" "Mozilla/5.0 (Windows NT 10.0; Win64; x64) AppleWebKit/537.36 (KHTML, like Gecko) Chrome/120.0.0.0 Safari/537.36"
179.8.51.176 - - [29/Jul/2026:02:06:03 +0000] "GET /2026/07/28/instruktsiia-registratsiia-i-pervyi-vkhod-v-akkaunt-pin-up-dlia-novichkov-19/ HTTP/1.1" 200 15603 "-" "Mozilla/5.0 (Windows NT 10.0; Win64; x64) AppleWebKit/537.36 (KHTML, like Gecko) Chrome/120.0.0.0 Safari/537.36"
93.35.132.118 - - [29/Jul/2026:02:06:04 +0000] "GET / HTTP/1.1" 200 17696 "-" "Mozilla/5.0 (Windows NT 10.0; Win64; x64) AppleWebKit/537.36 (KHTML, like Gecko) Chrome/120.0.0.0 Safari/537.36"
179.8.51.176 - - [29/Jul/2026:02:06:05 +0000] "GET /wp-admin/post-new.php HTTP/1.1" 200 79121 "-" "Mozilla/5.0 (Windows NT 10.0; Win64; x64) AppleWebKit/537.36 (KHTML, like Gecko) Chrome/120.0.0.0 Safari/537.36"
111.92.86.133 - - [29/Jul/2026:02:06:05 +0000] "GET /user-notifications/unread-count HTTP/1.1" 499 0 "https://profinz.studentswebapp.quditinfotech.com/" "Mozilla/5.0 (Linux; Android 10; K) AppleWebKit/537.36 (KHTML, like Gecko) Chrome/150.0.0.0 Mobile Safari/537.36"
93.35.132.118 - - [29/Jul/2026:02:06:07 +0000] "GET /?page_id=6 HTTP/1.1" 301 5 "-" "Mozilla/5.0 (Windows NT 10.0; Win64; x64) AppleWebKit/537.36 (KHTML, like Gecko) Chrome/120.0.0.0 Safari/537.36"
65.1.209.187 - - [29/Jul/2026:02:06:07 +0000] "POST /wp-cron.php?doing_wp_cron=1785290767.2655210494995117187500 HTTP/1.1" 200 31 "-" "WordPress/6.9; https://www.drjunior.in"
179.8.51.176 - - [29/Jul/2026:02:06:07 +0000] "POST /wp-admin/post.php HTTP/1.1" 302 5 "-" "Mozilla/5.0 (Windows NT 10.0; Win64; x64) AppleWebKit/537.36 (KHTML, like Gecko) Chrome/120.0.0.0 Safari/537.36"
93.35.132.118 - - [29/Jul/2026:02:06:07 +0000] "GET / HTTP/1.1" 200 17704 "-" "Mozilla/5.0 (Windows NT 10.0; Win64; x64) AppleWebKit/537.36 (KHTML, like Gecko) Chrome/120.0.0.0 Safari/537.36"
179.8.51.176 - - [29/Jul/2026:02:06:08 +0000] "GET /wp-admin/post.php?post=1502&action=edit&message=1 HTTP/1.1" 200 88577 "-" "Mozilla/5.0 (Windows NT 10.0; Win64; x64) AppleWebKit/537.36 (KHTML, like Gecko) Chrome/120.0.0.0 Safari/537.36"
93.35.132.118 - - [29/Jul/2026:02:06:11 +0000] "GET /?page_id=6 HTTP/1.1" 301 5 "-" "Mozilla/5.0 (Windows NT 10.0; Win64; x64) AppleWebKit/537.36 (KHTML, like Gecko) Chrome/120.0.0.0 Safari/537.36"
103.42.228.69 - - [29/Jul/2026:02:06:11 +0000] "GET /?p=1502 HTTP/1.1" 301 5 "-" "Mozilla/5.0 (Windows NT 10.0; Win64; x64) AppleWebKit/537.36 (KHTML, like Gecko) Chrome/120.0.0.0 Safari/537.36"
93.35.132.118 - - [29/Jul/2026:02:06:11 +0000] "GET / HTTP/1.1" 200 17696 "-" "Mozilla/5.0 (Windows NT 10.0; Win64; x64) AppleWebKit/537.36 (KHTML, like Gecko) Chrome/120.0.0.0 Safari/537.36"
103.42.228.69 - - [29/Jul/2026:02:06:11 +0000] "GET /2026/07/29/instruktsiia-registratsiia-i-pervyi-vkhod-v-akkaunt-pin-up-dlia-novichkov-20/ HTTP/1.1" 200 15604 "-" "Mozilla/5.0 (Windows NT 10.0; Win64; x64) AppleWebKit/537.36 (KHTML, like Gecko) Chrome/120.0.0.0 Safari/537.36"
93.35.132.118 - - [29/Jul/2026:02:06:12 +0000] "POST /wp-json/wp/v2/pages/6 HTTP/1.1" 200 7692 "-" "Mozilla/5.0 (Windows NT 10.0; Win64; x64) AppleWebKit/537.36 (KHTML, like Gecko) Chrome/120.0.0.0 Safari/537.36"
103.42.228.69 - - [29/Jul/2026:02:06:14 +0000] "GET /?p=1502 HTTP/1.1" 301 5 "-" "Mozilla/5.0 (Windows NT 10.0; Win64; x64) AppleWebKit/537.36 (KHTML, like Gecko) Chrome/120.0.0.0 Safari/537.36"
103.42.228.69 - - [29/Jul/2026:02:06:15 +0000] "GET /2026/07/29/instruktsiia-registratsiia-i-pervyi-vkhod-v-akkaunt-pin-up-dlia-novichkov-20/ HTTP/1.1" 200 15598 "-" "Mozilla/5.0 (Windows NT 10.0; Win64; x64) AppleWebKit/537.36 (KHTML, like Gecko) Chrome/120.0.0.0 Safari/537.36"
93.35.132.118 - - [29/Jul/2026:02:06:15 +0000] "GET /?page_id=6 HTTP/1.1" 301 5 "-" "Mozilla/5.0 (Windows NT 10.0; Win64; x64) AppleWebKit/537.36 (KHTML, like Gecko) Chrome/120.0.0.0 Safari/537.36"
93.35.132.118 - - [29/Jul/2026:02:06:16 +0000] "GET / HTTP/1.1" 200 17708 "-" "Mozilla/5.0 (Windows NT 10.0; Win64; x64) AppleWebKit/537.36 (KHTML, like Gecko) Chrome/120.0.0.0 Safari/537.36"
103.42.228.69 - - [29/Jul/2026:02:06:18 +0000] "GET /?p=1502 HTTP/1.1" 301 5 "-" "Mozilla/5.0 (Windows NT 10.0; Win64; x64) AppleWebKit/537.36 (KHTML, like Gecko) Chrome/120.0.0.0 Safari/537.36"
103.42.228.69 - - [29/Jul/2026:02:06:18 +0000] "GET /2026/07/29/instruktsiia-registratsiia-i-pervyi-vkhod-v-akkaunt-pin-up-dlia-novichkov-20/ HTTP/1.1" 200 15605 "-" "Mozilla/5.0 (Windows NT 10.0; Win64; x64) AppleWebKit/537.36 (KHTML, like Gecko) Chrome/120.0.0.0 Safari/537.36"
93.35.132.118 - - [29/Jul/2026:02:06:19 +0000] "GET /?page_id=6 HTTP/1.1" 301 5 "-" "Mozilla/5.0 (Windows NT 10.0; Win64; x64) AppleWebKit/537.36 (KHTML, like Gecko) Chrome/120.0.0.0 Safari/537.36"
93.35.132.118 - - [29/Jul/2026:02:06:20 +0000] "GET / HTTP/1.1" 200 17696 "-" "Mozilla/5.0 (Windows NT 10.0; Win64; x64) AppleWebKit/537.36 (KHTML, like Gecko) Chrome/120.0.0.0 Safari/537.36"
111.92.86.133 - - [29/Jul/2026:02:06:21 +0000] "OPTIONS /learning-material/video/4669 HTTP/1.1" 204 0 "https://profinz.studentswebapp.quditinfotech.com/" "Mozilla/5.0 (Linux; Android 10; K) AppleWebKit/537.36 (KHTML, like Gecko) Chrome/150.0.0.0 Mobile Safari/537.36"
111.92.86.133 - - [29/Jul/2026:02:06:21 +0000] "GET /learning-material/video/4669 HTTP/1.1" 304 0 "https://profinz.studentswebapp.quditinfotech.com/" "Mozilla/5.0 (Linux; Android 10; K) AppleWebKit/537.36 (KHTML, like Gecko) Chrome/150.0.0.0 Mobile Safari/537.36"
93.35.132.118 - - [29/Jul/2026:02:06:23 +0000] "GET /?page_id=6 HTTP/1.1" 301 5 "-" "Mozilla/5.0 (Windows NT 10.0; Win64; x64) AppleWebKit/537.36 (KHTML, like Gecko) Chrome/120.0.0.0 Safari/537.36"
93.35.132.118 - - [29/Jul/2026:02:06:23 +0000] "GET / HTTP/1.1" 200 17700 "-" "Mozilla/5.0 (Windows NT 10.0; Win64; x64) AppleWebKit/537.36 (KHTML, like Gecko) Chrome/120.0.0.0 Safari/537.36"
93.35.132.118 - - [29/Jul/2026:02:06:24 +0000] "POST /wp-json/rankmath/v1/updateMeta?_locale=user HTTP/1.1" 404 125 "-" "Mozilla/5.0 (Windows NT 10.0; Win64; x64) AppleWebKit/537.36 (KHTML, like Gecko) Chrome/120.0.0.0 Safari/537.36"
93.35.132.118 - - [29/Jul/2026:02:06:25 +0000] "POST /wp-json/wp/v2/pages/6?_locale=user HTTP/1.1" 200 7692 "-" "Mozilla/5.0 (Windows NT 10.0; Win64; x64) AppleWebKit/537.36 (KHTML, like Gecko) Chrome/120.0.0.0 Safari/537.36"
93.35.132.118 - - [29/Jul/2026:02:06:28 +0000] "GET /?page_id=6 HTTP/1.1" 301 5 "-" "Mozilla/5.0 (Windows NT 10.0; Win64; x64) AppleWebKit/537.36 (KHTML, like Gecko) Chrome/120.0.0.0 Safari/537.36"
93.35.132.118 - - [29/Jul/2026:02:06:31 +0000] "GET / HTTP/1.1" 200 17697 "-" "Mozilla/5.0 (Windows NT 10.0; Win64; x64) AppleWebKit/537.36 (KHTML, like Gecko) Chrome/120.0.0.0 Safari/537.36"
93.35.132.118 - - [29/Jul/2026:02:06:34 +0000] "GET /?page_id=6 HTTP/1.1" 301 5 "-" "Mozilla/5.0 (Windows NT 10.0; Win64; x64) AppleWebKit/537.36 (KHTML, like Gecko) Chrome/120.0.0.0 Safari/537.36"
93.35.132.118 - - [29/Jul/2026:02:06:37 +0000] "GET / HTTP/1.1" 200 17683 "-" "Mozilla/5.0 (Windows NT 10.0; Win64; x64) AppleWebKit/537.36 (KHTML, like Gecko) Chrome/120.0.0.0 Safari/537.36"
93.35.132.118 - - [29/Jul/2026:02:06:41 +0000] "GET /?page_id=6 HTTP/1.1" 301 5 "-" "Mozilla/5.0 (Windows NT 10.0; Win64; x64) AppleWebKit/537.36 (KHTML, like Gecko) Chrome/120.0.0.0 Safari/537.36"
93.35.132.118 - - [29/Jul/2026:02:06:41 +0000] "GET / HTTP/1.1" 200 17705 "-" "Mozilla/5.0 (Windows NT 10.0; Win64; x64) AppleWebKit/537.36 (KHTML, like Gecko) Chrome/120.0.0.0 Safari/537.36"
111.92.86.133 - - [29/Jul/2026:02:06:44 +0000] "OPTIONS /learning-material/video/4671 HTTP/1.1" 204 0 "https://profinz.studentswebapp.quditinfotech.com/" "Mozilla/5.0 (Linux; Android 10; K) AppleWebKit/537.36 (KHTML, like Gecko) Chrome/150.0.0.0 Mobile Safari/537.36"
111.92.86.133 - - [29/Jul/2026:02:06:44 +0000] "GET /learning-material/video/4671 HTTP/1.1" 200 1878 "https://profinz.studentswebapp.quditinfotech.com/" "Mozilla/5.0 (Linux; Android 10; K) AppleWebKit/537.36 (KHTML, like Gecko) Chrome/150.0.0.0 Mobile Safari/537.36"
190.213.123.24 - - [29/Jul/2026:02:06:45 +0000] "GET / HTTP/1.1" 200 15838 "-" "Mozilla/5.0 (Windows NT 10.0; Win64; x64) AppleWebKit/537.36 (KHTML, like Gecko) Chrome/120.0.0.0 Safari/537.36"
190.213.123.24 - - [29/Jul/2026:02:06:46 +0000] "GET /wp-login.php HTTP/1.1" 200 2044 "-" "Mozilla/5.0 (Windows NT 10.0; Win64; x64) AppleWebKit/537.36 (KHTML, like Gecko) Chrome/120.0.0.0 Safari/537.36"
190.213.123.24 - - [29/Jul/2026:02:06:47 +0000] "POST /wp-login.php HTTP/1.1" 302 5 "https://www.drjunior.in/wp-login.php" "Mozilla/5.0 (Windows NT 10.0; Win64; x64) AppleWebKit/537.36 (KHTML, like Gecko) Chrome/120.0.0.0 Safari/537.36"
190.213.123.24 - - [29/Jul/2026:02:06:49 +0000] "GET /wp-admin/ HTTP/1.1" 200 24305 "https://www.drjunior.in/wp-login.php" "Mozilla/5.0 (Windows NT 10.0; Win64; x64) AppleWebKit/537.36 (KHTML, like Gecko) Chrome/120.0.0.0 Safari/537.36"
103.249.18.154 - - [29/Jul/2026:02:06:52 +0000] "GET /wp-admin/ HTTP/1.1" 200 24305 "-" "Mozilla/5.0 (Windows NT 10.0; Win64; x64) AppleWebKit/537.36 (KHTML, like Gecko) Chrome/120.0.0.0 Safari/537.36"
103.249.18.154 - - [29/Jul/2026:02:06:53 +0000] "GET /wp-admin/post-new.php HTTP/1.1" 200 79131 "-" "Mozilla/5.0 (Windows NT 10.0; Win64; x64) AppleWebKit/537.36 (KHTML, like Gecko) Chrome/120.0.0.0 Safari/537.36"
103.249.18.154 - - [29/Jul/2026:02:06:54 +0000] "POST /xmlrpc.php HTTP/1.1" 200 661 "-" "WordPress/5.0; https://www.drjunior.in"
103.249.18.154 - - [29/Jul/2026:02:06:55 +0000] "GET /wp-admin/admin-ajax.php?action=rest-nonce HTTP/1.1" 200 41 "-" "Mozilla/5.0 (Windows NT 10.0; Win64; x64) AppleWebKit/537.36 (KHTML, like Gecko) Chrome/120.0.0.0 Safari/537.36"
65.1.209.187 - - [29/Jul/2026:02:06:55 +0000] "POST /wp-cron.php?doing_wp_cron=1785290815.4827120304107666015625 HTTP/1.1" 200 31 "-" "WordPress/6.7.2; https://www.trivandrumtennisclub.com"
57.141.0.40 - - [29/Jul/2026:02:06:55 +0000] "GET /member/dr-anand-a/ HTTP/1.1" 200 17668 "-" "Mozilla/5.0 (Windows NT 10.0; Win64; x64) AppleWebKit/537.36 (KHTML, like Gecko) Chrome/145.0.0.0 Safari/537.36 (compatible; meta-externalagent/1.1 (+https://developers.facebook.com/docs/sharing/webmasters/crawler))"
103.249.18.154 - - [29/Jul/2026:02:06:56 +0000] "GET /wp-json/wp/v2/plugins HTTP/1.1" 200 3380 "-" "Mozilla/5.0 (Windows NT 10.0; Win64; x64) AppleWebKit/537.36 (KHTML, like Gecko) Chrome/120.0.0.0 Safari/537.36"
103.249.18.154 - - [29/Jul/2026:02:06:56 +0000] "GET / HTTP/1.1" 200 17697 "-" "Mozilla/5.0 (Windows NT 10.0; Win64; x64) AppleWebKit/537.36 (KHTML, like Gecko) Chrome/120.0.0.0 Safari/537.36"
103.249.18.154 - - [29/Jul/2026:02:06:57 +0000] "GET /wp-json/wp/v2/settings HTTP/1.1" 200 453 "-" "Mozilla/5.0 (Windows NT 10.0; Win64; x64) AppleWebKit/537.36 (KHTML, like Gecko) Chrome/120.0.0.0 Safari/537.36"
103.249.18.154 - - [29/Jul/2026:02:06:58 +0000] "GET /wp-json/wp/v2/pages/6 HTTP/1.1" 200 4654 "-" "Mozilla/5.0 (Windows NT 10.0; Win64; x64) AppleWebKit/537.36 (KHTML, like Gecko) Chrome/120.0.0.0 Safari/537.36"
103.249.18.154 - - [29/Jul/2026:02:06:59 +0000] "POST /xmlrpc.php HTTP/1.1" 200 189 "-" "Mozilla/5.0 (Windows NT 10.0; Win64; x64) AppleWebKit/537.36 (KHTML, like Gecko) Chrome/120.0.0.0 Safari/537.36"
43.153.86.78 - - [29/Jul/2026:02:07:01 +0000] "GET / HTTP/1.1" 200 409 "-" "Mozilla/5.0 (iPhone; CPU iPhone OS 13_2_3 like Mac OS X) AppleWebKit/605.1.15 (KHTML, like Gecko) Version/13.0.3 Mobile/15E148 Safari/604.1"
103.249.18.154 - - [29/Jul/2026:02:07:02 +0000] "GET /?page_id=6 HTTP/1.1" 301 5 "-" "Mozilla/5.0 (Windows NT 10.0; Win64; x64) AppleWebKit/537.36 (KHTML, like Gecko) Chrome/120.0.0.0 Safari/537.36"
103.249.18.154 - - [29/Jul/2026:02:07:02 +0000] "GET / HTTP/1.1" 200 17700 "-" "Mozilla/5.0 (Windows NT 10.0; Win64; x64) AppleWebKit/537.36 (KHTML, like Gecko) Chrome/120.0.0.0 Safari/537.36"
103.249.18.154 - - [29/Jul/2026:02:07:05 +0000] "GET /?page_id=6 HTTP/1.1" 301 5 "-" "Mozilla/5.0 (Windows NT 10.0; Win64; x64) AppleWebKit/537.36 (KHTML, like Gecko) Chrome/120.0.0.0 Safari/537.36"
103.249.18.154 - - [29/Jul/2026:02:07:06 +0000] "GET / HTTP/1.1" 200 17700 "-" "Mozilla/5.0 (Windows NT 10.0; Win64; x64) AppleWebKit/537.36 (KHTML, like Gecko) Chrome/120.0.0.0 Safari/537.36"
103.249.18.154 - - [29/Jul/2026:02:07:09 +0000] "GET /?page_id=6 HTTP/1.1" 301 5 "-" "Mozilla/5.0 (Windows NT 10.0; Win64; x64) AppleWebKit/537.36 (KHTML, like Gecko) Chrome/120.0.0.0 Safari/537.36"
103.249.18.154 - - [29/Jul/2026:02:07:10 +0000] "GET / HTTP/1.1" 200 17701 "-" "Mozilla/5.0 (Windows NT 10.0; Win64; x64) AppleWebKit/537.36 (KHTML, like Gecko) Chrome/120.0.0.0 Safari/537.36"
103.249.18.154 - - [29/Jul/2026:02:07:11 +0000] "POST /wp-json/wp/v2/pages/6 HTTP/1.1" 200 8132 "-" "Mozilla/5.0 (Windows NT 10.0; Win64; x64) AppleWebKit/537.36 (KHTML, like Gecko) Chrome/120.0.0.0 Safari/537.36"
103.249.18.154 - - [29/Jul/2026:02:07:14 +0000] "GET /?page_id=6 HTTP/1.1" 301 5 "-" "Mozilla/5.0 (Windows NT 10.0; Win64; x64) AppleWebKit/537.36 (KHTML, like Gecko) Chrome/120.0.0.0 Safari/537.36"
103.249.18.154 - - [29/Jul/2026:02:07:15 +0000] "GET / HTTP/1.1" 200 17702 "-" "Mozilla/5.0 (Windows NT 10.0; Win64; x64) AppleWebKit/537.36 (KHTML, like Gecko) Chrome/120.0.0.0 Safari/537.36"
103.249.18.154 - - [29/Jul/2026:02:07:18 +0000] "GET /?page_id=6 HTTP/1.1" 301 5 "-" "Mozilla/5.0 (Windows NT 10.0; Win64; x64) AppleWebKit/537.36 (KHTML, like Gecko) Chrome/120.0.0.0 Safari/537.36"
103.249.18.154 - - [29/Jul/2026:02:07:18 +0000] "GET / HTTP/1.1" 200 17696 "-" "Mozilla/5.0 (Windows NT 10.0; Win64; x64) AppleWebKit/537.36 (KHTML, like Gecko) Chrome/120.0.0.0 Safari/537.36"
103.249.18.154 - - [29/Jul/2026:02:07:21 +0000] "GET /?page_id=6 HTTP/1.1" 301 5 "-" "Mozilla/5.0 (Windows NT 10.0; Win64; x64) AppleWebKit/537.36 (KHTML, like Gecko) Chrome/120.0.0.0 Safari/537.36"
103.249.18.154 - - [29/Jul/2026:02:07:22 +0000] "GET / HTTP/1.1" 200 17703 "-" "Mozilla/5.0 (Windows NT 10.0; Win64; x64) AppleWebKit/537.36 (KHTML, like Gecko) Chrome/120.0.0.0 Safari/537.36"
103.249.18.154 - - [29/Jul/2026:02:07:23 +0000] "POST /wp-json/rankmath/v1/updateMeta?_locale=user HTTP/1.1" 404 125 "-" "Mozilla/5.0 (Windows NT 10.0; Win64; x64) AppleWebKit/537.36 (KHTML, like Gecko) Chrome/120.0.0.0 Safari/537.36"
103.249.18.154 - - [29/Jul/2026:02:07:24 +0000] "POST /wp-json/wp/v2/pages/6?_locale=user HTTP/1.1" 200 8132 "-" "Mozilla/5.0 (Windows NT 10.0; Win64; x64) AppleWebKit/537.36 (KHTML, like Gecko) Chrome/120.0.0.0 Safari/537.36"
103.249.18.154 - - [29/Jul/2026:02:07:27 +0000] "GET /?page_id=6 HTTP/1.1" 301 5 "-" "Mozilla/5.0 (Windows NT 10.0; Win64; x64) AppleWebKit/537.36 (KHTML, like Gecko) Chrome/120.0.0.0 Safari/537.36"
103.249.18.154 - - [29/Jul/2026:02:07:28 +0000] "GET / HTTP/1.1" 200 17703 "-" "Mozilla/5.0 (Windows NT 10.0; Win64; x64) AppleWebKit/537.36 (KHTML, like Gecko) Chrome/120.0.0.0 Safari/537.36"
103.249.18.154 - - [29/Jul/2026:02:07:31 +0000] "GET /?page_id=6 HTTP/1.1" 301 5 "-" "Mozilla/5.0 (Windows NT 10.0; Win64; x64) AppleWebKit/537.36 (KHTML, like Gecko) Chrome/120.0.0.0 Safari/537.36"
103.249.18.154 - - [29/Jul/2026:02:07:32 +0000] "GET / HTTP/1.1" 200 17701 "-" "Mozilla/5.0 (Windows NT 10.0; Win64; x64) AppleWebKit/537.36 (KHTML, like Gecko) Chrome/120.0.0.0 Safari/537.36"
103.249.18.154 - - [29/Jul/2026:02:07:35 +0000] "GET /?page_id=6 HTTP/1.1" 301 5 "-" "Mozilla/5.0 (Windows NT 10.0; Win64; x64) AppleWebKit/537.36 (KHTML, like Gecko) Chrome/120.0.0.0 Safari/537.36"
103.249.18.154 - - [29/Jul/2026:02:07:36 +0000] "GET / HTTP/1.1" 200 17702 "-" "Mozilla/5.0 (Windows NT 10.0; Win64; x64) AppleWebKit/537.36 (KHTML, like Gecko) Chrome/120.0.0.0 Safari/537.36"
66.132.186.185 - - [29/Jul/2026:02:08:39 +0000] "GET / HTTP/1.1" 200 409 "-" "Mozilla/5.0 (compatible; CensysInspect/1.1; +https://about.censys.io/)"
66.132.186.185 - - [29/Jul/2026:02:08:40 +0000] "PRI * HTTP/2.0" 400 166 "-" "-"
66.132.186.185 - - [29/Jul/2026:02:08:41 +0000] "\x16\x03\x01\x01\x18\x01\x00\x01\x14\x03\x033M\x90\x92\x93\xA6\x88I\xD7\xCC\xDE\x07\x90F\xD6\x8F\xE3" 400 166 "-" "-"
66.132.186.185 - - [29/Jul/2026:02:08:41 +0000] "GET /favicon.ico HTTP/1.1" 404 134 "-" "Mozilla/5.0 (compatible; CensysInspect/1.1; +https://about.censys.io/)"
106.76.191.46 - - [29/Jul/2026:02:08:56 +0000] "POST /v2/learning-material/4669/video/add-watch-log HTTP/1.1" 200 77 "-" "okhttp/3.12.12"
106.76.191.46 - - [29/Jul/2026:02:08:56 +0000] "POST /v2/learning-material/4669/video/add-watch-log HTTP/1.1" 200 77 "-" "okhttp/3.12.12"
64.89.162.15 - - [29/Jul/2026:02:09:09 +0000] "\x05\x01\x00" 400 166 "-" "-"
64.89.162.15 - - [29/Jul/2026:02:09:09 +0000] "\x04\x01\x00P\xB9\xC2\x8E\x86\x00" 400 166 "-" "-"
