145.223.40.31 - - [29/Jul/2026:01:17:05 +0000] "GET /wp-login.php HTTP/1.1" 200 2045 "-" "Mozilla/5.0 (Windows NT 10.0; Win64; x64) AppleWebKit/537.36 (KHTML, like Gecko) Chrome/145.0.0.0 Safari/537.36"
157.100.198.217 - - [29/Jul/2026:01:17:05 +0000] "GET /2026/07/29/wie-man-wettanbieter-ohne-oasis-sicher-nutzt-tipps-und-tricks-8/ HTTP/1.1" 200 15374 "-" "Mozilla/5.0 (Windows NT 10.0; Win64; x64) AppleWebKit/537.36 (KHTML, like Gecko) Chrome/120.0.0.0 Safari/537.36"
145.223.40.31 - - [29/Jul/2026:01:17:06 +0000] "POST /wp-login.php HTTP/1.1" 302 5 "https://www.drjunior.in/wp-login.php" "Mozilla/5.0 (Windows NT 10.0; Win64; x64) AppleWebKit/537.36 (KHTML, like Gecko) Chrome/145.0.0.0 Safari/537.36"
145.223.40.31 - - [29/Jul/2026:01:17:07 +0000] "GET /wp-admin/ HTTP/1.1" 200 24169 "https://www.drjunior.in/wp-login.php" "Mozilla/5.0 (Windows NT 10.0; Win64; x64) AppleWebKit/537.36 (KHTML, like Gecko) Chrome/145.0.0.0 Safari/537.36"
157.100.198.217 - - [29/Jul/2026:01:17:09 +0000] "GET /?p=1219 HTTP/1.1" 301 5 "-" "Mozilla/5.0 (Windows NT 10.0; Win64; x64) AppleWebKit/537.36 (KHTML, like Gecko) Chrome/120.0.0.0 Safari/537.36"
145.223.40.31 - - [29/Jul/2026:01:17:09 +0000] "GET /wp-admin/user-new.php HTTP/1.1" 200 13241 "https://www.drjunior.in/wp-login.php" "Mozilla/5.0 (Windows NT 10.0; Win64; x64) AppleWebKit/537.36 (KHTML, like Gecko) Chrome/145.0.0.0 Safari/537.36"
157.100.198.217 - - [29/Jul/2026:01:17:10 +0000] "GET /2026/07/29/wie-man-wettanbieter-ohne-oasis-sicher-nutzt-tipps-und-tricks-8/ HTTP/1.1" 200 15366 "-" "Mozilla/5.0 (Windows NT 10.0; Win64; x64) AppleWebKit/537.36 (KHTML, like Gecko) Chrome/120.0.0.0 Safari/537.36"
157.100.198.217 - - [29/Jul/2026:01:17:13 +0000] "GET /?p=1219 HTTP/1.1" 301 5 "-" "Mozilla/5.0 (Windows NT 10.0; Win64; x64) AppleWebKit/537.36 (KHTML, like Gecko) Chrome/120.0.0.0 Safari/537.36"
157.100.198.217 - - [29/Jul/2026:01:17:15 +0000] "GET /2026/07/29/wie-man-wettanbieter-ohne-oasis-sicher-nutzt-tipps-und-tricks-8/ HTTP/1.1" 200 15373 "-" "Mozilla/5.0 (Windows NT 10.0; Win64; x64) AppleWebKit/537.36 (KHTML, like Gecko) Chrome/120.0.0.0 Safari/537.36"
65.1.209.187 - - [29/Jul/2026:01:17:17 +0000] "POST /wp-cron.php?doing_wp_cron=1785287837.2185730934143066406250 HTTP/1.1" 200 31 "-" "WordPress/6.7.2; https://www.trivandrumtennisclub.com"
57.141.0.62 - - [29/Jul/2026:01:17:17 +0000] "GET /member/sri-vijayakumar-s-sph/ HTTP/1.1" 200 17699 "-" "Mozilla/5.0 (Macintosh; Intel Mac OS X 10_15_7) AppleWebKit/537.36 (KHTML, like Gecko) Chrome/145.0.0.0 Safari/537.36 (compatible; meta-externalagent/1.1 (+https://developers.facebook.com/docs/sharing/webmasters/crawler))"
145.223.40.31 - - [29/Jul/2026:01:17:17 +0000] "POST /wp-admin/user-new.php HTTP/1.1" 302 5 "https://www.drjunior.in/wp-login.php" "Mozilla/5.0 (Windows NT 10.0; Win64; x64) AppleWebKit/537.36 (KHTML, like Gecko) Chrome/145.0.0.0 Safari/537.36"
145.223.40.31 - - [29/Jul/2026:01:17:19 +0000] "GET /wp-admin/users.php?update=add&id=72 HTTP/1.1" 200 18433 "https://www.drjunior.in/wp-login.php" "Mozilla/5.0 (Windows NT 10.0; Win64; x64) AppleWebKit/537.36 (KHTML, like Gecko) Chrome/145.0.0.0 Safari/537.36"
165.165.117.54 - - [29/Jul/2026:01:17:20 +0000] "GET / HTTP/1.1" 200 15840 "-" "Mozilla/5.0 (Windows NT 10.0; Win64; x64) AppleWebKit/537.36 (KHTML, like Gecko) Chrome/120.0.0.0 Safari/537.36"
145.223.40.31 - - [29/Jul/2026:01:17:21 +0000] "GET /wp-admin/plugins.php?plugin_status=all&paged=1&s HTTP/1.1" 200 17833 "https://www.drjunior.in/wp-login.php" "Mozilla/5.0 (Windows NT 10.0; Win64; x64) AppleWebKit/537.36 (KHTML, like Gecko) Chrome/145.0.0.0 Safari/537.36"
145.223.40.31 - - [29/Jul/2026:01:17:22 +0000] "GET /wp-admin/plugins.php HTTP/1.1" 200 17750 "https://www.drjunior.in/wp-login.php" "Mozilla/5.0 (Windows NT 10.0; Win64; x64) AppleWebKit/537.36 (KHTML, like Gecko) Chrome/145.0.0.0 Safari/537.36"
165.165.117.54 - - [29/Jul/2026:01:17:23 +0000] "GET /wp-login.php HTTP/1.1" 200 2042 "-" "Mozilla/5.0 (Windows NT 10.0; Win64; x64) AppleWebKit/537.36 (KHTML, like Gecko) Chrome/120.0.0.0 Safari/537.36"
145.223.40.31 - - [29/Jul/2026:01:17:25 +0000] "GET /wp-admin/plugin-install.php HTTP/1.1" 200 20362 "https://www.drjunior.in/wp-login.php" "Mozilla/5.0 (Windows NT 10.0; Win64; x64) AppleWebKit/537.36 (KHTML, like Gecko) Chrome/145.0.0.0 Safari/537.36"
165.165.117.54 - - [29/Jul/2026:01:17:26 +0000] "POST /wp-login.php HTTP/1.1" 302 5 "https://www.drjunior.in/wp-login.php" "Mozilla/5.0 (Windows NT 10.0; Win64; x64) AppleWebKit/537.36 (KHTML, like Gecko) Chrome/120.0.0.0 Safari/537.36"
165.165.117.54 - - [29/Jul/2026:01:17:28 +0000] "GET /wp-admin/ HTTP/1.1" 200 24231 "https://www.drjunior.in/wp-login.php" "Mozilla/5.0 (Windows NT 10.0; Win64; x64) AppleWebKit/537.36 (KHTML, like Gecko) Chrome/120.0.0.0 Safari/537.36"
145.223.40.31 - - [29/Jul/2026:01:17:28 +0000] "POST /wp-admin/admin-ajax.php HTTP/1.1" 200 273 "https://www.drjunior.in/wp-login.php" "Mozilla/5.0 (Windows NT 10.0; Win64; x64) AppleWebKit/537.36 (KHTML, like Gecko) Chrome/145.0.0.0 Safari/537.36"
145.223.40.31 - - [29/Jul/2026:01:17:30 +0000] "POST /wp-admin/admin-ajax.php HTTP/1.1" 200 242 "https://www.drjunior.in/wp-login.php" "Mozilla/5.0 (Windows NT 10.0; Win64; x64) AppleWebKit/537.36 (KHTML, like Gecko) Chrome/145.0.0.0 Safari/537.36"
145.223.40.31 - - [29/Jul/2026:01:17:32 +0000] "GET /wp-admin/plugins.php?plugin_status=all&paged=1&s HTTP/1.1" 200 17832 "https://www.drjunior.in/wp-login.php" "Mozilla/5.0 (Windows NT 10.0; Win64; x64) AppleWebKit/537.36 (KHTML, like Gecko) Chrome/145.0.0.0 Safari/537.36"
178.87.200.127 - - [29/Jul/2026:01:17:33 +0000] "GET /wp-admin/ HTTP/1.1" 200 24230 "-" "Mozilla/5.0 (Windows NT 10.0; Win64; x64) AppleWebKit/537.36 (KHTML, like Gecko) Chrome/120.0.0.0 Safari/537.36"
178.87.200.127 - - [29/Jul/2026:01:17:35 +0000] "GET /wp-admin/post-new.php HTTP/1.1" 200 79122 "-" "Mozilla/5.0 (Windows NT 10.0; Win64; x64) AppleWebKit/537.36 (KHTML, like Gecko) Chrome/120.0.0.0 Safari/537.36"
178.87.200.127 - - [29/Jul/2026:01:17:38 +0000] "POST /xmlrpc.php HTTP/1.1" 200 661 "-" "WordPress/5.0; https://www.drjunior.in"
178.87.200.127 - - [29/Jul/2026:01:17:39 +0000] "GET /wp-admin/admin-ajax.php?action=rest-nonce HTTP/1.1" 200 41 "-" "Mozilla/5.0 (Windows NT 10.0; Win64; x64) AppleWebKit/537.36 (KHTML, like Gecko) Chrome/120.0.0.0 Safari/537.36"
65.1.209.187 - - [29/Jul/2026:01:17:41 +0000] "POST /wp-cron.php?doing_wp_cron=1785287861.3289620876312255859375 HTTP/1.1" 200 31 "-" "WordPress/6.9; https://www.drjunior.in"
178.87.200.127 - - [29/Jul/2026:01:17:41 +0000] "POST /xmlrpc.php HTTP/1.1" 200 190 "-" "Mozilla/5.0 (Windows NT 10.0; Win64; x64) AppleWebKit/537.36 (KHTML, like Gecko) Chrome/120.0.0.0 Safari/537.36"
178.87.200.127 - - [29/Jul/2026:01:17:42 +0000] "GET /?p=1222 HTTP/1.1" 301 5 "-" "Mozilla/5.0 (Windows NT 10.0; Win64; x64) AppleWebKit/537.36 (KHTML, like Gecko) Chrome/120.0.0.0 Safari/537.36"
178.87.200.127 - - [29/Jul/2026:01:17:44 +0000] "GET /2026/07/28/wie-man-wettanbieter-ohne-oasis-sicher-nutzt-tipps-und-tricks-9/ HTTP/1.1" 200 15370 "-" "Mozilla/5.0 (Windows NT 10.0; Win64; x64) AppleWebKit/537.36 (KHTML, like Gecko) Chrome/120.0.0.0 Safari/537.36"
178.87.200.127 - - [29/Jul/2026:01:17:47 +0000] "GET /?p=1222 HTTP/1.1" 301 5 "-" "Mozilla/5.0 (Windows NT 10.0; Win64; x64) AppleWebKit/537.36 (KHTML, like Gecko) Chrome/120.0.0.0 Safari/537.36"
178.87.200.127 - - [29/Jul/2026:01:17:49 +0000] "GET /2026/07/28/wie-man-wettanbieter-ohne-oasis-sicher-nutzt-tipps-und-tricks-9/ HTTP/1.1" 200 15375 "-" "Mozilla/5.0 (Windows NT 10.0; Win64; x64) AppleWebKit/537.36 (KHTML, like Gecko) Chrome/120.0.0.0 Safari/537.36"
178.87.200.127 - - [29/Jul/2026:01:17:52 +0000] "GET /?p=1222 HTTP/1.1" 301 5 "-" "Mozilla/5.0 (Windows NT 10.0; Win64; x64) AppleWebKit/537.36 (KHTML, like Gecko) Chrome/120.0.0.0 Safari/537.36"
65.1.209.187 - - [29/Jul/2026:01:17:53 +0000] "POST /wp-cron.php?doing_wp_cron=1785287873.0078499317169189453125 HTTP/1.1" 200 31 "-" "WordPress/6.7.2; https://www.trivandrumtennisclub.com"
65.21.6.130 - - [29/Jul/2026:01:17:53 +0000] "GET /enc_auto/MT3.jpeg HTTP/1.1" 404 64795 "-" "Mozilla/5.0 (X11; Ubuntu; Linux x86_64; rv:72.0) Gecko/20100101 Firefox/72.0"
178.87.200.127 - - [29/Jul/2026:01:17:53 +0000] "GET /2026/07/28/wie-man-wettanbieter-ohne-oasis-sicher-nutzt-tipps-und-tricks-9/ HTTP/1.1" 200 15375 "-" "Mozilla/5.0 (Windows NT 10.0; Win64; x64) AppleWebKit/537.36 (KHTML, like Gecko) Chrome/120.0.0.0 Safari/537.36"
65.1.209.187 - - [29/Jul/2026:01:17:55 +0000] "POST /wp-cron.php?doing_wp_cron=1785287875.8383979797363281250000 HTTP/1.1" 200 31 "-" "WordPress/6.9; https://www.drjunior.in"
178.87.200.127 - - [29/Jul/2026:01:17:55 +0000] "POST /wp-json/wp/v2/posts HTTP/1.1" 201 16636 "-" "Mozilla/5.0 (Windows NT 10.0; Win64; x64) AppleWebKit/537.36 (KHTML, like Gecko) Chrome/120.0.0.0 Safari/537.36"
178.87.200.127 - - [29/Jul/2026:01:17:57 +0000] "GET /2026/07/28/wie-man-wettanbieter-ohne-oasis-sicher-nutzt-tipps-und-tricks-10/ HTTP/1.1" 200 15370 "-" "Mozilla/5.0 (Windows NT 10.0; Win64; x64) AppleWebKit/537.36 (KHTML, like Gecko) Chrome/120.0.0.0 Safari/537.36"
178.87.200.127 - - [29/Jul/2026:01:18:01 +0000] "GET /2026/07/28/wie-man-wettanbieter-ohne-oasis-sicher-nutzt-tipps-und-tricks-10/ HTTP/1.1" 200 15369 "-" "Mozilla/5.0 (Windows NT 10.0; Win64; x64) AppleWebKit/537.36 (KHTML, like Gecko) Chrome/120.0.0.0 Safari/537.36"
178.87.200.127 - - [29/Jul/2026:01:18:04 +0000] "GET /2026/07/28/wie-man-wettanbieter-ohne-oasis-sicher-nutzt-tipps-und-tricks-10/ HTTP/1.1" 200 15370 "-" "Mozilla/5.0 (Windows NT 10.0; Win64; x64) AppleWebKit/537.36 (KHTML, like Gecko) Chrome/120.0.0.0 Safari/537.36"
65.1.209.187 - - [29/Jul/2026:01:18:06 +0000] "POST /wp-cron.php?doing_wp_cron=1785287886.9372620582580566406250 HTTP/1.1" 200 31 "-" "WordPress/6.9; https://www.drjunior.in"
178.87.200.127 - - [29/Jul/2026:01:18:06 +0000] "POST /wp-json/wp/v2/posts HTTP/1.1" 201 16636 "-" "Mozilla/5.0 (Windows NT 10.0; Win64; x64) AppleWebKit/537.36 (KHTML, like Gecko) Chrome/120.0.0.0 Safari/537.36"
178.87.200.127 - - [29/Jul/2026:01:18:08 +0000] "GET /2026/07/28/wie-man-wettanbieter-ohne-oasis-sicher-nutzt-tipps-und-tricks-11/ HTTP/1.1" 200 15363 "-" "Mozilla/5.0 (Windows NT 10.0; Win64; x64) AppleWebKit/537.36 (KHTML, like Gecko) Chrome/120.0.0.0 Safari/537.36"
178.87.200.127 - - [29/Jul/2026:01:18:12 +0000] "GET /2026/07/28/wie-man-wettanbieter-ohne-oasis-sicher-nutzt-tipps-und-tricks-11/ HTTP/1.1" 200 15374 "-" "Mozilla/5.0 (Windows NT 10.0; Win64; x64) AppleWebKit/537.36 (KHTML, like Gecko) Chrome/120.0.0.0 Safari/537.36"
178.87.200.127 - - [29/Jul/2026:01:18:16 +0000] "GET /2026/07/28/wie-man-wettanbieter-ohne-oasis-sicher-nutzt-tipps-und-tricks-11/ HTTP/1.1" 200 15373 "-" "Mozilla/5.0 (Windows NT 10.0; Win64; x64) AppleWebKit/537.36 (KHTML, like Gecko) Chrome/120.0.0.0 Safari/537.36"
178.87.200.127 - - [29/Jul/2026:01:18:17 +0000] "GET /wp-admin/post-new.php HTTP/1.1" 200 79123 "-" "Mozilla/5.0 (Windows NT 10.0; Win64; x64) AppleWebKit/537.36 (KHTML, like Gecko) Chrome/120.0.0.0 Safari/537.36"
65.1.209.187 - - [29/Jul/2026:01:18:20 +0000] "POST /wp-cron.php?doing_wp_cron=1785287900.7297499179840087890625 HTTP/1.1" 200 31 "-" "WordPress/6.9; https://www.drjunior.in"
178.87.200.127 - - [29/Jul/2026:01:18:20 +0000] "POST /wp-admin/post.php HTTP/1.1" 302 5 "-" "Mozilla/5.0 (Windows NT 10.0; Win64; x64) AppleWebKit/537.36 (KHTML, like Gecko) Chrome/120.0.0.0 Safari/537.36"
178.87.200.127 - - [29/Jul/2026:01:18:22 +0000] "GET /wp-admin/post.php?post=1226&action=edit&message=1 HTTP/1.1" 200 83063 "-" "Mozilla/5.0 (Windows NT 10.0; Win64; x64) AppleWebKit/537.36 (KHTML, like Gecko) Chrome/120.0.0.0 Safari/537.36"
86.99.177.14 - - [29/Jul/2026:01:18:26 +0000] "GET /?p=1226 HTTP/1.1" 301 5 "-" "Mozilla/5.0 (Windows NT 10.0; Win64; x64) AppleWebKit/537.36 (KHTML, like Gecko) Chrome/120.0.0.0 Safari/537.36"
86.99.177.14 - - [29/Jul/2026:01:18:27 +0000] "GET /2026/07/29/wie-man-wettanbieter-ohne-oasis-sicher-nutzt-tipps-und-tricks-12/ HTTP/1.1" 200 15379 "-" "Mozilla/5.0 (Windows NT 10.0; Win64; x64) AppleWebKit/537.36 (KHTML, like Gecko) Chrome/120.0.0.0 Safari/537.36"
86.99.177.14 - - [29/Jul/2026:01:18:31 +0000] "GET /?p=1226 HTTP/1.1" 301 5 "-" "Mozilla/5.0 (Windows NT 10.0; Win64; x64) AppleWebKit/537.36 (KHTML, like Gecko) Chrome/120.0.0.0 Safari/537.36"
86.99.177.14 - - [29/Jul/2026:01:18:32 +0000] "GET /2026/07/29/wie-man-wettanbieter-ohne-oasis-sicher-nutzt-tipps-und-tricks-12/ HTTP/1.1" 200 15373 "-" "Mozilla/5.0 (Windows NT 10.0; Win64; x64) AppleWebKit/537.36 (KHTML, like Gecko) Chrome/120.0.0.0 Safari/537.36"
86.99.177.14 - - [29/Jul/2026:01:18:36 +0000] "GET /?p=1226 HTTP/1.1" 301 5 "-" "Mozilla/5.0 (Windows NT 10.0; Win64; x64) AppleWebKit/537.36 (KHTML, like Gecko) Chrome/120.0.0.0 Safari/537.36"
86.99.177.14 - - [29/Jul/2026:01:18:37 +0000] "GET /2026/07/29/wie-man-wettanbieter-ohne-oasis-sicher-nutzt-tipps-und-tricks-12/ HTTP/1.1" 200 15376 "-" "Mozilla/5.0 (Windows NT 10.0; Win64; x64) AppleWebKit/537.36 (KHTML, like Gecko) Chrome/120.0.0.0 Safari/537.36"
65.1.209.187 - - [29/Jul/2026:01:18:39 +0000] "POST /wp-cron.php?doing_wp_cron=1785287919.6682009696960449218750 HTTP/1.1" 200 31 "-" "WordPress/6.7.2; https://www.trivandrumtennisclub.com"
57.141.0.39 - - [29/Jul/2026:01:18:39 +0000] "GET /member/sri-mahesh-s-p/ HTTP/1.1" 200 17682 "-" "Mozilla/5.0 (Windows NT 10.0; Win64; x64) AppleWebKit/537.36 (KHTML, like Gecko) Chrome/145.0.0.0 Safari/537.36 (compatible; meta-externalagent/1.1 (+https://developers.facebook.com/docs/sharing/webmasters/crawler))"
181.46.9.40 - - [29/Jul/2026:01:18:42 +0000] "GET / HTTP/1.1" 200 15842 "-" "Mozilla/5.0 (Windows NT 10.0; Win64; x64) AppleWebKit/537.36 (KHTML, like Gecko) Chrome/120.0.0.0 Safari/537.36"
170.150.86.255 - - [29/Jul/2026:01:18:47 +0000] "GET /wp-login.php HTTP/1.1" 200 2041 "-" "Mozilla/5.0 (Windows NT 10.0; Win64; x64) AppleWebKit/537.36 (KHTML, like Gecko) Chrome/120.0.0.0 Safari/537.36"
170.150.86.255 - - [29/Jul/2026:01:18:49 +0000] "POST /wp-login.php HTTP/1.1" 302 5 "https://www.drjunior.in/wp-login.php" "Mozilla/5.0 (Windows NT 10.0; Win64; x64) AppleWebKit/537.36 (KHTML, like Gecko) Chrome/120.0.0.0 Safari/537.36"
170.150.86.255 - - [29/Jul/2026:01:18:51 +0000] "GET /wp-admin/ HTTP/1.1" 200 24219 "https://www.drjunior.in/wp-login.php" "Mozilla/5.0 (Windows NT 10.0; Win64; x64) AppleWebKit/537.36 (KHTML, like Gecko) Chrome/120.0.0.0 Safari/537.36"
103.162.3.71 - - [29/Jul/2026:01:18:55 +0000] "GET /wp-admin/ HTTP/1.1" 200 24220 "-" "Mozilla/5.0 (Windows NT 10.0; Win64; x64) AppleWebKit/537.36 (KHTML, like Gecko) Chrome/120.0.0.0 Safari/537.36"
103.162.3.71 - - [29/Jul/2026:01:18:57 +0000] "GET /wp-admin/post-new.php HTTP/1.1" 200 79142 "-" "Mozilla/5.0 (Windows NT 10.0; Win64; x64) AppleWebKit/537.36 (KHTML, like Gecko) Chrome/120.0.0.0 Safari/537.36"
103.162.3.71 - - [29/Jul/2026:01:18:59 +0000] "POST /xmlrpc.php HTTP/1.1" 200 661 "-" "WordPress/5.0; https://www.drjunior.in"
103.162.3.71 - - [29/Jul/2026:01:19:01 +0000] "GET /wp-admin/admin-ajax.php?action=rest-nonce HTTP/1.1" 200 41 "-" "Mozilla/5.0 (Windows NT 10.0; Win64; x64) AppleWebKit/537.36 (KHTML, like Gecko) Chrome/120.0.0.0 Safari/537.36"
65.1.209.187 - - [29/Jul/2026:01:19:02 +0000] "POST /wp-cron.php?doing_wp_cron=1785287942.5342879295349121093750 HTTP/1.1" 200 31 "-" "WordPress/6.9; https://www.drjunior.in"
103.162.3.71 - - [29/Jul/2026:01:19:02 +0000] "POST /xmlrpc.php HTTP/1.1" 200 190 "-" "Mozilla/5.0 (Windows NT 10.0; Win64; x64) AppleWebKit/537.36 (KHTML, like Gecko) Chrome/120.0.0.0 Safari/537.36"
103.162.3.71 - - [29/Jul/2026:01:19:03 +0000] "GET /?p=1229 HTTP/1.1" 301 5 "-" "Mozilla/5.0 (Windows NT 10.0; Win64; x64) AppleWebKit/537.36 (KHTML, like Gecko) Chrome/120.0.0.0 Safari/537.36"
103.162.3.71 - - [29/Jul/2026:01:19:04 +0000] "GET /2026/07/28/wie-man-wettanbieter-ohne-oasis-sicher-nutzt-tipps-und-tricks-13/ HTTP/1.1" 200 15377 "-" "Mozilla/5.0 (Windows NT 10.0; Win64; x64) AppleWebKit/537.36 (KHTML, like Gecko) Chrome/120.0.0.0 Safari/537.36"
103.162.3.71 - - [29/Jul/2026:01:19:07 +0000] "GET /?p=1229 HTTP/1.1" 301 5 "-" "Mozilla/5.0 (Windows NT 10.0; Win64; x64) AppleWebKit/537.36 (KHTML, like Gecko) Chrome/120.0.0.0 Safari/537.36"
103.162.3.71 - - [29/Jul/2026:01:19:09 +0000] "GET /2026/07/28/wie-man-wettanbieter-ohne-oasis-sicher-nutzt-tipps-und-tricks-13/ HTTP/1.1" 200 15370 "-" "Mozilla/5.0 (Windows NT 10.0; Win64; x64) AppleWebKit/537.36 (KHTML, like Gecko) Chrome/120.0.0.0 Safari/537.36"
103.162.3.71 - - [29/Jul/2026:01:19:13 +0000] "GET /?p=1229 HTTP/1.1" 301 5 "-" "Mozilla/5.0 (Windows NT 10.0; Win64; x64) AppleWebKit/537.36 (KHTML, like Gecko) Chrome/120.0.0.0 Safari/537.36"
103.162.3.71 - - [29/Jul/2026:01:19:14 +0000] "GET /2026/07/28/wie-man-wettanbieter-ohne-oasis-sicher-nutzt-tipps-und-tricks-13/ HTTP/1.1" 200 15371 "-" "Mozilla/5.0 (Windows NT 10.0; Win64; x64) AppleWebKit/537.36 (KHTML, like Gecko) Chrome/120.0.0.0 Safari/537.36"
65.1.209.187 - - [29/Jul/2026:01:19:16 +0000] "POST /wp-cron.php?doing_wp_cron=1785287956.0733909606933593750000 HTTP/1.1" 200 31 "-" "WordPress/6.9; https://www.drjunior.in"
103.162.3.71 - - [29/Jul/2026:01:19:16 +0000] "POST /wp-json/wp/v2/posts HTTP/1.1" 201 16636 "-" "Mozilla/5.0 (Windows NT 10.0; Win64; x64) AppleWebKit/537.36 (KHTML, like Gecko) Chrome/120.0.0.0 Safari/537.36"
103.162.3.71 - - [29/Jul/2026:01:19:17 +0000] "GET /2026/07/28/wie-man-wettanbieter-ohne-oasis-sicher-nutzt-tipps-und-tricks-14/ HTTP/1.1" 200 15379 "-" "Mozilla/5.0 (Windows NT 10.0; Win64; x64) AppleWebKit/537.36 (KHTML, like Gecko) Chrome/120.0.0.0 Safari/537.36"
103.162.3.71 - - [29/Jul/2026:01:19:21 +0000] "GET /2026/07/28/wie-man-wettanbieter-ohne-oasis-sicher-nutzt-tipps-und-tricks-14/ HTTP/1.1" 200 15377 "-" "Mozilla/5.0 (Windows NT 10.0; Win64; x64) AppleWebKit/537.36 (KHTML, like Gecko) Chrome/120.0.0.0 Safari/537.36"
65.1.209.187 - - [29/Jul/2026:01:19:32 +0000] "POST /wp-cron.php?doing_wp_cron=1785287972.6133940219879150390625 HTTP/1.1" 200 31 "-" "WordPress/6.9; https://www.drjunior.in"
14.236.89.6 - - [29/Jul/2026:01:19:32 +0000] "POST /wp-json/wp/v2/posts HTTP/1.1" 201 16636 "-" "Mozilla/5.0 (Windows NT 10.0; Win64; x64) AppleWebKit/537.36 (KHTML, like Gecko) Chrome/120.0.0.0 Safari/537.36"
14.236.89.6 - - [29/Jul/2026:01:19:33 +0000] "GET /2026/07/28/wie-man-wettanbieter-ohne-oasis-sicher-nutzt-tipps-und-tricks-15/ HTTP/1.1" 200 15370 "-" "Mozilla/5.0 (Windows NT 10.0; Win64; x64) AppleWebKit/537.36 (KHTML, like Gecko) Chrome/120.0.0.0 Safari/537.36"
14.236.89.6 - - [29/Jul/2026:01:19:37 +0000] "GET /2026/07/28/wie-man-wettanbieter-ohne-oasis-sicher-nutzt-tipps-und-tricks-15/ HTTP/1.1" 200 15368 "-" "Mozilla/5.0 (Windows NT 10.0; Win64; x64) AppleWebKit/537.36 (KHTML, like Gecko) Chrome/120.0.0.0 Safari/537.36"
14.236.89.6 - - [29/Jul/2026:01:19:40 +0000] "GET /2026/07/28/wie-man-wettanbieter-ohne-oasis-sicher-nutzt-tipps-und-tricks-15/ HTTP/1.1" 200 15377 "-" "Mozilla/5.0 (Windows NT 10.0; Win64; x64) AppleWebKit/537.36 (KHTML, like Gecko) Chrome/120.0.0.0 Safari/537.36"
14.236.89.6 - - [29/Jul/2026:01:19:41 +0000] "GET /wp-admin/post-new.php HTTP/1.1" 200 79130 "-" "Mozilla/5.0 (Windows NT 10.0; Win64; x64) AppleWebKit/537.36 (KHTML, like Gecko) Chrome/120.0.0.0 Safari/537.36"
65.1.209.187 - - [29/Jul/2026:01:19:43 +0000] "POST /wp-cron.php?doing_wp_cron=1785287983.9348280429840087890625 HTTP/1.1" 200 31 "-" "WordPress/6.9; https://www.drjunior.in"
14.236.89.6 - - [29/Jul/2026:01:19:43 +0000] "POST /wp-admin/post.php HTTP/1.1" 302 5 "-" "Mozilla/5.0 (Windows NT 10.0; Win64; x64) AppleWebKit/537.36 (KHTML, like Gecko) Chrome/120.0.0.0 Safari/537.36"
14.236.89.6 - - [29/Jul/2026:01:19:45 +0000] "GET /wp-admin/post.php?post=1233&action=edit&message=1 HTTP/1.1" 200 83067 "-" "Mozilla/5.0 (Windows NT 10.0; Win64; x64) AppleWebKit/537.36 (KHTML, like Gecko) Chrome/120.0.0.0 Safari/537.36"
217.39.84.248 - - [29/Jul/2026:01:19:49 +0000] "GET /?p=1233 HTTP/1.1" 301 5 "-" "Mozilla/5.0 (Windows NT 10.0; Win64; x64) AppleWebKit/537.36 (KHTML, like Gecko) Chrome/120.0.0.0 Safari/537.36"
217.39.84.248 - - [29/Jul/2026:01:19:50 +0000] "GET /2026/07/29/wie-man-wettanbieter-ohne-oasis-sicher-nutzt-tipps-und-tricks-16/ HTTP/1.1" 200 15375 "-" "Mozilla/5.0 (Windows NT 10.0; Win64; x64) AppleWebKit/537.36 (KHTML, like Gecko) Chrome/120.0.0.0 Safari/537.36"
217.39.84.248 - - [29/Jul/2026:01:19:53 +0000] "GET /?p=1233 HTTP/1.1" 301 5 "-" "Mozilla/5.0 (Windows NT 10.0; Win64; x64) AppleWebKit/537.36 (KHTML, like Gecko) Chrome/120.0.0.0 Safari/537.36"
217.39.84.248 - - [29/Jul/2026:01:19:54 +0000] "GET /2026/07/29/wie-man-wettanbieter-ohne-oasis-sicher-nutzt-tipps-und-tricks-16/ HTTP/1.1" 200 15378 "-" "Mozilla/5.0 (Windows NT 10.0; Win64; x64) AppleWebKit/537.36 (KHTML, like Gecko) Chrome/120.0.0.0 Safari/537.36"
217.39.84.248 - - [29/Jul/2026:01:19:58 +0000] "GET /?p=1233 HTTP/1.1" 301 5 "-" "Mozilla/5.0 (Windows NT 10.0; Win64; x64) AppleWebKit/537.36 (KHTML, like Gecko) Chrome/120.0.0.0 Safari/537.36"
217.39.84.248 - - [29/Jul/2026:01:19:59 +0000] "GET /2026/07/29/wie-man-wettanbieter-ohne-oasis-sicher-nutzt-tipps-und-tricks-16/ HTTP/1.1" 200 15369 "-" "Mozilla/5.0 (Windows NT 10.0; Win64; x64) AppleWebKit/537.36 (KHTML, like Gecko) Chrome/120.0.0.0 Safari/537.36"
38.196.31.237 - - [29/Jul/2026:01:20:03 +0000] "GET / HTTP/1.1" 200 15843 "-" "Mozilla/5.0 (Windows NT 10.0; Win64; x64) AppleWebKit/537.36 (KHTML, like Gecko) Chrome/120.0.0.0 Safari/537.36"
38.196.31.237 - - [29/Jul/2026:01:20:04 +0000] "GET /wp-login.php HTTP/1.1" 200 2043 "-" "Mozilla/5.0 (Windows NT 10.0; Win64; x64) AppleWebKit/537.36 (KHTML, like Gecko) Chrome/120.0.0.0 Safari/537.36"
38.196.31.237 - - [29/Jul/2026:01:20:05 +0000] "POST /wp-login.php HTTP/1.1" 302 5 "https://www.drjunior.in/wp-login.php" "Mozilla/5.0 (Windows NT 10.0; Win64; x64) AppleWebKit/537.36 (KHTML, like Gecko) Chrome/120.0.0.0 Safari/537.36"
38.196.31.237 - - [29/Jul/2026:01:20:06 +0000] "GET /wp-admin/ HTTP/1.1" 200 24222 "https://www.drjunior.in/wp-login.php" "Mozilla/5.0 (Windows NT 10.0; Win64; x64) AppleWebKit/537.36 (KHTML, like Gecko) Chrome/120.0.0.0 Safari/537.36"
65.1.209.187 - - [29/Jul/2026:01:20:07 +0000] "POST /wp-cron.php?doing_wp_cron=1785288007.8716790676116943359375 HTTP/1.1" 200 31 "-" "WordPress/6.7.2; https://www.trivandrumtennisclub.com"
57.141.0.53 - - [29/Jul/2026:01:20:08 +0000] "GET /member/chithira-motors-india-pvt-ltd/ HTTP/1.1" 200 17737 "-" "Mozilla/5.0 (Macintosh; Intel Mac OS X 10_15_7) AppleWebKit/537.36 (KHTML, like Gecko) Chrome/145.0.0.0 Safari/537.36 (compatible; meta-externalagent/1.1 (+https://developers.facebook.com/docs/sharing/webmasters/crawler))"
181.199.255.153 - - [29/Jul/2026:01:20:11 +0000] "GET /wp-admin/ HTTP/1.1" 200 24222 "-" "Mozilla/5.0 (Windows NT 10.0; Win64; x64) AppleWebKit/537.36 (KHTML, like Gecko) Chrome/120.0.0.0 Safari/537.36"
181.199.255.153 - - [29/Jul/2026:01:20:12 +0000] "GET /wp-admin/post-new.php HTTP/1.1" 200 79145 "-" "Mozilla/5.0 (Windows NT 10.0; Win64; x64) AppleWebKit/537.36 (KHTML, like Gecko) Chrome/120.0.0.0 Safari/537.36"
181.199.255.153 - - [29/Jul/2026:01:20:14 +0000] "POST /xmlrpc.php HTTP/1.1" 200 661 "-" "WordPress/5.0; https://www.drjunior.in"
181.199.255.153 - - [29/Jul/2026:01:20:15 +0000] "GET /wp-admin/admin-ajax.php?action=rest-nonce HTTP/1.1" 200 41 "-" "Mozilla/5.0 (Windows NT 10.0; Win64; x64) AppleWebKit/537.36 (KHTML, like Gecko) Chrome/120.0.0.0 Safari/537.36"
65.1.209.187 - - [29/Jul/2026:01:20:17 +0000] "POST /wp-cron.php?doing_wp_cron=1785288016.9917330741882324218750 HTTP/1.1" 200 31 "-" "WordPress/6.9; https://www.drjunior.in"
181.199.255.153 - - [29/Jul/2026:01:20:17 +0000] "POST /xmlrpc.php HTTP/1.1" 200 190 "-" "Mozilla/5.0 (Windows NT 10.0; Win64; x64) AppleWebKit/537.36 (KHTML, like Gecko) Chrome/120.0.0.0 Safari/537.36"
181.199.255.153 - - [29/Jul/2026:01:20:18 +0000] "GET /?p=1236 HTTP/1.1" 301 5 "-" "Mozilla/5.0 (Windows NT 10.0; Win64; x64) AppleWebKit/537.36 (KHTML, like Gecko) Chrome/120.0.0.0 Safari/537.36"
181.199.255.153 - - [29/Jul/2026:01:20:19 +0000] "GET /2026/07/28/wie-man-wettanbieter-ohne-oasis-sicher-nutzt-tipps-und-tricks-17/ HTTP/1.1" 200 15371 "-" "Mozilla/5.0 (Windows NT 10.0; Win64; x64) AppleWebKit/537.36 (KHTML, like Gecko) Chrome/120.0.0.0 Safari/537.36"
181.199.255.153 - - [29/Jul/2026:01:20:22 +0000] "GET /?p=1236 HTTP/1.1" 301 5 "-" "Mozilla/5.0 (Windows NT 10.0; Win64; x64) AppleWebKit/537.36 (KHTML, like Gecko) Chrome/120.0.0.0 Safari/537.36"
181.199.255.153 - - [29/Jul/2026:01:20:23 +0000] "GET /2026/07/28/wie-man-wettanbieter-ohne-oasis-sicher-nutzt-tipps-und-tricks-17/ HTTP/1.1" 200 15375 "-" "Mozilla/5.0 (Windows NT 10.0; Win64; x64) AppleWebKit/537.36 (KHTML, like Gecko) Chrome/120.0.0.0 Safari/537.36"
181.199.255.153 - - [29/Jul/2026:01:20:26 +0000] "GET /?p=1236 HTTP/1.1" 301 5 "-" "Mozilla/5.0 (Windows NT 10.0; Win64; x64) AppleWebKit/537.36 (KHTML, like Gecko) Chrome/120.0.0.0 Safari/537.36"
181.199.255.153 - - [29/Jul/2026:01:20:27 +0000] "GET /2026/07/28/wie-man-wettanbieter-ohne-oasis-sicher-nutzt-tipps-und-tricks-17/ HTTP/1.1" 200 15368 "-" "Mozilla/5.0 (Windows NT 10.0; Win64; x64) AppleWebKit/537.36 (KHTML, like Gecko) Chrome/120.0.0.0 Safari/537.36"
65.1.209.187 - - [29/Jul/2026:01:20:29 +0000] "POST /wp-cron.php?doing_wp_cron=1785288029.7267739772796630859375 HTTP/1.1" 200 31 "-" "WordPress/6.9; https://www.drjunior.in"
181.199.255.153 - - [29/Jul/2026:01:20:29 +0000] "POST /wp-json/wp/v2/posts HTTP/1.1" 201 16636 "-" "Mozilla/5.0 (Windows NT 10.0; Win64; x64) AppleWebKit/537.36 (KHTML, like Gecko) Chrome/120.0.0.0 Safari/537.36"
181.199.255.153 - - [29/Jul/2026:01:20:31 +0000] "GET /2026/07/28/wie-man-wettanbieter-ohne-oasis-sicher-nutzt-tipps-und-tricks-18/ HTTP/1.1" 200 15369 "-" "Mozilla/5.0 (Windows NT 10.0; Win64; x64) AppleWebKit/537.36 (KHTML, like Gecko) Chrome/120.0.0.0 Safari/537.36"
181.199.255.153 - - [29/Jul/2026:01:20:34 +0000] "GET /2026/07/28/wie-man-wettanbieter-ohne-oasis-sicher-nutzt-tipps-und-tricks-18/ HTTP/1.1" 200 15373 "-" "Mozilla/5.0 (Windows NT 10.0; Win64; x64) AppleWebKit/537.36 (KHTML, like Gecko) Chrome/120.0.0.0 Safari/537.36"
181.199.255.153 - - [29/Jul/2026:01:20:37 +0000] "GET /2026/07/28/wie-man-wettanbieter-ohne-oasis-sicher-nutzt-tipps-und-tricks-18/ HTTP/1.1" 200 15375 "-" "Mozilla/5.0 (Windows NT 10.0; Win64; x64) AppleWebKit/537.36 (KHTML, like Gecko) Chrome/120.0.0.0 Safari/537.36"
65.1.209.187 - - [29/Jul/2026:01:20:39 +0000] "POST /wp-cron.php?doing_wp_cron=1785288039.6541368961334228515625 HTTP/1.1" 200 31 "-" "WordPress/6.9; https://www.drjunior.in"
181.199.255.153 - - [29/Jul/2026:01:20:39 +0000] "POST /wp-json/wp/v2/posts HTTP/1.1" 201 16636 "-" "Mozilla/5.0 (Windows NT 10.0; Win64; x64) AppleWebKit/537.36 (KHTML, like Gecko) Chrome/120.0.0.0 Safari/537.36"
181.199.255.153 - - [29/Jul/2026:01:20:41 +0000] "GET /2026/07/28/wie-man-wettanbieter-ohne-oasis-sicher-nutzt-tipps-und-tricks-19/ HTTP/1.1" 200 15361 "-" "Mozilla/5.0 (Windows NT 10.0; Win64; x64) AppleWebKit/537.36 (KHTML, like Gecko) Chrome/120.0.0.0 Safari/537.36"
181.199.255.153 - - [29/Jul/2026:01:20:44 +0000] "GET /2026/07/28/wie-man-wettanbieter-ohne-oasis-sicher-nutzt-tipps-und-tricks-19/ HTTP/1.1" 200 15376 "-" "Mozilla/5.0 (Windows NT 10.0; Win64; x64) AppleWebKit/537.36 (KHTML, like Gecko) Chrome/120.0.0.0 Safari/537.36"
181.199.255.153 - - [29/Jul/2026:01:20:48 +0000] "GET /2026/07/28/wie-man-wettanbieter-ohne-oasis-sicher-nutzt-tipps-und-tricks-19/ HTTP/1.1" 200 15377 "-" "Mozilla/5.0 (Windows NT 10.0; Win64; x64) AppleWebKit/537.36 (KHTML, like Gecko) Chrome/120.0.0.0 Safari/537.36"
181.199.255.153 - - [29/Jul/2026:01:20:49 +0000] "GET /wp-admin/post-new.php HTTP/1.1" 200 79133 "-" "Mozilla/5.0 (Windows NT 10.0; Win64; x64) AppleWebKit/537.36 (KHTML, like Gecko) Chrome/120.0.0.0 Safari/537.36"
65.1.209.187 - - [29/Jul/2026:01:20:52 +0000] "POST /wp-cron.php?doing_wp_cron=1785288052.2360041141510009765625 HTTP/1.1" 200 31 "-" "WordPress/6.9; https://www.drjunior.in"
181.199.255.153 - - [29/Jul/2026:01:20:52 +0000] "POST /wp-admin/post.php HTTP/1.1" 302 5 "-" "Mozilla/5.0 (Windows NT 10.0; Win64; x64) AppleWebKit/537.36 (KHTML, like Gecko) Chrome/120.0.0.0 Safari/537.36"
181.199.255.153 - - [29/Jul/2026:01:20:53 +0000] "GET /wp-admin/post.php?post=1240&action=edit&message=1 HTTP/1.1" 200 83068 "-" "Mozilla/5.0 (Windows NT 10.0; Win64; x64) AppleWebKit/537.36 (KHTML, like Gecko) Chrome/120.0.0.0 Safari/537.36"
169.224.18.216 - - [29/Jul/2026:01:20:59 +0000] "GET /?p=1240 HTTP/1.1" 301 5 "-" "Mozilla/5.0 (Windows NT 10.0; Win64; x64) AppleWebKit/537.36 (KHTML, like Gecko) Chrome/120.0.0.0 Safari/537.36"
169.224.18.216 - - [29/Jul/2026:01:21:01 +0000] "GET /2026/07/29/wie-man-wettanbieter-ohne-oasis-sicher-nutzt-tipps-und-tricks-20/ HTTP/1.1" 200 15374 "-" "Mozilla/5.0 (Windows NT 10.0; Win64; x64) AppleWebKit/537.36 (KHTML, like Gecko) Chrome/120.0.0.0 Safari/537.36"
169.224.18.216 - - [29/Jul/2026:01:21:05 +0000] "GET /?p=1240 HTTP/1.1" 301 5 "-" "Mozilla/5.0 (Windows NT 10.0; Win64; x64) AppleWebKit/537.36 (KHTML, like Gecko) Chrome/120.0.0.0 Safari/537.36"
169.224.18.216 - - [29/Jul/2026:01:21:07 +0000] "GET /2026/07/29/wie-man-wettanbieter-ohne-oasis-sicher-nutzt-tipps-und-tricks-20/ HTTP/1.1" 200 15371 "-" "Mozilla/5.0 (Windows NT 10.0; Win64; x64) AppleWebKit/537.36 (KHTML, like Gecko) Chrome/120.0.0.0 Safari/537.36"
169.224.18.216 - - [29/Jul/2026:01:21:14 +0000] "GET /?p=1240 HTTP/1.1" 301 5 "-" "Mozilla/5.0 (Windows NT 10.0; Win64; x64) AppleWebKit/537.36 (KHTML, like Gecko) Chrome/120.0.0.0 Safari/537.36"
169.224.18.216 - - [29/Jul/2026:01:21:16 +0000] "GET /2026/07/29/wie-man-wettanbieter-ohne-oasis-sicher-nutzt-tipps-und-tricks-20/ HTTP/1.1" 200 15377 "-" "Mozilla/5.0 (Windows NT 10.0; Win64; x64) AppleWebKit/537.36 (KHTML, like Gecko) Chrome/120.0.0.0 Safari/537.36"
186.77.198.48 - - [29/Jul/2026:01:21:27 +0000] "GET / HTTP/1.1" 200 15845 "-" "Mozilla/5.0 (Windows NT 10.0; Win64; x64) AppleWebKit/537.36 (KHTML, like Gecko) Chrome/120.0.0.0 Safari/537.36"
186.77.198.48 - - [29/Jul/2026:01:21:30 +0000] "GET /wp-login.php HTTP/1.1" 200 2037 "-" "Mozilla/5.0 (Windows NT 10.0; Win64; x64) AppleWebKit/537.36 (KHTML, like Gecko) Chrome/120.0.0.0 Safari/537.36"
186.77.198.48 - - [29/Jul/2026:01:21:32 +0000] "POST /wp-login.php HTTP/1.1" 302 5 "https://www.drjunior.in/wp-login.php" "Mozilla/5.0 (Windows NT 10.0; Win64; x64) AppleWebKit/537.36 (KHTML, like Gecko) Chrome/120.0.0.0 Safari/537.36"
186.77.198.48 - - [29/Jul/2026:01:21:34 +0000] "GET /wp-admin/ HTTP/1.1" 200 24168 "https://www.drjunior.in/wp-login.php" "Mozilla/5.0 (Windows NT 10.0; Win64; x64) AppleWebKit/537.36 (KHTML, like Gecko) Chrome/120.0.0.0 Safari/537.36"
190.20.234.94 - - [29/Jul/2026:01:21:38 +0000] "GET /wp-admin/ HTTP/1.1" 200 24161 "-" "Mozilla/5.0 (Windows NT 10.0; Win64; x64) AppleWebKit/537.36 (KHTML, like Gecko) Chrome/120.0.0.0 Safari/537.36"
190.20.234.94 - - [29/Jul/2026:01:21:40 +0000] "GET /wp-admin/post-new.php HTTP/1.1" 200 79132 "-" "Mozilla/5.0 (Windows NT 10.0; Win64; x64) AppleWebKit/537.36 (KHTML, like Gecko) Chrome/120.0.0.0 Safari/537.36"
190.20.234.94 - - [29/Jul/2026:01:21:43 +0000] "POST /xmlrpc.php HTTP/1.1" 200 661 "-" "WordPress/5.0; https://www.drjunior.in"
190.20.234.94 - - [29/Jul/2026:01:21:44 +0000] "GET /wp-admin/admin-ajax.php?action=rest-nonce HTTP/1.1" 200 41 "-" "Mozilla/5.0 (Windows NT 10.0; Win64; x64) AppleWebKit/537.36 (KHTML, like Gecko) Chrome/120.0.0.0 Safari/537.36"
65.1.209.187 - - [29/Jul/2026:01:21:46 +0000] "POST /wp-cron.php?doing_wp_cron=1785288106.3161630630493164062500 HTTP/1.1" 200 31 "-" "WordPress/6.9; https://www.drjunior.in"
190.20.234.94 - - [29/Jul/2026:01:21:46 +0000] "POST /xmlrpc.php HTTP/1.1" 200 190 "-" "Mozilla/5.0 (Windows NT 10.0; Win64; x64) AppleWebKit/537.36 (KHTML, like Gecko) Chrome/120.0.0.0 Safari/537.36"
190.20.234.94 - - [29/Jul/2026:01:21:47 +0000] "GET /?p=1243 HTTP/1.1" 301 5 "-" "Mozilla/5.0 (Windows NT 10.0; Win64; x64) AppleWebKit/537.36 (KHTML, like Gecko) Chrome/120.0.0.0 Safari/537.36"
190.20.234.94 - - [29/Jul/2026:01:21:48 +0000] "GET /2026/07/28/bu-ay-pinco-kazinosunda-yeni-oyunlari-ksf-edin/ HTTP/1.1" 200 15410 "-" "Mozilla/5.0 (Windows NT 10.0; Win64; x64) AppleWebKit/537.36 (KHTML, like Gecko) Chrome/120.0.0.0 Safari/537.36"
190.20.234.94 - - [29/Jul/2026:01:21:52 +0000] "GET /?p=1243 HTTP/1.1" 301 5 "-" "Mozilla/5.0 (Windows NT 10.0; Win64; x64) AppleWebKit/537.36 (KHTML, like Gecko) Chrome/120.0.0.0 Safari/537.36"
190.20.234.94 - - [29/Jul/2026:01:21:53 +0000] "GET /2026/07/28/bu-ay-pinco-kazinosunda-yeni-oyunlari-ksf-edin/ HTTP/1.1" 200 15410 "-" "Mozilla/5.0 (Windows NT 10.0; Win64; x64) AppleWebKit/537.36 (KHTML, like Gecko) Chrome/120.0.0.0 Safari/537.36"
190.20.234.94 - - [29/Jul/2026:01:21:57 +0000] "GET /?p=1243 HTTP/1.1" 301 5 "-" "Mozilla/5.0 (Windows NT 10.0; Win64; x64) AppleWebKit/537.36 (KHTML, like Gecko) Chrome/120.0.0.0 Safari/537.36"
190.20.234.94 - - [29/Jul/2026:01:21:58 +0000] "GET /2026/07/28/bu-ay-pinco-kazinosunda-yeni-oyunlari-ksf-edin/ HTTP/1.1" 200 15395 "-" "Mozilla/5.0 (Windows NT 10.0; Win64; x64) AppleWebKit/537.36 (KHTML, like Gecko) Chrome/120.0.0.0 Safari/537.36"
65.1.209.187 - - [29/Jul/2026:01:22:00 +0000] "POST /wp-cron.php?doing_wp_cron=1785288120.9640090465545654296875 HTTP/1.1" 200 31 "-" "WordPress/6.9; https://www.drjunior.in"
190.20.234.94 - - [29/Jul/2026:01:22:00 +0000] "POST /wp-json/wp/v2/posts HTTP/1.1" 201 17632 "-" "Mozilla/5.0 (Windows NT 10.0; Win64; x64) AppleWebKit/537.36 (KHTML, like Gecko) Chrome/120.0.0.0 Safari/537.36"
190.20.234.94 - - [29/Jul/2026:01:22:02 +0000] "GET /2026/07/28/bu-ay-pinco-kazinosunda-yeni-oyunlari-ksf-edin-2/ HTTP/1.1" 200 15412 "-" "Mozilla/5.0 (Windows NT 10.0; Win64; x64) AppleWebKit/537.36 (KHTML, like Gecko) Chrome/120.0.0.0 Safari/537.36"
190.20.234.94 - - [29/Jul/2026:01:22:06 +0000] "GET /2026/07/28/bu-ay-pinco-kazinosunda-yeni-oyunlari-ksf-edin-2/ HTTP/1.1" 200 15409 "-" "Mozilla/5.0 (Windows NT 10.0; Win64; x64) AppleWebKit/537.36 (KHTML, like Gecko) Chrome/120.0.0.0 Safari/537.36"
190.20.234.94 - - [29/Jul/2026:01:22:09 +0000] "GET /2026/07/28/bu-ay-pinco-kazinosunda-yeni-oyunlari-ksf-edin-2/ HTTP/1.1" 200 15403 "-" "Mozilla/5.0 (Windows NT 10.0; Win64; x64) AppleWebKit/537.36 (KHTML, like Gecko) Chrome/120.0.0.0 Safari/537.36"
65.1.209.187 - - [29/Jul/2026:01:22:11 +0000] "POST /wp-cron.php?doing_wp_cron=1785288131.7289669513702392578125 HTTP/1.1" 200 31 "-" "WordPress/6.9; https://www.drjunior.in"
190.20.234.94 - - [29/Jul/2026:01:22:11 +0000] "POST /wp-json/wp/v2/posts HTTP/1.1" 201 17632 "-" "Mozilla/5.0 (Windows NT 10.0; Win64; x64) AppleWebKit/537.36 (KHTML, like Gecko) Chrome/120.0.0.0 Safari/537.36"
43.159.149.56 - - [29/Jul/2026:01:22:13 +0000] "GET / HTTP/1.1" 400 264 "-" "Mozilla/5.0 (iPhone; CPU iPhone OS 13_2_3 like Mac OS X) AppleWebKit/605.1.15 (KHTML, like Gecko) Version/13.0.3 Mobile/15E148 Safari/604.1"
190.20.234.94 - - [29/Jul/2026:01:22:13 +0000] "GET /2026/07/28/bu-ay-pinco-kazinosunda-yeni-oyunlari-ksf-edin-3/ HTTP/1.1" 200 15410 "-" "Mozilla/5.0 (Windows NT 10.0; Win64; x64) AppleWebKit/537.36 (KHTML, like Gecko) Chrome/120.0.0.0 Safari/537.36"
190.20.234.94 - - [29/Jul/2026:01:22:17 +0000] "GET /2026/07/28/bu-ay-pinco-kazinosunda-yeni-oyunlari-ksf-edin-3/ HTTP/1.1" 200 15402 "-" "Mozilla/5.0 (Windows NT 10.0; Win64; x64) AppleWebKit/537.36 (KHTML, like Gecko) Chrome/120.0.0.0 Safari/537.36"
190.20.234.94 - - [29/Jul/2026:01:22:21 +0000] "GET /2026/07/28/bu-ay-pinco-kazinosunda-yeni-oyunlari-ksf-edin-3/ HTTP/1.1" 200 15408 "-" "Mozilla/5.0 (Windows NT 10.0; Win64; x64) AppleWebKit/537.36 (KHTML, like Gecko) Chrome/120.0.0.0 Safari/537.36"
190.20.234.94 - - [29/Jul/2026:01:22:23 +0000] "GET /wp-admin/post-new.php HTTP/1.1" 200 79133 "-" "Mozilla/5.0 (Windows NT 10.0; Win64; x64) AppleWebKit/537.36 (KHTML, like Gecko) Chrome/120.0.0.0 Safari/537.36"
65.1.209.187 - - [29/Jul/2026:01:22:26 +0000] "POST /wp-cron.php?doing_wp_cron=1785288146.2964529991149902343750 HTTP/1.1" 200 31 "-" "WordPress/6.9; https://www.drjunior.in"
190.20.234.94 - - [29/Jul/2026:01:22:26 +0000] "POST /wp-admin/post.php HTTP/1.1" 302 5 "-" "Mozilla/5.0 (Windows NT 10.0; Win64; x64) AppleWebKit/537.36 (KHTML, like Gecko) Chrome/120.0.0.0 Safari/537.36"
190.20.234.94 - - [29/Jul/2026:01:22:27 +0000] "GET /wp-admin/post.php?post=1247&action=edit&message=1 HTTP/1.1" 200 82751 "-" "Mozilla/5.0 (Windows NT 10.0; Win64; x64) AppleWebKit/537.36 (KHTML, like Gecko) Chrome/120.0.0.0 Safari/537.36"
102.141.52.70 - - [29/Jul/2026:01:22:33 +0000] "GET /?p=1247 HTTP/1.1" 301 5 "-" "Mozilla/5.0 (Windows NT 10.0; Win64; x64) AppleWebKit/537.36 (KHTML, like Gecko) Chrome/120.0.0.0 Safari/537.36"
102.141.52.70 - - [29/Jul/2026:01:22:35 +0000] "GET /2026/07/29/bu-ay-pinco-kazinosunda-yeni-oyunlari-ksf-edin-4/ HTTP/1.1" 200 15408 "-" "Mozilla/5.0 (Windows NT 10.0; Win64; x64) AppleWebKit/537.36 (KHTML, like Gecko) Chrome/120.0.0.0 Safari/537.36"
102.141.52.70 - - [29/Jul/2026:01:22:39 +0000] "GET /?p=1247 HTTP/1.1" 301 5 "-" "Mozilla/5.0 (Windows NT 10.0; Win64; x64) AppleWebKit/537.36 (KHTML, like Gecko) Chrome/120.0.0.0 Safari/537.36"
102.141.52.70 - - [29/Jul/2026:01:22:41 +0000] "GET /2026/07/29/bu-ay-pinco-kazinosunda-yeni-oyunlari-ksf-edin-4/ HTTP/1.1" 200 15402 "-" "Mozilla/5.0 (Windows NT 10.0; Win64; x64) AppleWebKit/537.36 (KHTML, like Gecko) Chrome/120.0.0.0 Safari/537.36"
102.141.52.70 - - [29/Jul/2026:01:22:44 +0000] "GET /?p=1247 HTTP/1.1" 301 5 "-" "Mozilla/5.0 (Windows NT 10.0; Win64; x64) AppleWebKit/537.36 (KHTML, like Gecko) Chrome/120.0.0.0 Safari/537.36"
102.141.52.70 - - [29/Jul/2026:01:22:46 +0000] "GET /2026/07/29/bu-ay-pinco-kazinosunda-yeni-oyunlari-ksf-edin-4/ HTTP/1.1" 200 15410 "-" "Mozilla/5.0 (Windows NT 10.0; Win64; x64) AppleWebKit/537.36 (KHTML, like Gecko) Chrome/120.0.0.0 Safari/537.36"
190.107.89.161 - - [29/Jul/2026:01:22:50 +0000] "GET / HTTP/1.1" 200 15849 "-" "Mozilla/5.0 (Windows NT 10.0; Win64; x64) AppleWebKit/537.36 (KHTML, like Gecko) Chrome/120.0.0.0 Safari/537.36"
190.107.89.161 - - [29/Jul/2026:01:22:52 +0000] "GET /wp-login.php HTTP/1.1" 200 2034 "-" "Mozilla/5.0 (Windows NT 10.0; Win64; x64) AppleWebKit/537.36 (KHTML, like Gecko) Chrome/120.0.0.0 Safari/537.36"
190.107.89.161 - - [29/Jul/2026:01:22:54 +0000] "POST /wp-login.php HTTP/1.1" 302 5 "https://www.drjunior.in/wp-login.php" "Mozilla/5.0 (Windows NT 10.0; Win64; x64) AppleWebKit/537.36 (KHTML, like Gecko) Chrome/120.0.0.0 Safari/537.36"
190.107.89.161 - - [29/Jul/2026:01:22:56 +0000] "GET /wp-admin/ HTTP/1.1" 200 24227 "https://www.drjunior.in/wp-login.php" "Mozilla/5.0 (Windows NT 10.0; Win64; x64) AppleWebKit/537.36 (KHTML, like Gecko) Chrome/120.0.0.0 Safari/537.36"
49.47.197.55 - - [29/Jul/2026:01:23:00 +0000] "OPTIONS /learning-material/video/4256 HTTP/1.1" 204 0 "https://profinz.studentswebapp.quditinfotech.com/" "Mozilla/5.0 (X11; Linux x86_64) AppleWebKit/537.36 (KHTML, like Gecko) Chrome/150.0.0.0 Safari/537.36"
49.47.197.55 - - [29/Jul/2026:01:23:00 +0000] "OPTIONS /user-notifications/unread-count HTTP/1.1" 204 0 "https://profinz.studentswebapp.quditinfotech.com/" "Mozilla/5.0 (X11; Linux x86_64) AppleWebKit/537.36 (KHTML, like Gecko) Chrome/150.0.0.0 Safari/537.36"
49.47.197.55 - - [29/Jul/2026:01:23:00 +0000] "GET /learning-material/video/4256 HTTP/1.1" 304 0 "https://profinz.studentswebapp.quditinfotech.com/" "Mozilla/5.0 (X11; Linux x86_64) AppleWebKit/537.36 (KHTML, like Gecko) Chrome/150.0.0.0 Safari/537.36"
176.202.44.239 - - [29/Jul/2026:01:23:05 +0000] "GET /wp-admin/ HTTP/1.1" 200 24227 "-" "Mozilla/5.0 (Windows NT 10.0; Win64; x64) AppleWebKit/537.36 (KHTML, like Gecko) Chrome/120.0.0.0 Safari/537.36"
176.202.44.239 - - [29/Jul/2026:01:23:06 +0000] "GET /wp-admin/post-new.php HTTP/1.1" 200 79132 "-" "Mozilla/5.0 (Windows NT 10.0; Win64; x64) AppleWebKit/537.36 (KHTML, like Gecko) Chrome/120.0.0.0 Safari/537.36"
176.202.44.239 - - [29/Jul/2026:01:23:08 +0000] "POST /xmlrpc.php HTTP/1.1" 200 661 "-" "WordPress/5.0; https://www.drjunior.in"
49.47.197.55 - - [29/Jul/2026:01:23:09 +0000] "GET /user-notifications/unread-count HTTP/1.1" 499 0 "https://profinz.studentswebapp.quditinfotech.com/" "Mozilla/5.0 (X11; Linux x86_64) AppleWebKit/537.36 (KHTML, like Gecko) Chrome/150.0.0.0 Safari/537.36"
176.202.44.239 - - [29/Jul/2026:01:23:09 +0000] "GET /wp-admin/admin-ajax.php?action=rest-nonce HTTP/1.1" 200 41 "-" "Mozilla/5.0 (Windows NT 10.0; Win64; x64) AppleWebKit/537.36 (KHTML, like Gecko) Chrome/120.0.0.0 Safari/537.36"
65.1.209.187 - - [29/Jul/2026:01:23:11 +0000] "POST /wp-cron.php?doing_wp_cron=1785288191.5401749610900878906250 HTTP/1.1" 200 31 "-" "WordPress/6.9; https://www.drjunior.in"
176.202.44.239 - - [29/Jul/2026:01:23:11 +0000] "POST /xmlrpc.php HTTP/1.1" 200 190 "-" "Mozilla/5.0 (Windows NT 10.0; Win64; x64) AppleWebKit/537.36 (KHTML, like Gecko) Chrome/120.0.0.0 Safari/537.36"
176.202.44.239 - - [29/Jul/2026:01:23:12 +0000] "GET /?p=1250 HTTP/1.1" 301 5 "-" "Mozilla/5.0 (Windows NT 10.0; Win64; x64) AppleWebKit/537.36 (KHTML, like Gecko) Chrome/120.0.0.0 Safari/537.36"
176.202.44.239 - - [29/Jul/2026:01:23:13 +0000] "GET /2026/07/28/bu-ay-pinco-kazinosunda-yeni-oyunlari-ksf-edin-5/ HTTP/1.1" 200 15403 "-" "Mozilla/5.0 (Windows NT 10.0; Win64; x64) AppleWebKit/537.36 (KHTML, like Gecko) Chrome/120.0.0.0 Safari/537.36"
176.202.44.239 - - [29/Jul/2026:01:23:17 +0000] "GET /?p=1250 HTTP/1.1" 301 5 "-" "Mozilla/5.0 (Windows NT 10.0; Win64; x64) AppleWebKit/537.36 (KHTML, like Gecko) Chrome/120.0.0.0 Safari/537.36"
176.202.44.239 - - [29/Jul/2026:01:23:18 +0000] "GET /2026/07/28/bu-ay-pinco-kazinosunda-yeni-oyunlari-ksf-edin-5/ HTTP/1.1" 200 15403 "-" "Mozilla/5.0 (Windows NT 10.0; Win64; x64) AppleWebKit/537.36 (KHTML, like Gecko) Chrome/120.0.0.0 Safari/537.36"
176.202.44.239 - - [29/Jul/2026:01:23:21 +0000] "GET /?p=1250 HTTP/1.1" 301 5 "-" "Mozilla/5.0 (Windows NT 10.0; Win64; x64) AppleWebKit/537.36 (KHTML, like Gecko) Chrome/120.0.0.0 Safari/537.36"
65.1.209.187 - - [29/Jul/2026:01:23:22 +0000] "POST /wp-cron.php?doing_wp_cron=1785288202.3708720207214355468750 HTTP/1.1" 200 31 "-" "WordPress/6.7.2; https://www.trivandrumtennisclub.com"
57.141.0.19 - - [29/Jul/2026:01:23:22 +0000] "GET /member/dr-simmi-salim/ HTTP/1.1" 200 17864 "-" "Mozilla/5.0 (Windows NT 10.0; Win64; x64; rv:147.0) Gecko/20100101 Firefox/147.0 (compatible; meta-externalagent/1.1 (+https://developers.facebook.com/docs/sharing/webmasters/crawler))"
176.202.44.239 - - [29/Jul/2026:01:23:23 +0000] "GET /2026/07/28/bu-ay-pinco-kazinosunda-yeni-oyunlari-ksf-edin-5/ HTTP/1.1" 200 15398 "-" "Mozilla/5.0 (Windows NT 10.0; Win64; x64) AppleWebKit/537.36 (KHTML, like Gecko) Chrome/120.0.0.0 Safari/537.36"
65.1.209.187 - - [29/Jul/2026:01:23:24 +0000] "POST /wp-cron.php?doing_wp_cron=1785288204.6944971084594726562500 HTTP/1.1" 200 31 "-" "WordPress/6.9; https://www.drjunior.in"
176.202.44.239 - - [29/Jul/2026:01:23:24 +0000] "POST /wp-json/wp/v2/posts HTTP/1.1" 201 17632 "-" "Mozilla/5.0 (Windows NT 10.0; Win64; x64) AppleWebKit/537.36 (KHTML, like Gecko) Chrome/120.0.0.0 Safari/537.36"
176.202.44.239 - - [29/Jul/2026:01:23:26 +0000] "GET /2026/07/28/bu-ay-pinco-kazinosunda-yeni-oyunlari-ksf-edin-6/ HTTP/1.1" 200 15404 "-" "Mozilla/5.0 (Windows NT 10.0; Win64; x64) AppleWebKit/537.36 (KHTML, like Gecko) Chrome/120.0.0.0 Safari/537.36"
176.202.44.239 - - [29/Jul/2026:01:23:29 +0000] "GET /2026/07/28/bu-ay-pinco-kazinosunda-yeni-oyunlari-ksf-edin-6/ HTTP/1.1" 200 15401 "-" "Mozilla/5.0 (Windows NT 10.0; Win64; x64) AppleWebKit/537.36 (KHTML, like Gecko) Chrome/120.0.0.0 Safari/537.36"
176.202.44.239 - - [29/Jul/2026:01:23:33 +0000] "GET /2026/07/28/bu-ay-pinco-kazinosunda-yeni-oyunlari-ksf-edin-6/ HTTP/1.1" 200 15405 "-" "Mozilla/5.0 (Windows NT 10.0; Win64; x64) AppleWebKit/537.36 (KHTML, like Gecko) Chrome/120.0.0.0 Safari/537.36"
65.1.209.187 - - [29/Jul/2026:01:23:34 +0000] "POST /wp-cron.php?doing_wp_cron=1785288214.9413709640502929687500 HTTP/1.1" 200 31 "-" "WordPress/6.9; https://www.drjunior.in"
176.202.44.239 - - [29/Jul/2026:01:23:34 +0000] "POST /wp-json/wp/v2/posts HTTP/1.1" 201 17632 "-" "Mozilla/5.0 (Windows NT 10.0; Win64; x64) AppleWebKit/537.36 (KHTML, like Gecko) Chrome/120.0.0.0 Safari/537.36"
176.202.44.239 - - [29/Jul/2026:01:23:36 +0000] "GET /2026/07/28/bu-ay-pinco-kazinosunda-yeni-oyunlari-ksf-edin-7/ HTTP/1.1" 200 15404 "-" "Mozilla/5.0 (Windows NT 10.0; Win64; x64) AppleWebKit/537.36 (KHTML, like Gecko) Chrome/120.0.0.0 Safari/537.36"
176.202.44.239 - - [29/Jul/2026:01:23:39 +0000] "GET /2026/07/28/bu-ay-pinco-kazinosunda-yeni-oyunlari-ksf-edin-7/ HTTP/1.1" 200 15406 "-" "Mozilla/5.0 (Windows NT 10.0; Win64; x64) AppleWebKit/537.36 (KHTML, like Gecko) Chrome/120.0.0.0 Safari/537.36"
176.202.44.239 - - [29/Jul/2026:01:23:43 +0000] "GET /2026/07/28/bu-ay-pinco-kazinosunda-yeni-oyunlari-ksf-edin-7/ HTTP/1.1" 200 15403 "-" "Mozilla/5.0 (Windows NT 10.0; Win64; x64) AppleWebKit/537.36 (KHTML, like Gecko) Chrome/120.0.0.0 Safari/537.36"
176.202.44.239 - - [29/Jul/2026:01:23:44 +0000] "GET /wp-admin/post-new.php HTTP/1.1" 200 79144 "-" "Mozilla/5.0 (Windows NT 10.0; Win64; x64) AppleWebKit/537.36 (KHTML, like Gecko) Chrome/120.0.0.0 Safari/537.36"
65.1.209.187 - - [29/Jul/2026:01:23:47 +0000] "POST /wp-cron.php?doing_wp_cron=1785288227.5589940547943115234375 HTTP/1.1" 200 31 "-" "WordPress/6.9; https://www.drjunior.in"
176.202.44.239 - - [29/Jul/2026:01:23:47 +0000] "POST /wp-admin/post.php HTTP/1.1" 302 5 "-" "Mozilla/5.0 (Windows NT 10.0; Win64; x64) AppleWebKit/537.36 (KHTML, like Gecko) Chrome/120.0.0.0 Safari/537.36"
176.202.44.239 - - [29/Jul/2026:01:23:48 +0000] "GET /wp-admin/post.php?post=1254&action=edit&message=1 HTTP/1.1" 200 82756 "-" "Mozilla/5.0 (Windows NT 10.0; Win64; x64) AppleWebKit/537.36 (KHTML, like Gecko) Chrome/120.0.0.0 Safari/537.36"
167.100.239.202 - - [29/Jul/2026:01:23:53 +0000] "GET /?p=1254 HTTP/1.1" 301 5 "-" "Mozilla/5.0 (Windows NT 10.0; Win64; x64) AppleWebKit/537.36 (KHTML, like Gecko) Chrome/120.0.0.0 Safari/537.36"
167.100.239.202 - - [29/Jul/2026:01:23:54 +0000] "GET /2026/07/29/bu-ay-pinco-kazinosunda-yeni-oyunlari-ksf-edin-8/ HTTP/1.1" 200 15400 "-" "Mozilla/5.0 (Windows NT 10.0; Win64; x64) AppleWebKit/537.36 (KHTML, like Gecko) Chrome/120.0.0.0 Safari/537.36"
167.100.239.202 - - [29/Jul/2026:01:23:58 +0000] "GET /?p=1254 HTTP/1.1" 301 5 "-" "Mozilla/5.0 (Windows NT 10.0; Win64; x64) AppleWebKit/537.36 (KHTML, like Gecko) Chrome/120.0.0.0 Safari/537.36"
167.100.239.202 - - [29/Jul/2026:01:24:00 +0000] "GET /2026/07/29/bu-ay-pinco-kazinosunda-yeni-oyunlari-ksf-edin-8/ HTTP/1.1" 200 15404 "-" "Mozilla/5.0 (Windows NT 10.0; Win64; x64) AppleWebKit/537.36 (KHTML, like Gecko) Chrome/120.0.0.0 Safari/537.36"
167.100.239.202 - - [29/Jul/2026:01:24:04 +0000] "GET /?p=1254 HTTP/1.1" 301 5 "-" "Mozilla/5.0 (Windows NT 10.0; Win64; x64) AppleWebKit/537.36 (KHTML, like Gecko) Chrome/120.0.0.0 Safari/537.36"
167.100.239.202 - - [29/Jul/2026:01:24:05 +0000] "GET /2026/07/29/bu-ay-pinco-kazinosunda-yeni-oyunlari-ksf-edin-8/ HTTP/1.1" 200 15403 "-" "Mozilla/5.0 (Windows NT 10.0; Win64; x64) AppleWebKit/537.36 (KHTML, like Gecko) Chrome/120.0.0.0 Safari/537.36"
37.212.55.31 - - [29/Jul/2026:01:24:09 +0000] "GET / HTTP/1.1" 200 15847 "-" "Mozilla/5.0 (Windows NT 10.0; Win64; x64) AppleWebKit/537.36 (KHTML, like Gecko) Chrome/120.0.0.0 Safari/537.36"
37.212.55.31 - - [29/Jul/2026:01:24:10 +0000] "GET /wp-login.php HTTP/1.1" 200 2041 "-" "Mozilla/5.0 (Windows NT 10.0; Win64; x64) AppleWebKit/537.36 (KHTML, like Gecko) Chrome/120.0.0.0 Safari/537.36"
37.212.55.31 - - [29/Jul/2026:01:24:11 +0000] "POST /wp-login.php HTTP/1.1" 302 5 "https://www.drjunior.in/wp-login.php" "Mozilla/5.0 (Windows NT 10.0; Win64; x64) AppleWebKit/537.36 (KHTML, like Gecko) Chrome/120.0.0.0 Safari/537.36"
37.212.55.31 - - [29/Jul/2026:01:24:12 +0000] "GET /wp-admin/ HTTP/1.1" 200 24238 "https://www.drjunior.in/wp-login.php" "Mozilla/5.0 (Windows NT 10.0; Win64; x64) AppleWebKit/537.36 (KHTML, like Gecko) Chrome/120.0.0.0 Safari/537.36"
210.213.115.45 - - [29/Jul/2026:01:24:16 +0000] "GET /wp-admin/ HTTP/1.1" 200 24238 "-" "Mozilla/5.0 (Windows NT 10.0; Win64; x64) AppleWebKit/537.36 (KHTML, like Gecko) Chrome/120.0.0.0 Safari/537.36"
37.212.55.31 - - [29/Jul/2026:01:24:23 +0000] "GET /wp-admin/post-new.php HTTP/1.1" 200 79127 "-" "Mozilla/5.0 (Windows NT 10.0; Win64; x64) AppleWebKit/537.36 (KHTML, like Gecko) Chrome/120.0.0.0 Safari/537.36"
37.212.55.31 - - [29/Jul/2026:01:24:25 +0000] "POST /xmlrpc.php HTTP/1.1" 200 661 "-" "WordPress/5.0; https://www.drjunior.in"
37.212.55.31 - - [29/Jul/2026:01:24:26 +0000] "GET /wp-admin/admin-ajax.php?action=rest-nonce HTTP/1.1" 200 41 "-" "Mozilla/5.0 (Windows NT 10.0; Win64; x64) AppleWebKit/537.36 (KHTML, like Gecko) Chrome/120.0.0.0 Safari/537.36"
65.1.209.187 - - [29/Jul/2026:01:24:27 +0000] "POST /wp-cron.php?doing_wp_cron=1785288267.8572111129760742187500 HTTP/1.1" 200 31 "-" "WordPress/6.7.2; https://www.trivandrumtennisclub.com"
57.141.0.52 - - [29/Jul/2026:01:24:27 +0000] "GET /member/jctphoqbdhxypkrradeb-fmuxgkmxfaqjqgqijgfz/ HTTP/1.1" 200 17934 "-" "Mozilla/5.0 (X11; Linux x86_64) AppleWebKit/537.36 (KHTML, like Gecko) Chrome/145.0.0.0 Safari/537.36 (compatible; meta-externalagent/1.1 (+https://developers.facebook.com/docs/sharing/webmasters/crawler))"
65.1.209.187 - - [29/Jul/2026:01:24:28 +0000] "POST /wp-cron.php?doing_wp_cron=1785288268.1762518882751464843750 HTTP/1.1" 200 31 "-" "WordPress/6.9; https://www.drjunior.in"
37.212.55.31 - - [29/Jul/2026:01:24:28 +0000] "POST /xmlrpc.php HTTP/1.1" 200 190 "-" "Mozilla/5.0 (Windows NT 10.0; Win64; x64) AppleWebKit/537.36 (KHTML, like Gecko) Chrome/120.0.0.0 Safari/537.36"
