137.59.87.226 - - [29/Jul/2026:03:43:55 +0000] "GET /user-notifications/unread-count HTTP/1.1" 499 0 "https://profinz.studentswebapp.quditinfotech.com/" "Mozilla/5.0 (Linux; Android 10; K) AppleWebKit/537.36 (KHTML, like Gecko) Chrome/150.0.0.0 Mobile Safari/537.36"
137.59.87.226 - - [29/Jul/2026:03:43:56 +0000] "OPTIONS /user-notifications/unread-count HTTP/1.1" 204 0 "https://profinz.studentswebapp.quditinfotech.com/" "Mozilla/5.0 (Linux; Android 10; K) AppleWebKit/537.36 (KHTML, like Gecko) Chrome/150.0.0.0 Mobile Safari/537.36"
137.59.87.226 - - [29/Jul/2026:03:44:06 +0000] "GET /user-notifications/unread-count HTTP/1.1" 499 0 "https://profinz.studentswebapp.quditinfotech.com/" "Mozilla/5.0 (Linux; Android 10; K) AppleWebKit/537.36 (KHTML, like Gecko) Chrome/150.0.0.0 Mobile Safari/537.36"
65.1.209.187 - - [29/Jul/2026:03:44:23 +0000] "POST /wp-cron.php?doing_wp_cron=1785296663.7378780841827392578125 HTTP/1.1" 200 31 "-" "WordPress/6.7.2; https://www.trivandrumtennisclub.com"
57.141.0.48 - - [29/Jul/2026:03:44:23 +0000] "GET /member/cpvkbeidxejfoluqjoh-wtpojdllcwzmmbjcqpsz/ HTTP/1.1" 200 17739 "-" "Mozilla/5.0 (X11; Linux x86_64) AppleWebKit/537.36 (KHTML, like Gecko) Chrome/145.0.0.0 Safari/537.36 (compatible; meta-externalagent/1.1 (+https://developers.facebook.com/docs/sharing/webmasters/crawler))"
134.224.12.55 - - [29/Jul/2026:03:44:50 +0000] "POST /zoom-webhook?title=PROFINZ_CAMPUS HTTP/1.1" 200 0 "-" "Zoom Marketplace/1.0a"
134.224.12.54 - - [29/Jul/2026:03:44:50 +0000] "POST /zoom-webhook?title=PROFINZ_CAMPUS HTTP/1.1" 200 0 "-" "Zoom Marketplace/1.0a"
134.224.12.55 - - [29/Jul/2026:03:44:51 +0000] "POST /zoom-webhook?title=PROFINZ_CAMPUS HTTP/1.1" 200 0 "-" "Zoom Marketplace/1.0a"
65.1.209.187 - - [29/Jul/2026:03:44:53 +0000] "POST /wp-cron.php?doing_wp_cron=1785296693.7926070690155029296875 HTTP/1.1" 200 31 "-" "WordPress/6.7.2; https://www.trivandrumtennisclub.com"
57.141.0.35 - - [29/Jul/2026:03:44:53 +0000] "GET /member/bnejmpffdpnxfwdqqlbwi-fmfofnpeksthewlsq/ HTTP/1.1" 200 17768 "-" "Mozilla/5.0 (Windows NT 10.0; Win64; x64) AppleWebKit/537.36 (KHTML, like Gecko) Chrome/145.0.0.0 Safari/537.36 (compatible; meta-externalagent/1.1 (+https://developers.facebook.com/docs/sharing/webmasters/crawler))"
134.224.12.54 - - [29/Jul/2026:03:45:19 +0000] "POST /zoom-webhook?title=PROFINZ_CAMPUS HTTP/1.1" 200 0 "-" "Zoom Marketplace/1.0a"
134.224.12.54 - - [29/Jul/2026:03:45:21 +0000] "POST /zoom-webhook?title=PROFINZ_CAMPUS HTTP/1.1" 200 0 "-" "Zoom Marketplace/1.0a"
134.224.12.54 - - [29/Jul/2026:03:45:22 +0000] "POST /zoom-webhook?title=PROFINZ_CAMPUS HTTP/1.1" 200 0 "-" "Zoom Marketplace/1.0a"
134.224.12.54 - - [29/Jul/2026:03:45:23 +0000] "POST /zoom-webhook?title=PROFINZ_CAMPUS HTTP/1.1" 200 0 "-" "Zoom Marketplace/1.0a"
134.224.12.54 - - [29/Jul/2026:03:45:40 +0000] "POST /zoom-webhook?title=PROFINZ_CAMPUS HTTP/1.1" 200 0 "-" "Zoom Marketplace/1.0a"
137.59.87.226 - - [29/Jul/2026:03:46:16 +0000] "OPTIONS /user HTTP/1.1" 204 0 "https://profinz.studentswebapp.quditinfotech.com/" "Mozilla/5.0 (Linux; Android 10; K) AppleWebKit/537.36 (KHTML, like Gecko) Chrome/150.0.0.0 Mobile Safari/537.36"
137.59.87.226 - - [29/Jul/2026:03:46:16 +0000] "GET /user HTTP/1.1" 304 0 "https://profinz.studentswebapp.quditinfotech.com/" "Mozilla/5.0 (Linux; Android 10; K) AppleWebKit/537.36 (KHTML, like Gecko) Chrome/150.0.0.0 Mobile Safari/537.36"
137.59.87.226 - - [29/Jul/2026:03:46:16 +0000] "OPTIONS /user-notifications/unread-count HTTP/1.1" 204 0 "https://profinz.studentswebapp.quditinfotech.com/" "Mozilla/5.0 (Linux; Android 10; K) AppleWebKit/537.36 (KHTML, like Gecko) Chrome/150.0.0.0 Mobile Safari/537.36"
137.59.87.226 - - [29/Jul/2026:03:46:16 +0000] "OPTIONS /user/subscriptions/package/active HTTP/1.1" 204 0 "https://profinz.studentswebapp.quditinfotech.com/" "Mozilla/5.0 (Linux; Android 10; K) AppleWebKit/537.36 (KHTML, like Gecko) Chrome/150.0.0.0 Mobile Safari/537.36"
137.59.87.226 - - [29/Jul/2026:03:46:16 +0000] "GET /user/subscriptions/package/active HTTP/1.1" 304 0 "https://profinz.studentswebapp.quditinfotech.com/" "Mozilla/5.0 (Linux; Android 10; K) AppleWebKit/537.36 (KHTML, like Gecko) Chrome/150.0.0.0 Mobile Safari/537.36"
137.59.87.226 - - [29/Jul/2026:03:46:17 +0000] "OPTIONS /package/get-live-events-in-packages?page=1&limit=100&start_time=2026-07-29T03%3A46%3A16.354Z HTTP/1.1" 204 0 "https://profinz.studentswebapp.quditinfotech.com/" "Mozilla/5.0 (Linux; Android 10; K) AppleWebKit/537.36 (KHTML, like Gecko) Chrome/150.0.0.0 Mobile Safari/537.36"
137.59.87.226 - - [29/Jul/2026:03:46:17 +0000] "OPTIONS /package/get-live-events-in-packages?page=1&limit=100¬_yet_ended_time=2026-07-29T03%3A46%3A16.354Z HTTP/1.1" 204 0 "https://profinz.studentswebapp.quditinfotech.com/" "Mozilla/5.0 (Linux; Android 10; K) AppleWebKit/537.36 (KHTML, like Gecko) Chrome/150.0.0.0 Mobile Safari/537.36"
137.59.87.226 - - [29/Jul/2026:03:46:17 +0000] "POST /package/get-live-events-in-packages?page=1&limit=100&start_time=2026-07-29T03%3A46%3A16.354Z HTTP/1.1" 200 845 "https://profinz.studentswebapp.quditinfotech.com/" "Mozilla/5.0 (Linux; Android 10; K) AppleWebKit/537.36 (KHTML, like Gecko) Chrome/150.0.0.0 Mobile Safari/537.36"
137.59.87.226 - - [29/Jul/2026:03:46:17 +0000] "POST /package/get-live-events-in-packages?page=1&limit=100¬_yet_ended_time=2026-07-29T03%3A46%3A16.354Z HTTP/1.1" 200 845 "https://profinz.studentswebapp.quditinfotech.com/" "Mozilla/5.0 (Linux; Android 10; K) AppleWebKit/537.36 (KHTML, like Gecko) Chrome/150.0.0.0 Mobile Safari/537.36"
65.1.209.187 - - [29/Jul/2026:03:46:19 +0000] "POST /wp-cron.php?doing_wp_cron=1785296779.6940040588378906250000 HTTP/1.1" 200 31 "-" "WordPress/6.7.2; https://www.trivandrumtennisclub.com"
57.141.0.1 - - [29/Jul/2026:03:46:19 +0000] "GET /member/kings-international-aquamarine-exports-2/ HTTP/1.1" 200 17751 "-" "Mozilla/5.0 (Macintosh; Intel Mac OS X 10_15_7) AppleWebKit/537.36 (KHTML, like Gecko) Chrome/145.0.0.0 Safari/537.36 (compatible; meta-externalagent/1.1 (+https://developers.facebook.com/docs/sharing/webmasters/crawler))"
1.14.7.100 - - [29/Jul/2026:03:46:21 +0000] "HEAD /Core/Skin/Login.aspx HTTP/1.1" 404 0 "-" "Mozilla/5.0 (Windows NT 10.0; Win64; x64) AppleWebKit/537.36 (KHTML, like Gecko) Chrome/106.0.0.0 Safari/537.36"
137.59.87.226 - - [29/Jul/2026:03:46:26 +0000] "GET /user-notifications/unread-count HTTP/1.1" 499 0 "https://profinz.studentswebapp.quditinfotech.com/" "Mozilla/5.0 (Linux; Android 10; K) AppleWebKit/537.36 (KHTML, like Gecko) Chrome/150.0.0.0 Mobile Safari/537.36"
137.59.87.226 - - [29/Jul/2026:03:46:27 +0000] "OPTIONS /user-notifications/unread-count HTTP/1.1" 204 0 "https://profinz.studentswebapp.quditinfotech.com/" "Mozilla/5.0 (Linux; Android 10; K) AppleWebKit/537.36 (KHTML, like Gecko) Chrome/150.0.0.0 Mobile Safari/537.36"
137.59.87.226 - - [29/Jul/2026:03:46:34 +0000] "GET /user-notifications/unread-count HTTP/1.1" 499 0 "https://profinz.studentswebapp.quditinfotech.com/" "Mozilla/5.0 (Linux; Android 10; K) AppleWebKit/537.36 (KHTML, like Gecko) Chrome/150.0.0.0 Mobile Safari/537.36"
137.59.87.226 - - [29/Jul/2026:03:46:34 +0000] "OPTIONS /user HTTP/1.1" 204 0 "https://profinz.studentswebapp.quditinfotech.com/" "Mozilla/5.0 (Linux; Android 10; K) AppleWebKit/537.36 (KHTML, like Gecko) Chrome/150.0.0.0 Mobile Safari/537.36"
137.59.87.226 - - [29/Jul/2026:03:46:34 +0000] "GET /user HTTP/1.1" 304 0 "https://profinz.studentswebapp.quditinfotech.com/" "Mozilla/5.0 (Linux; Android 10; K) AppleWebKit/537.36 (KHTML, like Gecko) Chrome/150.0.0.0 Mobile Safari/537.36"
137.59.87.226 - - [29/Jul/2026:03:46:34 +0000] "OPTIONS /user/subscriptions/package/active HTTP/1.1" 204 0 "https://profinz.studentswebapp.quditinfotech.com/" "Mozilla/5.0 (Linux; Android 10; K) AppleWebKit/537.36 (KHTML, like Gecko) Chrome/150.0.0.0 Mobile Safari/537.36"
137.59.87.226 - - [29/Jul/2026:03:46:34 +0000] "OPTIONS /user-notifications/unread-count HTTP/1.1" 204 0 "https://profinz.studentswebapp.quditinfotech.com/" "Mozilla/5.0 (Linux; Android 10; K) AppleWebKit/537.36 (KHTML, like Gecko) Chrome/150.0.0.0 Mobile Safari/537.36"
137.59.87.226 - - [29/Jul/2026:03:46:34 +0000] "GET /user/subscriptions/package/active HTTP/1.1" 304 0 "https://profinz.studentswebapp.quditinfotech.com/" "Mozilla/5.0 (Linux; Android 10; K) AppleWebKit/537.36 (KHTML, like Gecko) Chrome/150.0.0.0 Mobile Safari/537.36"
137.59.87.226 - - [29/Jul/2026:03:46:34 +0000] "OPTIONS /package/get-live-events-in-packages?page=1&limit=100¬_yet_ended_time=2026-07-29T03%3A46%3A34.013Z HTTP/1.1" 204 0 "https://profinz.studentswebapp.quditinfotech.com/" "Mozilla/5.0 (Linux; Android 10; K) AppleWebKit/537.36 (KHTML, like Gecko) Chrome/150.0.0.0 Mobile Safari/537.36"
137.59.87.226 - - [29/Jul/2026:03:46:34 +0000] "OPTIONS /package/get-live-events-in-packages?page=1&limit=100&start_time=2026-07-29T03%3A46%3A34.013Z HTTP/1.1" 204 0 "https://profinz.studentswebapp.quditinfotech.com/" "Mozilla/5.0 (Linux; Android 10; K) AppleWebKit/537.36 (KHTML, like Gecko) Chrome/150.0.0.0 Mobile Safari/537.36"
137.59.87.226 - - [29/Jul/2026:03:46:34 +0000] "POST /package/get-live-events-in-packages?page=1&limit=100¬_yet_ended_time=2026-07-29T03%3A46%3A34.013Z HTTP/1.1" 200 845 "https://profinz.studentswebapp.quditinfotech.com/" "Mozilla/5.0 (Linux; Android 10; K) AppleWebKit/537.36 (KHTML, like Gecko) Chrome/150.0.0.0 Mobile Safari/537.36"
137.59.87.226 - - [29/Jul/2026:03:46:34 +0000] "POST /package/get-live-events-in-packages?page=1&limit=100&start_time=2026-07-29T03%3A46%3A34.013Z HTTP/1.1" 200 845 "https://profinz.studentswebapp.quditinfotech.com/" "Mozilla/5.0 (Linux; Android 10; K) AppleWebKit/537.36 (KHTML, like Gecko) Chrome/150.0.0.0 Mobile Safari/537.36"
137.59.87.226 - - [29/Jul/2026:03:46:44 +0000] "GET /user-notifications/unread-count HTTP/1.1" 499 0 "https://profinz.studentswebapp.quditinfotech.com/" "Mozilla/5.0 (Linux; Android 10; K) AppleWebKit/537.36 (KHTML, like Gecko) Chrome/150.0.0.0 Mobile Safari/537.36"
137.59.87.226 - - [29/Jul/2026:03:46:45 +0000] "OPTIONS /user-notifications/unread-count HTTP/1.1" 204 0 "https://profinz.studentswebapp.quditinfotech.com/" "Mozilla/5.0 (Linux; Android 10; K) AppleWebKit/537.36 (KHTML, like Gecko) Chrome/150.0.0.0 Mobile Safari/537.36"
134.224.12.54 - - [29/Jul/2026:03:46:48 +0000] "POST /zoom-webhook?title=PROFINZ_CAMPUS HTTP/1.1" 200 0 "-" "Zoom Marketplace/1.0a"
137.59.87.226 - - [29/Jul/2026:03:46:55 +0000] "GET /user-notifications/unread-count HTTP/1.1" 499 0 "https://profinz.studentswebapp.quditinfotech.com/" "Mozilla/5.0 (Linux; Android 10; K) AppleWebKit/537.36 (KHTML, like Gecko) Chrome/150.0.0.0 Mobile Safari/537.36"
137.59.87.226 - - [29/Jul/2026:03:47:05 +0000] "OPTIONS /user HTTP/1.1" 204 0 "https://profinz.studentswebapp.quditinfotech.com/" "Mozilla/5.0 (Linux; Android 10; K) AppleWebKit/537.36 (KHTML, like Gecko) Chrome/150.0.0.0 Mobile Safari/537.36"
137.59.87.226 - - [29/Jul/2026:03:47:05 +0000] "GET /user HTTP/1.1" 304 0 "https://profinz.studentswebapp.quditinfotech.com/" "Mozilla/5.0 (Linux; Android 10; K) AppleWebKit/537.36 (KHTML, like Gecko) Chrome/150.0.0.0 Mobile Safari/537.36"
137.59.87.226 - - [29/Jul/2026:03:47:05 +0000] "OPTIONS /user-notifications/unread-count HTTP/1.1" 204 0 "https://profinz.studentswebapp.quditinfotech.com/" "Mozilla/5.0 (Linux; Android 10; K) AppleWebKit/537.36 (KHTML, like Gecko) Chrome/150.0.0.0 Mobile Safari/537.36"
137.59.87.226 - - [29/Jul/2026:03:47:05 +0000] "OPTIONS /user/subscriptions/package/active HTTP/1.1" 204 0 "https://profinz.studentswebapp.quditinfotech.com/" "Mozilla/5.0 (Linux; Android 10; K) AppleWebKit/537.36 (KHTML, like Gecko) Chrome/150.0.0.0 Mobile Safari/537.36"
137.59.87.226 - - [29/Jul/2026:03:47:05 +0000] "GET /user/subscriptions/package/active HTTP/1.1" 304 0 "https://profinz.studentswebapp.quditinfotech.com/" "Mozilla/5.0 (Linux; Android 10; K) AppleWebKit/537.36 (KHTML, like Gecko) Chrome/150.0.0.0 Mobile Safari/537.36"
137.59.87.226 - - [29/Jul/2026:03:47:06 +0000] "OPTIONS /package/get-live-events-in-packages?page=1&limit=100¬_yet_ended_time=2026-07-29T03%3A47%3A05.439Z HTTP/1.1" 204 0 "https://profinz.studentswebapp.quditinfotech.com/" "Mozilla/5.0 (Linux; Android 10; K) AppleWebKit/537.36 (KHTML, like Gecko) Chrome/150.0.0.0 Mobile Safari/537.36"
137.59.87.226 - - [29/Jul/2026:03:47:06 +0000] "OPTIONS /package/get-live-events-in-packages?page=1&limit=100&start_time=2026-07-29T03%3A47%3A05.439Z HTTP/1.1" 204 0 "https://profinz.studentswebapp.quditinfotech.com/" "Mozilla/5.0 (Linux; Android 10; K) AppleWebKit/537.36 (KHTML, like Gecko) Chrome/150.0.0.0 Mobile Safari/537.36"
137.59.87.226 - - [29/Jul/2026:03:47:06 +0000] "POST /package/get-live-events-in-packages?page=1&limit=100¬_yet_ended_time=2026-07-29T03%3A47%3A05.439Z HTTP/1.1" 200 845 "https://profinz.studentswebapp.quditinfotech.com/" "Mozilla/5.0 (Linux; Android 10; K) AppleWebKit/537.36 (KHTML, like Gecko) Chrome/150.0.0.0 Mobile Safari/537.36"
137.59.87.226 - - [29/Jul/2026:03:47:06 +0000] "POST /package/get-live-events-in-packages?page=1&limit=100&start_time=2026-07-29T03%3A47%3A05.439Z HTTP/1.1" 200 845 "https://profinz.studentswebapp.quditinfotech.com/" "Mozilla/5.0 (Linux; Android 10; K) AppleWebKit/537.36 (KHTML, like Gecko) Chrome/150.0.0.0 Mobile Safari/537.36"
137.59.87.226 - - [29/Jul/2026:03:47:15 +0000] "GET /user-notifications/unread-count HTTP/1.1" 499 0 "https://profinz.studentswebapp.quditinfotech.com/" "Mozilla/5.0 (Linux; Android 10; K) AppleWebKit/537.36 (KHTML, like Gecko) Chrome/150.0.0.0 Mobile Safari/537.36"
137.59.87.226 - - [29/Jul/2026:03:47:16 +0000] "OPTIONS /user-notifications/unread-count HTTP/1.1" 204 0 "https://profinz.studentswebapp.quditinfotech.com/" "Mozilla/5.0 (Linux; Android 10; K) AppleWebKit/537.36 (KHTML, like Gecko) Chrome/150.0.0.0 Mobile Safari/537.36"
137.59.87.226 - - [29/Jul/2026:03:47:26 +0000] "GET /user-notifications/unread-count HTTP/1.1" 499 0 "https://profinz.studentswebapp.quditinfotech.com/" "Mozilla/5.0 (Linux; Android 10; K) AppleWebKit/537.36 (KHTML, like Gecko) Chrome/150.0.0.0 Mobile Safari/537.36"
137.59.87.226 - - [29/Jul/2026:03:47:29 +0000] "OPTIONS /user HTTP/1.1" 204 0 "https://profinz.studentswebapp.quditinfotech.com/" "Mozilla/5.0 (Linux; Android 10; K) AppleWebKit/537.36 (KHTML, like Gecko) Chrome/150.0.0.0 Mobile Safari/537.36"
137.59.87.226 - - [29/Jul/2026:03:47:29 +0000] "GET /user HTTP/1.1" 304 0 "https://profinz.studentswebapp.quditinfotech.com/" "Mozilla/5.0 (Linux; Android 10; K) AppleWebKit/537.36 (KHTML, like Gecko) Chrome/150.0.0.0 Mobile Safari/537.36"
137.59.87.226 - - [29/Jul/2026:03:47:29 +0000] "OPTIONS /user/subscriptions/package/active HTTP/1.1" 204 0 "https://profinz.studentswebapp.quditinfotech.com/" "Mozilla/5.0 (Linux; Android 10; K) AppleWebKit/537.36 (KHTML, like Gecko) Chrome/150.0.0.0 Mobile Safari/537.36"
137.59.87.226 - - [29/Jul/2026:03:47:29 +0000] "OPTIONS /user-notifications/unread-count HTTP/1.1" 204 0 "https://profinz.studentswebapp.quditinfotech.com/" "Mozilla/5.0 (Linux; Android 10; K) AppleWebKit/537.36 (KHTML, like Gecko) Chrome/150.0.0.0 Mobile Safari/537.36"
137.59.87.226 - - [29/Jul/2026:03:47:29 +0000] "GET /user/subscriptions/package/active HTTP/1.1" 304 0 "https://profinz.studentswebapp.quditinfotech.com/" "Mozilla/5.0 (Linux; Android 10; K) AppleWebKit/537.36 (KHTML, like Gecko) Chrome/150.0.0.0 Mobile Safari/537.36"
137.59.87.226 - - [29/Jul/2026:03:47:30 +0000] "OPTIONS /package/get-live-events-in-packages?page=1&limit=100&start_time=2026-07-29T03%3A47%3A29.370Z HTTP/1.1" 204 0 "https://profinz.studentswebapp.quditinfotech.com/" "Mozilla/5.0 (Linux; Android 10; K) AppleWebKit/537.36 (KHTML, like Gecko) Chrome/150.0.0.0 Mobile Safari/537.36"
137.59.87.226 - - [29/Jul/2026:03:47:30 +0000] "OPTIONS /package/get-live-events-in-packages?page=1&limit=100¬_yet_ended_time=2026-07-29T03%3A47%3A29.370Z HTTP/1.1" 204 0 "https://profinz.studentswebapp.quditinfotech.com/" "Mozilla/5.0 (Linux; Android 10; K) AppleWebKit/537.36 (KHTML, like Gecko) Chrome/150.0.0.0 Mobile Safari/537.36"
137.59.87.226 - - [29/Jul/2026:03:47:30 +0000] "POST /package/get-live-events-in-packages?page=1&limit=100¬_yet_ended_time=2026-07-29T03%3A47%3A29.370Z HTTP/1.1" 200 845 "https://profinz.studentswebapp.quditinfotech.com/" "Mozilla/5.0 (Linux; Android 10; K) AppleWebKit/537.36 (KHTML, like Gecko) Chrome/150.0.0.0 Mobile Safari/537.36"
137.59.87.226 - - [29/Jul/2026:03:47:30 +0000] "POST /package/get-live-events-in-packages?page=1&limit=100&start_time=2026-07-29T03%3A47%3A29.370Z HTTP/1.1" 200 845 "https://profinz.studentswebapp.quditinfotech.com/" "Mozilla/5.0 (Linux; Android 10; K) AppleWebKit/537.36 (KHTML, like Gecko) Chrome/150.0.0.0 Mobile Safari/537.36"
137.59.87.226 - - [29/Jul/2026:03:47:39 +0000] "GET /user-notifications/unread-count HTTP/1.1" 499 0 "https://profinz.studentswebapp.quditinfotech.com/" "Mozilla/5.0 (Linux; Android 10; K) AppleWebKit/537.36 (KHTML, like Gecko) Chrome/150.0.0.0 Mobile Safari/537.36"
137.59.87.226 - - [29/Jul/2026:03:47:40 +0000] "OPTIONS /user-notifications/unread-count HTTP/1.1" 204 0 "https://profinz.studentswebapp.quditinfotech.com/" "Mozilla/5.0 (Linux; Android 10; K) AppleWebKit/537.36 (KHTML, like Gecko) Chrome/150.0.0.0 Mobile Safari/537.36"
65.1.209.187 - - [29/Jul/2026:03:47:44 +0000] "POST /wp-cron.php?doing_wp_cron=1785296864.4605460166931152343750 HTTP/1.1" 200 31 "-" "WordPress/6.7.2; https://www.trivandrumtennisclub.com"
17.246.15.95 - - [29/Jul/2026:03:47:44 +0000] "GET /robots.txt HTTP/1.1" 200 140 "-" "Mozilla/5.0 (Macintosh; Intel Mac OS X 10_15_7) AppleWebKit/605.1.15 (KHTML, like Gecko) Version/17.4 Safari/605.1.15 (Applebot/0.1; +http://www.apple.com/go/applebot)"
17.246.23.74 - - [29/Jul/2026:03:47:45 +0000] "GET /robots.txt HTTP/1.1" 200 140 "-" "Mozilla/5.0 (Macintosh; Intel Mac OS X 10_15_7) AppleWebKit/605.1.15 (KHTML, like Gecko) Version/17.4 Safari/605.1.15 (Applebot/0.1; +http://www.apple.com/go/applebot)"
17.246.23.40 - - [29/Jul/2026:03:47:47 +0000] "GET /robots.txt HTTP/1.1" 200 140 "-" "Mozilla/5.0 (Macintosh; Intel Mac OS X 10_15_7) AppleWebKit/605.1.15 (KHTML, like Gecko) Version/17.4 Safari/605.1.15 (Applebot/0.1; +http://www.apple.com/go/applebot)"
17.246.15.95 - - [29/Jul/2026:03:47:48 +0000] "GET /robots.txt HTTP/1.1" 200 140 "-" "Mozilla/5.0 (Macintosh; Intel Mac OS X 10_15_7) AppleWebKit/605.1.15 (KHTML, like Gecko) Version/17.4 Safari/605.1.15 (Applebot/0.1; +http://www.apple.com/go/applebot)"
17.246.23.40 - - [29/Jul/2026:03:47:49 +0000] "GET /robots.txt HTTP/1.1" 200 140 "-" "Mozilla/5.0 (Macintosh; Intel Mac OS X 10_15_7) AppleWebKit/605.1.15 (KHTML, like Gecko) Version/17.4 Safari/605.1.15 (Applebot/0.1; +http://www.apple.com/go/applebot)"
137.59.87.226 - - [29/Jul/2026:03:47:50 +0000] "GET /user-notifications/unread-count HTTP/1.1" 499 0 "https://profinz.studentswebapp.quditinfotech.com/" "Mozilla/5.0 (Linux; Android 10; K) AppleWebKit/537.36 (KHTML, like Gecko) Chrome/150.0.0.0 Mobile Safari/537.36"
17.246.23.74 - - [29/Jul/2026:03:47:51 +0000] "GET /robots.txt HTTP/1.1" 200 140 "-" "Mozilla/5.0 (Macintosh; Intel Mac OS X 10_15_7) AppleWebKit/605.1.15 (KHTML, like Gecko) Version/17.4 Safari/605.1.15 (Applebot/0.1; +http://www.apple.com/go/applebot)"
134.224.12.54 - - [29/Jul/2026:03:47:54 +0000] "POST /zoom-webhook?title=PROFINZ_CAMPUS HTTP/1.1" 200 0 "-" "Zoom Marketplace/1.0a"
134.224.12.55 - - [29/Jul/2026:03:48:10 +0000] "POST /zoom-webhook?title=PROFINZ_CAMPUS HTTP/1.1" 200 0 "-" "Zoom Marketplace/1.0a"
134.224.12.54 - - [29/Jul/2026:03:48:16 +0000] "POST /zoom-webhook?title=PROFINZ_CAMPUS HTTP/1.1" 200 0 "-" "Zoom Marketplace/1.0a"
134.224.12.55 - - [29/Jul/2026:03:48:16 +0000] "POST /zoom-webhook?title=PROFINZ_CAMPUS HTTP/1.1" 200 0 "-" "Zoom Marketplace/1.0a"
134.224.12.54 - - [29/Jul/2026:03:48:17 +0000] "POST /zoom-webhook?title=PROFINZ_CAMPUS HTTP/1.1" 200 0 "-" "Zoom Marketplace/1.0a"
137.59.87.226 - - [29/Jul/2026:03:48:55 +0000] "OPTIONS /user HTTP/1.1" 204 0 "https://profinz.studentswebapp.quditinfotech.com/" "Mozilla/5.0 (Linux; Android 10; K) AppleWebKit/537.36 (KHTML, like Gecko) Chrome/150.0.0.0 Mobile Safari/537.36"
137.59.87.226 - - [29/Jul/2026:03:48:55 +0000] "GET /user HTTP/1.1" 304 0 "https://profinz.studentswebapp.quditinfotech.com/" "Mozilla/5.0 (Linux; Android 10; K) AppleWebKit/537.36 (KHTML, like Gecko) Chrome/150.0.0.0 Mobile Safari/537.36"
137.59.87.226 - - [29/Jul/2026:03:48:55 +0000] "OPTIONS /user-notifications/unread-count HTTP/1.1" 204 0 "https://profinz.studentswebapp.quditinfotech.com/" "Mozilla/5.0 (Linux; Android 10; K) AppleWebKit/537.36 (KHTML, like Gecko) Chrome/150.0.0.0 Mobile Safari/537.36"
137.59.87.226 - - [29/Jul/2026:03:48:55 +0000] "OPTIONS /user/subscriptions/package/active HTTP/1.1" 204 0 "https://profinz.studentswebapp.quditinfotech.com/" "Mozilla/5.0 (Linux; Android 10; K) AppleWebKit/537.36 (KHTML, like Gecko) Chrome/150.0.0.0 Mobile Safari/537.36"
137.59.87.226 - - [29/Jul/2026:03:48:55 +0000] "GET /user/subscriptions/package/active HTTP/1.1" 304 0 "https://profinz.studentswebapp.quditinfotech.com/" "Mozilla/5.0 (Linux; Android 10; K) AppleWebKit/537.36 (KHTML, like Gecko) Chrome/150.0.0.0 Mobile Safari/537.36"
137.59.87.226 - - [29/Jul/2026:03:48:55 +0000] "OPTIONS /package/get-live-events-in-packages?page=1&limit=100&start_time=2026-07-29T03%3A48%3A54.875Z HTTP/1.1" 204 0 "https://profinz.studentswebapp.quditinfotech.com/" "Mozilla/5.0 (Linux; Android 10; K) AppleWebKit/537.36 (KHTML, like Gecko) Chrome/150.0.0.0 Mobile Safari/537.36"
137.59.87.226 - - [29/Jul/2026:03:48:55 +0000] "OPTIONS /package/get-live-events-in-packages?page=1&limit=100¬_yet_ended_time=2026-07-29T03%3A48%3A54.876Z HTTP/1.1" 204 0 "https://profinz.studentswebapp.quditinfotech.com/" "Mozilla/5.0 (Linux; Android 10; K) AppleWebKit/537.36 (KHTML, like Gecko) Chrome/150.0.0.0 Mobile Safari/537.36"
137.59.87.226 - - [29/Jul/2026:03:48:55 +0000] "POST /package/get-live-events-in-packages?page=1&limit=100&start_time=2026-07-29T03%3A48%3A54.875Z HTTP/1.1" 200 845 "https://profinz.studentswebapp.quditinfotech.com/" "Mozilla/5.0 (Linux; Android 10; K) AppleWebKit/537.36 (KHTML, like Gecko) Chrome/150.0.0.0 Mobile Safari/537.36"
137.59.87.226 - - [29/Jul/2026:03:48:55 +0000] "POST /package/get-live-events-in-packages?page=1&limit=100¬_yet_ended_time=2026-07-29T03%3A48%3A54.876Z HTTP/1.1" 200 845 "https://profinz.studentswebapp.quditinfotech.com/" "Mozilla/5.0 (Linux; Android 10; K) AppleWebKit/537.36 (KHTML, like Gecko) Chrome/150.0.0.0 Mobile Safari/537.36"
134.224.12.55 - - [29/Jul/2026:03:48:57 +0000] "POST /zoom-webhook?title=PROFINZ_CAMPUS HTTP/1.1" 200 0 "-" "Zoom Marketplace/1.0a"
137.59.87.226 - - [29/Jul/2026:03:48:57 +0000] "GET /user-notifications/unread-count HTTP/1.1" 499 0 "https://profinz.studentswebapp.quditinfotech.com/" "Mozilla/5.0 (Linux; Android 10; K) AppleWebKit/537.36 (KHTML, like Gecko) Chrome/150.0.0.0 Mobile Safari/537.36"
137.59.87.226 - - [29/Jul/2026:03:48:58 +0000] "GET /user HTTP/1.1" 304 0 "https://profinz.studentswebapp.quditinfotech.com/" "Mozilla/5.0 (Linux; Android 10; K) AppleWebKit/537.36 (KHTML, like Gecko) Chrome/150.0.0.0 Mobile Safari/537.36"
137.59.87.226 - - [29/Jul/2026:03:48:58 +0000] "GET /user/subscriptions/package/active HTTP/1.1" 304 0 "https://profinz.studentswebapp.quditinfotech.com/" "Mozilla/5.0 (Linux; Android 10; K) AppleWebKit/537.36 (KHTML, like Gecko) Chrome/150.0.0.0 Mobile Safari/537.36"
137.59.87.226 - - [29/Jul/2026:03:48:58 +0000] "OPTIONS /package/get-live-events-in-packages?page=1&limit=100&start_time=2026-07-29T03%3A48%3A57.856Z HTTP/1.1" 204 0 "https://profinz.studentswebapp.quditinfotech.com/" "Mozilla/5.0 (Linux; Android 10; K) AppleWebKit/537.36 (KHTML, like Gecko) Chrome/150.0.0.0 Mobile Safari/537.36"
137.59.87.226 - - [29/Jul/2026:03:48:58 +0000] "OPTIONS /package/get-live-events-in-packages?page=1&limit=100¬_yet_ended_time=2026-07-29T03%3A48%3A57.857Z HTTP/1.1" 204 0 "https://profinz.studentswebapp.quditinfotech.com/" "Mozilla/5.0 (Linux; Android 10; K) AppleWebKit/537.36 (KHTML, like Gecko) Chrome/150.0.0.0 Mobile Safari/537.36"
137.59.87.226 - - [29/Jul/2026:03:48:58 +0000] "POST /package/get-live-events-in-packages?page=1&limit=100&start_time=2026-07-29T03%3A48%3A57.856Z HTTP/1.1" 200 845 "https://profinz.studentswebapp.quditinfotech.com/" "Mozilla/5.0 (Linux; Android 10; K) AppleWebKit/537.36 (KHTML, like Gecko) Chrome/150.0.0.0 Mobile Safari/537.36"
137.59.87.226 - - [29/Jul/2026:03:48:58 +0000] "POST /package/get-live-events-in-packages?page=1&limit=100¬_yet_ended_time=2026-07-29T03%3A48%3A57.857Z HTTP/1.1" 200 845 "https://profinz.studentswebapp.quditinfotech.com/" "Mozilla/5.0 (Linux; Android 10; K) AppleWebKit/537.36 (KHTML, like Gecko) Chrome/150.0.0.0 Mobile Safari/537.36"
137.59.87.226 - - [29/Jul/2026:03:49:08 +0000] "GET /user-notifications/unread-count HTTP/1.1" 499 0 "https://profinz.studentswebapp.quditinfotech.com/" "Mozilla/5.0 (Linux; Android 10; K) AppleWebKit/537.36 (KHTML, like Gecko) Chrome/150.0.0.0 Mobile Safari/537.36"
134.224.12.54 - - [29/Jul/2026:03:49:12 +0000] "POST /zoom-webhook?title=PROFINZ_CAMPUS HTTP/1.1" 200 0 "-" "Zoom Marketplace/1.0a"
65.1.209.187 - - [29/Jul/2026:03:49:15 +0000] "POST /wp-cron.php?doing_wp_cron=1785296955.6076860427856445312500 HTTP/1.1" 200 31 "-" "WordPress/6.7.2; https://www.trivandrumtennisclub.com"
57.141.0.27 - - [29/Jul/2026:03:49:15 +0000] "GET /member/dr-kumar-gopal-v/ HTTP/1.1" 200 17665 "-" "Mozilla/5.0 (Macintosh; Intel Mac OS X 10_15_7) AppleWebKit/537.36 (KHTML, like Gecko) Chrome/145.0.0.0 Safari/537.36 (compatible; meta-externalagent/1.1 (+https://developers.facebook.com/docs/sharing/webmasters/crawler))"
134.224.12.54 - - [29/Jul/2026:03:49:16 +0000] "POST /zoom-webhook?title=PROFINZ_CAMPUS HTTP/1.1" 200 0 "-" "Zoom Marketplace/1.0a"
134.224.12.54 - - [29/Jul/2026:03:49:16 +0000] "POST /zoom-webhook?title=PROFINZ_CAMPUS HTTP/1.1" 200 0 "-" "Zoom Marketplace/1.0a"
134.224.12.55 - - [29/Jul/2026:03:49:16 +0000] "POST /zoom-webhook?title=PROFINZ_CAMPUS HTTP/1.1" 200 0 "-" "Zoom Marketplace/1.0a"
134.224.12.55 - - [29/Jul/2026:03:49:38 +0000] "POST /zoom-webhook?title=PROFINZ_CAMPUS HTTP/1.1" 200 0 "-" "Zoom Marketplace/1.0a"
134.224.12.55 - - [29/Jul/2026:03:49:39 +0000] "POST /zoom-webhook?title=PROFINZ_CAMPUS HTTP/1.1" 200 0 "-" "Zoom Marketplace/1.0a"
137.59.87.226 - - [29/Jul/2026:03:50:12 +0000] "OPTIONS /user-notifications/unread-count HTTP/1.1" 204 0 "https://profinz.studentswebapp.quditinfotech.com/" "Mozilla/5.0 (Linux; Android 10; K) AppleWebKit/537.36 (KHTML, like Gecko) Chrome/150.0.0.0 Mobile Safari/537.36"
137.59.87.226 - - [29/Jul/2026:03:50:14 +0000] "GET /user-notifications/unread-count HTTP/1.1" 499 0 "https://profinz.studentswebapp.quditinfotech.com/" "Mozilla/5.0 (Linux; Android 10; K) AppleWebKit/537.36 (KHTML, like Gecko) Chrome/150.0.0.0 Mobile Safari/537.36"
137.59.87.226 - - [29/Jul/2026:03:50:15 +0000] "OPTIONS /user HTTP/1.1" 204 0 "https://profinz.studentswebapp.quditinfotech.com/" "Mozilla/5.0 (Linux; Android 10; K) AppleWebKit/537.36 (KHTML, like Gecko) Chrome/150.0.0.0 Mobile Safari/537.36"
137.59.87.226 - - [29/Jul/2026:03:50:15 +0000] "GET /user HTTP/1.1" 304 0 "https://profinz.studentswebapp.quditinfotech.com/" "Mozilla/5.0 (Linux; Android 10; K) AppleWebKit/537.36 (KHTML, like Gecko) Chrome/150.0.0.0 Mobile Safari/537.36"
137.59.87.226 - - [29/Jul/2026:03:50:15 +0000] "OPTIONS /user/subscriptions/package/active HTTP/1.1" 204 0 "https://profinz.studentswebapp.quditinfotech.com/" "Mozilla/5.0 (Linux; Android 10; K) AppleWebKit/537.36 (KHTML, like Gecko) Chrome/150.0.0.0 Mobile Safari/537.36"
137.59.87.226 - - [29/Jul/2026:03:50:15 +0000] "GET /user/subscriptions/package/active HTTP/1.1" 304 0 "https://profinz.studentswebapp.quditinfotech.com/" "Mozilla/5.0 (Linux; Android 10; K) AppleWebKit/537.36 (KHTML, like Gecko) Chrome/150.0.0.0 Mobile Safari/537.36"
137.59.87.226 - - [29/Jul/2026:03:50:15 +0000] "OPTIONS /package/get-live-events-in-packages?page=1&limit=100&start_time=2026-07-29T03%3A50%3A15.090Z HTTP/1.1" 204 0 "https://profinz.studentswebapp.quditinfotech.com/" "Mozilla/5.0 (Linux; Android 10; K) AppleWebKit/537.36 (KHTML, like Gecko) Chrome/150.0.0.0 Mobile Safari/537.36"
137.59.87.226 - - [29/Jul/2026:03:50:15 +0000] "OPTIONS /package/get-live-events-in-packages?page=1&limit=100¬_yet_ended_time=2026-07-29T03%3A50%3A15.091Z HTTP/1.1" 204 0 "https://profinz.studentswebapp.quditinfotech.com/" "Mozilla/5.0 (Linux; Android 10; K) AppleWebKit/537.36 (KHTML, like Gecko) Chrome/150.0.0.0 Mobile Safari/537.36"
137.59.87.226 - - [29/Jul/2026:03:50:15 +0000] "POST /package/get-live-events-in-packages?page=1&limit=100&start_time=2026-07-29T03%3A50%3A15.090Z HTTP/1.1" 200 845 "https://profinz.studentswebapp.quditinfotech.com/" "Mozilla/5.0 (Linux; Android 10; K) AppleWebKit/537.36 (KHTML, like Gecko) Chrome/150.0.0.0 Mobile Safari/537.36"
137.59.87.226 - - [29/Jul/2026:03:50:15 +0000] "POST /package/get-live-events-in-packages?page=1&limit=100¬_yet_ended_time=2026-07-29T03%3A50%3A15.091Z HTTP/1.1" 200 845 "https://profinz.studentswebapp.quditinfotech.com/" "Mozilla/5.0 (Linux; Android 10; K) AppleWebKit/537.36 (KHTML, like Gecko) Chrome/150.0.0.0 Mobile Safari/537.36"
137.59.87.226 - - [29/Jul/2026:03:50:22 +0000] "OPTIONS /live-event/213 HTTP/1.1" 204 0 "https://profinz.studentswebapp.quditinfotech.com/" "Mozilla/5.0 (Linux; Android 10; K) AppleWebKit/537.36 (KHTML, like Gecko) Chrome/150.0.0.0 Mobile Safari/537.36"
137.59.87.226 - - [29/Jul/2026:03:50:22 +0000] "GET /live-event/213 HTTP/1.1" 200 938 "https://profinz.studentswebapp.quditinfotech.com/" "Mozilla/5.0 (Linux; Android 10; K) AppleWebKit/537.36 (KHTML, like Gecko) Chrome/150.0.0.0 Mobile Safari/537.36"
137.59.87.226 - - [29/Jul/2026:03:50:25 +0000] "GET /user-notifications/unread-count HTTP/1.1" 499 0 "https://profinz.studentswebapp.quditinfotech.com/" "Mozilla/5.0 (Linux; Android 10; K) AppleWebKit/537.36 (KHTML, like Gecko) Chrome/150.0.0.0 Mobile Safari/537.36"
137.59.87.226 - - [29/Jul/2026:03:50:26 +0000] "OPTIONS /user-notifications/unread-count HTTP/1.1" 204 0 "https://profinz.studentswebapp.quditinfotech.com/" "Mozilla/5.0 (Linux; Android 10; K) AppleWebKit/537.36 (KHTML, like Gecko) Chrome/150.0.0.0 Mobile Safari/537.36"
134.224.12.54 - - [29/Jul/2026:03:50:30 +0000] "POST /zoom-webhook?title=PROFINZ_CAMPUS HTTP/1.1" 200 0 "-" "Zoom Marketplace/1.0a"
137.59.87.226 - - [29/Jul/2026:03:50:35 +0000] "GET /user-notifications/unread-count HTTP/1.1" 499 0 "https://profinz.studentswebapp.quditinfotech.com/" "Mozilla/5.0 (Linux; Android 10; K) AppleWebKit/537.36 (KHTML, like Gecko) Chrome/150.0.0.0 Mobile Safari/537.36"
80.94.95.211 - - [29/Jul/2026:03:50:45 +0000] "GET /.env HTTP/1.1" 404 162 "-" "Mozilla/5.0 (X11; U; Linux i686; nl-NL; rv:1.8.1.9) Gecko/20071105 Firefox/2.0.0.9"
80.94.95.211 - - [29/Jul/2026:03:50:45 +0000] "GET /.env.php HTTP/1.1" 404 162 "-" "Mozilla/5.0 (X11; U; Linux i686; nl-NL; rv:1.8.1.9) Gecko/20071105 Firefox/2.0.0.9"
80.94.95.211 - - [29/Jul/2026:03:50:45 +0000] "GET /.env.sample.php HTTP/1.1" 404 162 "-" "Mozilla/5.0 (X11; U; Linux i686; nl-NL; rv:1.8.1.9) Gecko/20071105 Firefox/2.0.0.9"
80.94.95.211 - - [29/Jul/2026:03:50:45 +0000] "GET /.env.local.php HTTP/1.1" 404 162 "-" "Mozilla/5.0 (X11; U; Linux i686; nl-NL; rv:1.8.1.9) Gecko/20071105 Firefox/2.0.0.9"
80.94.95.211 - - [29/Jul/2026:03:50:45 +0000] "GET /.env.production.php HTTP/1.1" 404 162 "-" "Mozilla/5.0 (X11; U; Linux i686; nl-NL; rv:1.8.1.9) Gecko/20071105 Firefox/2.0.0.9"
80.94.95.211 - - [29/Jul/2026:03:50:45 +0000] "GET /config.dev.php HTTP/1.1" 404 162 "-" "Mozilla/5.0 (X11; U; Linux i686; nl-NL; rv:1.8.1.9) Gecko/20071105 Firefox/2.0.0.9"
80.94.95.211 - - [29/Jul/2026:03:50:45 +0000] "GET /config.env HTTP/1.1" 404 162 "-" "Mozilla/5.0 (X11; U; Linux i686; nl-NL; rv:1.8.1.9) Gecko/20071105 Firefox/2.0.0.9"
80.94.95.211 - - [29/Jul/2026:03:50:46 +0000] "GET /twilio/.env.php HTTP/1.1" 404 162 "-" "Mozilla/5.0 (X11; U; Linux i686; nl-NL; rv:1.8.1.9) Gecko/20071105 Firefox/2.0.0.9"
80.94.95.211 - - [29/Jul/2026:03:50:46 +0000] "GET /config/.env.php HTTP/1.1" 404 162 "-" "Mozilla/5.0 (X11; U; Linux i686; nl-NL; rv:1.8.1.9) Gecko/20071105 Firefox/2.0.0.9"
80.94.95.211 - - [29/Jul/2026:03:50:46 +0000] "GET /sendgrid/.env.php HTTP/1.1" 404 162 "-" "Mozilla/5.0 (X11; U; Linux i686; nl-NL; rv:1.8.1.9) Gecko/20071105 Firefox/2.0.0.9"
80.94.95.211 - - [29/Jul/2026:03:50:46 +0000] "GET /.env.php.bak HTTP/1.1" 404 162 "-" "Mozilla/5.0 (X11; U; Linux i686; nl-NL; rv:1.8.1.9) Gecko/20071105 Firefox/2.0.0.9"
80.94.95.211 - - [29/Jul/2026:03:50:46 +0000] "GET /.env.php-bak HTTP/1.1" 404 162 "-" "Mozilla/5.0 (X11; U; Linux i686; nl-NL; rv:1.8.1.9) Gecko/20071105 Firefox/2.0.0.9"
80.94.95.211 - - [29/Jul/2026:03:50:46 +0000] "GET /.env.php-backup HTTP/1.1" 404 162 "-" "Mozilla/5.0 (X11; U; Linux i686; nl-NL; rv:1.8.1.9) Gecko/20071105 Firefox/2.0.0.9"
80.94.95.211 - - [29/Jul/2026:03:50:47 +0000] "GET /.env.php.backup HTTP/1.1" 404 162 "-" "Mozilla/5.0 (X11; U; Linux i686; nl-NL; rv:1.8.1.9) Gecko/20071105 Firefox/2.0.0.9"
80.94.95.211 - - [29/Jul/2026:03:50:47 +0000] "GET /test/.env.php HTTP/1.1" 404 162 "-" "Mozilla/5.0 (X11; U; Linux i686; nl-NL; rv:1.8.1.9) Gecko/20071105 Firefox/2.0.0.9"
80.94.95.211 - - [29/Jul/2026:03:50:47 +0000] "GET /.env.example.php HTTP/1.1" 404 162 "-" "Mozilla/5.0 (X11; U; Linux i686; nl-NL; rv:1.8.1.9) Gecko/20071105 Firefox/2.0.0.9"
80.94.95.211 - - [29/Jul/2026:03:50:47 +0000] "GET /app_dev.php/_profiler/.env HTTP/1.1" 404 162 "-" "Mozilla/5.0 (X11; U; Linux i686; nl-NL; rv:1.8.1.9) Gecko/20071105 Firefox/2.0.0.9"
80.94.95.211 - - [29/Jul/2026:03:50:47 +0000] "GET /var/.env.local.php HTTP/1.1" 404 162 "-" "Mozilla/5.0 (X11; U; Linux i686; nl-NL; rv:1.8.1.9) Gecko/20071105 Firefox/2.0.0.9"
80.94.95.211 - - [29/Jul/2026:03:50:47 +0000] "GET /api/.env HTTP/1.1" 404 162 "-" "Mozilla/5.0 (X11; U; Linux i686; nl-NL; rv:1.8.1.9) Gecko/20071105 Firefox/2.0.0.9"
80.94.95.211 - - [29/Jul/2026:03:50:47 +0000] "GET /app/.env HTTP/1.1" 404 162 "-" "Mozilla/5.0 (X11; U; Linux i686; nl-NL; rv:1.8.1.9) Gecko/20071105 Firefox/2.0.0.9"
80.94.95.211 - - [29/Jul/2026:03:50:48 +0000] "GET /admin/.env HTTP/1.1" 404 162 "-" "Mozilla/5.0 (X11; U; Linux i686; nl-NL; rv:1.8.1.9) Gecko/20071105 Firefox/2.0.0.9"
80.94.95.211 - - [29/Jul/2026:03:50:48 +0000] "GET /.env.production HTTP/1.1" 404 162 "-" "Mozilla/5.0 (X11; U; Linux i686; nl-NL; rv:1.8.1.9) Gecko/20071105 Firefox/2.0.0.9"
134.224.12.54 - - [29/Jul/2026:03:50:48 +0000] "POST /zoom-webhook?title=PROFINZ_CAMPUS HTTP/1.1" 200 0 "-" "Zoom Marketplace/1.0a"
80.94.95.211 - - [29/Jul/2026:03:50:48 +0000] "GET /.env.save HTTP/1.1" 404 162 "-" "Mozilla/5.0 (X11; U; Linux i686; nl-NL; rv:1.8.1.9) Gecko/20071105 Firefox/2.0.0.9"
80.94.95.211 - - [29/Jul/2026:03:50:48 +0000] "GET /backend/.env HTTP/1.1" 404 162 "-" "Mozilla/5.0 (X11; U; Linux i686; nl-NL; rv:1.8.1.9) Gecko/20071105 Firefox/2.0.0.9"
80.94.95.211 - - [29/Jul/2026:03:50:48 +0000] "GET /core/.env HTTP/1.1" 404 162 "-" "Mozilla/5.0 (X11; U; Linux i686; nl-NL; rv:1.8.1.9) Gecko/20071105 Firefox/2.0.0.9"
80.94.95.211 - - [29/Jul/2026:03:50:48 +0000] "GET /laravel/.env HTTP/1.1" 404 162 "-" "Mozilla/5.0 (X11; U; Linux i686; nl-NL; rv:1.8.1.9) Gecko/20071105 Firefox/2.0.0.9"
80.94.95.211 - - [29/Jul/2026:03:50:49 +0000] "GET /.env.example HTTP/1.1" 404 162 "-" "Mozilla/5.0 (X11; U; Linux i686; nl-NL; rv:1.8.1.9) Gecko/20071105 Firefox/2.0.0.9"
80.94.95.211 - - [29/Jul/2026:03:50:49 +0000] "GET /.env.prod HTTP/1.1" 404 162 "-" "Mozilla/5.0 (X11; U; Linux i686; nl-NL; rv:1.8.1.9) Gecko/20071105 Firefox/2.0.0.9"
80.94.95.211 - - [29/Jul/2026:03:50:49 +0000] "GET /.env.local HTTP/1.1" 404 162 "-" "Mozilla/5.0 (X11; U; Linux i686; nl-NL; rv:1.8.1.9) Gecko/20071105 Firefox/2.0.0.9"
80.94.95.211 - - [29/Jul/2026:03:50:49 +0000] "GET /media/.env HTTP/1.1" 404 162 "-" "Mozilla/5.0 (X11; U; Linux i686; nl-NL; rv:1.8.1.9) Gecko/20071105 Firefox/2.0.0.9"
80.94.95.211 - - [29/Jul/2026:03:50:49 +0000] "GET /uploads/.env HTTP/1.1" 404 162 "-" "Mozilla/5.0 (X11; U; Linux i686; nl-NL; rv:1.8.1.9) Gecko/20071105 Firefox/2.0.0.9"
80.94.95.211 - - [29/Jul/2026:03:50:49 +0000] "GET /sources/.env HTTP/1.1" 404 162 "-" "Mozilla/5.0 (X11; U; Linux i686; nl-NL; rv:1.8.1.9) Gecko/20071105 Firefox/2.0.0.9"
80.94.95.211 - - [29/Jul/2026:03:50:49 +0000] "GET /main/.env HTTP/1.1" 404 162 "-" "Mozilla/5.0 (X11; U; Linux i686; nl-NL; rv:1.8.1.9) Gecko/20071105 Firefox/2.0.0.9"
80.94.95.211 - - [29/Jul/2026:03:50:50 +0000] "GET /.env.txt HTTP/1.1" 404 162 "-" "Mozilla/5.0 (X11; U; Linux i686; nl-NL; rv:1.8.1.9) Gecko/20071105 Firefox/2.0.0.9"
80.94.95.211 - - [29/Jul/2026:03:50:50 +0000] "GET /tmp/.env HTTP/1.1" 404 162 "-" "Mozilla/5.0 (X11; U; Linux i686; nl-NL; rv:1.8.1.9) Gecko/20071105 Firefox/2.0.0.9"
80.94.95.211 - - [29/Jul/2026:03:50:50 +0000] "GET /data/.env HTTP/1.1" 404 162 "-" "Mozilla/5.0 (X11; U; Linux i686; nl-NL; rv:1.8.1.9) Gecko/20071105 Firefox/2.0.0.9"
80.94.95.211 - - [29/Jul/2026:03:50:50 +0000] "GET /docker/app/.env HTTP/1.1" 404 162 "-" "Mozilla/5.0 (X11; U; Linux i686; nl-NL; rv:1.8.1.9) Gecko/20071105 Firefox/2.0.0.9"
80.94.95.211 - - [29/Jul/2026:03:50:50 +0000] "GET /fedex/.env HTTP/1.1" 404 162 "-" "Mozilla/5.0 (X11; U; Linux i686; nl-NL; rv:1.8.1.9) Gecko/20071105 Firefox/2.0.0.9"
80.94.95.211 - - [29/Jul/2026:03:50:50 +0000] "GET /.env.config HTTP/1.1" 404 162 "-" "Mozilla/5.0 (X11; U; Linux i686; nl-NL; rv:1.8.1.9) Gecko/20071105 Firefox/2.0.0.9"
80.94.95.211 - - [29/Jul/2026:03:50:50 +0000] "GET /en/.env HTTP/1.1" 404 162 "-" "Mozilla/5.0 (X11; U; Linux i686; nl-NL; rv:1.8.1.9) Gecko/20071105 Firefox/2.0.0.9"
80.94.95.211 - - [29/Jul/2026:03:50:51 +0000] "GET /.env.template HTTP/1.1" 404 162 "-" "Mozilla/5.0 (X11; U; Linux i686; nl-NL; rv:1.8.1.9) Gecko/20071105 Firefox/2.0.0.9"
80.94.95.211 - - [29/Jul/2026:03:50:51 +0000] "GET /.envrc HTTP/1.1" 404 162 "-" "Mozilla/5.0 (X11; U; Linux i686; nl-NL; rv:1.8.1.9) Gecko/20071105 Firefox/2.0.0.9"
80.94.95.211 - - [29/Jul/2026:03:50:51 +0000] "GET /script/.env HTTP/1.1" 404 162 "-" "Mozilla/5.0 (X11; U; Linux i686; nl-NL; rv:1.8.1.9) Gecko/20071105 Firefox/2.0.0.9"
134.224.12.55 - - [29/Jul/2026:03:50:51 +0000] "POST /zoom-webhook?title=PROFINZ_CAMPUS HTTP/1.1" 200 0 "-" "Zoom Marketplace/1.0a"
80.94.95.211 - - [29/Jul/2026:03:50:51 +0000] "GET /laravel/core/.env HTTP/1.1" 404 162 "-" "Mozilla/5.0 (X11; U; Linux i686; nl-NL; rv:1.8.1.9) Gecko/20071105 Firefox/2.0.0.9"
80.94.95.211 - - [29/Jul/2026:03:50:51 +0000] "GET /docs/.env HTTP/1.1" 404 162 "-" "Mozilla/5.0 (X11; U; Linux i686; nl-NL; rv:1.8.1.9) Gecko/20071105 Firefox/2.0.0.9"
80.94.95.211 - - [29/Jul/2026:03:50:51 +0000] "GET /core/app/.env HTTP/1.1" 404 162 "-" "Mozilla/5.0 (X11; U; Linux i686; nl-NL; rv:1.8.1.9) Gecko/20071105 Firefox/2.0.0.9"
80.94.95.211 - - [29/Jul/2026:03:50:51 +0000] "GET /.env.test.local HTTP/1.1" 404 162 "-" "Mozilla/5.0 (X11; U; Linux i686; nl-NL; rv:1.8.1.9) Gecko/20071105 Firefox/2.0.0.9"
80.94.95.211 - - [29/Jul/2026:03:50:52 +0000] "GET /html/.env HTTP/1.1" 404 162 "-" "Mozilla/5.0 (X11; U; Linux i686; nl-NL; rv:1.8.1.9) Gecko/20071105 Firefox/2.0.0.9"
80.94.95.211 - - [29/Jul/2026:03:50:52 +0000] "GET /developer/.env HTTP/1.1" 404 162 "-" "Mozilla/5.0 (X11; U; Linux i686; nl-NL; rv:1.8.1.9) Gecko/20071105 Firefox/2.0.0.9"
80.94.95.211 - - [29/Jul/2026:03:50:52 +0000] "GET /public_html/.env HTTP/1.1" 404 162 "-" "Mozilla/5.0 (X11; U; Linux i686; nl-NL; rv:1.8.1.9) Gecko/20071105 Firefox/2.0.0.9"
80.94.95.211 - - [29/Jul/2026:03:50:52 +0000] "GET /nginx/.env HTTP/1.1" 404 162 "-" "Mozilla/5.0 (X11; U; Linux i686; nl-NL; rv:1.8.1.9) Gecko/20071105 Firefox/2.0.0.9"
80.94.95.211 - - [29/Jul/2026:03:50:52 +0000] "GET /kyc/.env HTTP/1.1" 404 162 "-" "Mozilla/5.0 (X11; U; Linux i686; nl-NL; rv:1.8.1.9) Gecko/20071105 Firefox/2.0.0.9"
80.94.95.211 - - [29/Jul/2026:03:50:52 +0000] "GET /sitemaps/.env HTTP/1.1" 404 162 "-" "Mozilla/5.0 (X11; U; Linux i686; nl-NL; rv:1.8.1.9) Gecko/20071105 Firefox/2.0.0.9"
80.94.95.211 - - [29/Jul/2026:03:50:53 +0000] "GET /.env.swp HTTP/1.1" 404 162 "-" "Mozilla/5.0 (X11; U; Linux i686; nl-NL; rv:1.8.1.9) Gecko/20071105 Firefox/2.0.0.9"
80.94.95.211 - - [29/Jul/2026:03:50:53 +0000] "GET /new/.env.staging HTTP/1.1" 404 162 "-" "Mozilla/5.0 (X11; U; Linux i686; nl-NL; rv:1.8.1.9) Gecko/20071105 Firefox/2.0.0.9"
80.94.95.211 - - [29/Jul/2026:03:50:53 +0000] "GET /.env.docker.dev HTTP/1.1" 404 162 "-" "Mozilla/5.0 (X11; U; Linux i686; nl-NL; rv:1.8.1.9) Gecko/20071105 Firefox/2.0.0.9"
80.94.95.211 - - [29/Jul/2026:03:50:53 +0000] "GET /cronlab/.env HTTP/1.1" 404 162 "-" "Mozilla/5.0 (X11; U; Linux i686; nl-NL; rv:1.8.1.9) Gecko/20071105 Firefox/2.0.0.9"
80.94.95.211 - - [29/Jul/2026:03:50:53 +0000] "GET /.env.project HTTP/1.1" 404 162 "-" "Mozilla/5.0 (X11; U; Linux i686; nl-NL; rv:1.8.1.9) Gecko/20071105 Firefox/2.0.0.9"
80.94.95.211 - - [29/Jul/2026:03:50:53 +0000] "GET /home/.env HTTP/1.1" 404 162 "-" "Mozilla/5.0 (X11; U; Linux i686; nl-NL; rv:1.8.1.9) Gecko/20071105 Firefox/2.0.0.9"
134.224.12.55 - - [29/Jul/2026:03:50:58 +0000] "POST /zoom-webhook?title=PROFINZ_CAMPUS HTTP/1.1" 200 0 "-" "Zoom Marketplace/1.0a"
65.1.209.187 - - [29/Jul/2026:03:51:11 +0000] "POST /wp-cron.php?doing_wp_cron=1785297071.0835011005401611328125 HTTP/1.1" 200 31 "-" "WordPress/6.7.2; https://www.trivandrumtennisclub.com"
57.141.0.46 - - [29/Jul/2026:03:51:11 +0000] "GET /member/oqglopjblnyzntgktmupzhyz-acblgxerqwposuqmhtmwofp/ HTTP/1.1" 200 17951 "-" "Mozilla/5.0 (Windows NT 10.0; Win64; x64) AppleWebKit/537.36 (KHTML, like Gecko) Chrome/145.0.0.0 Safari/537.36 (compatible; meta-externalagent/1.1 (+https://developers.facebook.com/docs/sharing/webmasters/crawler))"
57.141.0.6 - - [29/Jul/2026:03:51:17 +0000] "GET /member/sri-ajaikumar-a/ HTTP/1.1" 200 17862 "-" "Mozilla/5.0 (X11; Linux x86_64) AppleWebKit/537.36 (KHTML, like Gecko) Chrome/145.0.0.0 Safari/537.36 (compatible; meta-externalagent/1.1 (+https://developers.facebook.com/docs/sharing/webmasters/crawler))"
216.73.216.144 - - [29/Jul/2026:03:51:20 +0000] "GET /robots.txt HTTP/1.1" 200 127 "-" "Mozilla/5.0 AppleWebKit/537.36 (KHTML, like Gecko; compatible; ClaudeBot/1.0; +claudebot@anthropic.com)"
216.73.216.144 - - [29/Jul/2026:03:51:21 +0000] "GET /wp-sitemap.xml HTTP/1.1" 200 549 "-" "Mozilla/5.0 AppleWebKit/537.36 (KHTML, like Gecko; compatible; ClaudeBot/1.0; +claudebot@anthropic.com)"
116.68.73.115 - - [29/Jul/2026:03:51:32 +0000] "OPTIONS /user HTTP/1.1" 204 0 "https://profinz.studentswebapp.quditinfotech.com/" "Mozilla/5.0 (Linux; Android 10; K) AppleWebKit/537.36 (KHTML, like Gecko) Chrome/150.0.0.0 Mobile Safari/537.36"
116.68.73.115 - - [29/Jul/2026:03:51:32 +0000] "GET /user HTTP/1.1" 304 0 "https://profinz.studentswebapp.quditinfotech.com/" "Mozilla/5.0 (Linux; Android 10; K) AppleWebKit/537.36 (KHTML, like Gecko) Chrome/150.0.0.0 Mobile Safari/537.36"
116.68.73.115 - - [29/Jul/2026:03:51:32 +0000] "OPTIONS /user-notifications/unread-count HTTP/1.1" 204 0 "https://profinz.studentswebapp.quditinfotech.com/" "Mozilla/5.0 (Linux; Android 10; K) AppleWebKit/537.36 (KHTML, like Gecko) Chrome/150.0.0.0 Mobile Safari/537.36"
116.68.73.115 - - [29/Jul/2026:03:51:32 +0000] "OPTIONS /user/subscriptions/package/active HTTP/1.1" 204 0 "https://profinz.studentswebapp.quditinfotech.com/" "Mozilla/5.0 (Linux; Android 10; K) AppleWebKit/537.36 (KHTML, like Gecko) Chrome/150.0.0.0 Mobile Safari/537.36"
116.68.73.115 - - [29/Jul/2026:03:51:32 +0000] "GET /user/subscriptions/package/active HTTP/1.1" 304 0 "https://profinz.studentswebapp.quditinfotech.com/" "Mozilla/5.0 (Linux; Android 10; K) AppleWebKit/537.36 (KHTML, like Gecko) Chrome/150.0.0.0 Mobile Safari/537.36"
116.68.73.115 - - [29/Jul/2026:03:51:32 +0000] "OPTIONS /package/get-live-recordings-in-packages?page=1&limit=12 HTTP/1.1" 204 0 "https://profinz.studentswebapp.quditinfotech.com/" "Mozilla/5.0 (Linux; Android 10; K) AppleWebKit/537.36 (KHTML, like Gecko) Chrome/150.0.0.0 Mobile Safari/537.36"
116.68.73.115 - - [29/Jul/2026:03:51:32 +0000] "OPTIONS /package/get-folders-for-live-recordings?root_only=false HTTP/1.1" 204 0 "https://profinz.studentswebapp.quditinfotech.com/" "Mozilla/5.0 (Linux; Android 10; K) AppleWebKit/537.36 (KHTML, like Gecko) Chrome/150.0.0.0 Mobile Safari/537.36"
116.68.73.115 - - [29/Jul/2026:03:51:32 +0000] "OPTIONS /package/get-live-recordings-in-packages?page=1&limit=100 HTTP/1.1" 204 0 "https://profinz.studentswebapp.quditinfotech.com/" "Mozilla/5.0 (Linux; Android 10; K) AppleWebKit/537.36 (KHTML, like Gecko) Chrome/150.0.0.0 Mobile Safari/537.36"
116.68.73.115 - - [29/Jul/2026:03:51:32 +0000] "POST /package/get-live-recordings-in-packages?page=1&limit=12 HTTP/1.1" 200 11910 "https://profinz.studentswebapp.quditinfotech.com/" "Mozilla/5.0 (Linux; Android 10; K) AppleWebKit/537.36 (KHTML, like Gecko) Chrome/150.0.0.0 Mobile Safari/537.36"
116.68.73.115 - - [29/Jul/2026:03:51:32 +0000] "POST /package/get-folders-for-live-recordings?root_only=false HTTP/1.1" 200 867 "https://profinz.studentswebapp.quditinfotech.com/" "Mozilla/5.0 (Linux; Android 10; K) AppleWebKit/537.36 (KHTML, like Gecko) Chrome/150.0.0.0 Mobile Safari/537.36"
116.68.73.115 - - [29/Jul/2026:03:51:32 +0000] "POST /package/get-live-recordings-in-packages?page=1&limit=100 HTTP/1.1" 200 25833 "https://profinz.studentswebapp.quditinfotech.com/" "Mozilla/5.0 (Linux; Android 10; K) AppleWebKit/537.36 (KHTML, like Gecko) Chrome/150.0.0.0 Mobile Safari/537.36"
116.68.73.115 - - [29/Jul/2026:03:51:37 +0000] "OPTIONS /package/get-live-events-in-packages?page=1&limit=100¬_yet_ended_time=2026-07-29T03%3A51%3A37.009Z HTTP/1.1" 204 0 "https://profinz.studentswebapp.quditinfotech.com/" "Mozilla/5.0 (Linux; Android 10; K) AppleWebKit/537.36 (KHTML, like Gecko) Chrome/150.0.0.0 Mobile Safari/537.36"
116.68.73.115 - - [29/Jul/2026:03:51:37 +0000] "OPTIONS /package/get-live-events-in-packages?page=1&limit=100&start_time=2026-07-29T03%3A51%3A36.999Z HTTP/1.1" 204 0 "https://profinz.studentswebapp.quditinfotech.com/" "Mozilla/5.0 (Linux; Android 10; K) AppleWebKit/537.36 (KHTML, like Gecko) Chrome/150.0.0.0 Mobile Safari/537.36"
116.68.73.115 - - [29/Jul/2026:03:51:37 +0000] "POST /package/get-live-events-in-packages?page=1&limit=100&start_time=2026-07-29T03%3A51%3A36.999Z HTTP/1.1" 200 845 "https://profinz.studentswebapp.quditinfotech.com/" "Mozilla/5.0 (Linux; Android 10; K) AppleWebKit/537.36 (KHTML, like Gecko) Chrome/150.0.0.0 Mobile Safari/537.36"
116.68.73.115 - - [29/Jul/2026:03:51:37 +0000] "POST /package/get-live-events-in-packages?page=1&limit=100¬_yet_ended_time=2026-07-29T03%3A51%3A37.009Z HTTP/1.1" 200 845 "https://profinz.studentswebapp.quditinfotech.com/" "Mozilla/5.0 (Linux; Android 10; K) AppleWebKit/537.36 (KHTML, like Gecko) Chrome/150.0.0.0 Mobile Safari/537.36"
116.68.73.115 - - [29/Jul/2026:03:51:38 +0000] "OPTIONS /live-event/213 HTTP/1.1" 204 0 "https://profinz.studentswebapp.quditinfotech.com/" "Mozilla/5.0 (Linux; Android 10; K) AppleWebKit/537.36 (KHTML, like Gecko) Chrome/150.0.0.0 Mobile Safari/537.36"
116.68.73.115 - - [29/Jul/2026:03:51:38 +0000] "GET /live-event/213 HTTP/1.1" 200 938 "https://profinz.studentswebapp.quditinfotech.com/" "Mozilla/5.0 (Linux; Android 10; K) AppleWebKit/537.36 (KHTML, like Gecko) Chrome/150.0.0.0 Mobile Safari/537.36"
106.194.38.103 - - [29/Jul/2026:03:51:40 +0000] "OPTIONS /user HTTP/1.1" 204 0 "https://profinz.studentswebapp.quditinfotech.com/" "Mozilla/5.0 (Linux; Android 10; K) AppleWebKit/537.36 (KHTML, like Gecko) Chrome/150.0.0.0 Mobile Safari/537.36"
106.194.38.103 - - [29/Jul/2026:03:51:40 +0000] "GET /user HTTP/1.1" 304 0 "https://profinz.studentswebapp.quditinfotech.com/" "Mozilla/5.0 (Linux; Android 10; K) AppleWebKit/537.36 (KHTML, like Gecko) Chrome/150.0.0.0 Mobile Safari/537.36"
106.194.38.103 - - [29/Jul/2026:03:51:41 +0000] "OPTIONS /user/subscriptions/package/active HTTP/1.1" 204 0 "https://profinz.studentswebapp.quditinfotech.com/" "Mozilla/5.0 (Linux; Android 10; K) AppleWebKit/537.36 (KHTML, like Gecko) Chrome/150.0.0.0 Mobile Safari/537.36"
106.194.38.103 - - [29/Jul/2026:03:51:41 +0000] "OPTIONS /user-notifications/unread-count HTTP/1.1" 204 0 "https://profinz.studentswebapp.quditinfotech.com/" "Mozilla/5.0 (Linux; Android 10; K) AppleWebKit/537.36 (KHTML, like Gecko) Chrome/150.0.0.0 Mobile Safari/537.36"
106.194.38.103 - - [29/Jul/2026:03:51:41 +0000] "GET /user/subscriptions/package/active HTTP/1.1" 304 0 "https://profinz.studentswebapp.quditinfotech.com/" "Mozilla/5.0 (Linux; Android 10; K) AppleWebKit/537.36 (KHTML, like Gecko) Chrome/150.0.0.0 Mobile Safari/537.36"
106.194.38.103 - - [29/Jul/2026:03:51:41 +0000] "OPTIONS /learning-material/video/4064 HTTP/1.1" 204 0 "https://profinz.studentswebapp.quditinfotech.com/" "Mozilla/5.0 (Linux; Android 10; K) AppleWebKit/537.36 (KHTML, like Gecko) Chrome/150.0.0.0 Mobile Safari/537.36"
106.194.38.103 - - [29/Jul/2026:03:51:41 +0000] "GET /learning-material/video/4064 HTTP/1.1" 304 0 "https://profinz.studentswebapp.quditinfotech.com/" "Mozilla/5.0 (Linux; Android 10; K) AppleWebKit/537.36 (KHTML, like Gecko) Chrome/150.0.0.0 Mobile Safari/537.36"
116.68.73.115 - - [29/Jul/2026:03:51:42 +0000] "GET /user-notifications/unread-count HTTP/1.1" 499 0 "https://profinz.studentswebapp.quditinfotech.com/" "Mozilla/5.0 (Linux; Android 10; K) AppleWebKit/537.36 (KHTML, like Gecko) Chrome/150.0.0.0 Mobile Safari/537.36"
106.194.38.103 - - [29/Jul/2026:03:51:44 +0000] "GET /user-notifications/unread-count HTTP/1.1" 499 0 "https://profinz.studentswebapp.quditinfotech.com/" "Mozilla/5.0 (Linux; Android 10; K) AppleWebKit/537.36 (KHTML, like Gecko) Chrome/150.0.0.0 Mobile Safari/537.36"
134.224.12.55 - - [29/Jul/2026:03:51:49 +0000] "POST /zoom-webhook?title=PROFINZ_CAMPUS HTTP/1.1" 200 0 "-" "Zoom Marketplace/1.0a"
