106.76.191.180 - - [29/Jul/2026:01:53:05 +0000] "POST /package/get-live-events-in-packages?not_yet_ended_time=2026-07-29T01:53:04.954Z HTTP/1.1" 200 115 "-" "okhttp/3.12.12"
106.76.191.180 - - [29/Jul/2026:01:53:05 +0000] "POST /package/get-live-events-in-packages?not_yet_ended_time=2026-07-29T01:53:05.025Z HTTP/1.1" 200 115 "-" "okhttp/3.12.12"
106.76.191.180 - - [29/Jul/2026:01:53:05 +0000] "POST /get/learning-material/exams?page=1&limit=6 HTTP/1.1" 200 126 "-" "okhttp/3.12.12"
106.76.191.180 - - [29/Jul/2026:01:53:05 +0000] "POST /get/learning-material/notes?page=1&limit=6 HTTP/1.1" 200 126 "-" "okhttp/3.12.12"
106.76.191.180 - - [29/Jul/2026:01:53:05 +0000] "POST /get/learning-material/notes?page=1&limit=10 HTTP/1.1" 200 127 "-" "okhttp/3.12.12"
106.76.191.180 - - [29/Jul/2026:01:53:05 +0000] "POST /get/learning-material/notes?page=1&limit=10 HTTP/1.1" 200 127 "-" "okhttp/3.12.12"
106.76.191.180 - - [29/Jul/2026:01:53:05 +0000] "POST /get/learning-material/exams?page=1&limit=10 HTTP/1.1" 200 127 "-" "okhttp/3.12.12"
106.76.191.180 - - [29/Jul/2026:01:53:05 +0000] "POST /package/get-live-events-in-packages?not_yet_ended_time=2026-07-29T01:53:05.081Z HTTP/1.1" 200 115 "-" "okhttp/3.12.12"
106.76.191.180 - - [29/Jul/2026:01:53:05 +0000] "POST /package/get-live-events-in-packages?limit=1&page=1&start_time=2026-07-29T01:53:05.082Z HTTP/1.1" 200 114 "-" "okhttp/3.12.12"
106.76.191.180 - - [29/Jul/2026:01:53:05 +0000] "POST /package/get-live-recordings-in-packages?limit=6&page=1 HTTP/1.1" 200 5591 "-" "okhttp/3.12.12"
106.76.191.180 - - [29/Jul/2026:01:53:05 +0000] "POST /get/learning-material/exams?page=1&limit=6 HTTP/1.1" 200 126 "-" "okhttp/3.12.12"
106.76.191.180 - - [29/Jul/2026:01:53:05 +0000] "POST /package/get-live-events-in-packages?limit=1&page=1&start_time=2026-07-29T01:53:05.027Z HTTP/1.1" 200 114 "-" "okhttp/3.12.12"
106.76.191.180 - - [29/Jul/2026:01:53:05 +0000] "POST /get/learning-material/notes?page=1&limit=6 HTTP/1.1" 200 126 "-" "okhttp/3.12.12"
106.76.191.180 - - [29/Jul/2026:01:53:05 +0000] "POST /package/get-live-recordings-in-packages?limit=6&page=1 HTTP/1.1" 200 5591 "-" "okhttp/3.12.12"
106.76.191.180 - - [29/Jul/2026:01:53:05 +0000] "POST /package/get-live-recordings-in-packages?limit=10&page=1 HTTP/1.1" 200 9063 "-" "okhttp/3.12.12"
106.76.191.180 - - [29/Jul/2026:01:53:06 +0000] "POST /package/get-live-recordings-in-packages?limit=10&page=2 HTTP/1.1" 200 6834 "-" "okhttp/3.12.12"
106.76.191.180 - - [29/Jul/2026:01:53:11 +0000] "GET /learning-material/video/4669 HTTP/1.1" 200 2084 "-" "okhttp/3.12.12"
20.203.133.142 - - [29/Jul/2026:01:53:16 +0000] "GET /wp-content/plugins/hellopress/wp_filemanager.php HTTP/1.1" 404 162 "-" "-"
20.203.133.142 - - [29/Jul/2026:01:53:16 +0000] "GET /this_is_a_new_hello_world.php HTTP/1.1" 404 162 "-" "-"
20.203.133.142 - - [29/Jul/2026:01:53:16 +0000] "GET /3PJcpMFsD8B.php HTTP/1.1" 404 162 "-" "-"
20.203.133.142 - - [29/Jul/2026:01:53:16 +0000] "GET /media.php HTTP/1.1" 404 162 "-" "-"
20.203.133.142 - - [29/Jul/2026:01:53:17 +0000] "GET /images.php HTTP/1.1" 404 162 "-" "-"
65.1.209.187 - - [29/Jul/2026:01:53:17 +0000] "POST /wp-cron.php?doing_wp_cron=1785289997.0908520221710205078125 HTTP/1.1" 200 31 "-" "WordPress/6.7.2; https://www.trivandrumtennisclub.com"
78.142.140.182 - - [29/Jul/2026:01:53:17 +0000] "POST /xmlrpc.php HTTP/1.1" 200 415 "-" "Mozilla/5.0 (Windows NT 10.0; rv:144.0) Gecko/20100101 Firefox/144.0"
20.203.133.142 - - [29/Jul/2026:01:53:17 +0000] "GET /adminner.php HTTP/1.1" 404 162 "-" "-"
20.203.133.142 - - [29/Jul/2026:01:53:17 +0000] "GET ///admin.php HTTP/1.1" 404 162 "-" "-"
20.203.133.142 - - [29/Jul/2026:01:53:17 +0000] "GET /ops.php HTTP/1.1" 404 162 "-" "-"
20.203.133.142 - - [29/Jul/2026:01:53:17 +0000] "GET /mac.php HTTP/1.1" 404 162 "-" "-"
20.203.133.142 - - [29/Jul/2026:01:53:17 +0000] "GET /wefile.php HTTP/1.1" 404 162 "-" "-"
20.203.133.142 - - [29/Jul/2026:01:53:17 +0000] "GET /.well-known/about.php HTTP/1.1" 404 162 "-" "-"
20.203.133.142 - - [29/Jul/2026:01:53:17 +0000] "GET /wp-includes/ID3/about.php HTTP/1.1" 404 162 "-" "-"
20.203.133.142 - - [29/Jul/2026:01:53:18 +0000] "GET /wp-admin/css/ HTTP/1.1" 404 162 "-" "-"
20.203.133.142 - - [29/Jul/2026:01:53:18 +0000] "GET /wp-admin/css/colors/modern/ HTTP/1.1" 404 162 "-" "-"
20.203.133.142 - - [29/Jul/2026:01:53:18 +0000] "GET /pucci.php HTTP/1.1" 404 162 "-" "-"
20.203.133.142 - - [29/Jul/2026:01:53:18 +0000] "GET /wp-includes/blocks/audio/ HTTP/1.1" 404 162 "-" "-"
20.203.133.142 - - [29/Jul/2026:01:53:18 +0000] "GET /wp-temp.php HTTP/1.1" 404 162 "-" "-"
20.203.133.142 - - [29/Jul/2026:01:53:18 +0000] "GET /xmu.php HTTP/1.1" 404 162 "-" "-"
20.203.133.142 - - [29/Jul/2026:01:53:19 +0000] "GET //wp-admin/js/index.php HTTP/1.1" 404 162 "-" "-"
20.203.133.142 - - [29/Jul/2026:01:53:19 +0000] "GET /8.php HTTP/1.1" 404 162 "-" "-"
20.203.133.142 - - [29/Jul/2026:01:53:19 +0000] "GET /1.php HTTP/1.1" 404 162 "-" "-"
20.203.133.142 - - [29/Jul/2026:01:53:19 +0000] "GET /wp-content/admin.php HTTP/1.1" 404 162 "-" "-"
20.203.133.142 - - [29/Jul/2026:01:53:19 +0000] "GET //f6.php HTTP/1.1" 404 162 "-" "-"
20.203.133.142 - - [29/Jul/2026:01:53:19 +0000] "GET /wp-content/themes/index.php HTTP/1.1" 404 162 "-" "-"
20.203.133.142 - - [29/Jul/2026:01:53:19 +0000] "GET /ms-edit.php HTTP/1.1" 404 162 "-" "-"
20.203.133.142 - - [29/Jul/2026:01:53:19 +0000] "GET /222.php HTTP/1.1" 404 162 "-" "-"
20.203.133.142 - - [29/Jul/2026:01:53:20 +0000] "GET //cgi-bin/index.php HTTP/1.1" 404 162 "-" "-"
20.203.133.142 - - [29/Jul/2026:01:53:20 +0000] "GET //wp-includes/css/dist/ HTTP/1.1" 404 162 "-" "-"
20.203.133.142 - - [29/Jul/2026:01:53:20 +0000] "GET //wp-includes/l10n/ HTTP/1.1" 404 162 "-" "-"
20.203.133.142 - - [29/Jul/2026:01:53:20 +0000] "GET /wp-content/uploads/ HTTP/1.1" 404 162 "-" "-"
20.203.133.142 - - [29/Jul/2026:01:53:20 +0000] "GET /raw.php HTTP/1.1" 404 162 "-" "-"
20.203.133.142 - - [29/Jul/2026:01:53:20 +0000] "GET //a1.php HTTP/1.1" 404 162 "-" "-"
20.203.133.142 - - [29/Jul/2026:01:53:20 +0000] "GET /wp-includes/Text/Diff/Engine/about.php HTTP/1.1" 404 162 "-" "-"
20.203.133.142 - - [29/Jul/2026:01:53:20 +0000] "GET //cgi-bin/admin.php HTTP/1.1" 404 162 "-" "-"
20.203.133.142 - - [29/Jul/2026:01:53:21 +0000] "GET //wp-content/BypassBest.php HTTP/1.1" 404 162 "-" "-"
20.203.133.142 - - [29/Jul/2026:01:53:21 +0000] "GET /wp-content/ HTTP/1.1" 404 162 "-" "-"
20.203.133.142 - - [29/Jul/2026:01:53:21 +0000] "GET /simple.php HTTP/1.1" 404 162 "-" "-"
20.203.133.142 - - [29/Jul/2026:01:53:21 +0000] "GET /xxx.php HTTP/1.1" 404 162 "-" "-"
20.203.133.142 - - [29/Jul/2026:01:53:21 +0000] "GET /wp-admin/css/colors/blue/ HTTP/1.1" 404 162 "-" "-"
20.203.133.142 - - [29/Jul/2026:01:53:21 +0000] "GET //wp-includes/block-bindings/ HTTP/1.1" 404 162 "-" "-"
20.203.133.142 - - [29/Jul/2026:01:53:21 +0000] "GET /file.php? HTTP/1.1" 404 162 "-" "-"
20.203.133.142 - - [29/Jul/2026:01:53:22 +0000] "GET /aa2.php HTTP/1.1" 404 162 "-" "-"
20.203.133.142 - - [29/Jul/2026:01:53:22 +0000] "GET /ccou.php HTTP/1.1" 404 162 "-" "-"
20.203.133.142 - - [29/Jul/2026:01:53:22 +0000] "GET /dr.php HTTP/1.1" 404 162 "-" "-"
20.203.133.142 - - [29/Jul/2026:01:53:22 +0000] "GET /f35.php HTTP/1.1" 404 162 "-" "-"
20.203.133.142 - - [29/Jul/2026:01:53:23 +0000] "GET /wp-load.php HTTP/1.1" 404 162 "-" "-"
20.203.133.142 - - [29/Jul/2026:01:53:23 +0000] "GET //wp-includes/assets/ HTTP/1.1" 404 162 "-" "-"
20.203.133.142 - - [29/Jul/2026:01:53:23 +0000] "GET /wp-admin/css/colors/sunrise/ HTTP/1.1" 404 162 "-" "-"
20.203.133.142 - - [29/Jul/2026:01:53:23 +0000] "GET /wp-admin/css/colors/midnight/about.php HTTP/1.1" 404 162 "-" "-"
20.203.133.142 - - [29/Jul/2026:01:53:23 +0000] "GET /wp-links.php HTTP/1.1" 404 162 "-" "-"
20.203.133.142 - - [29/Jul/2026:01:53:23 +0000] "GET /2P.update.php HTTP/1.1" 404 162 "-" "-"
20.203.133.142 - - [29/Jul/2026:01:53:24 +0000] "GET /a.php HTTP/1.1" 404 162 "-" "-"
20.203.133.142 - - [29/Jul/2026:01:53:24 +0000] "GET /k.php HTTP/1.1" 404 162 "-" "-"
20.203.133.142 - - [29/Jul/2026:01:53:24 +0000] "GET /w.php HTTP/1.1" 404 162 "-" "-"
20.203.133.142 - - [29/Jul/2026:01:53:24 +0000] "GET /insc.php HTTP/1.1" 404 162 "-" "-"
20.203.133.142 - - [29/Jul/2026:01:53:24 +0000] "GET /4PJcpMFsD8B.php HTTP/1.1" 404 162 "-" "-"
20.203.133.142 - - [29/Jul/2026:01:53:24 +0000] "GET /sss.php?p= HTTP/1.1" 404 162 "-" "-"
20.203.133.142 - - [29/Jul/2026:01:53:24 +0000] "GET //aa.php HTTP/1.1" 404 162 "-" "-"
20.203.133.142 - - [29/Jul/2026:01:53:25 +0000] "GET /177.php HTTP/1.1" 404 162 "-" "-"
20.203.133.142 - - [29/Jul/2026:01:53:25 +0000] "GET /hur.php HTTP/1.1" 404 162 "-" "-"
20.203.133.142 - - [29/Jul/2026:01:53:25 +0000] "GET /coffexium.php HTTP/1.1" 404 162 "-" "-"
20.203.133.142 - - [29/Jul/2026:01:53:25 +0000] "GET /0.php HTTP/1.1" 404 162 "-" "-"
20.203.133.142 - - [29/Jul/2026:01:53:25 +0000] "GET /BDKR28.php HTTP/1.1" 404 162 "-" "-"
20.203.133.142 - - [29/Jul/2026:01:53:25 +0000] "GET /f35.update.php HTTP/1.1" 404 162 "-" "-"
20.203.133.142 - - [29/Jul/2026:01:53:25 +0000] "GET /f900.php HTTP/1.1" 404 162 "-" "-"
20.203.133.142 - - [29/Jul/2026:01:53:26 +0000] "GET /xmrl.php HTTP/1.1" 404 162 "-" "-"
20.203.133.142 - - [29/Jul/2026:01:53:26 +0000] "GET /memberfuns.php HTTP/1.1" 404 162 "-" "-"
20.203.133.142 - - [29/Jul/2026:01:53:26 +0000] "GET /ms.php HTTP/1.1" 404 162 "-" "-"
20.203.133.142 - - [29/Jul/2026:01:53:26 +0000] "GET /zz.php?p= HTTP/1.1" 404 162 "-" "-"
20.203.133.142 - - [29/Jul/2026:01:53:26 +0000] "GET /for.php HTTP/1.1" 404 162 "-" "-"
20.203.133.142 - - [29/Jul/2026:01:53:26 +0000] "GET /yup.php HTTP/1.1" 404 162 "-" "-"
20.203.133.142 - - [29/Jul/2026:01:53:26 +0000] "GET /fffm.php?p= HTTP/1.1" 404 162 "-" "-"
20.203.133.142 - - [29/Jul/2026:01:53:26 +0000] "GET /gecko.php HTTP/1.1" 404 162 "-" "-"
20.203.133.142 - - [29/Jul/2026:01:53:27 +0000] "GET //a1.php HTTP/1.1" 404 162 "-" "-"
20.203.133.142 - - [29/Jul/2026:01:53:27 +0000] "GET /k2.php HTTP/1.1" 404 162 "-" "-"
20.203.133.142 - - [29/Jul/2026:01:53:27 +0000] "GET /82.php HTTP/1.1" 404 162 "-" "-"
20.203.133.142 - - [29/Jul/2026:01:53:27 +0000] "GET /config.json.php HTTP/1.1" 404 162 "-" "-"
20.203.133.142 - - [29/Jul/2026:01:53:30 +0000] "GET /fpwch.php HTTP/1.1" 404 162 "-" "-"
20.203.133.142 - - [29/Jul/2026:01:53:30 +0000] "GET //2.php HTTP/1.1" 404 162 "-" "-"
20.203.133.142 - - [29/Jul/2026:01:53:30 +0000] "GET /xstelth.php HTTP/1.1" 404 162 "-" "-"
20.203.133.142 - - [29/Jul/2026:01:53:30 +0000] "GET /xp.php HTTP/1.1" 404 162 "-" "-"
20.203.133.142 - - [29/Jul/2026:01:53:30 +0000] "GET /nwflm.php HTTP/1.1" 404 162 "-" "-"
20.203.133.142 - - [29/Jul/2026:01:53:30 +0000] "GET /reop3.php?p= HTTP/1.1" 404 162 "-" "-"
20.203.133.142 - - [29/Jul/2026:01:53:30 +0000] "GET /green.php HTTP/1.1" 404 162 "-" "-"
20.203.133.142 - - [29/Jul/2026:01:53:31 +0000] "GET /zildan.php HTTP/1.1" 404 162 "-" "-"
20.203.133.142 - - [29/Jul/2026:01:53:31 +0000] "GET /111.php HTTP/1.1" 404 162 "-" "-"
20.203.133.142 - - [29/Jul/2026:01:53:31 +0000] "GET /kir.php HTTP/1.1" 404 162 "-" "-"
20.203.133.142 - - [29/Jul/2026:01:53:31 +0000] "GET //wp-includes/Requests/ HTTP/1.1" 404 162 "-" "-"
20.203.133.142 - - [29/Jul/2026:01:53:31 +0000] "GET /002.php?p= HTTP/1.1" 404 162 "-" "-"
20.203.133.142 - - [29/Jul/2026:01:53:31 +0000] "GET //wp.php? HTTP/1.1" 404 162 "-" "-"
20.203.133.142 - - [29/Jul/2026:01:53:31 +0000] "GET /edit.php HTTP/1.1" 404 162 "-" "-"
20.203.133.142 - - [29/Jul/2026:01:53:31 +0000] "GET /dex.php HTTP/1.1" 404 162 "-" "-"
20.203.133.142 - - [29/Jul/2026:01:53:32 +0000] "GET /v2.php HTTP/1.1" 404 162 "-" "-"
20.203.133.142 - - [29/Jul/2026:01:53:32 +0000] "GET /biufile.php HTTP/1.1" 404 162 "-" "-"
20.203.133.142 - - [29/Jul/2026:01:53:32 +0000] "GET /inputs.php? HTTP/1.1" 404 162 "-" "-"
20.203.133.142 - - [29/Jul/2026:01:53:33 +0000] "GET /inputs.php HTTP/1.1" 404 162 "-" "-"
20.203.133.142 - - [29/Jul/2026:01:53:33 +0000] "GET //adminfuns.php HTTP/1.1" 404 162 "-" "-"
20.203.133.142 - - [29/Jul/2026:01:53:34 +0000] "GET /goods.php HTTP/1.1" 404 162 "-" "-"
20.203.133.142 - - [29/Jul/2026:01:53:34 +0000] "GET /about.php? HTTP/1.1" 404 162 "-" "-"
20.203.133.142 - - [29/Jul/2026:01:53:34 +0000] "GET /about.php HTTP/1.1" 404 162 "-" "-"
20.203.133.142 - - [29/Jul/2026:01:53:34 +0000] "GET /admin.php HTTP/1.1" 404 162 "-" "-"
20.203.133.142 - - [29/Jul/2026:01:53:34 +0000] "GET /admin.php? HTTP/1.1" 404 162 "-" "-"
20.203.133.142 - - [29/Jul/2026:01:53:34 +0000] "GET //themes.php HTTP/1.1" 404 162 "-" "-"
20.203.133.142 - - [29/Jul/2026:01:53:34 +0000] "GET /chosen.php? HTTP/1.1" 404 162 "-" "-"
20.203.133.142 - - [29/Jul/2026:01:53:34 +0000] "GET /hypo.php HTTP/1.1" 404 162 "-" "-"
5.61.209.44 - - [29/Jul/2026:01:53:59 +0000] "GET /SDK/webLanguage HTTP/1.1" 404 196 "-" "Mozilla/5.0 (Windows NT 10.0; Win64; x64) AppleWebKit/537.36 (KHTML, like Gecko) Chrome/90.0.4430.85 Safari/537.36 Edg/90.0.818.46"
1.39.116.232 - - [29/Jul/2026:01:54:17 +0000] "OPTIONS /user HTTP/1.1" 204 0 "https://profinz.studentswebapp.quditinfotech.com/" "Mozilla/5.0 (Linux; Android 10; K) AppleWebKit/537.36 (KHTML, like Gecko) Chrome/150.0.0.0 Mobile Safari/537.36"
1.39.116.232 - - [29/Jul/2026:01:54:17 +0000] "GET /user HTTP/1.1" 304 0 "https://profinz.studentswebapp.quditinfotech.com/" "Mozilla/5.0 (Linux; Android 10; K) AppleWebKit/537.36 (KHTML, like Gecko) Chrome/150.0.0.0 Mobile Safari/537.36"
1.39.116.232 - - [29/Jul/2026:01:54:18 +0000] "OPTIONS /user-notifications/unread-count HTTP/1.1" 204 0 "https://profinz.studentswebapp.quditinfotech.com/" "Mozilla/5.0 (Linux; Android 10; K) AppleWebKit/537.36 (KHTML, like Gecko) Chrome/150.0.0.0 Mobile Safari/537.36"
1.39.116.232 - - [29/Jul/2026:01:54:18 +0000] "OPTIONS /user/subscriptions/package/active HTTP/1.1" 204 0 "https://profinz.studentswebapp.quditinfotech.com/" "Mozilla/5.0 (Linux; Android 10; K) AppleWebKit/537.36 (KHTML, like Gecko) Chrome/150.0.0.0 Mobile Safari/537.36"
1.39.116.232 - - [29/Jul/2026:01:54:18 +0000] "GET /user/subscriptions/package/active HTTP/1.1" 304 0 "https://profinz.studentswebapp.quditinfotech.com/" "Mozilla/5.0 (Linux; Android 10; K) AppleWebKit/537.36 (KHTML, like Gecko) Chrome/150.0.0.0 Mobile Safari/537.36"
1.39.116.232 - - [29/Jul/2026:01:54:18 +0000] "OPTIONS /learning-material/video/4811 HTTP/1.1" 204 0 "https://profinz.studentswebapp.quditinfotech.com/" "Mozilla/5.0 (Linux; Android 10; K) AppleWebKit/537.36 (KHTML, like Gecko) Chrome/150.0.0.0 Mobile Safari/537.36"
1.39.116.232 - - [29/Jul/2026:01:54:18 +0000] "GET /learning-material/video/4811 HTTP/1.1" 304 0 "https://profinz.studentswebapp.quditinfotech.com/" "Mozilla/5.0 (Linux; Android 10; K) AppleWebKit/537.36 (KHTML, like Gecko) Chrome/150.0.0.0 Mobile Safari/537.36"
1.39.116.232 - - [29/Jul/2026:01:54:28 +0000] "GET /user-notifications/unread-count HTTP/1.1" 499 0 "https://profinz.studentswebapp.quditinfotech.com/" "Mozilla/5.0 (Linux; Android 10; K) AppleWebKit/537.36 (KHTML, like Gecko) Chrome/150.0.0.0 Mobile Safari/537.36"
1.39.116.232 - - [29/Jul/2026:01:54:29 +0000] "OPTIONS /user-notifications/unread-count HTTP/1.1" 204 0 "https://profinz.studentswebapp.quditinfotech.com/" "Mozilla/5.0 (Linux; Android 10; K) AppleWebKit/537.36 (KHTML, like Gecko) Chrome/150.0.0.0 Mobile Safari/537.36"
188.133.5.46 - - [29/Jul/2026:01:54:31 +0000] "GET / HTTP/1.1" 200 15842 "-" "Mozilla/5.0 (Windows NT 10.0; Win64; x64) AppleWebKit/537.36 (KHTML, like Gecko) Chrome/120.0.0.0 Safari/537.36"
188.133.5.46 - - [29/Jul/2026:01:54:33 +0000] "GET /wp-login.php HTTP/1.1" 200 2040 "-" "Mozilla/5.0 (Windows NT 10.0; Win64; x64) AppleWebKit/537.36 (KHTML, like Gecko) Chrome/120.0.0.0 Safari/537.36"
188.133.5.46 - - [29/Jul/2026:01:54:35 +0000] "POST /wp-login.php HTTP/1.1" 302 5 "https://www.drjunior.in/wp-login.php" "Mozilla/5.0 (Windows NT 10.0; Win64; x64) AppleWebKit/537.36 (KHTML, like Gecko) Chrome/120.0.0.0 Safari/537.36"
188.133.5.46 - - [29/Jul/2026:01:54:37 +0000] "GET /wp-admin/ HTTP/1.1" 200 24158 "https://www.drjunior.in/wp-login.php" "Mozilla/5.0 (Windows NT 10.0; Win64; x64) AppleWebKit/537.36 (KHTML, like Gecko) Chrome/120.0.0.0 Safari/537.36"
1.39.116.232 - - [29/Jul/2026:01:54:39 +0000] "GET /user-notifications/unread-count HTTP/1.1" 499 0 "https://profinz.studentswebapp.quditinfotech.com/" "Mozilla/5.0 (Linux; Android 10; K) AppleWebKit/537.36 (KHTML, like Gecko) Chrome/150.0.0.0 Mobile Safari/537.36"
177.221.182.127 - - [29/Jul/2026:01:54:42 +0000] "GET /wp-admin/ HTTP/1.1" 200 24158 "-" "Mozilla/5.0 (Windows NT 10.0; Win64; x64) AppleWebKit/537.36 (KHTML, like Gecko) Chrome/120.0.0.0 Safari/537.36"
177.221.182.127 - - [29/Jul/2026:01:54:44 +0000] "GET /wp-admin/post-new.php HTTP/1.1" 200 79119 "-" "Mozilla/5.0 (Windows NT 10.0; Win64; x64) AppleWebKit/537.36 (KHTML, like Gecko) Chrome/120.0.0.0 Safari/537.36"
177.221.182.127 - - [29/Jul/2026:01:54:46 +0000] "POST /xmlrpc.php HTTP/1.1" 200 661 "-" "WordPress/5.0; https://www.drjunior.in"
177.221.182.127 - - [29/Jul/2026:01:54:48 +0000] "GET /wp-admin/admin-ajax.php?action=rest-nonce HTTP/1.1" 200 41 "-" "Mozilla/5.0 (Windows NT 10.0; Win64; x64) AppleWebKit/537.36 (KHTML, like Gecko) Chrome/120.0.0.0 Safari/537.36"
65.1.209.187 - - [29/Jul/2026:01:54:49 +0000] "POST /wp-cron.php?doing_wp_cron=1785290089.9517168998718261718750 HTTP/1.1" 200 31 "-" "WordPress/6.9; https://www.drjunior.in"
177.221.182.127 - - [29/Jul/2026:01:54:49 +0000] "POST /xmlrpc.php HTTP/1.1" 200 190 "-" "Mozilla/5.0 (Windows NT 10.0; Win64; x64) AppleWebKit/537.36 (KHTML, like Gecko) Chrome/120.0.0.0 Safari/537.36"
177.221.182.127 - - [29/Jul/2026:01:54:51 +0000] "GET /?p=1427 HTTP/1.1" 301 5 "-" "Mozilla/5.0 (Windows NT 10.0; Win64; x64) AppleWebKit/537.36 (KHTML, like Gecko) Chrome/120.0.0.0 Safari/537.36"
177.221.182.127 - - [29/Jul/2026:01:54:53 +0000] "GET /2026/07/28/poradnik-kasyna-online-wplata-blik-bez-ukrytych-oplat/ HTTP/1.1" 200 15454 "-" "Mozilla/5.0 (Windows NT 10.0; Win64; x64) AppleWebKit/537.36 (KHTML, like Gecko) Chrome/120.0.0.0 Safari/537.36"
177.221.182.127 - - [29/Jul/2026:01:54:57 +0000] "GET /?p=1427 HTTP/1.1" 301 5 "-" "Mozilla/5.0 (Windows NT 10.0; Win64; x64) AppleWebKit/537.36 (KHTML, like Gecko) Chrome/120.0.0.0 Safari/537.36"
177.221.182.127 - - [29/Jul/2026:01:54:59 +0000] "GET /2026/07/28/poradnik-kasyna-online-wplata-blik-bez-ukrytych-oplat/ HTTP/1.1" 200 15455 "-" "Mozilla/5.0 (Windows NT 10.0; Win64; x64) AppleWebKit/537.36 (KHTML, like Gecko) Chrome/120.0.0.0 Safari/537.36"
177.221.182.127 - - [29/Jul/2026:01:55:03 +0000] "GET /?p=1427 HTTP/1.1" 301 5 "-" "Mozilla/5.0 (Windows NT 10.0; Win64; x64) AppleWebKit/537.36 (KHTML, like Gecko) Chrome/120.0.0.0 Safari/537.36"
177.221.182.127 - - [29/Jul/2026:01:55:04 +0000] "GET /2026/07/28/poradnik-kasyna-online-wplata-blik-bez-ukrytych-oplat/ HTTP/1.1" 200 15452 "-" "Mozilla/5.0 (Windows NT 10.0; Win64; x64) AppleWebKit/537.36 (KHTML, like Gecko) Chrome/120.0.0.0 Safari/537.36"
65.1.209.187 - - [29/Jul/2026:01:55:05 +0000] "POST /wp-cron.php?doing_wp_cron=1785290105.2128651142120361328125 HTTP/1.1" 200 31 "-" "WordPress/6.7.2; https://www.trivandrumtennisclub.com"
52.22.138.222 - - [29/Jul/2026:01:55:05 +0000] "GET /robots.txt HTTP/1.1" 200 140 "-" "Mozilla/5.0 (Macintosh; Intel Mac OS X 10_10_1) AppleWebKit/600.2.5 (KHTML, like Gecko) Version/8.0.2 Safari/600.2.5 (Gort)"
65.1.209.187 - - [29/Jul/2026:01:55:06 +0000] "POST /wp-cron.php?doing_wp_cron=1785290106.9590671062469482421875 HTTP/1.1" 200 31 "-" "WordPress/6.9; https://www.drjunior.in"
177.221.182.127 - - [29/Jul/2026:01:55:06 +0000] "POST /wp-json/wp/v2/posts HTTP/1.1" 201 15971 "-" "Mozilla/5.0 (Windows NT 10.0; Win64; x64) AppleWebKit/537.36 (KHTML, like Gecko) Chrome/120.0.0.0 Safari/537.36"
177.221.182.127 - - [29/Jul/2026:01:55:09 +0000] "GET /2026/07/28/poradnik-kasyna-online-wplata-blik-bez-ukrytych-oplat-2/ HTTP/1.1" 200 15449 "-" "Mozilla/5.0 (Windows NT 10.0; Win64; x64) AppleWebKit/537.36 (KHTML, like Gecko) Chrome/120.0.0.0 Safari/537.36"
177.221.182.127 - - [29/Jul/2026:01:55:13 +0000] "GET /2026/07/28/poradnik-kasyna-online-wplata-blik-bez-ukrytych-oplat-2/ HTTP/1.1" 200 15456 "-" "Mozilla/5.0 (Windows NT 10.0; Win64; x64) AppleWebKit/537.36 (KHTML, like Gecko) Chrome/120.0.0.0 Safari/537.36"
177.221.182.127 - - [29/Jul/2026:01:55:17 +0000] "GET /2026/07/28/poradnik-kasyna-online-wplata-blik-bez-ukrytych-oplat-2/ HTTP/1.1" 200 15460 "-" "Mozilla/5.0 (Windows NT 10.0; Win64; x64) AppleWebKit/537.36 (KHTML, like Gecko) Chrome/120.0.0.0 Safari/537.36"
65.1.209.187 - - [29/Jul/2026:01:55:19 +0000] "POST /wp-cron.php?doing_wp_cron=1785290119.3305909633636474609375 HTTP/1.1" 200 31 "-" "WordPress/6.9; https://www.drjunior.in"
177.221.182.127 - - [29/Jul/2026:01:55:19 +0000] "POST /wp-json/wp/v2/posts HTTP/1.1" 201 15971 "-" "Mozilla/5.0 (Windows NT 10.0; Win64; x64) AppleWebKit/537.36 (KHTML, like Gecko) Chrome/120.0.0.0 Safari/537.36"
177.221.182.127 - - [29/Jul/2026:01:55:21 +0000] "GET /2026/07/28/poradnik-kasyna-online-wplata-blik-bez-ukrytych-oplat-3/ HTTP/1.1" 200 15455 "-" "Mozilla/5.0 (Windows NT 10.0; Win64; x64) AppleWebKit/537.36 (KHTML, like Gecko) Chrome/120.0.0.0 Safari/537.36"
177.221.182.127 - - [29/Jul/2026:01:55:25 +0000] "GET /2026/07/28/poradnik-kasyna-online-wplata-blik-bez-ukrytych-oplat-3/ HTTP/1.1" 200 15444 "-" "Mozilla/5.0 (Windows NT 10.0; Win64; x64) AppleWebKit/537.36 (KHTML, like Gecko) Chrome/120.0.0.0 Safari/537.36"
223.109.252.176 - - [29/Jul/2026:01:55:25 +0000] "GET /policies HTTP/1.1" 301 5 "-" "Sogou web spider/4.0(+http://www.sogou.com/docs/help/webmasters.htm#07)"
223.109.252.176 - - [29/Jul/2026:01:55:25 +0000] "GET /policies/ HTTP/1.1" 200 15886 "-" "Sogou web spider/4.0(+http://www.sogou.com/docs/help/webmasters.htm#07)"
177.221.182.127 - - [29/Jul/2026:01:55:29 +0000] "GET /2026/07/28/poradnik-kasyna-online-wplata-blik-bez-ukrytych-oplat-3/ HTTP/1.1" 200 15447 "-" "Mozilla/5.0 (Windows NT 10.0; Win64; x64) AppleWebKit/537.36 (KHTML, like Gecko) Chrome/120.0.0.0 Safari/537.36"
177.221.182.127 - - [29/Jul/2026:01:55:32 +0000] "GET /wp-admin/post-new.php HTTP/1.1" 200 79119 "-" "Mozilla/5.0 (Windows NT 10.0; Win64; x64) AppleWebKit/537.36 (KHTML, like Gecko) Chrome/120.0.0.0 Safari/537.36"
65.1.209.187 - - [29/Jul/2026:01:55:36 +0000] "POST /wp-cron.php?doing_wp_cron=1785290136.5024058818817138671875 HTTP/1.1" 200 31 "-" "WordPress/6.7.2; https://www.trivandrumtennisclub.com"
57.141.0.42 - - [29/Jul/2026:01:55:36 +0000] "GET /member/zxpotuhczhzjbtlritzgj-nnqhswdapulgytspdek/ HTTP/1.1" 200 17755 "-" "Mozilla/5.0 (Windows NT 10.0; Win64; x64) AppleWebKit/537.36 (KHTML, like Gecko) Chrome/145.0.0.0 Safari/537.36 (compatible; meta-externalagent/1.1 (+https://developers.facebook.com/docs/sharing/webmasters/crawler))"
65.1.209.187 - - [29/Jul/2026:01:55:38 +0000] "POST /wp-cron.php?doing_wp_cron=1785290138.3037090301513671875000 HTTP/1.1" 200 31 "-" "WordPress/6.9; https://www.drjunior.in"
177.221.182.127 - - [29/Jul/2026:01:55:38 +0000] "POST /wp-admin/post.php HTTP/1.1" 302 5 "-" "Mozilla/5.0 (Windows NT 10.0; Win64; x64) AppleWebKit/537.36 (KHTML, like Gecko) Chrome/120.0.0.0 Safari/537.36"
177.221.182.127 - - [29/Jul/2026:01:55:40 +0000] "GET /wp-admin/post.php?post=1431&action=edit&message=1 HTTP/1.1" 200 82636 "-" "Mozilla/5.0 (Windows NT 10.0; Win64; x64) AppleWebKit/537.36 (KHTML, like Gecko) Chrome/120.0.0.0 Safari/537.36"
51.36.249.60 - - [29/Jul/2026:01:55:44 +0000] "GET /?p=1431 HTTP/1.1" 301 5 "-" "Mozilla/5.0 (Windows NT 10.0; Win64; x64) AppleWebKit/537.36 (KHTML, like Gecko) Chrome/120.0.0.0 Safari/537.36"
51.36.249.60 - - [29/Jul/2026:01:55:45 +0000] "GET /2026/07/29/poradnik-kasyna-online-wplata-blik-bez-ukrytych-oplat-4/ HTTP/1.1" 200 15446 "-" "Mozilla/5.0 (Windows NT 10.0; Win64; x64) AppleWebKit/537.36 (KHTML, like Gecko) Chrome/120.0.0.0 Safari/537.36"
51.36.249.60 - - [29/Jul/2026:01:55:49 +0000] "GET /?p=1431 HTTP/1.1" 301 5 "-" "Mozilla/5.0 (Windows NT 10.0; Win64; x64) AppleWebKit/537.36 (KHTML, like Gecko) Chrome/120.0.0.0 Safari/537.36"
51.36.249.60 - - [29/Jul/2026:01:55:50 +0000] "GET /2026/07/29/poradnik-kasyna-online-wplata-blik-bez-ukrytych-oplat-4/ HTTP/1.1" 200 15447 "-" "Mozilla/5.0 (Windows NT 10.0; Win64; x64) AppleWebKit/537.36 (KHTML, like Gecko) Chrome/120.0.0.0 Safari/537.36"
51.36.249.60 - - [29/Jul/2026:01:55:54 +0000] "GET /?p=1431 HTTP/1.1" 301 5 "-" "Mozilla/5.0 (Windows NT 10.0; Win64; x64) AppleWebKit/537.36 (KHTML, like Gecko) Chrome/120.0.0.0 Safari/537.36"
51.36.249.60 - - [29/Jul/2026:01:55:56 +0000] "GET /2026/07/29/poradnik-kasyna-online-wplata-blik-bez-ukrytych-oplat-4/ HTTP/1.1" 200 15454 "-" "Mozilla/5.0 (Windows NT 10.0; Win64; x64) AppleWebKit/537.36 (KHTML, like Gecko) Chrome/120.0.0.0 Safari/537.36"
103.167.158.212 - - [29/Jul/2026:01:56:02 +0000] "GET / HTTP/1.1" 200 15845 "-" "Mozilla/5.0 (Windows NT 10.0; Win64; x64) AppleWebKit/537.36 (KHTML, like Gecko) Chrome/120.0.0.0 Safari/537.36"
103.167.158.212 - - [29/Jul/2026:01:56:02 +0000] "GET /wp-login.php HTTP/1.1" 200 2030 "-" "Mozilla/5.0 (Windows NT 10.0; Win64; x64) AppleWebKit/537.36 (KHTML, like Gecko) Chrome/120.0.0.0 Safari/537.36"
103.167.158.212 - - [29/Jul/2026:01:56:04 +0000] "POST /wp-login.php HTTP/1.1" 302 5 "https://www.drjunior.in/wp-login.php" "Mozilla/5.0 (Windows NT 10.0; Win64; x64) AppleWebKit/537.36 (KHTML, like Gecko) Chrome/120.0.0.0 Safari/537.36"
103.167.158.212 - - [29/Jul/2026:01:56:05 +0000] "GET /wp-admin/ HTTP/1.1" 200 24234 "https://www.drjunior.in/wp-login.php" "Mozilla/5.0 (Windows NT 10.0; Win64; x64) AppleWebKit/537.36 (KHTML, like Gecko) Chrome/120.0.0.0 Safari/537.36"
180.191.34.20 - - [29/Jul/2026:01:56:08 +0000] "GET /wp-admin/ HTTP/1.1" 200 24233 "-" "Mozilla/5.0 (Windows NT 10.0; Win64; x64) AppleWebKit/537.36 (KHTML, like Gecko) Chrome/120.0.0.0 Safari/537.36"
180.191.34.20 - - [29/Jul/2026:01:56:09 +0000] "GET /wp-admin/post-new.php HTTP/1.1" 200 79129 "-" "Mozilla/5.0 (Windows NT 10.0; Win64; x64) AppleWebKit/537.36 (KHTML, like Gecko) Chrome/120.0.0.0 Safari/537.36"
180.191.34.20 - - [29/Jul/2026:01:56:11 +0000] "POST /xmlrpc.php HTTP/1.1" 200 661 "-" "WordPress/5.0; https://www.drjunior.in"
180.191.34.20 - - [29/Jul/2026:01:56:11 +0000] "GET /wp-admin/admin-ajax.php?action=rest-nonce HTTP/1.1" 200 41 "-" "Mozilla/5.0 (Windows NT 10.0; Win64; x64) AppleWebKit/537.36 (KHTML, like Gecko) Chrome/120.0.0.0 Safari/537.36"
65.1.209.187 - - [29/Jul/2026:01:56:13 +0000] "POST /wp-cron.php?doing_wp_cron=1785290173.0611240863800048828125 HTTP/1.1" 200 31 "-" "WordPress/6.9; https://www.drjunior.in"
180.191.34.20 - - [29/Jul/2026:01:56:13 +0000] "POST /xmlrpc.php HTTP/1.1" 200 190 "-" "Mozilla/5.0 (Windows NT 10.0; Win64; x64) AppleWebKit/537.36 (KHTML, like Gecko) Chrome/120.0.0.0 Safari/537.36"
180.191.34.20 - - [29/Jul/2026:01:56:13 +0000] "GET /?p=1434 HTTP/1.1" 301 5 "-" "Mozilla/5.0 (Windows NT 10.0; Win64; x64) AppleWebKit/537.36 (KHTML, like Gecko) Chrome/120.0.0.0 Safari/537.36"
180.191.34.20 - - [29/Jul/2026:01:56:14 +0000] "GET /2026/07/28/poradnik-kasyna-online-wplata-blik-bez-ukrytych-oplat-5/ HTTP/1.1" 200 15450 "-" "Mozilla/5.0 (Windows NT 10.0; Win64; x64) AppleWebKit/537.36 (KHTML, like Gecko) Chrome/120.0.0.0 Safari/537.36"
180.191.34.20 - - [29/Jul/2026:01:56:17 +0000] "GET /?p=1434 HTTP/1.1" 301 5 "-" "Mozilla/5.0 (Windows NT 10.0; Win64; x64) AppleWebKit/537.36 (KHTML, like Gecko) Chrome/120.0.0.0 Safari/537.36"
180.191.34.20 - - [29/Jul/2026:01:56:18 +0000] "GET /2026/07/28/poradnik-kasyna-online-wplata-blik-bez-ukrytych-oplat-5/ HTTP/1.1" 200 15446 "-" "Mozilla/5.0 (Windows NT 10.0; Win64; x64) AppleWebKit/537.36 (KHTML, like Gecko) Chrome/120.0.0.0 Safari/537.36"
180.191.34.20 - - [29/Jul/2026:01:56:22 +0000] "GET /?p=1434 HTTP/1.1" 301 5 "-" "Mozilla/5.0 (Windows NT 10.0; Win64; x64) AppleWebKit/537.36 (KHTML, like Gecko) Chrome/120.0.0.0 Safari/537.36"
180.191.34.20 - - [29/Jul/2026:01:56:23 +0000] "GET /2026/07/28/poradnik-kasyna-online-wplata-blik-bez-ukrytych-oplat-5/ HTTP/1.1" 200 15450 "-" "Mozilla/5.0 (Windows NT 10.0; Win64; x64) AppleWebKit/537.36 (KHTML, like Gecko) Chrome/120.0.0.0 Safari/537.36"
65.1.209.187 - - [29/Jul/2026:01:56:24 +0000] "POST /wp-cron.php?doing_wp_cron=1785290184.5323209762573242187500 HTTP/1.1" 200 31 "-" "WordPress/6.9; https://www.drjunior.in"
180.191.34.20 - - [29/Jul/2026:01:56:24 +0000] "POST /wp-json/wp/v2/posts HTTP/1.1" 201 15971 "-" "Mozilla/5.0 (Windows NT 10.0; Win64; x64) AppleWebKit/537.36 (KHTML, like Gecko) Chrome/120.0.0.0 Safari/537.36"
180.191.34.20 - - [29/Jul/2026:01:56:25 +0000] "GET /2026/07/28/poradnik-kasyna-online-wplata-blik-bez-ukrytych-oplat-6/ HTTP/1.1" 200 15444 "-" "Mozilla/5.0 (Windows NT 10.0; Win64; x64) AppleWebKit/537.36 (KHTML, like Gecko) Chrome/120.0.0.0 Safari/537.36"
180.191.34.20 - - [29/Jul/2026:01:56:28 +0000] "GET /2026/07/28/poradnik-kasyna-online-wplata-blik-bez-ukrytych-oplat-6/ HTTP/1.1" 200 15455 "-" "Mozilla/5.0 (Windows NT 10.0; Win64; x64) AppleWebKit/537.36 (KHTML, like Gecko) Chrome/120.0.0.0 Safari/537.36"
180.191.34.20 - - [29/Jul/2026:01:56:32 +0000] "GET /2026/07/28/poradnik-kasyna-online-wplata-blik-bez-ukrytych-oplat-6/ HTTP/1.1" 200 15449 "-" "Mozilla/5.0 (Windows NT 10.0; Win64; x64) AppleWebKit/537.36 (KHTML, like Gecko) Chrome/120.0.0.0 Safari/537.36"
65.1.209.187 - - [29/Jul/2026:01:56:33 +0000] "POST /wp-cron.php?doing_wp_cron=1785290193.7971129417419433593750 HTTP/1.1" 200 31 "-" "WordPress/6.9; https://www.drjunior.in"
180.191.34.20 - - [29/Jul/2026:01:56:33 +0000] "POST /wp-json/wp/v2/posts HTTP/1.1" 201 15971 "-" "Mozilla/5.0 (Windows NT 10.0; Win64; x64) AppleWebKit/537.36 (KHTML, like Gecko) Chrome/120.0.0.0 Safari/537.36"
180.191.34.20 - - [29/Jul/2026:01:56:35 +0000] "GET /2026/07/28/poradnik-kasyna-online-wplata-blik-bez-ukrytych-oplat-7/ HTTP/1.1" 200 15456 "-" "Mozilla/5.0 (Windows NT 10.0; Win64; x64) AppleWebKit/537.36 (KHTML, like Gecko) Chrome/120.0.0.0 Safari/537.36"
180.191.34.20 - - [29/Jul/2026:01:56:38 +0000] "GET /2026/07/28/poradnik-kasyna-online-wplata-blik-bez-ukrytych-oplat-7/ HTTP/1.1" 200 15454 "-" "Mozilla/5.0 (Windows NT 10.0; Win64; x64) AppleWebKit/537.36 (KHTML, like Gecko) Chrome/120.0.0.0 Safari/537.36"
180.191.34.20 - - [29/Jul/2026:01:56:42 +0000] "GET /2026/07/28/poradnik-kasyna-online-wplata-blik-bez-ukrytych-oplat-7/ HTTP/1.1" 200 15449 "-" "Mozilla/5.0 (Windows NT 10.0; Win64; x64) AppleWebKit/537.36 (KHTML, like Gecko) Chrome/120.0.0.0 Safari/537.36"
180.191.34.20 - - [29/Jul/2026:01:56:44 +0000] "GET /wp-admin/post-new.php HTTP/1.1" 200 79128 "-" "Mozilla/5.0 (Windows NT 10.0; Win64; x64) AppleWebKit/537.36 (KHTML, like Gecko) Chrome/120.0.0.0 Safari/537.36"
65.1.209.187 - - [29/Jul/2026:01:56:46 +0000] "POST /wp-cron.php?doing_wp_cron=1785290206.1265010833740234375000 HTTP/1.1" 200 31 "-" "WordPress/6.9; https://www.drjunior.in"
180.191.34.20 - - [29/Jul/2026:01:56:46 +0000] "POST /wp-admin/post.php HTTP/1.1" 302 5 "-" "Mozilla/5.0 (Windows NT 10.0; Win64; x64) AppleWebKit/537.36 (KHTML, like Gecko) Chrome/120.0.0.0 Safari/537.36"
180.191.34.20 - - [29/Jul/2026:01:56:47 +0000] "GET /wp-admin/post.php?post=1438&action=edit&message=1 HTTP/1.1" 200 82635 "-" "Mozilla/5.0 (Windows NT 10.0; Win64; x64) AppleWebKit/537.36 (KHTML, like Gecko) Chrome/120.0.0.0 Safari/537.36"
190.186.55.182 - - [29/Jul/2026:01:56:50 +0000] "GET /?p=1438 HTTP/1.1" 301 5 "-" "Mozilla/5.0 (Windows NT 10.0; Win64; x64) AppleWebKit/537.36 (KHTML, like Gecko) Chrome/120.0.0.0 Safari/537.36"
190.186.55.182 - - [29/Jul/2026:01:56:51 +0000] "GET /2026/07/29/poradnik-kasyna-online-wplata-blik-bez-ukrytych-oplat-8/ HTTP/1.1" 200 15451 "-" "Mozilla/5.0 (Windows NT 10.0; Win64; x64) AppleWebKit/537.36 (KHTML, like Gecko) Chrome/120.0.0.0 Safari/537.36"
190.186.55.182 - - [29/Jul/2026:01:56:55 +0000] "GET /?p=1438 HTTP/1.1" 301 5 "-" "Mozilla/5.0 (Windows NT 10.0; Win64; x64) AppleWebKit/537.36 (KHTML, like Gecko) Chrome/120.0.0.0 Safari/537.36"
190.186.55.182 - - [29/Jul/2026:01:56:56 +0000] "GET /2026/07/29/poradnik-kasyna-online-wplata-blik-bez-ukrytych-oplat-8/ HTTP/1.1" 200 15448 "-" "Mozilla/5.0 (Windows NT 10.0; Win64; x64) AppleWebKit/537.36 (KHTML, like Gecko) Chrome/120.0.0.0 Safari/537.36"
190.186.55.182 - - [29/Jul/2026:01:57:00 +0000] "GET /?p=1438 HTTP/1.1" 301 5 "-" "Mozilla/5.0 (Windows NT 10.0; Win64; x64) AppleWebKit/537.36 (KHTML, like Gecko) Chrome/120.0.0.0 Safari/537.36"
190.186.55.182 - - [29/Jul/2026:01:57:01 +0000] "GET /2026/07/29/poradnik-kasyna-online-wplata-blik-bez-ukrytych-oplat-8/ HTTP/1.1" 200 15450 "-" "Mozilla/5.0 (Windows NT 10.0; Win64; x64) AppleWebKit/537.36 (KHTML, like Gecko) Chrome/120.0.0.0 Safari/537.36"
187.241.142.194 - - [29/Jul/2026:01:57:04 +0000] "GET / HTTP/1.1" 200 15847 "-" "Mozilla/5.0 (Windows NT 10.0; Win64; x64) AppleWebKit/537.36 (KHTML, like Gecko) Chrome/120.0.0.0 Safari/537.36"
187.241.142.194 - - [29/Jul/2026:01:57:06 +0000] "GET /wp-login.php HTTP/1.1" 200 2039 "-" "Mozilla/5.0 (Windows NT 10.0; Win64; x64) AppleWebKit/537.36 (KHTML, like Gecko) Chrome/120.0.0.0 Safari/537.36"
187.241.142.194 - - [29/Jul/2026:01:57:07 +0000] "POST /wp-login.php HTTP/1.1" 302 5 "https://www.drjunior.in/wp-login.php" "Mozilla/5.0 (Windows NT 10.0; Win64; x64) AppleWebKit/537.36 (KHTML, like Gecko) Chrome/120.0.0.0 Safari/537.36"
187.241.142.194 - - [29/Jul/2026:01:57:08 +0000] "GET /wp-admin/ HTTP/1.1" 200 24219 "https://www.drjunior.in/wp-login.php" "Mozilla/5.0 (Windows NT 10.0; Win64; x64) AppleWebKit/537.36 (KHTML, like Gecko) Chrome/120.0.0.0 Safari/537.36"
173.225.242.240 - - [29/Jul/2026:01:57:13 +0000] "GET /wp-admin/ HTTP/1.1" 200 24221 "-" "Mozilla/5.0 (Windows NT 10.0; Win64; x64) AppleWebKit/537.36 (KHTML, like Gecko) Chrome/120.0.0.0 Safari/537.36"
173.225.242.240 - - [29/Jul/2026:01:57:15 +0000] "GET /wp-admin/post-new.php HTTP/1.1" 200 79129 "-" "Mozilla/5.0 (Windows NT 10.0; Win64; x64) AppleWebKit/537.36 (KHTML, like Gecko) Chrome/120.0.0.0 Safari/537.36"
173.225.242.240 - - [29/Jul/2026:01:57:17 +0000] "POST /xmlrpc.php HTTP/1.1" 200 661 "-" "WordPress/5.0; https://www.drjunior.in"
173.225.242.240 - - [29/Jul/2026:01:57:18 +0000] "GET /wp-admin/admin-ajax.php?action=rest-nonce HTTP/1.1" 200 41 "-" "Mozilla/5.0 (Windows NT 10.0; Win64; x64) AppleWebKit/537.36 (KHTML, like Gecko) Chrome/120.0.0.0 Safari/537.36"
65.1.209.187 - - [29/Jul/2026:01:57:19 +0000] "POST /wp-cron.php?doing_wp_cron=1785290239.1786329746246337890625 HTTP/1.1" 200 31 "-" "WordPress/6.9; https://www.drjunior.in"
173.225.242.240 - - [29/Jul/2026:01:57:19 +0000] "POST /xmlrpc.php HTTP/1.1" 200 190 "-" "Mozilla/5.0 (Windows NT 10.0; Win64; x64) AppleWebKit/537.36 (KHTML, like Gecko) Chrome/120.0.0.0 Safari/537.36"
173.225.242.240 - - [29/Jul/2026:01:57:19 +0000] "GET /?p=1441 HTTP/1.1" 301 5 "-" "Mozilla/5.0 (Windows NT 10.0; Win64; x64) AppleWebKit/537.36 (KHTML, like Gecko) Chrome/120.0.0.0 Safari/537.36"
173.225.242.240 - - [29/Jul/2026:01:57:20 +0000] "GET /2026/07/28/poradnik-kasyna-online-wplata-blik-bez-ukrytych-oplat-9/ HTTP/1.1" 200 15452 "-" "Mozilla/5.0 (Windows NT 10.0; Win64; x64) AppleWebKit/537.36 (KHTML, like Gecko) Chrome/120.0.0.0 Safari/537.36"
173.225.242.240 - - [29/Jul/2026:01:57:24 +0000] "GET /?p=1441 HTTP/1.1" 301 5 "-" "Mozilla/5.0 (Windows NT 10.0; Win64; x64) AppleWebKit/537.36 (KHTML, like Gecko) Chrome/120.0.0.0 Safari/537.36"
173.225.242.240 - - [29/Jul/2026:01:57:25 +0000] "GET /2026/07/28/poradnik-kasyna-online-wplata-blik-bez-ukrytych-oplat-9/ HTTP/1.1" 200 15443 "-" "Mozilla/5.0 (Windows NT 10.0; Win64; x64) AppleWebKit/537.36 (KHTML, like Gecko) Chrome/120.0.0.0 Safari/537.36"
173.225.242.240 - - [29/Jul/2026:01:57:29 +0000] "GET /?p=1441 HTTP/1.1" 301 5 "-" "Mozilla/5.0 (Windows NT 10.0; Win64; x64) AppleWebKit/537.36 (KHTML, like Gecko) Chrome/120.0.0.0 Safari/537.36"
173.225.242.240 - - [29/Jul/2026:01:57:31 +0000] "GET /2026/07/28/poradnik-kasyna-online-wplata-blik-bez-ukrytych-oplat-9/ HTTP/1.1" 200 15454 "-" "Mozilla/5.0 (Windows NT 10.0; Win64; x64) AppleWebKit/537.36 (KHTML, like Gecko) Chrome/120.0.0.0 Safari/537.36"
65.1.209.187 - - [29/Jul/2026:01:57:33 +0000] "POST /wp-cron.php?doing_wp_cron=1785290253.7532179355621337890625 HTTP/1.1" 200 31 "-" "WordPress/6.9; https://www.drjunior.in"
173.225.242.240 - - [29/Jul/2026:01:57:33 +0000] "POST /wp-json/wp/v2/posts HTTP/1.1" 201 15976 "-" "Mozilla/5.0 (Windows NT 10.0; Win64; x64) AppleWebKit/537.36 (KHTML, like Gecko) Chrome/120.0.0.0 Safari/537.36"
173.225.242.240 - - [29/Jul/2026:01:57:36 +0000] "GET /2026/07/28/poradnik-kasyna-online-wplata-blik-bez-ukrytych-oplat-10/ HTTP/1.1" 200 15453 "-" "Mozilla/5.0 (Windows NT 10.0; Win64; x64) AppleWebKit/537.36 (KHTML, like Gecko) Chrome/120.0.0.0 Safari/537.36"
173.225.242.240 - - [29/Jul/2026:01:57:41 +0000] "GET /2026/07/28/poradnik-kasyna-online-wplata-blik-bez-ukrytych-oplat-10/ HTTP/1.1" 200 15460 "-" "Mozilla/5.0 (Windows NT 10.0; Win64; x64) AppleWebKit/537.36 (KHTML, like Gecko) Chrome/120.0.0.0 Safari/537.36"
173.225.242.240 - - [29/Jul/2026:01:57:46 +0000] "GET /2026/07/28/poradnik-kasyna-online-wplata-blik-bez-ukrytych-oplat-10/ HTTP/1.1" 200 15451 "-" "Mozilla/5.0 (Windows NT 10.0; Win64; x64) AppleWebKit/537.36 (KHTML, like Gecko) Chrome/120.0.0.0 Safari/537.36"
65.1.209.187 - - [29/Jul/2026:01:57:48 +0000] "POST /wp-cron.php?doing_wp_cron=1785290268.8664119243621826171875 HTTP/1.1" 200 31 "-" "WordPress/6.9; https://www.drjunior.in"
173.225.242.240 - - [29/Jul/2026:01:57:48 +0000] "POST /wp-json/wp/v2/posts HTTP/1.1" 201 15976 "-" "Mozilla/5.0 (Windows NT 10.0; Win64; x64) AppleWebKit/537.36 (KHTML, like Gecko) Chrome/120.0.0.0 Safari/537.36"
173.225.242.240 - - [29/Jul/2026:01:57:50 +0000] "GET /2026/07/28/poradnik-kasyna-online-wplata-blik-bez-ukrytych-oplat-11/ HTTP/1.1" 200 15453 "-" "Mozilla/5.0 (Windows NT 10.0; Win64; x64) AppleWebKit/537.36 (KHTML, like Gecko) Chrome/120.0.0.0 Safari/537.36"
65.1.209.187 - - [29/Jul/2026:01:57:52 +0000] "POST /wp-cron.php?doing_wp_cron=1785290272.7644629478454589843750 HTTP/1.1" 200 31 "-" "WordPress/6.7.2; https://www.trivandrumtennisclub.com"
57.141.0.69 - - [29/Jul/2026:01:57:52 +0000] "GET /member/cinyzrwhuniamtpfepd-cyaqgxckdesqlfinlchjw/ HTTP/1.1" 200 17727 "-" "Mozilla/5.0 (Windows NT 10.0; Win64; x64) AppleWebKit/537.36 (KHTML, like Gecko) Chrome/145.0.0.0 Safari/537.36 (compatible; meta-externalagent/1.1 (+https://developers.facebook.com/docs/sharing/webmasters/crawler))"
43.163.80.48 - - [29/Jul/2026:01:57:55 +0000] "GET / HTTP/1.1" 301 178 "-" "Mozilla/5.0 (iPhone; CPU iPhone OS 13_2_3 like Mac OS X) AppleWebKit/605.1.15 (KHTML, like Gecko) Version/13.0.3 Mobile/15E148 Safari/604.1"
43.163.80.48 - - [29/Jul/2026:01:57:57 +0000] "GET / HTTP/1.1" 200 112 "http://scholar-drjunior.api.prod.quditinfotech.com" "Mozilla/5.0 (iPhone; CPU iPhone OS 13_2_3 like Mac OS X) AppleWebKit/605.1.15 (KHTML, like Gecko) Version/13.0.3 Mobile/15E148 Safari/604.1"
173.225.242.240 - - [29/Jul/2026:01:57:57 +0000] "GET /2026/07/28/poradnik-kasyna-online-wplata-blik-bez-ukrytych-oplat-11/ HTTP/1.1" 200 15455 "-" "Mozilla/5.0 (Windows NT 10.0; Win64; x64) AppleWebKit/537.36 (KHTML, like Gecko) Chrome/120.0.0.0 Safari/537.36"
173.225.242.240 - - [29/Jul/2026:01:58:00 +0000] "GET /2026/07/28/poradnik-kasyna-online-wplata-blik-bez-ukrytych-oplat-11/ HTTP/1.1" 200 15454 "-" "Mozilla/5.0 (Windows NT 10.0; Win64; x64) AppleWebKit/537.36 (KHTML, like Gecko) Chrome/120.0.0.0 Safari/537.36"
173.225.242.240 - - [29/Jul/2026:01:58:02 +0000] "GET /wp-admin/post-new.php HTTP/1.1" 200 79128 "-" "Mozilla/5.0 (Windows NT 10.0; Win64; x64) AppleWebKit/537.36 (KHTML, like Gecko) Chrome/120.0.0.0 Safari/537.36"
65.1.209.187 - - [29/Jul/2026:01:58:04 +0000] "POST /wp-cron.php?doing_wp_cron=1785290284.5637440681457519531250 HTTP/1.1" 200 31 "-" "WordPress/6.9; https://www.drjunior.in"
173.225.242.240 - - [29/Jul/2026:01:58:04 +0000] "POST /wp-admin/post.php HTTP/1.1" 302 5 "-" "Mozilla/5.0 (Windows NT 10.0; Win64; x64) AppleWebKit/537.36 (KHTML, like Gecko) Chrome/120.0.0.0 Safari/537.36"
173.225.242.240 - - [29/Jul/2026:01:58:05 +0000] "GET /wp-admin/post.php?post=1445&action=edit&message=1 HTTP/1.1" 200 82639 "-" "Mozilla/5.0 (Windows NT 10.0; Win64; x64) AppleWebKit/537.36 (KHTML, like Gecko) Chrome/120.0.0.0 Safari/537.36"
113.212.111.107 - - [29/Jul/2026:01:58:08 +0000] "GET /?p=1445 HTTP/1.1" 301 5 "-" "Mozilla/5.0 (Windows NT 10.0; Win64; x64) AppleWebKit/537.36 (KHTML, like Gecko) Chrome/120.0.0.0 Safari/537.36"
113.212.111.107 - - [29/Jul/2026:01:58:08 +0000] "GET /2026/07/29/poradnik-kasyna-online-wplata-blik-bez-ukrytych-oplat-12/ HTTP/1.1" 200 15452 "-" "Mozilla/5.0 (Windows NT 10.0; Win64; x64) AppleWebKit/537.36 (KHTML, like Gecko) Chrome/120.0.0.0 Safari/537.36"
113.212.111.107 - - [29/Jul/2026:01:58:12 +0000] "GET /?p=1445 HTTP/1.1" 301 5 "-" "Mozilla/5.0 (Windows NT 10.0; Win64; x64) AppleWebKit/537.36 (KHTML, like Gecko) Chrome/120.0.0.0 Safari/537.36"
113.212.111.107 - - [29/Jul/2026:01:58:13 +0000] "GET /2026/07/29/poradnik-kasyna-online-wplata-blik-bez-ukrytych-oplat-12/ HTTP/1.1" 200 15456 "-" "Mozilla/5.0 (Windows NT 10.0; Win64; x64) AppleWebKit/537.36 (KHTML, like Gecko) Chrome/120.0.0.0 Safari/537.36"
113.212.111.107 - - [29/Jul/2026:01:58:16 +0000] "GET /?p=1445 HTTP/1.1" 301 5 "-" "Mozilla/5.0 (Windows NT 10.0; Win64; x64) AppleWebKit/537.36 (KHTML, like Gecko) Chrome/120.0.0.0 Safari/537.36"
113.212.111.107 - - [29/Jul/2026:01:58:17 +0000] "GET /2026/07/29/poradnik-kasyna-online-wplata-blik-bez-ukrytych-oplat-12/ HTTP/1.1" 200 15457 "-" "Mozilla/5.0 (Windows NT 10.0; Win64; x64) AppleWebKit/537.36 (KHTML, like Gecko) Chrome/120.0.0.0 Safari/537.36"
177.70.164.240 - - [29/Jul/2026:01:58:24 +0000] "GET / HTTP/1.1" 301 178 "-" "Mozilla/5.0 (Windows NT 10.0; Win64; x64) AppleWebKit/537.36 (KHTML, like Gecko) Chrome/120.0.0.0 Safari/537.36"
180.254.226.148 - - [29/Jul/2026:01:58:27 +0000] "GET / HTTP/1.1" 200 15850 "-" "Mozilla/5.0 (Windows NT 10.0; Win64; x64) AppleWebKit/537.36 (KHTML, like Gecko) Chrome/120.0.0.0 Safari/537.36"
180.254.226.148 - - [29/Jul/2026:01:58:28 +0000] "GET /wp-login.php HTTP/1.1" 200 2035 "-" "Mozilla/5.0 (Windows NT 10.0; Win64; x64) AppleWebKit/537.36 (KHTML, like Gecko) Chrome/120.0.0.0 Safari/537.36"
180.254.226.148 - - [29/Jul/2026:01:58:29 +0000] "POST /wp-login.php HTTP/1.1" 302 5 "https://www.drjunior.in/wp-login.php" "Mozilla/5.0 (Windows NT 10.0; Win64; x64) AppleWebKit/537.36 (KHTML, like Gecko) Chrome/120.0.0.0 Safari/537.36"
180.254.226.148 - - [29/Jul/2026:01:58:30 +0000] "GET /wp-admin/ HTTP/1.1" 200 24218 "https://www.drjunior.in/wp-login.php" "Mozilla/5.0 (Windows NT 10.0; Win64; x64) AppleWebKit/537.36 (KHTML, like Gecko) Chrome/120.0.0.0 Safari/537.36"
179.42.100.207 - - [29/Jul/2026:01:58:33 +0000] "GET /wp-admin/ HTTP/1.1" 200 24223 "-" "Mozilla/5.0 (Windows NT 10.0; Win64; x64) AppleWebKit/537.36 (KHTML, like Gecko) Chrome/120.0.0.0 Safari/537.36"
179.42.100.207 - - [29/Jul/2026:01:58:35 +0000] "GET /wp-admin/post-new.php HTTP/1.1" 200 79134 "-" "Mozilla/5.0 (Windows NT 10.0; Win64; x64) AppleWebKit/537.36 (KHTML, like Gecko) Chrome/120.0.0.0 Safari/537.36"
179.42.100.207 - - [29/Jul/2026:01:58:36 +0000] "POST /xmlrpc.php HTTP/1.1" 200 661 "-" "WordPress/5.0; https://www.drjunior.in"
179.42.100.207 - - [29/Jul/2026:01:58:38 +0000] "GET /wp-admin/admin-ajax.php?action=rest-nonce HTTP/1.1" 200 41 "-" "Mozilla/5.0 (Windows NT 10.0; Win64; x64) AppleWebKit/537.36 (KHTML, like Gecko) Chrome/120.0.0.0 Safari/537.36"
65.1.209.187 - - [29/Jul/2026:01:58:39 +0000] "POST /wp-cron.php?doing_wp_cron=1785290319.3730530738830566406250 HTTP/1.1" 200 31 "-" "WordPress/6.9; https://www.drjunior.in"
179.42.100.207 - - [29/Jul/2026:01:58:39 +0000] "POST /xmlrpc.php HTTP/1.1" 200 190 "-" "Mozilla/5.0 (Windows NT 10.0; Win64; x64) AppleWebKit/537.36 (KHTML, like Gecko) Chrome/120.0.0.0 Safari/537.36"
179.42.100.207 - - [29/Jul/2026:01:58:40 +0000] "GET /?p=1448 HTTP/1.1" 301 5 "-" "Mozilla/5.0 (Windows NT 10.0; Win64; x64) AppleWebKit/537.36 (KHTML, like Gecko) Chrome/120.0.0.0 Safari/537.36"
179.42.100.207 - - [29/Jul/2026:01:58:41 +0000] "GET /2026/07/28/poradnik-kasyna-online-wplata-blik-bez-ukrytych-oplat-13/ HTTP/1.1" 200 15450 "-" "Mozilla/5.0 (Windows NT 10.0; Win64; x64) AppleWebKit/537.36 (KHTML, like Gecko) Chrome/120.0.0.0 Safari/537.36"
179.42.100.207 - - [29/Jul/2026:01:58:44 +0000] "GET /?p=1448 HTTP/1.1" 301 5 "-" "Mozilla/5.0 (Windows NT 10.0; Win64; x64) AppleWebKit/537.36 (KHTML, like Gecko) Chrome/120.0.0.0 Safari/537.36"
179.42.100.207 - - [29/Jul/2026:01:58:45 +0000] "GET /2026/07/28/poradnik-kasyna-online-wplata-blik-bez-ukrytych-oplat-13/ HTTP/1.1" 200 15450 "-" "Mozilla/5.0 (Windows NT 10.0; Win64; x64) AppleWebKit/537.36 (KHTML, like Gecko) Chrome/120.0.0.0 Safari/537.36"
179.42.100.207 - - [29/Jul/2026:01:58:48 +0000] "GET /?p=1448 HTTP/1.1" 301 5 "-" "Mozilla/5.0 (Windows NT 10.0; Win64; x64) AppleWebKit/537.36 (KHTML, like Gecko) Chrome/120.0.0.0 Safari/537.36"
179.42.100.207 - - [29/Jul/2026:01:58:49 +0000] "GET /2026/07/28/poradnik-kasyna-online-wplata-blik-bez-ukrytych-oplat-13/ HTTP/1.1" 200 15447 "-" "Mozilla/5.0 (Windows NT 10.0; Win64; x64) AppleWebKit/537.36 (KHTML, like Gecko) Chrome/120.0.0.0 Safari/537.36"
65.1.209.187 - - [29/Jul/2026:01:58:51 +0000] "POST /wp-cron.php?doing_wp_cron=1785290331.3428380489349365234375 HTTP/1.1" 200 31 "-" "WordPress/6.9; https://www.drjunior.in"
179.42.100.207 - - [29/Jul/2026:01:58:51 +0000] "POST /wp-json/wp/v2/posts HTTP/1.1" 201 15976 "-" "Mozilla/5.0 (Windows NT 10.0; Win64; x64) AppleWebKit/537.36 (KHTML, like Gecko) Chrome/120.0.0.0 Safari/537.36"
179.42.100.207 - - [29/Jul/2026:01:58:52 +0000] "GET /2026/07/28/poradnik-kasyna-online-wplata-blik-bez-ukrytych-oplat-14/ HTTP/1.1" 200 15454 "-" "Mozilla/5.0 (Windows NT 10.0; Win64; x64) AppleWebKit/537.36 (KHTML, like Gecko) Chrome/120.0.0.0 Safari/537.36"
179.42.100.207 - - [29/Jul/2026:01:58:56 +0000] "GET /2026/07/28/poradnik-kasyna-online-wplata-blik-bez-ukrytych-oplat-14/ HTTP/1.1" 200 15456 "-" "Mozilla/5.0 (Windows NT 10.0; Win64; x64) AppleWebKit/537.36 (KHTML, like Gecko) Chrome/120.0.0.0 Safari/537.36"
65.1.209.187 - - [29/Jul/2026:01:58:57 +0000] "POST /wp-cron.php?doing_wp_cron=1785290337.5571179389953613281250 HTTP/1.1" 200 31 "-" "WordPress/6.7.2; https://www.trivandrumtennisclub.com"
57.141.0.35 - - [29/Jul/2026:01:58:57 +0000] "GET /member/sri-advaith-r-s/ HTTP/1.1" 200 17654 "-" "Mozilla/5.0 (Windows NT 10.0; Win64; x64) AppleWebKit/537.36 (KHTML, like Gecko) Chrome/145.0.0.0 Safari/537.36 (compatible; meta-externalagent/1.1 (+https://developers.facebook.com/docs/sharing/webmasters/crawler))"
179.42.100.207 - - [29/Jul/2026:01:58:59 +0000] "GET /2026/07/28/poradnik-kasyna-online-wplata-blik-bez-ukrytych-oplat-14/ HTTP/1.1" 200 15451 "-" "Mozilla/5.0 (Windows NT 10.0; Win64; x64) AppleWebKit/537.36 (KHTML, like Gecko) Chrome/120.0.0.0 Safari/537.36"
65.1.209.187 - - [29/Jul/2026:01:59:02 +0000] "POST /wp-cron.php?doing_wp_cron=1785290342.1814908981323242187500 HTTP/1.1" 200 31 "-" "WordPress/6.9; https://www.drjunior.in"
179.42.100.207 - - [29/Jul/2026:01:59:02 +0000] "POST /wp-json/wp/v2/posts HTTP/1.1" 201 15976 "-" "Mozilla/5.0 (Windows NT 10.0; Win64; x64) AppleWebKit/537.36 (KHTML, like Gecko) Chrome/120.0.0.0 Safari/537.36"
179.42.100.207 - - [29/Jul/2026:01:59:03 +0000] "GET /2026/07/28/poradnik-kasyna-online-wplata-blik-bez-ukrytych-oplat-15/ HTTP/1.1" 200 15449 "-" "Mozilla/5.0 (Windows NT 10.0; Win64; x64) AppleWebKit/537.36 (KHTML, like Gecko) Chrome/120.0.0.0 Safari/537.36"
179.42.100.207 - - [29/Jul/2026:01:59:06 +0000] "GET /2026/07/28/poradnik-kasyna-online-wplata-blik-bez-ukrytych-oplat-15/ HTTP/1.1" 200 15451 "-" "Mozilla/5.0 (Windows NT 10.0; Win64; x64) AppleWebKit/537.36 (KHTML, like Gecko) Chrome/120.0.0.0 Safari/537.36"
179.42.100.207 - - [29/Jul/2026:01:59:09 +0000] "GET /2026/07/28/poradnik-kasyna-online-wplata-blik-bez-ukrytych-oplat-15/ HTTP/1.1" 200 15455 "-" "Mozilla/5.0 (Windows NT 10.0; Win64; x64) AppleWebKit/537.36 (KHTML, like Gecko) Chrome/120.0.0.0 Safari/537.36"
179.42.100.207 - - [29/Jul/2026:01:59:11 +0000] "GET /wp-admin/post-new.php HTTP/1.1" 200 79129 "-" "Mozilla/5.0 (Windows NT 10.0; Win64; x64) AppleWebKit/537.36 (KHTML, like Gecko) Chrome/120.0.0.0 Safari/537.36"
65.1.209.187 - - [29/Jul/2026:01:59:13 +0000] "POST /wp-cron.php?doing_wp_cron=1785290353.3808960914611816406250 HTTP/1.1" 200 31 "-" "WordPress/6.9; https://www.drjunior.in"
179.42.100.207 - - [29/Jul/2026:01:59:13 +0000] "POST /wp-admin/post.php HTTP/1.1" 302 5 "-" "Mozilla/5.0 (Windows NT 10.0; Win64; x64) AppleWebKit/537.36 (KHTML, like Gecko) Chrome/120.0.0.0 Safari/537.36"
179.42.100.207 - - [29/Jul/2026:01:59:14 +0000] "GET /wp-admin/post.php?post=1452&action=edit&message=1 HTTP/1.1" 200 82640 "-" "Mozilla/5.0 (Windows NT 10.0; Win64; x64) AppleWebKit/537.36 (KHTML, like Gecko) Chrome/120.0.0.0 Safari/537.36"
181.46.57.183 - - [29/Jul/2026:01:59:18 +0000] "GET /?p=1452 HTTP/1.1" 301 5 "-" "Mozilla/5.0 (Windows NT 10.0; Win64; x64) AppleWebKit/537.36 (KHTML, like Gecko) Chrome/120.0.0.0 Safari/537.36"
181.46.57.183 - - [29/Jul/2026:01:59:19 +0000] "GET /2026/07/29/poradnik-kasyna-online-wplata-blik-bez-ukrytych-oplat-16/ HTTP/1.1" 200 15452 "-" "Mozilla/5.0 (Windows NT 10.0; Win64; x64) AppleWebKit/537.36 (KHTML, like Gecko) Chrome/120.0.0.0 Safari/537.36"
181.46.57.183 - - [29/Jul/2026:01:59:22 +0000] "GET /?p=1452 HTTP/1.1" 301 5 "-" "Mozilla/5.0 (Windows NT 10.0; Win64; x64) AppleWebKit/537.36 (KHTML, like Gecko) Chrome/120.0.0.0 Safari/537.36"
181.46.57.183 - - [29/Jul/2026:01:59:23 +0000] "GET /2026/07/29/poradnik-kasyna-online-wplata-blik-bez-ukrytych-oplat-16/ HTTP/1.1" 200 15449 "-" "Mozilla/5.0 (Windows NT 10.0; Win64; x64) AppleWebKit/537.36 (KHTML, like Gecko) Chrome/120.0.0.0 Safari/537.36"
