199.45.155.93 - - [29/Jul/2026:02:42:28 +0000] "\x16\x03\x01\x01(\x01\x00\x01$\x03\x037\xE756\xCB\x7F\x83\xA8\xD5\x8C\xC9I\x18\xFA\xA7\xB8=\xBA\x17\x9C\x0C\xB1\x8D\xB9\xD6\xEC\x85\xD6^\x18\x88\x83 \xE9\xA0\xEE\xD7w27\x5C\xE5\x80dT\xAB1%\xC6\x1AS\xF6\xD5#G\x91\xA8f#s\x80\xAAz\xEB\x9D\x00&\xCC\xA8\xCC\xA9\xC0/\xC00\xC0+\xC0,\xC0\x13\xC0\x09\xC0\x14\xC0" 400 166 "-" "-"
199.45.155.93 - - [29/Jul/2026:02:42:29 +0000] "PRI * HTTP/2.0" 400 166 "-" "-"
199.45.155.93 - - [29/Jul/2026:02:42:30 +0000] "GET /favicon.ico HTTP/1.1" 404 134 "-" "Mozilla/5.0 (compatible; CensysInspect/1.1; +https://about.censys.io/)"
39.194.3.246 - - [29/Jul/2026:02:42:33 +0000] "POST /xmlrpc.php HTTP/1.1" 200 415 "-" "Jetpack by WordPress.com"
49.15.134.79 - - [29/Jul/2026:02:42:34 +0000] "GET /user-notifications/unread-count HTTP/1.1" 499 0 "https://profinz.studentswebapp.quditinfotech.com/" "Mozilla/5.0 (Linux; Android 10; V2027) AppleWebKit/537.36 (KHTML, like Gecko) Version/4.0 Chrome/123.0.6312.118 Mobile Safari/537.36 VivoBrowser/15.1.0.3"
49.15.134.79 - - [29/Jul/2026:02:42:35 +0000] "OPTIONS /user-notifications/unread-count HTTP/1.1" 204 0 "https://profinz.studentswebapp.quditinfotech.com/" "Mozilla/5.0 (Linux; Android 10; V2027) AppleWebKit/537.36 (KHTML, like Gecko) Version/4.0 Chrome/123.0.6312.118 Mobile Safari/537.36 VivoBrowser/15.1.0.3"
106.76.191.46 - - [29/Jul/2026:02:42:43 +0000] "POST /v2/learning-material/4669/video/add-watch-log HTTP/1.1" 200 77 "-" "okhttp/3.12.12"
106.76.191.46 - - [29/Jul/2026:02:42:43 +0000] "POST /v2/learning-material/4669/video/add-watch-log HTTP/1.1" 200 77 "-" "okhttp/3.12.12"
39.194.3.246 - - [29/Jul/2026:02:42:43 +0000] "POST /xmlrpc.php HTTP/1.1" 200 415 "-" "Jetpack by WordPress.com"
49.15.134.79 - - [29/Jul/2026:02:42:44 +0000] "GET /user-notifications/unread-count HTTP/1.1" 499 0 "https://profinz.studentswebapp.quditinfotech.com/" "Mozilla/5.0 (Linux; Android 10; V2027) AppleWebKit/537.36 (KHTML, like Gecko) Version/4.0 Chrome/123.0.6312.118 Mobile Safari/537.36 VivoBrowser/15.1.0.3"
49.15.134.79 - - [29/Jul/2026:02:42:45 +0000] "OPTIONS /user-notifications/unread-count HTTP/1.1" 204 0 "https://profinz.studentswebapp.quditinfotech.com/" "Mozilla/5.0 (Linux; Android 10; V2027) AppleWebKit/537.36 (KHTML, like Gecko) Version/4.0 Chrome/123.0.6312.118 Mobile Safari/537.36 VivoBrowser/15.1.0.3"
39.194.3.246 - - [29/Jul/2026:02:42:54 +0000] "POST /xmlrpc.php HTTP/1.1" 200 415 "-" "Jetpack by WordPress.com"
49.15.134.79 - - [29/Jul/2026:02:42:54 +0000] "GET /user-notifications/unread-count HTTP/1.1" 499 0 "https://profinz.studentswebapp.quditinfotech.com/" "Mozilla/5.0 (Linux; Android 10; V2027) AppleWebKit/537.36 (KHTML, like Gecko) Version/4.0 Chrome/123.0.6312.118 Mobile Safari/537.36 VivoBrowser/15.1.0.3"
49.15.134.79 - - [29/Jul/2026:02:42:55 +0000] "OPTIONS /user-notifications/unread-count HTTP/1.1" 204 0 "https://profinz.studentswebapp.quditinfotech.com/" "Mozilla/5.0 (Linux; Android 10; V2027) AppleWebKit/537.36 (KHTML, like Gecko) Version/4.0 Chrome/123.0.6312.118 Mobile Safari/537.36 VivoBrowser/15.1.0.3"
49.15.134.79 - - [29/Jul/2026:02:43:04 +0000] "GET /user-notifications/unread-count HTTP/1.1" 499 0 "https://profinz.studentswebapp.quditinfotech.com/" "Mozilla/5.0 (Linux; Android 10; V2027) AppleWebKit/537.36 (KHTML, like Gecko) Version/4.0 Chrome/123.0.6312.118 Mobile Safari/537.36 VivoBrowser/15.1.0.3"
39.194.3.246 - - [29/Jul/2026:02:43:04 +0000] "POST /xmlrpc.php HTTP/1.1" 200 415 "-" "WordPress.com; https://wordpress.com"
106.76.191.46 - - [29/Jul/2026:02:43:11 +0000] "POST /v2/learning-material/4669/video/add-watch-log HTTP/1.1" 200 77 "-" "okhttp/3.12.12"
106.76.191.46 - - [29/Jul/2026:02:43:11 +0000] "POST /v2/learning-material/4669/video/add-watch-log HTTP/1.1" 200 77 "-" "okhttp/3.12.12"
39.194.3.246 - - [29/Jul/2026:02:43:15 +0000] "POST /xmlrpc.php HTTP/1.1" 200 415 "-" "Jetpack by WordPress.com"
65.1.209.187 - - [29/Jul/2026:02:43:22 +0000] "POST /wp-cron.php?doing_wp_cron=1785293002.0436460971832275390625 HTTP/1.1" 200 31 "-" "WordPress/6.7.2; https://www.trivandrumtennisclub.com"
165.99.46.162 - - [29/Jul/2026:02:43:22 +0000] "GET / HTTP/1.1" 200 19848 "https://www.google.com/" "Mozilla/5.0 (Windows NT 10.0; Win64; x64) AppleWebKit/537.36 (KHTML, like Gecko) Chrome/150.0.0.0 Safari/537.36"
165.99.46.162 - - [29/Jul/2026:02:43:23 +0000] "GET /wp-content/themes/ttc/images/logo.png HTTP/1.1" 200 15549 "https://www.trivandrumtennisclub.com/" "Mozilla/5.0 (Windows NT 10.0; Win64; x64) AppleWebKit/537.36 (KHTML, like Gecko) Chrome/150.0.0.0 Safari/537.36"
165.99.46.162 - - [29/Jul/2026:02:43:23 +0000] "GET /wp-content/uploads/2026/01/DJI_0013-scaled.jpg HTTP/1.1" 200 624144 "https://www.trivandrumtennisclub.com/" "Mozilla/5.0 (Windows NT 10.0; Win64; x64) AppleWebKit/537.36 (KHTML, like Gecko) Chrome/150.0.0.0 Safari/537.36"
165.99.46.162 - - [29/Jul/2026:02:43:23 +0000] "GET /wp-content/uploads/2026/04/PHOTO-2025-09-12-10-46-45-jpg-800%C3%971600-04-14-2026_09_58_AM.png HTTP/1.1" 200 635395 "https://www.trivandrumtennisclub.com/" "Mozilla/5.0 (Windows NT 10.0; Win64; x64) AppleWebKit/537.36 (KHTML, like Gecko) Chrome/150.0.0.0 Safari/537.36"
165.99.46.162 - - [29/Jul/2026:02:43:23 +0000] "GET /wp-content/uploads/2025/03/Training.png HTTP/1.1" 200 164074 "https://www.trivandrumtennisclub.com/" "Mozilla/5.0 (Windows NT 10.0; Win64; x64) AppleWebKit/537.36 (KHTML, like Gecko) Chrome/150.0.0.0 Safari/537.36"
165.99.46.162 - - [29/Jul/2026:02:43:23 +0000] "GET /wp-content/uploads/2025/03/Tournament.png HTTP/1.1" 200 223341 "https://www.trivandrumtennisclub.com/" "Mozilla/5.0 (Windows NT 10.0; Win64; x64) AppleWebKit/537.36 (KHTML, like Gecko) Chrome/150.0.0.0 Safari/537.36"
165.99.46.162 - - [29/Jul/2026:02:43:23 +0000] "GET /wp-content/uploads/2025/03/banner-bg.png HTTP/1.1" 200 2170520 "https://www.trivandrumtennisclub.com/" "Mozilla/5.0 (Windows NT 10.0; Win64; x64) AppleWebKit/537.36 (KHTML, like Gecko) Chrome/150.0.0.0 Safari/537.36"
165.99.46.162 - - [29/Jul/2026:02:43:23 +0000] "GET /wp-content/themes/ttc/images/bottom-logo.avif HTTP/1.1" 200 8815 "https://www.trivandrumtennisclub.com/" "Mozilla/5.0 (Windows NT 10.0; Win64; x64) AppleWebKit/537.36 (KHTML, like Gecko) Chrome/150.0.0.0 Safari/537.36"
165.99.46.162 - - [29/Jul/2026:02:43:23 +0000] "GET /wp-content/themes/ttc/images/bottom-logo-text.png HTTP/1.1" 200 21668 "https://www.trivandrumtennisclub.com/" "Mozilla/5.0 (Windows NT 10.0; Win64; x64) AppleWebKit/537.36 (KHTML, like Gecko) Chrome/150.0.0.0 Safari/537.36"
165.99.46.162 - - [29/Jul/2026:02:43:24 +0000] "GET /wp-content/uploads/2025/03/other.png HTTP/1.1" 200 937148 "https://www.trivandrumtennisclub.com/" "Mozilla/5.0 (Windows NT 10.0; Win64; x64) AppleWebKit/537.36 (KHTML, like Gecko) Chrome/150.0.0.0 Safari/537.36"
165.99.46.162 - - [29/Jul/2026:02:43:24 +0000] "GET /wp-content/uploads/2025/03/COACHING_1_CONVERTED.mp4 HTTP/1.1" 206 1310323 "https://www.trivandrumtennisclub.com/" "Mozilla/5.0 (Windows NT 10.0; Win64; x64) AppleWebKit/537.36 (KHTML, like Gecko) Chrome/150.0.0.0 Safari/537.36"
165.99.46.162 - - [29/Jul/2026:02:43:24 +0000] "GET /wp-content/uploads/2025/03/COACHING_1_CONVERTED.mp4 HTTP/1.1" 206 19595 "https://www.trivandrumtennisclub.com/" "Mozilla/5.0 (Windows NT 10.0; Win64; x64) AppleWebKit/537.36 (KHTML, like Gecko) Chrome/150.0.0.0 Safari/537.36"
165.99.46.162 - - [29/Jul/2026:02:43:24 +0000] "GET /wp-content/uploads/2025/03/COACHING_1_CONVERTED.mp4 HTTP/1.1" 206 3277197 "https://www.trivandrumtennisclub.com/" "Mozilla/5.0 (Windows NT 10.0; Win64; x64) AppleWebKit/537.36 (KHTML, like Gecko) Chrome/150.0.0.0 Safari/537.36"
165.99.46.162 - - [29/Jul/2026:02:43:25 +0000] "GET /wp-content/uploads/2025/03/favicon.png HTTP/1.1" 200 12758 "https://www.trivandrumtennisclub.com/" "Mozilla/5.0 (Windows NT 10.0; Win64; x64) AppleWebKit/537.36 (KHTML, like Gecko) Chrome/150.0.0.0 Safari/537.36"
39.194.3.246 - - [29/Jul/2026:02:43:26 +0000] "POST /xmlrpc.php HTTP/1.1" 200 415 "-" "Jetpack by WordPress.com"
165.99.46.162 - - [29/Jul/2026:02:43:33 +0000] "GET /galleries/ HTTP/1.1" 200 16885 "https://www.trivandrumtennisclub.com/" "Mozilla/5.0 (Windows NT 10.0; Win64; x64) AppleWebKit/537.36 (KHTML, like Gecko) Chrome/150.0.0.0 Safari/537.36"
165.99.46.162 - - [29/Jul/2026:02:43:33 +0000] "GET /wp-content/uploads/2025/03/146A0057-03-21-2025_10_02_AM.png HTTP/1.1" 200 772428 "https://www.trivandrumtennisclub.com/galleries/" "Mozilla/5.0 (Windows NT 10.0; Win64; x64) AppleWebKit/537.36 (KHTML, like Gecko) Chrome/150.0.0.0 Safari/537.36"
165.99.46.162 - - [29/Jul/2026:02:43:33 +0000] "GET /wp-content/uploads/2025/03/146A0089-03-21-2025_09_29_AM.png HTTP/1.1" 200 901761 "https://www.trivandrumtennisclub.com/galleries/" "Mozilla/5.0 (Windows NT 10.0; Win64; x64) AppleWebKit/537.36 (KHTML, like Gecko) Chrome/150.0.0.0 Safari/537.36"
165.99.46.162 - - [29/Jul/2026:02:43:34 +0000] "GET /wp-content/uploads/2026/06/photo-collage.png-1.png HTTP/1.1" 200 3469746 "https://www.trivandrumtennisclub.com/galleries/" "Mozilla/5.0 (Windows NT 10.0; Win64; x64) AppleWebKit/537.36 (KHTML, like Gecko) Chrome/150.0.0.0 Safari/537.36"
165.99.46.162 - - [29/Jul/2026:02:43:34 +0000] "GET /wp-content/uploads/2025/03/146A0055-03-21-2025_10_07_AM.png HTTP/1.1" 200 820741 "https://www.trivandrumtennisclub.com/galleries/" "Mozilla/5.0 (Windows NT 10.0; Win64; x64) AppleWebKit/537.36 (KHTML, like Gecko) Chrome/150.0.0.0 Safari/537.36"
165.99.46.162 - - [29/Jul/2026:02:43:34 +0000] "GET /wp-content/uploads/2025/03/146A0060-03-21-2025_10_01_AM.png HTTP/1.1" 200 977242 "https://www.trivandrumtennisclub.com/galleries/" "Mozilla/5.0 (Windows NT 10.0; Win64; x64) AppleWebKit/537.36 (KHTML, like Gecko) Chrome/150.0.0.0 Safari/537.36"
165.99.46.162 - - [29/Jul/2026:02:43:34 +0000] "GET /wp-content/uploads/2025/03/146A0063-03-21-2025_09_59_AM.png HTTP/1.1" 200 1094129 "https://www.trivandrumtennisclub.com/galleries/" "Mozilla/5.0 (Windows NT 10.0; Win64; x64) AppleWebKit/537.36 (KHTML, like Gecko) Chrome/150.0.0.0 Safari/537.36"
165.99.46.162 - - [29/Jul/2026:02:43:34 +0000] "GET /wp-content/uploads/2025/03/146A0066-03-21-2025_09_51_AM.png HTTP/1.1" 200 1097108 "https://www.trivandrumtennisclub.com/galleries/" "Mozilla/5.0 (Windows NT 10.0; Win64; x64) AppleWebKit/537.36 (KHTML, like Gecko) Chrome/150.0.0.0 Safari/537.36"
165.99.46.162 - - [29/Jul/2026:02:43:34 +0000] "GET /wp-content/uploads/2025/03/146A0065-03-21-2025_09_55_AM.png HTTP/1.1" 200 849786 "https://www.trivandrumtennisclub.com/galleries/" "Mozilla/5.0 (Windows NT 10.0; Win64; x64) AppleWebKit/537.36 (KHTML, like Gecko) Chrome/150.0.0.0 Safari/537.36"
165.99.46.162 - - [29/Jul/2026:02:43:34 +0000] "GET /wp-content/uploads/2025/03/146A0072-03-21-2025_09_42_AM.png HTTP/1.1" 200 1336401 "https://www.trivandrumtennisclub.com/galleries/" "Mozilla/5.0 (Windows NT 10.0; Win64; x64) AppleWebKit/537.36 (KHTML, like Gecko) Chrome/150.0.0.0 Safari/537.36"
165.99.46.162 - - [29/Jul/2026:02:43:34 +0000] "GET /wp-content/uploads/2025/03/146A9933-1-300x200.jpg HTTP/1.1" 200 5930 "https://www.trivandrumtennisclub.com/galleries/" "Mozilla/5.0 (Windows NT 10.0; Win64; x64) AppleWebKit/537.36 (KHTML, like Gecko) Chrome/150.0.0.0 Safari/537.36"
165.99.46.162 - - [29/Jul/2026:02:43:34 +0000] "GET /wp-content/uploads/2025/03/146A9871-300x200.jpg HTTP/1.1" 200 9884 "https://www.trivandrumtennisclub.com/galleries/" "Mozilla/5.0 (Windows NT 10.0; Win64; x64) AppleWebKit/537.36 (KHTML, like Gecko) Chrome/150.0.0.0 Safari/537.36"
165.99.46.162 - - [29/Jul/2026:02:43:34 +0000] "GET /wp-content/uploads/2025/03/146A9868-300x200.jpg HTTP/1.1" 200 9158 "https://www.trivandrumtennisclub.com/galleries/" "Mozilla/5.0 (Windows NT 10.0; Win64; x64) AppleWebKit/537.36 (KHTML, like Gecko) Chrome/150.0.0.0 Safari/537.36"
165.99.46.162 - - [29/Jul/2026:02:43:34 +0000] "GET /wp-content/uploads/2025/03/146A9865-300x200.jpg HTTP/1.1" 200 8130 "https://www.trivandrumtennisclub.com/galleries/" "Mozilla/5.0 (Windows NT 10.0; Win64; x64) AppleWebKit/537.36 (KHTML, like Gecko) Chrome/150.0.0.0 Safari/537.36"
165.99.46.162 - - [29/Jul/2026:02:43:34 +0000] "GET /wp-content/uploads/2025/03/146A9859-300x200.jpg HTTP/1.1" 200 5572 "https://www.trivandrumtennisclub.com/galleries/" "Mozilla/5.0 (Windows NT 10.0; Win64; x64) AppleWebKit/537.36 (KHTML, like Gecko) Chrome/150.0.0.0 Safari/537.36"
165.99.46.162 - - [29/Jul/2026:02:43:34 +0000] "GET /wp-content/uploads/2025/03/146A9852-300x200.jpg HTTP/1.1" 200 5638 "https://www.trivandrumtennisclub.com/galleries/" "Mozilla/5.0 (Windows NT 10.0; Win64; x64) AppleWebKit/537.36 (KHTML, like Gecko) Chrome/150.0.0.0 Safari/537.36"
165.99.46.162 - - [29/Jul/2026:02:43:34 +0000] "GET /wp-content/uploads/2025/03/146A9853-300x200.jpg HTTP/1.1" 200 7560 "https://www.trivandrumtennisclub.com/galleries/" "Mozilla/5.0 (Windows NT 10.0; Win64; x64) AppleWebKit/537.36 (KHTML, like Gecko) Chrome/150.0.0.0 Safari/537.36"
165.99.46.162 - - [29/Jul/2026:02:43:35 +0000] "GET /wp-content/uploads/2025/03/146A9856-1-300x200.jpg HTTP/1.1" 200 6634 "https://www.trivandrumtennisclub.com/galleries/" "Mozilla/5.0 (Windows NT 10.0; Win64; x64) AppleWebKit/537.36 (KHTML, like Gecko) Chrome/150.0.0.0 Safari/537.36"
165.99.46.162 - - [29/Jul/2026:02:43:35 +0000] "GET /wp-content/themes/ttc/images/up-arrow.png HTTP/1.1" 200 1130 "https://www.trivandrumtennisclub.com/wp-content/themes/ttc/css/styles.css?ver=6.7.2" "Mozilla/5.0 (Windows NT 10.0; Win64; x64) AppleWebKit/537.36 (KHTML, like Gecko) Chrome/150.0.0.0 Safari/537.36"
39.194.3.246 - - [29/Jul/2026:02:43:36 +0000] "POST /xmlrpc.php HTTP/1.1" 200 415 "-" "Jetpack/13.0; WordPress/6.3; http://site57605633.com"
65.1.209.187 - - [29/Jul/2026:02:43:37 +0000] "POST /wp-cron.php?doing_wp_cron=1785293017.4111590385437011718750 HTTP/1.1" 200 31 "-" "WordPress/6.7.2; https://www.trivandrumtennisclub.com"
165.99.46.162 - - [29/Jul/2026:02:43:37 +0000] "GET /gallery/rooms-recreation-hall/ HTTP/1.1" 200 16525 "https://www.trivandrumtennisclub.com/galleries/" "Mozilla/5.0 (Windows NT 10.0; Win64; x64) AppleWebKit/537.36 (KHTML, like Gecko) Chrome/150.0.0.0 Safari/537.36"
165.99.46.162 - - [29/Jul/2026:02:43:37 +0000] "GET /wp-content/themes/ttc/images/affiliate.png HTTP/1.1" 200 413268 "https://www.trivandrumtennisclub.com/gallery/rooms-recreation-hall/" "Mozilla/5.0 (Windows NT 10.0; Win64; x64) AppleWebKit/537.36 (KHTML, like Gecko) Chrome/150.0.0.0 Safari/537.36"
165.99.46.162 - - [29/Jul/2026:02:43:39 +0000] "POST /wp-admin/admin-ajax.php HTTP/1.1" 200 6003 "https://www.trivandrumtennisclub.com/gallery/rooms-recreation-hall/" "Mozilla/5.0 (Windows NT 10.0; Win64; x64) AppleWebKit/537.36 (KHTML, like Gecko) Chrome/150.0.0.0 Safari/537.36"
165.99.46.162 - - [29/Jul/2026:02:43:39 +0000] "GET /wp-content/uploads/2025/03/146A9846-300x200.jpg HTTP/1.1" 200 7712 "https://www.trivandrumtennisclub.com/gallery/rooms-recreation-hall/" "Mozilla/5.0 (Windows NT 10.0; Win64; x64) AppleWebKit/537.36 (KHTML, like Gecko) Chrome/150.0.0.0 Safari/537.36"
165.99.46.162 - - [29/Jul/2026:02:43:39 +0000] "GET /wp-content/uploads/2025/03/146A9836-2-300x200.jpg HTTP/1.1" 200 6196 "https://www.trivandrumtennisclub.com/gallery/rooms-recreation-hall/" "Mozilla/5.0 (Windows NT 10.0; Win64; x64) AppleWebKit/537.36 (KHTML, like Gecko) Chrome/150.0.0.0 Safari/537.36"
165.99.46.162 - - [29/Jul/2026:02:43:39 +0000] "GET /wp-content/uploads/2025/03/146A9834-300x200.jpg HTTP/1.1" 200 5642 "https://www.trivandrumtennisclub.com/gallery/rooms-recreation-hall/" "Mozilla/5.0 (Windows NT 10.0; Win64; x64) AppleWebKit/537.36 (KHTML, like Gecko) Chrome/150.0.0.0 Safari/537.36"
165.99.46.162 - - [29/Jul/2026:02:43:39 +0000] "GET /wp-content/uploads/2025/03/146A9841-1-300x200.jpg HTTP/1.1" 200 7950 "https://www.trivandrumtennisclub.com/gallery/rooms-recreation-hall/" "Mozilla/5.0 (Windows NT 10.0; Win64; x64) AppleWebKit/537.36 (KHTML, like Gecko) Chrome/150.0.0.0 Safari/537.36"
165.99.46.162 - - [29/Jul/2026:02:43:39 +0000] "GET /wp-content/uploads/2025/03/146A9833-300x200.jpg HTTP/1.1" 200 4848 "https://www.trivandrumtennisclub.com/gallery/rooms-recreation-hall/" "Mozilla/5.0 (Windows NT 10.0; Win64; x64) AppleWebKit/537.36 (KHTML, like Gecko) Chrome/150.0.0.0 Safari/537.36"
165.99.46.162 - - [29/Jul/2026:02:43:39 +0000] "GET /wp-content/uploads/2025/03/146A9829-1-300x200.jpg HTTP/1.1" 200 7094 "https://www.trivandrumtennisclub.com/gallery/rooms-recreation-hall/" "Mozilla/5.0 (Windows NT 10.0; Win64; x64) AppleWebKit/537.36 (KHTML, like Gecko) Chrome/150.0.0.0 Safari/537.36"
165.99.46.162 - - [29/Jul/2026:02:43:39 +0000] "GET /wp-content/uploads/2025/03/146A9825-300x200.jpg HTTP/1.1" 200 7818 "https://www.trivandrumtennisclub.com/gallery/rooms-recreation-hall/" "Mozilla/5.0 (Windows NT 10.0; Win64; x64) AppleWebKit/537.36 (KHTML, like Gecko) Chrome/150.0.0.0 Safari/537.36"
165.99.46.162 - - [29/Jul/2026:02:43:39 +0000] "GET /wp-content/uploads/2025/03/146A9823-300x200.jpg HTTP/1.1" 200 5920 "https://www.trivandrumtennisclub.com/gallery/rooms-recreation-hall/" "Mozilla/5.0 (Windows NT 10.0; Win64; x64) AppleWebKit/537.36 (KHTML, like Gecko) Chrome/150.0.0.0 Safari/537.36"
165.99.46.162 - - [29/Jul/2026:02:43:41 +0000] "POST /wp-admin/admin-ajax.php HTTP/1.1" 200 6011 "https://www.trivandrumtennisclub.com/gallery/rooms-recreation-hall/" "Mozilla/5.0 (Windows NT 10.0; Win64; x64) AppleWebKit/537.36 (KHTML, like Gecko) Chrome/150.0.0.0 Safari/537.36"
165.99.46.162 - - [29/Jul/2026:02:43:41 +0000] "GET /wp-content/uploads/2025/03/146A9820-300x200.jpg HTTP/1.1" 200 8418 "https://www.trivandrumtennisclub.com/gallery/rooms-recreation-hall/" "Mozilla/5.0 (Windows NT 10.0; Win64; x64) AppleWebKit/537.36 (KHTML, like Gecko) Chrome/150.0.0.0 Safari/537.36"
165.99.46.162 - - [29/Jul/2026:02:43:41 +0000] "GET /wp-content/uploads/2025/03/146A9818-1-300x200.jpg HTTP/1.1" 200 5828 "https://www.trivandrumtennisclub.com/gallery/rooms-recreation-hall/" "Mozilla/5.0 (Windows NT 10.0; Win64; x64) AppleWebKit/537.36 (KHTML, like Gecko) Chrome/150.0.0.0 Safari/537.36"
165.99.46.162 - - [29/Jul/2026:02:43:41 +0000] "GET /wp-content/uploads/2025/03/146A9815-200x300.jpg HTTP/1.1" 200 10470 "https://www.trivandrumtennisclub.com/gallery/rooms-recreation-hall/" "Mozilla/5.0 (Windows NT 10.0; Win64; x64) AppleWebKit/537.36 (KHTML, like Gecko) Chrome/150.0.0.0 Safari/537.36"
165.99.46.162 - - [29/Jul/2026:02:43:41 +0000] "GET /wp-content/uploads/2025/03/146A9811-1-300x200.jpg HTTP/1.1" 200 8472 "https://www.trivandrumtennisclub.com/gallery/rooms-recreation-hall/" "Mozilla/5.0 (Windows NT 10.0; Win64; x64) AppleWebKit/537.36 (KHTML, like Gecko) Chrome/150.0.0.0 Safari/537.36"
165.99.46.162 - - [29/Jul/2026:02:43:41 +0000] "GET /wp-content/uploads/2025/03/146A9805-1-300x200.jpg HTTP/1.1" 200 7358 "https://www.trivandrumtennisclub.com/gallery/rooms-recreation-hall/" "Mozilla/5.0 (Windows NT 10.0; Win64; x64) AppleWebKit/537.36 (KHTML, like Gecko) Chrome/150.0.0.0 Safari/537.36"
165.99.46.162 - - [29/Jul/2026:02:43:41 +0000] "GET /wp-content/uploads/2025/03/146A9801-300x200.jpg HTTP/1.1" 200 9076 "https://www.trivandrumtennisclub.com/gallery/rooms-recreation-hall/" "Mozilla/5.0 (Windows NT 10.0; Win64; x64) AppleWebKit/537.36 (KHTML, like Gecko) Chrome/150.0.0.0 Safari/537.36"
165.99.46.162 - - [29/Jul/2026:02:43:41 +0000] "GET /wp-content/uploads/2025/03/146A9800-1-300x200.jpg HTTP/1.1" 200 9518 "https://www.trivandrumtennisclub.com/gallery/rooms-recreation-hall/" "Mozilla/5.0 (Windows NT 10.0; Win64; x64) AppleWebKit/537.36 (KHTML, like Gecko) Chrome/150.0.0.0 Safari/537.36"
165.99.46.162 - - [29/Jul/2026:02:43:41 +0000] "GET /wp-content/uploads/2025/03/146A9798-1-300x200.jpg HTTP/1.1" 200 7596 "https://www.trivandrumtennisclub.com/gallery/rooms-recreation-hall/" "Mozilla/5.0 (Windows NT 10.0; Win64; x64) AppleWebKit/537.36 (KHTML, like Gecko) Chrome/150.0.0.0 Safari/537.36"
178.63.94.61 - - [29/Jul/2026:02:43:42 +0000] "GET /.git/HEAD HTTP/1.1" 444 0 "-" "Mozilla/5.0 (Windows NT 10.0; rv:78.0) Gecko/20100101 Firefox/78.0"
178.63.94.61 - - [29/Jul/2026:02:43:42 +0000] "GET /.git/HEAD HTTP/1.1" 444 0 "-" "Mozilla/5.0 (Windows NT 10.0; rv:78.0) Gecko/20100101 Firefox/78.0"
178.63.94.61 - - [29/Jul/2026:02:43:43 +0000] "GET /.git/HEAD HTTP/1.1" 444 0 "-" "Mozilla/5.0 (Windows NT 10.0; rv:78.0) Gecko/20100101 Firefox/78.0"
178.63.94.61 - - [29/Jul/2026:02:43:43 +0000] "GET /.git/HEAD HTTP/1.1" 444 0 "-" "Mozilla/5.0 (Windows NT 10.0; rv:78.0) Gecko/20100101 Firefox/78.0"
106.76.191.46 - - [29/Jul/2026:02:43:46 +0000] "POST /v2/learning-material/4669/video/add-watch-log HTTP/1.1" 200 77 "-" "okhttp/3.12.12"
106.76.191.46 - - [29/Jul/2026:02:43:46 +0000] "POST /v2/learning-material/4669/video/add-watch-log HTTP/1.1" 200 77 "-" "okhttp/3.12.12"
39.194.3.246 - - [29/Jul/2026:02:43:47 +0000] "POST /xmlrpc.php HTTP/1.1" 200 415 "-" "Jetpack/13.0; WordPress/6.2; http://site91960365.com"
167.99.216.19 - - [29/Jul/2026:02:43:50 +0000] "GET / HTTP/1.1" 200 409 "-" "Mozilla/5.0 (Windows NT 10.0; Win64; x64) AppleWebKit/537.36 (KHTML, like Gecko) Chrome/137.0.0.0 Safari/537.36 +https://forestengine.net/#opt-out"
167.99.216.19 - - [29/Jul/2026:02:43:51 +0000] "GET /favicon.ico HTTP/1.1" 404 196 "-" "Mozilla/5.0 (Windows NT 10.0; Win64; x64) AppleWebKit/537.36 (KHTML, like Gecko) Chrome/137.0.0.0 Safari/537.36 +https://forestengine.net/#opt-out"
39.194.3.246 - - [29/Jul/2026:02:43:58 +0000] "POST /xmlrpc.php HTTP/1.1" 200 415 "-" "Jetpack/12.0; WordPress/6.2; http://site80868818.com"
192.178.8.72 - - [29/Jul/2026:02:44:05 +0000] "GET /.well-known/traffic-advice HTTP/1.1" 404 15933 "-" "Chrome Privacy Preserving Prefetch Proxy"
72.14.201.136 - - [29/Jul/2026:02:44:05 +0000] "GET / HTTP/1.1" 200 19848 "https://www.google.com/" "Mozilla/5.0 (Linux; Android 10; K) AppleWebKit/537.36 (KHTML, like Gecko) Chrome/150.0.0.0 Mobile Safari/537.36"
39.194.3.246 - - [29/Jul/2026:02:44:08 +0000] "POST /xmlrpc.php HTTP/1.1" 200 415 "-" "Jetpack by WordPress.com"
106.76.191.46 - - [29/Jul/2026:02:44:17 +0000] "POST /v2/learning-material/4669/video/add-watch-log HTTP/1.1" 200 77 "-" "okhttp/3.12.12"
106.76.191.46 - - [29/Jul/2026:02:44:17 +0000] "POST /v2/learning-material/4669/video/add-watch-log HTTP/1.1" 200 77 "-" "okhttp/3.12.12"
39.194.3.246 - - [29/Jul/2026:02:44:19 +0000] "POST /xmlrpc.php HTTP/1.1" 200 415 "-" "Jetpack by WordPress.com (Jetpack 13.0; WordPress 6.3)"
39.194.3.246 - - [29/Jul/2026:02:44:29 +0000] "POST /xmlrpc.php HTTP/1.1" 200 415 "-" "Jetpack/12.1; WordPress/6.2; http://site46336980.com"
39.194.3.246 - - [29/Jul/2026:02:44:40 +0000] "POST /xmlrpc.php HTTP/1.1" 200 415 "-" "Jetpack by WordPress.com"
106.76.191.46 - - [29/Jul/2026:02:44:49 +0000] "POST /v2/learning-material/4669/video/add-watch-log HTTP/1.1" 200 77 "-" "okhttp/3.12.12"
106.76.191.46 - - [29/Jul/2026:02:44:49 +0000] "POST /v2/learning-material/4669/video/add-watch-log HTTP/1.1" 200 77 "-" "okhttp/3.12.12"
39.194.3.246 - - [29/Jul/2026:02:44:51 +0000] "POST /xmlrpc.php HTTP/1.1" 200 415 "-" "Jetpack by WordPress.com (Jetpack 12.1; WordPress 6.1)"
39.194.3.246 - - [29/Jul/2026:02:45:02 +0000] "POST /xmlrpc.php HTTP/1.1" 200 415 "-" "Jetpack/12.0; WordPress/6.4; http://site30172268.com"
39.194.3.246 - - [29/Jul/2026:02:45:12 +0000] "POST /xmlrpc.php HTTP/1.1" 200 415 "-" "WordPress.com; https://wordpress.com"
39.194.3.246 - - [29/Jul/2026:02:45:23 +0000] "POST /xmlrpc.php HTTP/1.1" 200 415 "-" "WordPress.com; https://wordpress.com"
39.194.3.246 - - [29/Jul/2026:02:45:33 +0000] "POST /xmlrpc.php HTTP/1.1" 200 415 "-" "WordPress.com; https://wordpress.com"
39.194.3.246 - - [29/Jul/2026:02:45:44 +0000] "POST /xmlrpc.php HTTP/1.1" 200 415 "-" "Jetpack by WordPress.com (Jetpack 12.0; WordPress 6.1)"
39.194.3.246 - - [29/Jul/2026:02:45:54 +0000] "POST /xmlrpc.php HTTP/1.1" 200 415 "-" "Jetpack by WordPress.com (Jetpack 12.0; WordPress 6.4)"
39.194.3.246 - - [29/Jul/2026:02:46:05 +0000] "POST /xmlrpc.php HTTP/1.1" 200 415 "-" "Jetpack/12.5; WordPress/6.3; http://site33728846.com"
39.194.3.246 - - [29/Jul/2026:02:46:16 +0000] "POST /xmlrpc.php HTTP/1.1" 200 415 "-" "Jetpack by WordPress.com (Jetpack 13.0; WordPress 6.2)"
39.194.3.246 - - [29/Jul/2026:02:46:26 +0000] "POST /xmlrpc.php HTTP/1.1" 200 415 "-" "WordPress.com; https://wordpress.com"
65.1.209.187 - - [29/Jul/2026:02:46:31 +0000] "POST /wp-cron.php?doing_wp_cron=1785293191.7063939571380615234375 HTTP/1.1" 200 31 "-" "WordPress/6.7.2; https://www.trivandrumtennisclub.com"
51.68.111.219 - - [29/Jul/2026:02:46:31 +0000] "GET /robots.txt HTTP/1.1" 200 140 "-" "Mozilla/5.0 (compatible; MJ12bot/v2.0.5; http://mj12bot.com/)"
51.68.111.219 - - [29/Jul/2026:02:46:32 +0000] "GET / HTTP/1.1" 200 19848 "-" "Mozilla/5.0 (compatible; MJ12bot/v2.0.5; http://mj12bot.com/)"
39.194.3.246 - - [29/Jul/2026:02:46:37 +0000] "POST /xmlrpc.php HTTP/1.1" 200 415 "-" "Jetpack by WordPress.com (Jetpack 13.0; WordPress 6.4)"
39.194.3.246 - - [29/Jul/2026:02:46:47 +0000] "POST /xmlrpc.php HTTP/1.1" 200 415 "-" "WordPress.com; https://wordpress.com"
39.194.3.246 - - [29/Jul/2026:02:46:58 +0000] "POST /xmlrpc.php HTTP/1.1" 200 415 "-" "Jetpack/12.0; WordPress/6.2; http://site15504936.com"
39.194.3.246 - - [29/Jul/2026:02:47:09 +0000] "POST /xmlrpc.php HTTP/1.1" 200 415 "-" "WordPress.com; https://wordpress.com"
39.194.3.246 - - [29/Jul/2026:02:47:19 +0000] "POST /xmlrpc.php HTTP/1.1" 200 415 "-" "Jetpack/13.0; WordPress/6.4; http://site82387409.com"
39.194.3.246 - - [29/Jul/2026:02:47:30 +0000] "POST /xmlrpc.php HTTP/1.1" 200 415 "-" "Jetpack by WordPress.com (Jetpack 13.0; WordPress 6.1)"
39.194.3.246 - - [29/Jul/2026:02:47:40 +0000] "POST /xmlrpc.php HTTP/1.1" 200 415 "-" "Jetpack by WordPress.com"
39.194.3.246 - - [29/Jul/2026:02:47:51 +0000] "POST /xmlrpc.php HTTP/1.1" 200 415 "-" "Jetpack by WordPress.com"
49.15.134.79 - - [29/Jul/2026:02:47:56 +0000] "OPTIONS /user-notifications/unread-count HTTP/1.1" 204 0 "https://profinz.studentswebapp.quditinfotech.com/" "Mozilla/5.0 (Linux; Android 10; V2027) AppleWebKit/537.36 (KHTML, like Gecko) Version/4.0 Chrome/123.0.6312.118 Mobile Safari/537.36 VivoBrowser/15.1.0.3"
49.15.134.79 - - [29/Jul/2026:02:47:56 +0000] "OPTIONS /learning-material/video/4945 HTTP/1.1" 204 0 "https://profinz.studentswebapp.quditinfotech.com/" "Mozilla/5.0 (Linux; Android 10; V2027) AppleWebKit/537.36 (KHTML, like Gecko) Version/4.0 Chrome/123.0.6312.118 Mobile Safari/537.36 VivoBrowser/15.1.0.3"
49.15.134.79 - - [29/Jul/2026:02:47:56 +0000] "GET /learning-material/video/4945 HTTP/1.1" 304 0 "https://profinz.studentswebapp.quditinfotech.com/" "Mozilla/5.0 (Linux; Android 10; V2027) AppleWebKit/537.36 (KHTML, like Gecko) Version/4.0 Chrome/123.0.6312.118 Mobile Safari/537.36 VivoBrowser/15.1.0.3"
39.194.3.246 - - [29/Jul/2026:02:48:02 +0000] "POST /xmlrpc.php HTTP/1.1" 200 415 "-" "Jetpack by WordPress.com (Jetpack 12.5; WordPress 6.2)"
49.15.134.79 - - [29/Jul/2026:02:48:05 +0000] "GET /user-notifications/unread-count HTTP/1.1" 499 0 "https://profinz.studentswebapp.quditinfotech.com/" "Mozilla/5.0 (Linux; Android 10; V2027) AppleWebKit/537.36 (KHTML, like Gecko) Version/4.0 Chrome/123.0.6312.118 Mobile Safari/537.36 VivoBrowser/15.1.0.3"
49.15.134.79 - - [29/Jul/2026:02:48:07 +0000] "OPTIONS /user-notifications/unread-count HTTP/1.1" 204 0 "https://profinz.studentswebapp.quditinfotech.com/" "Mozilla/5.0 (Linux; Android 10; V2027) AppleWebKit/537.36 (KHTML, like Gecko) Version/4.0 Chrome/123.0.6312.118 Mobile Safari/537.36 VivoBrowser/15.1.0.3"
39.194.3.246 - - [29/Jul/2026:02:48:12 +0000] "POST /xmlrpc.php HTTP/1.1" 200 415 "-" "Jetpack by WordPress.com"
49.15.134.79 - - [29/Jul/2026:02:48:16 +0000] "GET /user-notifications/unread-count HTTP/1.1" 499 0 "https://profinz.studentswebapp.quditinfotech.com/" "Mozilla/5.0 (Linux; Android 10; V2027) AppleWebKit/537.36 (KHTML, like Gecko) Version/4.0 Chrome/123.0.6312.118 Mobile Safari/537.36 VivoBrowser/15.1.0.3"
65.1.209.187 - - [29/Jul/2026:02:48:16 +0000] "POST /wp-cron.php?doing_wp_cron=1785293296.5078079700469970703125 HTTP/1.1" 200 31 "-" "WordPress/6.7.2; https://www.trivandrumtennisclub.com"
57.141.0.19 - - [29/Jul/2026:02:48:16 +0000] "GET /member/sri-sameer-siraj/ HTTP/1.1" 200 17887 "-" "Mozilla/5.0 (X11; Linux x86_64) AppleWebKit/537.36 (KHTML, like Gecko) Chrome/145.0.0.0 Safari/537.36 (compatible; meta-externalagent/1.1 (+https://developers.facebook.com/docs/sharing/webmasters/crawler))"
39.194.3.246 - - [29/Jul/2026:02:48:23 +0000] "POST /xmlrpc.php HTTP/1.1" 200 415 "-" "Jetpack by WordPress.com (Jetpack 12.5; WordPress 6.4)"
39.194.3.246 - - [29/Jul/2026:02:48:34 +0000] "POST /xmlrpc.php HTTP/1.1" 200 415 "-" "Jetpack/12.1; WordPress/6.2; http://site99847031.com"
39.194.3.246 - - [29/Jul/2026:02:48:44 +0000] "POST /xmlrpc.php HTTP/1.1" 200 415 "-" "Jetpack by WordPress.com (Jetpack 13.0; WordPress 6.3)"
39.194.3.246 - - [29/Jul/2026:02:48:55 +0000] "POST /xmlrpc.php HTTP/1.1" 200 415 "-" "Jetpack/12.5; WordPress/6.1; http://site30869325.com"
161.35.85.221 - - [29/Jul/2026:02:48:59 +0000] "GET / HTTP/1.1" 444 0 "-" "Mozilla/5.0 (Windows NT 10.0; Win64; x64) AppleWebKit/537.36 (KHTML, like Gecko) Chrome/137.0.0.0 Safari/537.36 +https://forestengine.net/#opt-out"
39.194.3.246 - - [29/Jul/2026:02:49:06 +0000] "POST /xmlrpc.php HTTP/1.1" 200 415 "-" "Jetpack/12.5; WordPress/6.1; http://site92201285.com"
39.194.3.246 - - [29/Jul/2026:02:49:16 +0000] "POST /xmlrpc.php HTTP/1.1" 200 415 "-" "WordPress.com; https://wordpress.com"
39.194.3.246 - - [29/Jul/2026:02:49:27 +0000] "POST /xmlrpc.php HTTP/1.1" 200 415 "-" "Jetpack by WordPress.com (Jetpack 13.0; WordPress 6.4)"
49.15.134.79 - - [29/Jul/2026:02:49:29 +0000] "OPTIONS /user-notifications/unread-count HTTP/1.1" 204 0 "https://profinz.studentswebapp.quditinfotech.com/" "Mozilla/5.0 (Linux; Android 10; V2027) AppleWebKit/537.36 (KHTML, like Gecko) Version/4.0 Chrome/123.0.6312.118 Mobile Safari/537.36 VivoBrowser/15.1.0.3"
39.194.3.246 - - [29/Jul/2026:02:49:37 +0000] "POST /xmlrpc.php HTTP/1.1" 200 415 "-" "Jetpack by WordPress.com (Jetpack 13.0; WordPress 6.4)"
49.15.134.79 - - [29/Jul/2026:02:49:38 +0000] "GET /user-notifications/unread-count HTTP/1.1" 499 0 "https://profinz.studentswebapp.quditinfotech.com/" "Mozilla/5.0 (Linux; Android 10; V2027) AppleWebKit/537.36 (KHTML, like Gecko) Version/4.0 Chrome/123.0.6312.118 Mobile Safari/537.36 VivoBrowser/15.1.0.3"
49.15.134.79 - - [29/Jul/2026:02:49:38 +0000] "OPTIONS /user-notifications/unread-count HTTP/1.1" 204 0 "https://profinz.studentswebapp.quditinfotech.com/" "Mozilla/5.0 (Linux; Android 10; V2027) AppleWebKit/537.36 (KHTML, like Gecko) Version/4.0 Chrome/123.0.6312.118 Mobile Safari/537.36 VivoBrowser/15.1.0.3"
49.15.134.79 - - [29/Jul/2026:02:49:48 +0000] "GET /user-notifications/unread-count HTTP/1.1" 499 0 "https://profinz.studentswebapp.quditinfotech.com/" "Mozilla/5.0 (Linux; Android 10; V2027) AppleWebKit/537.36 (KHTML, like Gecko) Version/4.0 Chrome/123.0.6312.118 Mobile Safari/537.36 VivoBrowser/15.1.0.3"
39.194.3.246 - - [29/Jul/2026:02:49:48 +0000] "POST /xmlrpc.php HTTP/1.1" 200 415 "-" "Jetpack/12.5; WordPress/6.3; http://site46830471.com"
39.194.3.246 - - [29/Jul/2026:02:49:59 +0000] "POST /xmlrpc.php HTTP/1.1" 200 415 "-" "Jetpack by WordPress.com"
65.1.209.187 - - [29/Jul/2026:02:50:04 +0000] "POST /wp-cron.php?doing_wp_cron=1785293404.3118870258331298828125 HTTP/1.1" 200 31 "-" "WordPress/6.7.2; https://www.trivandrumtennisclub.com"
57.141.0.51 - - [29/Jul/2026:02:50:04 +0000] "GET /member/ojcbpksqnhlqqkivlwnxfa-ijtrifvnualmayke/ HTTP/1.1" 200 17744 "-" "Mozilla/5.0 (Macintosh; Intel Mac OS X 10_15_7) AppleWebKit/537.36 (KHTML, like Gecko) Chrome/145.0.0.0 Safari/537.36 (compatible; meta-externalagent/1.1 (+https://developers.facebook.com/docs/sharing/webmasters/crawler))"
172.71.144.117 - - [29/Jul/2026:02:50:58 +0000] "GET /wp-admin/install.php?step=1 HTTP/1.1" 301 178 "-" "http://drjunior.in/wp-admin/install.php?step=1"
172.71.144.116 - - [29/Jul/2026:02:50:59 +0000] "GET /wp-admin/install.php?step=1 HTTP/1.1" 200 528 "-" "http://drjunior.in/wp-admin/install.php?step=1"
49.15.134.79 - - [29/Jul/2026:02:51:15 +0000] "OPTIONS /user-notifications/unread-count HTTP/1.1" 204 0 "https://profinz.studentswebapp.quditinfotech.com/" "Mozilla/5.0 (Linux; Android 10; V2027) AppleWebKit/537.36 (KHTML, like Gecko) Version/4.0 Chrome/123.0.6312.118 Mobile Safari/537.36 VivoBrowser/15.1.0.3"
49.15.134.79 - - [29/Jul/2026:02:51:25 +0000] "GET /user-notifications/unread-count HTTP/1.1" 499 0 "https://profinz.studentswebapp.quditinfotech.com/" "Mozilla/5.0 (Linux; Android 10; V2027) AppleWebKit/537.36 (KHTML, like Gecko) Version/4.0 Chrome/123.0.6312.118 Mobile Safari/537.36 VivoBrowser/15.1.0.3"
49.15.134.79 - - [29/Jul/2026:02:51:26 +0000] "OPTIONS /user-notifications/unread-count HTTP/1.1" 204 0 "https://profinz.studentswebapp.quditinfotech.com/" "Mozilla/5.0 (Linux; Android 10; V2027) AppleWebKit/537.36 (KHTML, like Gecko) Version/4.0 Chrome/123.0.6312.118 Mobile Safari/537.36 VivoBrowser/15.1.0.3"
49.15.134.79 - - [29/Jul/2026:02:51:35 +0000] "GET /user-notifications/unread-count HTTP/1.1" 499 0 "https://profinz.studentswebapp.quditinfotech.com/" "Mozilla/5.0 (Linux; Android 10; V2027) AppleWebKit/537.36 (KHTML, like Gecko) Version/4.0 Chrome/123.0.6312.118 Mobile Safari/537.36 VivoBrowser/15.1.0.3"
65.1.209.187 - - [29/Jul/2026:02:51:44 +0000] "POST /wp-cron.php?doing_wp_cron=1785293504.3181879520416259765625 HTTP/1.1" 200 31 "-" "WordPress/6.7.2; https://www.trivandrumtennisclub.com"
57.141.0.60 - - [29/Jul/2026:02:51:44 +0000] "GET /member/gmkzynjyhrkymqxbkd-iebxqezrbopjmwjgnpewhxx/ HTTP/1.1" 200 17943 "-" "Mozilla/5.0 (Macintosh; Intel Mac OS X 10_15_7) AppleWebKit/537.36 (KHTML, like Gecko) Chrome/145.0.0.0 Safari/537.36 (compatible; meta-externalagent/1.1 (+https://developers.facebook.com/docs/sharing/webmasters/crawler))"
35.153.162.145 - - [29/Jul/2026:02:52:16 +0000] "GET / HTTP/1.1" 301 178 "-" "Mozilla/5.0 (Windows NT 10.0; WOW64) AppleWebKit/537.36 (KHTML, like Gecko) Chrome/109.0.0.0 Safari/537.36"
35.153.162.145 - - [29/Jul/2026:02:52:16 +0000] "GET / HTTP/1.1" 200 19848 "-" "Mozilla/5.0 (Windows NT 10.0; WOW64) AppleWebKit/537.36 (KHTML, like Gecko) Chrome/109.0.0.0 Safari/537.36"
57.141.0.19 - - [29/Jul/2026:02:52:17 +0000] "GET /member/sri-sandeep-zachariah/ HTTP/1.1" 200 17671 "-" "Mozilla/5.0 (Macintosh; Intel Mac OS X 10_15_7) AppleWebKit/537.36 (KHTML, like Gecko) Chrome/145.0.0.0 Safari/537.36 (compatible; meta-externalagent/1.1 (+https://developers.facebook.com/docs/sharing/webmasters/crawler))"
35.153.162.145 - - [29/Jul/2026:02:52:17 +0000] "GET / HTTP/1.1" 301 178 "-" "Mozilla/5.0 (Windows NT 10.0; WOW64) AppleWebKit/537.36 (KHTML, like Gecko) Chrome/109.0.0.0 Safari/537.36"
35.153.162.145 - - [29/Jul/2026:02:52:17 +0000] "GET / HTTP/1.1" 200 19848 "-" "Mozilla/5.0 (Windows NT 10.0; WOW64) AppleWebKit/537.36 (KHTML, like Gecko) Chrome/109.0.0.0 Safari/537.36"
35.153.162.145 - - [29/Jul/2026:02:52:18 +0000] "GET / HTTP/1.1" 301 178 "-" "Mozilla/5.0 (Windows NT 10.0; WOW64) AppleWebKit/537.36 (KHTML, like Gecko) Chrome/109.0.0.0 Safari/537.36"
35.153.162.145 - - [29/Jul/2026:02:52:18 +0000] "GET / HTTP/1.1" 200 19848 "-" "Mozilla/5.0 (Windows NT 10.0; WOW64) AppleWebKit/537.36 (KHTML, like Gecko) Chrome/109.0.0.0 Safari/537.36"
35.153.162.145 - - [29/Jul/2026:02:52:19 +0000] "GET / HTTP/1.1" 200 19848 "-" "Mozilla/5.0 (Windows NT 10.0; WOW64) AppleWebKit/537.36 (KHTML, like Gecko) Chrome/109.0.0.0 Safari/537.36"
43.130.16.140 - - [29/Jul/2026:02:52:29 +0000] "GET / HTTP/1.1" 301 178 "-" "Mozilla/5.0 (iPhone; CPU iPhone OS 13_2_3 like Mac OS X) AppleWebKit/605.1.15 (KHTML, like Gecko) Version/13.0.3 Mobile/15E148 Safari/604.1"
43.130.16.140 - - [29/Jul/2026:02:52:30 +0000] "GET / HTTP/1.1" 200 112 "http://scholar.api.prod.drjunior.in" "Mozilla/5.0 (iPhone; CPU iPhone OS 13_2_3 like Mac OS X) AppleWebKit/605.1.15 (KHTML, like Gecko) Version/13.0.3 Mobile/15E148 Safari/604.1"
23.180.120.145 - - [29/Jul/2026:02:54:27 +0000] "GET / HTTP/1.1" 200 76 "-" "Mozilla/5.0 (Linux; Android 13; SAMSUNG SM-G991B) AppleWebKit/537.36 (KHTML, like Gecko) SamsungBrowser/23.0 Chrome/115.0.0.0 Mobile Safari/537.36"
23.180.120.145 - - [29/Jul/2026:02:54:27 +0000] "GET /wp-json/ HTTP/1.1" 404 148 "-" "Mozilla/5.0 (Linux; Android 13; SAMSUNG SM-G991B) AppleWebKit/537.36 (KHTML, like Gecko) SamsungBrowser/23.0 Chrome/115.0.0.0 Mobile Safari/537.36"
23.180.120.145 - - [29/Jul/2026:02:54:27 +0000] "GET /?rest_route=/ HTTP/1.1" 200 76 "-" "Mozilla/5.0 (Linux; Android 13; SAMSUNG SM-G991B) AppleWebKit/537.36 (KHTML, like Gecko) SamsungBrowser/23.0 Chrome/115.0.0.0 Mobile Safari/537.36"
104.210.140.142 - - [29/Jul/2026:02:55:11 +0000] "GET /robots.txt HTTP/1.1" 301 178 "-" "Mozilla/5.0 (Macintosh; Intel Mac OS X 10_15_7) AppleWebKit/537.36 (KHTML, like Gecko) Chrome/131.0.0.0 Safari/537.36; compatible; OAI-SearchBot/1.0; +https://openai.com/searchbot"
65.1.209.187 - - [29/Jul/2026:02:55:37 +0000] "POST /wp-cron.php?doing_wp_cron=1785293737.9337949752807617187500 HTTP/1.1" 200 31 "-" "WordPress/6.7.2; https://www.trivandrumtennisclub.com"
57.141.0.68 - - [29/Jul/2026:02:55:38 +0000] "GET /member/znudfxwejucwogbzenhrhloh-ivtvntkuhrnkdreomseqyv/ HTTP/1.1" 200 17747 "-" "Mozilla/5.0 (Windows NT 10.0; Win64; x64) AppleWebKit/537.36 (KHTML, like Gecko) Chrome/145.0.0.0 Safari/537.36 (compatible; meta-externalagent/1.1 (+https://developers.facebook.com/docs/sharing/webmasters/crawler))"
65.1.209.187 - - [29/Jul/2026:02:57:45 +0000] "POST /wp-cron.php?doing_wp_cron=1785293865.1447908878326416015625 HTTP/1.1" 200 31 "-" "WordPress/6.7.2; https://www.trivandrumtennisclub.com"
57.141.0.31 - - [29/Jul/2026:02:57:45 +0000] "GET /member/sri-radhakrishnan-nair-c-m-ips-retd/ HTTP/1.1" 200 17914 "-" "Mozilla/5.0 (Macintosh; Intel Mac OS X 10_15_7) AppleWebKit/537.36 (KHTML, like Gecko) Chrome/145.0.0.0 Safari/537.36 (compatible; meta-externalagent/1.1 (+https://developers.facebook.com/docs/sharing/webmasters/crawler))"
49.15.134.79 - - [29/Jul/2026:03:01:33 +0000] "OPTIONS /learning-material/video/4945 HTTP/1.1" 204 0 "https://profinz.studentswebapp.quditinfotech.com/" "Mozilla/5.0 (Linux; Android 10; V2027) AppleWebKit/537.36 (KHTML, like Gecko) Version/4.0 Chrome/123.0.6312.118 Mobile Safari/537.36 VivoBrowser/15.1.0.3"
49.15.134.79 - - [29/Jul/2026:03:01:33 +0000] "OPTIONS /user-notifications/unread-count HTTP/1.1" 204 0 "https://profinz.studentswebapp.quditinfotech.com/" "Mozilla/5.0 (Linux; Android 10; V2027) AppleWebKit/537.36 (KHTML, like Gecko) Version/4.0 Chrome/123.0.6312.118 Mobile Safari/537.36 VivoBrowser/15.1.0.3"
49.15.134.79 - - [29/Jul/2026:03:01:33 +0000] "GET /learning-material/video/4945 HTTP/1.1" 304 0 "https://profinz.studentswebapp.quditinfotech.com/" "Mozilla/5.0 (Linux; Android 10; V2027) AppleWebKit/537.36 (KHTML, like Gecko) Version/4.0 Chrome/123.0.6312.118 Mobile Safari/537.36 VivoBrowser/15.1.0.3"
49.15.134.79 - - [29/Jul/2026:03:01:42 +0000] "GET /user-notifications/unread-count HTTP/1.1" 499 0 "https://profinz.studentswebapp.quditinfotech.com/" "Mozilla/5.0 (Linux; Android 10; V2027) AppleWebKit/537.36 (KHTML, like Gecko) Version/4.0 Chrome/123.0.6312.118 Mobile Safari/537.36 VivoBrowser/15.1.0.3"
208.84.100.249 - - [29/Jul/2026:03:02:01 +0000] "GET / HTTP/1.1" 200 409 "-" "Mozilla/5.0 (Macintosh; Intel Mac OS X 10_15_7) AppleWebKit/537.36 (KHTML, like Gecko) Chrome/147.0.0.0 Safari/537.36"
208.84.100.249 - - [29/Jul/2026:03:02:01 +0000] "GET / HTTP/1.1" 444 0 "-" "Mozilla/5.0 (Windows NT 10.0; Win64; x64; rv:150.0) Gecko/20100101 Firefox/150.0"
208.84.100.249 - - [29/Jul/2026:03:02:02 +0000] "GET / HTTP/1.1" 200 409 "-" "Mozilla/5.0 (Macintosh; Intel Mac OS X 10_15_7) AppleWebKit/537.36 (KHTML, like Gecko) Chrome/147.0.0.0 Safari/537.36 Edg/147.0.0.0"
208.84.100.249 - - [29/Jul/2026:03:02:02 +0000] "GET / HTTP/1.1" 200 409 "-" "Mozilla/5.0 (iPhone; CPU iPhone OS 18_4 like Mac OS X) AppleWebKit/605.1.15 (KHTML, like Gecko) Version/18.4 Mobile/15E148 Safari/604.1"
65.1.209.187 - - [29/Jul/2026:03:02:13 +0000] "POST /wp-cron.php?doing_wp_cron=1785294133.2258710861206054687500 HTTP/1.1" 200 31 "-" "WordPress/6.7.2; https://www.trivandrumtennisclub.com"
193.186.4.140 - - [29/Jul/2026:03:02:13 +0000] "GET / HTTP/1.1" 200 19848 "https://www.google.com/" "Mozilla/5.0 (Linux; Android 10; K) AppleWebKit/537.36 (KHTML, like Gecko) Chrome/150.0.0.0 Mobile Safari/537.36"
65.1.209.187 - - [29/Jul/2026:03:03:05 +0000] "POST /wp-cron.php?doing_wp_cron=1785294185.5619421005249023437500 HTTP/1.1" 200 31 "-" "WordPress/6.7.2; https://www.trivandrumtennisclub.com"
162.120.184.8 - - [29/Jul/2026:03:03:05 +0000] "GET / HTTP/1.1" 200 19848 "https://www.google.com/" "Mozilla/5.0 (Linux; Android 10; K) AppleWebKit/537.36 (KHTML, like Gecko) Chrome/150.0.0.0 Mobile Safari/537.36"
65.1.209.187 - - [29/Jul/2026:03:03:51 +0000] "POST /wp-cron.php?doing_wp_cron=1785294231.9191939830780029296875 HTTP/1.1" 200 31 "-" "WordPress/6.7.2; https://www.trivandrumtennisclub.com"
57.141.0.17 - - [29/Jul/2026:03:03:51 +0000] "GET /sitemap.html HTTP/1.1" 404 15933 "-" "Mozilla/5.0 (Macintosh; Intel Mac OS X 10_15_7) AppleWebKit/537.36 (KHTML, like Gecko) Chrome/145.0.0.0 Safari/537.36 (compatible; meta-externalagent/1.1 (+https://developers.facebook.com/docs/sharing/webmasters/crawler))"
57.141.0.66 - - [29/Jul/2026:03:03:52 +0000] "GET /member/mudnvyrbsocczidoth-lqwowoxkrmgyrtia/ HTTP/1.1" 200 17707 "-" "Mozilla/5.0 (Windows NT 10.0; Win64; x64) AppleWebKit/537.36 (KHTML, like Gecko) Chrome/145.0.0.0 Safari/537.36 (compatible; meta-externalagent/1.1 (+https://developers.facebook.com/docs/sharing/webmasters/crawler))"
34.162.120.223 - - [29/Jul/2026:03:04:54 +0000] "HEAD / HTTP/1.1" 301 0 "-" "Mozilla/5.0 (Linux; Android 13; Infinix X688B) AppleWebKit/537.36 (KHTML, like Gecko) Chrome/124.0.6367.48 Mobile Safari/537.36"
65.1.209.187 - - [29/Jul/2026:03:04:55 +0000] "POST /wp-cron.php?doing_wp_cron=1785294295.0736958980560302734375 HTTP/1.1" 200 31 "-" "WordPress/6.7.2; https://www.trivandrumtennisclub.com"
34.162.120.223 - - [29/Jul/2026:03:04:55 +0000] "HEAD / HTTP/1.1" 200 0 "http://trivandrumtennisclub.com/" "Mozilla/5.0 (Linux; Android 13; Infinix X688B) AppleWebKit/537.36 (KHTML, like Gecko) Chrome/124.0.6367.48 Mobile Safari/537.36"
34.162.120.223 - - [29/Jul/2026:03:04:55 +0000] "HEAD /new/ HTTP/1.1" 301 0 "-" "Mozilla/5.0 (Linux; Android 14; OnePlus 12) AppleWebKit/537.36 (KHTML, like Gecko) Chrome/125.0.6422.102 Mobile Safari/537.36"
34.162.120.223 - - [29/Jul/2026:03:04:55 +0000] "HEAD /new/ HTTP/1.1" 404 0 "http://trivandrumtennisclub.com/new/" "Mozilla/5.0 (Linux; Android 14; OnePlus 12) AppleWebKit/537.36 (KHTML, like Gecko) Chrome/125.0.6422.102 Mobile Safari/537.36"
34.162.120.223 - - [29/Jul/2026:03:04:55 +0000] "HEAD /wordpress/ HTTP/1.1" 301 0 "-" "Mozilla/5.0 (Linux; Android 10; vivo 1904) AppleWebKit/537.36 (KHTML, like Gecko) Chrome/117.0.5938.60 Mobile Safari/537.36"
34.162.120.223 - - [29/Jul/2026:03:04:56 +0000] "HEAD /wordpress/ HTTP/1.1" 404 0 "http://trivandrumtennisclub.com/wordpress/" "Mozilla/5.0 (Linux; Android 10; vivo 1904) AppleWebKit/537.36 (KHTML, like Gecko) Chrome/117.0.5938.60 Mobile Safari/537.36"
34.162.120.223 - - [29/Jul/2026:03:04:56 +0000] "HEAD /wp/ HTTP/1.1" 301 0 "-" "Mozilla/5.0 (Windows NT 11.0; Win64; x64) AppleWebKit/537.36 (KHTML, like Gecko) Chrome/128.0.6540.18 Safari/537.36"
34.162.120.223 - - [29/Jul/2026:03:04:56 +0000] "HEAD /wp/ HTTP/1.1" 404 0 "http://trivandrumtennisclub.com/wp/" "Mozilla/5.0 (Windows NT 11.0; Win64; x64) AppleWebKit/537.36 (KHTML, like Gecko) Chrome/128.0.6540.18 Safari/537.36"
34.162.120.223 - - [29/Jul/2026:03:04:56 +0000] "HEAD /blog/ HTTP/1.1" 301 0 "-" "Mozilla/5.0 (Linux; Android 13; Infinix X688B) AppleWebKit/537.36 (KHTML, like Gecko) Chrome/124.0.6367.48 Mobile Safari/537.36"
34.162.120.223 - - [29/Jul/2026:03:04:57 +0000] "HEAD /blog/ HTTP/1.1" 200 0 "http://trivandrumtennisclub.com/blog/" "Mozilla/5.0 (Linux; Android 13; Infinix X688B) AppleWebKit/537.36 (KHTML, like Gecko) Chrome/124.0.6367.48 Mobile Safari/537.36"
34.162.120.223 - - [29/Jul/2026:03:04:57 +0000] "HEAD /old/ HTTP/1.1" 301 0 "-" "Mozilla/5.0 (Linux; Android 14; Samsung SM-A546B) AppleWebKit/537.36 (KHTML, like Gecko) Chrome/126.0.6478.14 Mobile Safari/537.36"
34.162.120.223 - - [29/Jul/2026:03:04:57 +0000] "HEAD /old/ HTTP/1.1" 404 0 "http://trivandrumtennisclub.com/old/" "Mozilla/5.0 (Linux; Android 14; Samsung SM-A546B) AppleWebKit/537.36 (KHTML, like Gecko) Chrome/126.0.6478.14 Mobile Safari/537.36"
34.162.120.223 - - [29/Jul/2026:03:04:57 +0000] "HEAD /backup/ HTTP/1.1" 301 0 "-" "Mozilla/5.0 (Linux; Android 14; OnePlus 12) AppleWebKit/537.36 (KHTML, like Gecko) Chrome/125.0.6422.102 Mobile Safari/537.36"
34.162.120.223 - - [29/Jul/2026:03:04:58 +0000] "HEAD /backup/ HTTP/1.1" 404 0 "http://trivandrumtennisclub.com/backup/" "Mozilla/5.0 (Linux; Android 14; OnePlus 12) AppleWebKit/537.36 (KHTML, like Gecko) Chrome/125.0.6422.102 Mobile Safari/537.36"
57.141.0.30 - - [29/Jul/2026:03:05:10 +0000] "GET /wp-json/wp/v2/member/1633 HTTP/1.1" 200 1122 "-" "Mozilla/5.0 (Macintosh; Intel Mac OS X 10_15_7) AppleWebKit/537.36 (KHTML, like Gecko) Chrome/145.0.0.0 Safari/537.36 (compatible; meta-externalagent/1.1 (+https://developers.facebook.com/docs/sharing/webmasters/crawler))"
57.141.0.17 - - [29/Jul/2026:03:05:28 +0000] "GET /member/jetzaybtyuzcfzzn-ipgefgtijalwmkfxqqdbpmqe/ HTTP/1.1" 200 17745 "-" "Mozilla/5.0 (Windows NT 10.0; Win64; x64) AppleWebKit/537.36 (KHTML, like Gecko) Chrome/145.0.0.0 Safari/537.36 (compatible; meta-externalagent/1.1 (+https://developers.facebook.com/docs/sharing/webmasters/crawler))"
66.249.74.136 - - [29/Jul/2026:03:05:30 +0000] "GET /ads.txt HTTP/1.1" 404 15933 "-" "Mozilla/5.0 (compatible; Googlebot/2.1; +http://www.google.com/bot.html)"
66.249.74.137 - - [29/Jul/2026:03:05:31 +0000] "GET /ads.txt HTTP/1.1" 301 178 "-" "Mozilla/5.0 (compatible; Googlebot/2.1; +http://www.google.com/bot.html)"
57.141.0.18 - - [29/Jul/2026:03:05:33 +0000] "GET /member/k-s-venugopal-venu/ HTTP/1.1" 200 17642 "-" "Mozilla/5.0 (Macintosh; Intel Mac OS X 10_15_7) AppleWebKit/537.36 (KHTML, like Gecko) Chrome/145.0.0.0 Safari/537.36 (compatible; meta-externalagent/1.1 (+https://developers.facebook.com/docs/sharing/webmasters/crawler))"
65.1.209.187 - - [29/Jul/2026:03:05:39 +0000] "POST /wp-cron.php?doing_wp_cron=1785294339.0902719497680664062500 HTTP/1.1" 200 31 "-" "WordPress/6.7.2; https://www.trivandrumtennisclub.com"
57.141.0.22 - - [29/Jul/2026:03:05:39 +0000] "GET /member/sri-viswanathan-g/ HTTP/1.1" 200 17650 "-" "Mozilla/5.0 (Windows NT 10.0; Win64; x64) AppleWebKit/537.36 (KHTML, like Gecko) Chrome/145.0.0.0 Safari/537.36 (compatible; meta-externalagent/1.1 (+https://developers.facebook.com/docs/sharing/webmasters/crawler))"
205.210.31.14 - - [29/Jul/2026:03:06:23 +0000] "\x16\x03\x01\x00\xCA\x01\x00\x00\xC6\x03\x03\xBA~\x13E}\x05[\xFB\xC1\xE6\x13y\xC2\xB2+\xAF<R\xFE\x8C\xF4\x07A7\xBC\xBC\xC8\x12" 400 166 "-" "-"
205.210.31.14 - - [29/Jul/2026:03:06:23 +0000] "\x16\x03\x01\x00\xEE\x01\x00\x00\xEA\x03\x03\xBA\xB8z@WP\xC2a\x9EG\x8CI\xBE\x0F\xDE\xFA\xFCL?\xFB\x9A\x98\x92\x8A\xA7BW\x13G\xE5\xBC\x1B \x9F\xD4p\xD8\xC3b\xB0\x8B\xF5=u\xEF\xA9,\xA8\xC0 \xD4\xFE\x9A\xB6\x10~9d\x90\x97{M\x04Vk\x00&\xC0+\xC0/\xC0,\xC00\xCC\xA9\xCC\xA8\xC0\x09\xC0\x13\xC0" 400 166 "-" "-"
65.1.209.187 - - [29/Jul/2026:03:06:29 +0000] "POST /wp-cron.php?doing_wp_cron=1785294389.7234361171722412109375 HTTP/1.1" 200 31 "-" "WordPress/6.9; https://www.drjunior.in"
66.249.74.3 - - [29/Jul/2026:03:06:29 +0000] "GET /robots.txt HTTP/1.1" 301 5 "-" "Mozilla/5.0 (compatible; Googlebot/2.1; +http://www.google.com/bot.html)"
66.249.74.162 - - [29/Jul/2026:03:06:30 +0000] "GET /robots.txt HTTP/1.1" 200 127 "-" "Mozilla/5.0 (compatible; Googlebot/2.1; +http://www.google.com/bot.html)"
66.249.74.3 - - [29/Jul/2026:03:06:31 +0000] "GET /app-ads.txt HTTP/1.1" 301 5 "-" "Google-adstxt"
66.249.74.161 - - [29/Jul/2026:03:06:32 +0000] "GET /app-ads.txt HTTP/1.1" 404 14348 "-" "Google-adstxt"
65.1.209.187 - - [29/Jul/2026:03:06:36 +0000] "POST /wp-cron.php?doing_wp_cron=1785294396.3612549304962158203125 HTTP/1.1" 200 31 "-" "WordPress/6.7.2; https://www.trivandrumtennisclub.com"
57.141.0.28 - - [29/Jul/2026:03:06:36 +0000] "GET /member/sri-shaji-punnoose-air-commodore/ HTTP/1.1" 200 17690 "-" "Mozilla/5.0 (Windows NT 10.0; Win64; x64) AppleWebKit/537.36 (KHTML, like Gecko) Chrome/145.0.0.0 Safari/537.36 (compatible; meta-externalagent/1.1 (+https://developers.facebook.com/docs/sharing/webmasters/crawler))"
57.141.0.29 - - [29/Jul/2026:03:07:29 +0000] "GET /member/sri-sandeep-c-nair/ HTTP/1.1" 200 17660 "-" "Mozilla/5.0 (Windows NT 10.0; Win64; x64) AppleWebKit/537.36 (KHTML, like Gecko) Chrome/145.0.0.0 Safari/537.36 (compatible; meta-externalagent/1.1 (+https://developers.facebook.com/docs/sharing/webmasters/crawler))"
65.1.209.187 - - [29/Jul/2026:03:08:36 +0000] "POST /wp-cron.php?doing_wp_cron=1785294516.1627080440521240234375 HTTP/1.1" 200 31 "-" "WordPress/6.7.2; https://www.trivandrumtennisclub.com"
57.141.0.58 - - [29/Jul/2026:03:08:36 +0000] "GET /members/ HTTP/1.1" 200 16738 "-" "Mozilla/5.0 (Macintosh; Intel Mac OS X 10_15_7) AppleWebKit/537.36 (KHTML, like Gecko) Chrome/145.0.0.0 Safari/537.36 (compatible; meta-externalagent/1.1 (+https://developers.facebook.com/docs/sharing/webmasters/crawler))"
57.141.0.30 - - [29/Jul/2026:03:08:37 +0000] "GET /wp-content/uploads/2025/03/avatar_rounded.jpg HTTP/1.1" 200 6421 "https://www.trivandrumtennisclub.com/members/" "Mozilla/5.0 (Macintosh; Intel Mac OS X 10_15_7) AppleWebKit/537.36 (KHTML, like Gecko) Chrome/145.0.0.0 Safari/537.36 (compatible; meta-externalagent/1.1 (+https://developers.facebook.com/docs/sharing/webmasters/crawler))"
