54.38.147.125 - - [29/Jul/2026:03:52:01 +0000] "GET /wp-sitemap.xml HTTP/1.1" 200 549 "-" "Mozilla/5.0 (compatible; AhrefsBot/7.0; +http://ahrefs.com/robot/)"
198.244.226.238 - - [29/Jul/2026:03:52:02 +0000] "GET /wp-sitemap-posts-post-1.xml HTTP/1.1" 200 85973 "-" "Mozilla/5.0 (compatible; AhrefsBot/7.0; +http://ahrefs.com/robot/)"
198.244.168.99 - - [29/Jul/2026:03:52:04 +0000] "GET /wp-sitemap-posts-page-1.xml HTTP/1.1" 200 1102 "-" "Mozilla/5.0 (compatible; AhrefsBot/7.0; +http://ahrefs.com/robot/)"
51.195.244.131 - - [29/Jul/2026:03:52:06 +0000] "GET /wp-sitemap-taxonomies-category-1.xml HTTP/1.1" 200 465 "-" "Mozilla/5.0 (compatible; AhrefsBot/7.0; +http://ahrefs.com/robot/)"
198.244.226.82 - - [29/Jul/2026:03:52:07 +0000] "GET /wp-sitemap-users-1.xml HTTP/1.1" 200 418 "-" "Mozilla/5.0 (compatible; AhrefsBot/7.0; +http://ahrefs.com/robot/)"
106.194.38.103 - - [29/Jul/2026:03:52:33 +0000] "OPTIONS /user-notifications/unread-count HTTP/1.1" 204 0 "https://profinz.studentswebapp.quditinfotech.com/" "Mozilla/5.0 (Linux; Android 10; K) AppleWebKit/537.36 (KHTML, like Gecko) Chrome/150.0.0.0 Mobile Safari/537.36"
106.194.38.103 - - [29/Jul/2026:03:52:39 +0000] "GET /user-notifications/unread-count HTTP/1.1" 499 0 "https://profinz.studentswebapp.quditinfotech.com/" "Mozilla/5.0 (Linux; Android 10; K) AppleWebKit/537.36 (KHTML, like Gecko) Chrome/150.0.0.0 Mobile Safari/537.36"
65.1.209.187 - - [29/Jul/2026:03:53:59 +0000] "POST /wp-cron.php?doing_wp_cron=1785297239.8164250850677490234375 HTTP/1.1" 200 31 "-" "WordPress/6.7.2; https://www.trivandrumtennisclub.com"
57.141.0.21 - - [29/Jul/2026:03:53:59 +0000] "GET /member/hdbrgtsdiiczonnf-vylstmiqobveigjdvg/ HTTP/1.1" 200 17720 "-" "Mozilla/5.0 (Windows NT 10.0; Win64; x64) AppleWebKit/537.36 (KHTML, like Gecko) Chrome/145.0.0.0 Safari/537.36 (compatible; meta-externalagent/1.1 (+https://developers.facebook.com/docs/sharing/webmasters/crawler))"
111.92.86.156 - - [29/Jul/2026:03:55:19 +0000] "OPTIONS /package/get-folders-for-live-recordings?root_only=false HTTP/1.1" 204 0 "https://profinz.studentswebapp.quditinfotech.com/" "Mozilla/5.0 (Windows NT 10.0; Win64; x64) AppleWebKit/537.36 (KHTML, like Gecko) Chrome/128.0.0.0 Safari/537.36"
111.92.86.156 - - [29/Jul/2026:03:55:19 +0000] "OPTIONS /user-notifications/unread-count HTTP/1.1" 204 0 "https://profinz.studentswebapp.quditinfotech.com/" "Mozilla/5.0 (Windows NT 10.0; Win64; x64) AppleWebKit/537.36 (KHTML, like Gecko) Chrome/128.0.0.0 Safari/537.36"
111.92.86.156 - - [29/Jul/2026:03:55:19 +0000] "OPTIONS /package/get-live-recordings-in-packages?page=4&limit=12 HTTP/1.1" 204 0 "https://profinz.studentswebapp.quditinfotech.com/" "Mozilla/5.0 (Windows NT 10.0; Win64; x64) AppleWebKit/537.36 (KHTML, like Gecko) Chrome/128.0.0.0 Safari/537.36"
111.92.86.156 - - [29/Jul/2026:03:55:19 +0000] "OPTIONS /package/get-live-recordings-in-packages?page=1&limit=100 HTTP/1.1" 204 0 "https://profinz.studentswebapp.quditinfotech.com/" "Mozilla/5.0 (Windows NT 10.0; Win64; x64) AppleWebKit/537.36 (KHTML, like Gecko) Chrome/128.0.0.0 Safari/537.36"
111.92.86.156 - - [29/Jul/2026:03:55:19 +0000] "POST /package/get-folders-for-live-recordings?root_only=false HTTP/1.1" 200 692 "https://profinz.studentswebapp.quditinfotech.com/" "Mozilla/5.0 (Windows NT 10.0; Win64; x64) AppleWebKit/537.36 (KHTML, like Gecko) Chrome/128.0.0.0 Safari/537.36"
111.92.86.156 - - [29/Jul/2026:03:55:19 +0000] "POST /package/get-live-recordings-in-packages?page=4&limit=12 HTTP/1.1" 200 8109 "https://profinz.studentswebapp.quditinfotech.com/" "Mozilla/5.0 (Windows NT 10.0; Win64; x64) AppleWebKit/537.36 (KHTML, like Gecko) Chrome/128.0.0.0 Safari/537.36"
111.92.86.156 - - [29/Jul/2026:03:55:19 +0000] "POST /package/get-live-recordings-in-packages?page=1&limit=100 HTTP/1.1" 200 67927 "https://profinz.studentswebapp.quditinfotech.com/" "Mozilla/5.0 (Windows NT 10.0; Win64; x64) AppleWebKit/537.36 (KHTML, like Gecko) Chrome/128.0.0.0 Safari/537.36"
103.153.105.113 - - [29/Jul/2026:03:55:25 +0000] "OPTIONS /learning-material/video/4975 HTTP/1.1" 204 0 "https://profinz.studentswebapp.quditinfotech.com/" "Mozilla/5.0 (X11; Linux x86_64) AppleWebKit/537.36 (KHTML, like Gecko) Chrome/150.0.0.0 Safari/537.36"
103.153.105.113 - - [29/Jul/2026:03:55:25 +0000] "OPTIONS /user-notifications/unread-count HTTP/1.1" 204 0 "https://profinz.studentswebapp.quditinfotech.com/" "Mozilla/5.0 (X11; Linux x86_64) AppleWebKit/537.36 (KHTML, like Gecko) Chrome/150.0.0.0 Safari/537.36"
103.153.105.113 - - [29/Jul/2026:03:55:25 +0000] "GET /learning-material/video/4975 HTTP/1.1" 304 0 "https://profinz.studentswebapp.quditinfotech.com/" "Mozilla/5.0 (X11; Linux x86_64) AppleWebKit/537.36 (KHTML, like Gecko) Chrome/150.0.0.0 Safari/537.36"
103.153.105.113 - - [29/Jul/2026:03:55:27 +0000] "OPTIONS /package/get-live-events-in-packages?page=1&limit=100&start_time=2026-07-29T03%3A55%3A24.870Z HTTP/1.1" 204 0 "https://profinz.studentswebapp.quditinfotech.com/" "Mozilla/5.0 (X11; Linux x86_64) AppleWebKit/537.36 (KHTML, like Gecko) Chrome/150.0.0.0 Safari/537.36"
103.153.105.113 - - [29/Jul/2026:03:55:27 +0000] "OPTIONS /package/get-live-events-in-packages?page=1&limit=100¬_yet_ended_time=2026-07-29T03%3A55%3A24.871Z HTTP/1.1" 204 0 "https://profinz.studentswebapp.quditinfotech.com/" "Mozilla/5.0 (X11; Linux x86_64) AppleWebKit/537.36 (KHTML, like Gecko) Chrome/150.0.0.0 Safari/537.36"
103.153.105.113 - - [29/Jul/2026:03:55:27 +0000] "POST /package/get-live-events-in-packages?page=1&limit=100¬_yet_ended_time=2026-07-29T03%3A55%3A24.871Z HTTP/1.1" 200 845 "https://profinz.studentswebapp.quditinfotech.com/" "Mozilla/5.0 (X11; Linux x86_64) AppleWebKit/537.36 (KHTML, like Gecko) Chrome/150.0.0.0 Safari/537.36"
103.153.105.113 - - [29/Jul/2026:03:55:27 +0000] "POST /package/get-live-events-in-packages?page=1&limit=100&start_time=2026-07-29T03%3A55%3A24.870Z HTTP/1.1" 200 845 "https://profinz.studentswebapp.quditinfotech.com/" "Mozilla/5.0 (X11; Linux x86_64) AppleWebKit/537.36 (KHTML, like Gecko) Chrome/150.0.0.0 Safari/537.36"
103.153.105.113 - - [29/Jul/2026:03:55:29 +0000] "OPTIONS /live-event/213 HTTP/1.1" 204 0 "https://profinz.studentswebapp.quditinfotech.com/" "Mozilla/5.0 (X11; Linux x86_64) AppleWebKit/537.36 (KHTML, like Gecko) Chrome/150.0.0.0 Safari/537.36"
111.92.86.156 - - [29/Jul/2026:03:55:29 +0000] "GET /user-notifications/unread-count HTTP/1.1" 499 0 "https://profinz.studentswebapp.quditinfotech.com/" "Mozilla/5.0 (Windows NT 10.0; Win64; x64) AppleWebKit/537.36 (KHTML, like Gecko) Chrome/128.0.0.0 Safari/537.36"
103.153.105.113 - - [29/Jul/2026:03:55:29 +0000] "GET /live-event/213 HTTP/1.1" 200 938 "https://profinz.studentswebapp.quditinfotech.com/" "Mozilla/5.0 (X11; Linux x86_64) AppleWebKit/537.36 (KHTML, like Gecko) Chrome/150.0.0.0 Safari/537.36"
116.68.101.15 - - [29/Jul/2026:03:55:31 +0000] "OPTIONS /user HTTP/1.1" 204 0 "https://profinz.studentswebapp.quditinfotech.com/" "Mozilla/5.0 (Windows NT 10.0; Win64; x64) AppleWebKit/537.36 (KHTML, like Gecko) Chrome/150.0.0.0 Safari/537.36"
116.68.101.15 - - [29/Jul/2026:03:55:31 +0000] "GET /user HTTP/1.1" 304 0 "https://profinz.studentswebapp.quditinfotech.com/" "Mozilla/5.0 (Windows NT 10.0; Win64; x64) AppleWebKit/537.36 (KHTML, like Gecko) Chrome/150.0.0.0 Safari/537.36"
116.68.101.15 - - [29/Jul/2026:03:55:31 +0000] "OPTIONS /user-notifications/unread-count HTTP/1.1" 204 0 "https://profinz.studentswebapp.quditinfotech.com/" "Mozilla/5.0 (Windows NT 10.0; Win64; x64) AppleWebKit/537.36 (KHTML, like Gecko) Chrome/150.0.0.0 Safari/537.36"
116.68.101.15 - - [29/Jul/2026:03:55:31 +0000] "OPTIONS /user/subscriptions/package/active HTTP/1.1" 204 0 "https://profinz.studentswebapp.quditinfotech.com/" "Mozilla/5.0 (Windows NT 10.0; Win64; x64) AppleWebKit/537.36 (KHTML, like Gecko) Chrome/150.0.0.0 Safari/537.36"
116.68.101.15 - - [29/Jul/2026:03:55:31 +0000] "GET /user/subscriptions/package/active HTTP/1.1" 304 0 "https://profinz.studentswebapp.quditinfotech.com/" "Mozilla/5.0 (Windows NT 10.0; Win64; x64) AppleWebKit/537.36 (KHTML, like Gecko) Chrome/150.0.0.0 Safari/537.36"
116.68.101.15 - - [29/Jul/2026:03:55:31 +0000] "OPTIONS /package/get-live-recordings-in-packages?page=1&limit=12 HTTP/1.1" 204 0 "https://profinz.studentswebapp.quditinfotech.com/" "Mozilla/5.0 (Windows NT 10.0; Win64; x64) AppleWebKit/537.36 (KHTML, like Gecko) Chrome/150.0.0.0 Safari/537.36"
116.68.101.15 - - [29/Jul/2026:03:55:31 +0000] "OPTIONS /package/get-folders-for-live-recordings?root_only=false HTTP/1.1" 204 0 "https://profinz.studentswebapp.quditinfotech.com/" "Mozilla/5.0 (Windows NT 10.0; Win64; x64) AppleWebKit/537.36 (KHTML, like Gecko) Chrome/150.0.0.0 Safari/537.36"
116.68.101.15 - - [29/Jul/2026:03:55:31 +0000] "OPTIONS /package/get-live-recordings-in-packages?page=1&limit=100 HTTP/1.1" 204 0 "https://profinz.studentswebapp.quditinfotech.com/" "Mozilla/5.0 (Windows NT 10.0; Win64; x64) AppleWebKit/537.36 (KHTML, like Gecko) Chrome/150.0.0.0 Safari/537.36"
116.68.101.15 - - [29/Jul/2026:03:55:31 +0000] "POST /package/get-folders-for-live-recordings?root_only=false HTTP/1.1" 200 1557 "https://profinz.studentswebapp.quditinfotech.com/" "Mozilla/5.0 (Windows NT 10.0; Win64; x64) AppleWebKit/537.36 (KHTML, like Gecko) Chrome/150.0.0.0 Safari/537.36"
116.68.101.15 - - [29/Jul/2026:03:55:31 +0000] "POST /package/get-live-recordings-in-packages?page=1&limit=12 HTTP/1.1" 200 11929 "https://profinz.studentswebapp.quditinfotech.com/" "Mozilla/5.0 (Windows NT 10.0; Win64; x64) AppleWebKit/537.36 (KHTML, like Gecko) Chrome/150.0.0.0 Safari/537.36"
116.68.101.15 - - [29/Jul/2026:03:55:31 +0000] "POST /package/get-live-recordings-in-packages?page=1&limit=100 HTTP/1.1" 200 62937 "https://profinz.studentswebapp.quditinfotech.com/" "Mozilla/5.0 (Windows NT 10.0; Win64; x64) AppleWebKit/537.36 (KHTML, like Gecko) Chrome/150.0.0.0 Safari/537.36"
103.153.105.113 - - [29/Jul/2026:03:55:35 +0000] "GET /user-notifications/unread-count HTTP/1.1" 499 0 "https://profinz.studentswebapp.quditinfotech.com/" "Mozilla/5.0 (X11; Linux x86_64) AppleWebKit/537.36 (KHTML, like Gecko) Chrome/150.0.0.0 Safari/537.36"
116.68.101.15 - - [29/Jul/2026:03:55:37 +0000] "OPTIONS /package/get-live-events-in-packages?page=1&limit=100¬_yet_ended_time=2026-07-29T03%3A55%3A46.081Z HTTP/1.1" 204 0 "https://profinz.studentswebapp.quditinfotech.com/" "Mozilla/5.0 (Windows NT 10.0; Win64; x64) AppleWebKit/537.36 (KHTML, like Gecko) Chrome/150.0.0.0 Safari/537.36"
116.68.101.15 - - [29/Jul/2026:03:55:37 +0000] "OPTIONS /package/get-live-events-in-packages?page=1&limit=100&start_time=2026-07-29T03%3A55%3A46.081Z HTTP/1.1" 204 0 "https://profinz.studentswebapp.quditinfotech.com/" "Mozilla/5.0 (Windows NT 10.0; Win64; x64) AppleWebKit/537.36 (KHTML, like Gecko) Chrome/150.0.0.0 Safari/537.36"
116.68.101.15 - - [29/Jul/2026:03:55:37 +0000] "POST /package/get-live-events-in-packages?page=1&limit=100&start_time=2026-07-29T03%3A55%3A46.081Z HTTP/1.1" 200 845 "https://profinz.studentswebapp.quditinfotech.com/" "Mozilla/5.0 (Windows NT 10.0; Win64; x64) AppleWebKit/537.36 (KHTML, like Gecko) Chrome/150.0.0.0 Safari/537.36"
116.68.101.15 - - [29/Jul/2026:03:55:37 +0000] "POST /package/get-live-events-in-packages?page=1&limit=100¬_yet_ended_time=2026-07-29T03%3A55%3A46.081Z HTTP/1.1" 200 845 "https://profinz.studentswebapp.quditinfotech.com/" "Mozilla/5.0 (Windows NT 10.0; Win64; x64) AppleWebKit/537.36 (KHTML, like Gecko) Chrome/150.0.0.0 Safari/537.36"
116.68.101.15 - - [29/Jul/2026:03:55:40 +0000] "OPTIONS /live-event/213 HTTP/1.1" 204 0 "https://profinz.studentswebapp.quditinfotech.com/" "Mozilla/5.0 (Windows NT 10.0; Win64; x64) AppleWebKit/537.36 (KHTML, like Gecko) Chrome/150.0.0.0 Safari/537.36"
116.68.101.15 - - [29/Jul/2026:03:55:40 +0000] "GET /live-event/213 HTTP/1.1" 200 938 "https://profinz.studentswebapp.quditinfotech.com/" "Mozilla/5.0 (Windows NT 10.0; Win64; x64) AppleWebKit/537.36 (KHTML, like Gecko) Chrome/150.0.0.0 Safari/537.36"
116.68.101.15 - - [29/Jul/2026:03:55:41 +0000] "GET /user-notifications/unread-count HTTP/1.1" 499 0 "https://profinz.studentswebapp.quditinfotech.com/" "Mozilla/5.0 (Windows NT 10.0; Win64; x64) AppleWebKit/537.36 (KHTML, like Gecko) Chrome/150.0.0.0 Safari/537.36"
65.1.209.187 - - [29/Jul/2026:03:55:43 +0000] "POST /wp-cron.php?doing_wp_cron=1785297343.7493669986724853515625 HTTP/1.1" 200 31 "-" "WordPress/6.7.2; https://www.trivandrumtennisclub.com"
57.141.0.47 - - [29/Jul/2026:03:55:43 +0000] "GET /member/sri-ramakrishnan-s-avsm-vsm-air-vice-marshal-retd/ HTTP/1.1" 200 17758 "-" "Mozilla/5.0 (Windows NT 10.0; Win64; x64) AppleWebKit/537.36 (KHTML, like Gecko) Chrome/145.0.0.0 Safari/537.36 (compatible; meta-externalagent/1.1 (+https://developers.facebook.com/docs/sharing/webmasters/crawler))"
134.224.12.55 - - [29/Jul/2026:03:55:52 +0000] "POST /zoom-webhook?title=PROFINZ_CAMPUS HTTP/1.1" 200 0 "-" "Zoom Marketplace/1.0a"
5.192.99.253 - - [29/Jul/2026:03:55:56 +0000] "OPTIONS /user HTTP/1.1" 204 0 "https://profinz.studentswebapp.quditinfotech.com/" "Mozilla/5.0 (Linux; Android 10; K) AppleWebKit/537.36 (KHTML, like Gecko) Chrome/150.0.0.0 Safari/537.36"
5.192.99.253 - - [29/Jul/2026:03:55:56 +0000] "GET /user HTTP/1.1" 304 0 "https://profinz.studentswebapp.quditinfotech.com/" "Mozilla/5.0 (Linux; Android 10; K) AppleWebKit/537.36 (KHTML, like Gecko) Chrome/150.0.0.0 Safari/537.36"
5.192.99.253 - - [29/Jul/2026:03:55:56 +0000] "OPTIONS /user-notifications/unread-count HTTP/1.1" 204 0 "https://profinz.studentswebapp.quditinfotech.com/" "Mozilla/5.0 (Linux; Android 10; K) AppleWebKit/537.36 (KHTML, like Gecko) Chrome/150.0.0.0 Safari/537.36"
5.192.99.253 - - [29/Jul/2026:03:55:56 +0000] "OPTIONS /user/subscriptions/package/active HTTP/1.1" 204 0 "https://profinz.studentswebapp.quditinfotech.com/" "Mozilla/5.0 (Linux; Android 10; K) AppleWebKit/537.36 (KHTML, like Gecko) Chrome/150.0.0.0 Safari/537.36"
5.192.99.253 - - [29/Jul/2026:03:55:57 +0000] "GET /user/subscriptions/package/active HTTP/1.1" 304 0 "https://profinz.studentswebapp.quditinfotech.com/" "Mozilla/5.0 (Linux; Android 10; K) AppleWebKit/537.36 (KHTML, like Gecko) Chrome/150.0.0.0 Safari/537.36"
5.192.99.253 - - [29/Jul/2026:03:55:57 +0000] "OPTIONS /package/get-live-recordings-in-packages?page=1&limit=12 HTTP/1.1" 204 0 "https://profinz.studentswebapp.quditinfotech.com/" "Mozilla/5.0 (Linux; Android 10; K) AppleWebKit/537.36 (KHTML, like Gecko) Chrome/150.0.0.0 Safari/537.36"
5.192.99.253 - - [29/Jul/2026:03:55:57 +0000] "OPTIONS /package/get-folders-for-live-recordings?root_only=false HTTP/1.1" 204 0 "https://profinz.studentswebapp.quditinfotech.com/" "Mozilla/5.0 (Linux; Android 10; K) AppleWebKit/537.36 (KHTML, like Gecko) Chrome/150.0.0.0 Safari/537.36"
5.192.99.253 - - [29/Jul/2026:03:55:57 +0000] "OPTIONS /package/get-live-recordings-in-packages?page=1&limit=100 HTTP/1.1" 204 0 "https://profinz.studentswebapp.quditinfotech.com/" "Mozilla/5.0 (Linux; Android 10; K) AppleWebKit/537.36 (KHTML, like Gecko) Chrome/150.0.0.0 Safari/537.36"
5.192.99.253 - - [29/Jul/2026:03:55:57 +0000] "POST /package/get-live-recordings-in-packages?page=1&limit=12 HTTP/1.1" 200 11929 "https://profinz.studentswebapp.quditinfotech.com/" "Mozilla/5.0 (Linux; Android 10; K) AppleWebKit/537.36 (KHTML, like Gecko) Chrome/150.0.0.0 Safari/537.36"
5.192.99.253 - - [29/Jul/2026:03:55:57 +0000] "POST /package/get-folders-for-live-recordings?root_only=false HTTP/1.1" 200 2416 "https://profinz.studentswebapp.quditinfotech.com/" "Mozilla/5.0 (Linux; Android 10; K) AppleWebKit/537.36 (KHTML, like Gecko) Chrome/150.0.0.0 Safari/537.36"
5.192.99.253 - - [29/Jul/2026:03:55:57 +0000] "POST /package/get-live-recordings-in-packages?page=1&limit=100 HTTP/1.1" 200 85958 "https://profinz.studentswebapp.quditinfotech.com/" "Mozilla/5.0 (Linux; Android 10; K) AppleWebKit/537.36 (KHTML, like Gecko) Chrome/150.0.0.0 Safari/537.36"
134.224.12.55 - - [29/Jul/2026:03:55:59 +0000] "POST /zoom-webhook?title=PROFINZ_CAMPUS HTTP/1.1" 200 0 "-" "Zoom Marketplace/1.0a"
5.192.99.253 - - [29/Jul/2026:03:56:01 +0000] "OPTIONS /package/get-live-events-in-packages?page=1&limit=100¬_yet_ended_time=2026-07-29T03%3A55%3A59.619Z HTTP/1.1" 204 0 "https://profinz.studentswebapp.quditinfotech.com/" "Mozilla/5.0 (Linux; Android 10; K) AppleWebKit/537.36 (KHTML, like Gecko) Chrome/150.0.0.0 Safari/537.36"
5.192.99.253 - - [29/Jul/2026:03:56:01 +0000] "OPTIONS /package/get-live-events-in-packages?page=1&limit=100&start_time=2026-07-29T03%3A55%3A59.612Z HTTP/1.1" 204 0 "https://profinz.studentswebapp.quditinfotech.com/" "Mozilla/5.0 (Linux; Android 10; K) AppleWebKit/537.36 (KHTML, like Gecko) Chrome/150.0.0.0 Safari/537.36"
5.192.99.253 - - [29/Jul/2026:03:56:01 +0000] "POST /package/get-live-events-in-packages?page=1&limit=100¬_yet_ended_time=2026-07-29T03%3A55%3A59.619Z HTTP/1.1" 200 845 "https://profinz.studentswebapp.quditinfotech.com/" "Mozilla/5.0 (Linux; Android 10; K) AppleWebKit/537.36 (KHTML, like Gecko) Chrome/150.0.0.0 Safari/537.36"
5.192.99.253 - - [29/Jul/2026:03:56:01 +0000] "POST /package/get-live-events-in-packages?page=1&limit=100&start_time=2026-07-29T03%3A55%3A59.612Z HTTP/1.1" 200 845 "https://profinz.studentswebapp.quditinfotech.com/" "Mozilla/5.0 (Linux; Android 10; K) AppleWebKit/537.36 (KHTML, like Gecko) Chrome/150.0.0.0 Safari/537.36"
5.192.99.253 - - [29/Jul/2026:03:56:03 +0000] "OPTIONS /live-event/213 HTTP/1.1" 204 0 "https://profinz.studentswebapp.quditinfotech.com/" "Mozilla/5.0 (Linux; Android 10; K) AppleWebKit/537.36 (KHTML, like Gecko) Chrome/150.0.0.0 Safari/537.36"
5.192.99.253 - - [29/Jul/2026:03:56:03 +0000] "GET /live-event/213 HTTP/1.1" 200 938 "https://profinz.studentswebapp.quditinfotech.com/" "Mozilla/5.0 (Linux; Android 10; K) AppleWebKit/537.36 (KHTML, like Gecko) Chrome/150.0.0.0 Safari/537.36"
5.192.99.253 - - [29/Jul/2026:03:56:06 +0000] "GET /user-notifications/unread-count HTTP/1.1" 499 0 "https://profinz.studentswebapp.quditinfotech.com/" "Mozilla/5.0 (Linux; Android 10; K) AppleWebKit/537.36 (KHTML, like Gecko) Chrome/150.0.0.0 Safari/537.36"
5.192.99.253 - - [29/Jul/2026:03:56:07 +0000] "OPTIONS /user-notifications/unread-count HTTP/1.1" 204 0 "https://profinz.studentswebapp.quditinfotech.com/" "Mozilla/5.0 (Linux; Android 10; K) AppleWebKit/537.36 (KHTML, like Gecko) Chrome/150.0.0.0 Safari/537.36"
134.224.12.55 - - [29/Jul/2026:03:56:14 +0000] "POST /zoom-webhook?title=PROFINZ_CAMPUS HTTP/1.1" 200 0 "-" "Zoom Marketplace/1.0a"
5.192.99.253 - - [29/Jul/2026:03:56:17 +0000] "GET /user-notifications/unread-count HTTP/1.1" 499 0 "https://profinz.studentswebapp.quditinfotech.com/" "Mozilla/5.0 (Linux; Android 10; K) AppleWebKit/537.36 (KHTML, like Gecko) Chrome/150.0.0.0 Safari/537.36"
57.141.0.56 - - [29/Jul/2026:03:56:32 +0000] "GET /member/xmdmqfluonscpyvzhia-vlebzwjimtwejkndhjfzf/ HTTP/1.1" 200 17728 "-" "Mozilla/5.0 (Windows NT 10.0; Win64; x64) AppleWebKit/537.36 (KHTML, like Gecko) Chrome/145.0.0.0 Safari/537.36 (compatible; meta-externalagent/1.1 (+https://developers.facebook.com/docs/sharing/webmasters/crawler))"
61.1.25.195 - - [29/Jul/2026:03:57:12 +0000] "OPTIONS /learning-material/video/4975 HTTP/1.1" 204 0 "https://profinz.studentswebapp.quditinfotech.com/" "Mozilla/5.0 (Windows NT 10.0; Win64; x64) AppleWebKit/537.36 (KHTML, like Gecko) Chrome/150.0.0.0 Safari/537.36"
61.1.25.195 - - [29/Jul/2026:03:57:12 +0000] "OPTIONS /user-notifications/unread-count HTTP/1.1" 204 0 "https://profinz.studentswebapp.quditinfotech.com/" "Mozilla/5.0 (Windows NT 10.0; Win64; x64) AppleWebKit/537.36 (KHTML, like Gecko) Chrome/150.0.0.0 Safari/537.36"
61.1.25.195 - - [29/Jul/2026:03:57:12 +0000] "GET /learning-material/video/4975 HTTP/1.1" 304 0 "https://profinz.studentswebapp.quditinfotech.com/" "Mozilla/5.0 (Windows NT 10.0; Win64; x64) AppleWebKit/537.36 (KHTML, like Gecko) Chrome/150.0.0.0 Safari/537.36"
61.1.25.195 - - [29/Jul/2026:03:57:16 +0000] "OPTIONS /package/get-live-events-in-packages?page=1&limit=100¬_yet_ended_time=2026-07-29T03%3A57%3A13.642Z HTTP/1.1" 204 0 "https://profinz.studentswebapp.quditinfotech.com/" "Mozilla/5.0 (Windows NT 10.0; Win64; x64) AppleWebKit/537.36 (KHTML, like Gecko) Chrome/150.0.0.0 Safari/537.36"
61.1.25.195 - - [29/Jul/2026:03:57:16 +0000] "OPTIONS /package/get-live-events-in-packages?page=1&limit=100&start_time=2026-07-29T03%3A57%3A13.642Z HTTP/1.1" 204 0 "https://profinz.studentswebapp.quditinfotech.com/" "Mozilla/5.0 (Windows NT 10.0; Win64; x64) AppleWebKit/537.36 (KHTML, like Gecko) Chrome/150.0.0.0 Safari/537.36"
61.1.25.195 - - [29/Jul/2026:03:57:16 +0000] "POST /package/get-live-events-in-packages?page=1&limit=100¬_yet_ended_time=2026-07-29T03%3A57%3A13.642Z HTTP/1.1" 200 845 "https://profinz.studentswebapp.quditinfotech.com/" "Mozilla/5.0 (Windows NT 10.0; Win64; x64) AppleWebKit/537.36 (KHTML, like Gecko) Chrome/150.0.0.0 Safari/537.36"
61.1.25.195 - - [29/Jul/2026:03:57:16 +0000] "POST /package/get-live-events-in-packages?page=1&limit=100&start_time=2026-07-29T03%3A57%3A13.642Z HTTP/1.1" 200 845 "https://profinz.studentswebapp.quditinfotech.com/" "Mozilla/5.0 (Windows NT 10.0; Win64; x64) AppleWebKit/537.36 (KHTML, like Gecko) Chrome/150.0.0.0 Safari/537.36"
61.1.25.195 - - [29/Jul/2026:03:57:18 +0000] "OPTIONS /live-event/213 HTTP/1.1" 204 0 "https://profinz.studentswebapp.quditinfotech.com/" "Mozilla/5.0 (Windows NT 10.0; Win64; x64) AppleWebKit/537.36 (KHTML, like Gecko) Chrome/150.0.0.0 Safari/537.36"
61.1.25.195 - - [29/Jul/2026:03:57:18 +0000] "GET /live-event/213 HTTP/1.1" 200 938 "https://profinz.studentswebapp.quditinfotech.com/" "Mozilla/5.0 (Windows NT 10.0; Win64; x64) AppleWebKit/537.36 (KHTML, like Gecko) Chrome/150.0.0.0 Safari/537.36"
61.1.25.195 - - [29/Jul/2026:03:57:21 +0000] "GET /user-notifications/unread-count HTTP/1.1" 499 0 "https://profinz.studentswebapp.quditinfotech.com/" "Mozilla/5.0 (Windows NT 10.0; Win64; x64) AppleWebKit/537.36 (KHTML, like Gecko) Chrome/150.0.0.0 Safari/537.36"
134.224.12.54 - - [29/Jul/2026:03:57:31 +0000] "POST /zoom-webhook?title=PROFINZ_CAMPUS HTTP/1.1" 200 0 "-" "Zoom Marketplace/1.0a"
61.1.25.195 - - [29/Jul/2026:03:57:39 +0000] "OPTIONS /user-notifications/unread-count HTTP/1.1" 204 0 "https://profinz.studentswebapp.quditinfotech.com/" "Mozilla/5.0 (Windows NT 10.0; Win64; x64) AppleWebKit/537.36 (KHTML, like Gecko) Chrome/150.0.0.0 Safari/537.36"
61.1.25.195 - - [29/Jul/2026:03:57:49 +0000] "GET /user-notifications/unread-count HTTP/1.1" 499 0 "https://profinz.studentswebapp.quditinfotech.com/" "Mozilla/5.0 (Windows NT 10.0; Win64; x64) AppleWebKit/537.36 (KHTML, like Gecko) Chrome/150.0.0.0 Safari/537.36"
116.68.73.115 - - [29/Jul/2026:03:58:38 +0000] "OPTIONS /package/get-live-events-in-packages?page=1&limit=100&start_time=2026-07-29T03%3A58%3A38.526Z HTTP/1.1" 204 0 "https://profinz.studentswebapp.quditinfotech.com/" "Mozilla/5.0 (Linux; Android 10; K) AppleWebKit/537.36 (KHTML, like Gecko) Chrome/150.0.0.0 Mobile Safari/537.36"
116.68.73.115 - - [29/Jul/2026:03:58:38 +0000] "OPTIONS /package/get-live-events-in-packages?page=1&limit=100¬_yet_ended_time=2026-07-29T03%3A58%3A38.529Z HTTP/1.1" 204 0 "https://profinz.studentswebapp.quditinfotech.com/" "Mozilla/5.0 (Linux; Android 10; K) AppleWebKit/537.36 (KHTML, like Gecko) Chrome/150.0.0.0 Mobile Safari/537.36"
116.68.73.115 - - [29/Jul/2026:03:58:38 +0000] "OPTIONS /user-notifications/unread-count HTTP/1.1" 204 0 "https://profinz.studentswebapp.quditinfotech.com/" "Mozilla/5.0 (Linux; Android 10; K) AppleWebKit/537.36 (KHTML, like Gecko) Chrome/150.0.0.0 Mobile Safari/537.36"
116.68.73.115 - - [29/Jul/2026:03:58:38 +0000] "POST /package/get-live-events-in-packages?page=1&limit=100&start_time=2026-07-29T03%3A58%3A38.526Z HTTP/1.1" 200 845 "https://profinz.studentswebapp.quditinfotech.com/" "Mozilla/5.0 (Linux; Android 10; K) AppleWebKit/537.36 (KHTML, like Gecko) Chrome/150.0.0.0 Mobile Safari/537.36"
116.68.73.115 - - [29/Jul/2026:03:58:38 +0000] "POST /package/get-live-events-in-packages?page=1&limit=100¬_yet_ended_time=2026-07-29T03%3A58%3A38.529Z HTTP/1.1" 200 845 "https://profinz.studentswebapp.quditinfotech.com/" "Mozilla/5.0 (Linux; Android 10; K) AppleWebKit/537.36 (KHTML, like Gecko) Chrome/150.0.0.0 Mobile Safari/537.36"
116.68.73.115 - - [29/Jul/2026:03:58:48 +0000] "GET /user-notifications/unread-count HTTP/1.1" 499 0 "https://profinz.studentswebapp.quditinfotech.com/" "Mozilla/5.0 (Linux; Android 10; K) AppleWebKit/537.36 (KHTML, like Gecko) Chrome/150.0.0.0 Mobile Safari/537.36"
65.1.209.187 - - [29/Jul/2026:03:59:17 +0000] "POST /wp-cron.php?doing_wp_cron=1785297557.6590790748596191406250 HTTP/1.1" 200 31 "-" "WordPress/6.7.2; https://www.trivandrumtennisclub.com"
54.39.136.199 - - [29/Jul/2026:03:59:17 +0000] "GET /robots.txt HTTP/1.1" 200 140 "-" "Mozilla/5.0 (compatible; AhrefsBot/7.0; +http://ahrefs.com/robot/)"
51.75.236.133 - - [29/Jul/2026:03:59:19 +0000] "GET /member/kszxczolegrskahgn-hygqcnuthocfqlyohd/ HTTP/1.1" 200 17739 "-" "Mozilla/5.0 (compatible; AhrefsBot/7.0; +http://ahrefs.com/robot/)"
134.224.12.55 - - [29/Jul/2026:04:00:00 +0000] "POST /zoom-webhook?title=PROFINZ_CAMPUS HTTP/1.1" 200 0 "-" "Zoom Marketplace/1.0a"
65.1.209.187 - - [29/Jul/2026:04:00:45 +0000] "POST /wp-cron.php?doing_wp_cron=1785297645.9219241142272949218750 HTTP/1.1" 200 31 "-" "WordPress/6.7.2; https://www.trivandrumtennisclub.com"
57.141.0.56 - - [29/Jul/2026:04:00:46 +0000] "GET /member/uhkdbnzypkdugnht-dkulnhfhgpfyhuerx/ HTTP/1.1" 200 17711 "-" "Mozilla/5.0 (Windows NT 10.0; Win64; x64) AppleWebKit/537.36 (KHTML, like Gecko) Chrome/145.0.0.0 Safari/537.36 (compatible; meta-externalagent/1.1 (+https://developers.facebook.com/docs/sharing/webmasters/crawler))"
209.127.183.24 - - [29/Jul/2026:04:00:57 +0000] "POST /wp-content/upgrade/super-light-cache-buster-backup-1.4.2-20260727-130029.php HTTP/1.1" 200 318 "-" "Mozilla/5.0 (X11; Linux x86_64; rv:127.0) Gecko/20100101 Firefox/127.0"
107.175.119.121 - - [29/Jul/2026:04:00:59 +0000] "POST /wp-content/upgrade/super-light-cache-buster-backup-1.4.2-20260727-130029.php HTTP/1.1" 200 818 "-" "Mozilla/5.0 (iPhone; CPU iPhone OS 16_7 like Mac OS X) AppleWebKit/605.1.15 (KHTML, like Gecko) Version/16.6 Mobile/15E148 Safari/604.1"
107.175.119.121 - - [29/Jul/2026:04:01:01 +0000] "POST /wp-content/upgrade/super-light-cache-buster-backup-1.4.2-20260727-130029.php HTTP/1.1" 200 317 "-" "Mozilla/5.0 (Linux; Android 13; SM-S918B) AppleWebKit/537.36 (KHTML, like Gecko) Chrome/124.0.0.0 Mobile Safari/537.36"
107.175.119.121 - - [29/Jul/2026:04:01:02 +0000] "POST /wp-content/upgrade/super-light-cache-buster-backup-1.4.2-20260727-130029.php HTTP/1.1" 200 318 "-" "Mozilla/5.0 (Windows NT 10.0; Win64; x64; rv:125.0) Gecko/20100101 Firefox/125.0"
107.175.119.121 - - [29/Jul/2026:04:01:03 +0000] "POST /wp-content/upgrade/super-light-cache-buster-backup-1.4.2-20260727-130029.php HTTP/1.1" 200 816 "-" "Mozilla/5.0 (Linux; Android 13; SM-S918B) AppleWebKit/537.36 (KHTML, like Gecko) Chrome/124.0.0.0 Mobile Safari/537.36"
157.46.8.20 - - [29/Jul/2026:04:01:15 +0000] "OPTIONS /user HTTP/1.1" 204 0 "https://profinz.studentswebapp.quditinfotech.com/" "Mozilla/5.0 (iPhone; CPU iPhone OS 15_8_7 like Mac OS X) AppleWebKit/605.1.15 (KHTML, like Gecko) Version/15.6.8 Mobile/15E148 Safari/604.1"
157.46.8.20 - - [29/Jul/2026:04:01:15 +0000] "GET /user HTTP/1.1" 200 853 "https://profinz.studentswebapp.quditinfotech.com/" "Mozilla/5.0 (iPhone; CPU iPhone OS 15_8_7 like Mac OS X) AppleWebKit/605.1.15 (KHTML, like Gecko) Version/15.6.8 Mobile/15E148 Safari/604.1"
157.46.8.20 - - [29/Jul/2026:04:01:16 +0000] "OPTIONS /user-notifications/unread-count HTTP/1.1" 204 0 "https://profinz.studentswebapp.quditinfotech.com/" "Mozilla/5.0 (iPhone; CPU iPhone OS 15_8_7 like Mac OS X) AppleWebKit/605.1.15 (KHTML, like Gecko) Version/15.6.8 Mobile/15E148 Safari/604.1"
157.46.8.20 - - [29/Jul/2026:04:01:16 +0000] "OPTIONS /user/subscriptions/package/active HTTP/1.1" 204 0 "https://profinz.studentswebapp.quditinfotech.com/" "Mozilla/5.0 (iPhone; CPU iPhone OS 15_8_7 like Mac OS X) AppleWebKit/605.1.15 (KHTML, like Gecko) Version/15.6.8 Mobile/15E148 Safari/604.1"
157.46.8.20 - - [29/Jul/2026:04:01:16 +0000] "GET /user/subscriptions/package/active HTTP/1.1" 200 858 "https://profinz.studentswebapp.quditinfotech.com/" "Mozilla/5.0 (iPhone; CPU iPhone OS 15_8_7 like Mac OS X) AppleWebKit/605.1.15 (KHTML, like Gecko) Version/15.6.8 Mobile/15E148 Safari/604.1"
157.46.8.20 - - [29/Jul/2026:04:01:16 +0000] "OPTIONS /package/get-live-events-in-packages?page=1&limit=100&start_time=2026-07-29T04%3A01%3A16.889Z HTTP/1.1" 204 0 "https://profinz.studentswebapp.quditinfotech.com/" "Mozilla/5.0 (iPhone; CPU iPhone OS 15_8_7 like Mac OS X) AppleWebKit/605.1.15 (KHTML, like Gecko) Version/15.6.8 Mobile/15E148 Safari/604.1"
157.46.8.20 - - [29/Jul/2026:04:01:17 +0000] "POST /package/get-live-events-in-packages?page=1&limit=100&start_time=2026-07-29T04%3A01%3A16.889Z HTTP/1.1" 200 845 "https://profinz.studentswebapp.quditinfotech.com/" "Mozilla/5.0 (iPhone; CPU iPhone OS 15_8_7 like Mac OS X) AppleWebKit/605.1.15 (KHTML, like Gecko) Version/15.6.8 Mobile/15E148 Safari/604.1"
157.46.8.20 - - [29/Jul/2026:04:01:17 +0000] "OPTIONS /package/get-live-events-in-packages?page=1&limit=100¬_yet_ended_time=2026-07-29T04%3A01%3A16.890Z HTTP/1.1" 204 0 "https://profinz.studentswebapp.quditinfotech.com/" "Mozilla/5.0 (iPhone; CPU iPhone OS 15_8_7 like Mac OS X) AppleWebKit/605.1.15 (KHTML, like Gecko) Version/15.6.8 Mobile/15E148 Safari/604.1"
157.46.8.20 - - [29/Jul/2026:04:01:17 +0000] "POST /package/get-live-events-in-packages?page=1&limit=100¬_yet_ended_time=2026-07-29T04%3A01%3A16.890Z HTTP/1.1" 200 845 "https://profinz.studentswebapp.quditinfotech.com/" "Mozilla/5.0 (iPhone; CPU iPhone OS 15_8_7 like Mac OS X) AppleWebKit/605.1.15 (KHTML, like Gecko) Version/15.6.8 Mobile/15E148 Safari/604.1"
157.46.8.20 - - [29/Jul/2026:04:01:19 +0000] "OPTIONS /live-event/213 HTTP/1.1" 204 0 "https://profinz.studentswebapp.quditinfotech.com/" "Mozilla/5.0 (iPhone; CPU iPhone OS 15_8_7 like Mac OS X) AppleWebKit/605.1.15 (KHTML, like Gecko) Version/15.6.8 Mobile/15E148 Safari/604.1"
157.46.8.20 - - [29/Jul/2026:04:01:19 +0000] "GET /live-event/213 HTTP/1.1" 200 938 "https://profinz.studentswebapp.quditinfotech.com/" "Mozilla/5.0 (iPhone; CPU iPhone OS 15_8_7 like Mac OS X) AppleWebKit/605.1.15 (KHTML, like Gecko) Version/15.6.8 Mobile/15E148 Safari/604.1"
134.224.12.54 - - [29/Jul/2026:04:01:30 +0000] "POST /zoom-webhook?title=PROFINZ_CAMPUS HTTP/1.1" 200 0 "-" "Zoom Marketplace/1.0a"
157.46.8.20 - - [29/Jul/2026:04:01:31 +0000] "GET /user-notifications/unread-count HTTP/1.1" 499 0 "https://profinz.studentswebapp.quditinfotech.com/" "Mozilla/5.0 (iPhone; CPU iPhone OS 15_8_7 like Mac OS X) AppleWebKit/605.1.15 (KHTML, like Gecko) Version/15.6.8 Mobile/15E148 Safari/604.1"
111.92.117.69 - - [29/Jul/2026:04:02:43 +0000] "OPTIONS /user HTTP/1.1" 204 0 "https://profinz.studentswebapp.quditinfotech.com/" "Mozilla/5.0 (Windows NT 10.0; Win64; x64) AppleWebKit/537.36 (KHTML, like Gecko) Chrome/150.0.0.0 Safari/537.36"
111.92.117.69 - - [29/Jul/2026:04:02:43 +0000] "GET /user HTTP/1.1" 304 0 "https://profinz.studentswebapp.quditinfotech.com/" "Mozilla/5.0 (Windows NT 10.0; Win64; x64) AppleWebKit/537.36 (KHTML, like Gecko) Chrome/150.0.0.0 Safari/537.36"
111.92.117.69 - - [29/Jul/2026:04:02:43 +0000] "OPTIONS /user-notifications/unread-count HTTP/1.1" 204 0 "https://profinz.studentswebapp.quditinfotech.com/" "Mozilla/5.0 (Windows NT 10.0; Win64; x64) AppleWebKit/537.36 (KHTML, like Gecko) Chrome/150.0.0.0 Safari/537.36"
111.92.117.69 - - [29/Jul/2026:04:02:43 +0000] "OPTIONS /user/subscriptions/package/active HTTP/1.1" 204 0 "https://profinz.studentswebapp.quditinfotech.com/" "Mozilla/5.0 (Windows NT 10.0; Win64; x64) AppleWebKit/537.36 (KHTML, like Gecko) Chrome/150.0.0.0 Safari/537.36"
111.92.117.69 - - [29/Jul/2026:04:02:43 +0000] "GET /user/subscriptions/package/active HTTP/1.1" 304 0 "https://profinz.studentswebapp.quditinfotech.com/" "Mozilla/5.0 (Windows NT 10.0; Win64; x64) AppleWebKit/537.36 (KHTML, like Gecko) Chrome/150.0.0.0 Safari/537.36"
111.92.117.69 - - [29/Jul/2026:04:02:43 +0000] "OPTIONS /package/get-live-events-in-packages?page=1&limit=100&start_time=2026-07-29T04%3A02%3A44.983Z HTTP/1.1" 204 0 "https://profinz.studentswebapp.quditinfotech.com/" "Mozilla/5.0 (Windows NT 10.0; Win64; x64) AppleWebKit/537.36 (KHTML, like Gecko) Chrome/150.0.0.0 Safari/537.36"
111.92.117.69 - - [29/Jul/2026:04:02:43 +0000] "OPTIONS /package/get-live-events-in-packages?page=1&limit=100¬_yet_ended_time=2026-07-29T04%3A02%3A44.984Z HTTP/1.1" 204 0 "https://profinz.studentswebapp.quditinfotech.com/" "Mozilla/5.0 (Windows NT 10.0; Win64; x64) AppleWebKit/537.36 (KHTML, like Gecko) Chrome/150.0.0.0 Safari/537.36"
111.92.117.69 - - [29/Jul/2026:04:02:43 +0000] "POST /package/get-live-events-in-packages?page=1&limit=100¬_yet_ended_time=2026-07-29T04%3A02%3A44.984Z HTTP/1.1" 200 845 "https://profinz.studentswebapp.quditinfotech.com/" "Mozilla/5.0 (Windows NT 10.0; Win64; x64) AppleWebKit/537.36 (KHTML, like Gecko) Chrome/150.0.0.0 Safari/537.36"
111.92.117.69 - - [29/Jul/2026:04:02:43 +0000] "POST /package/get-live-events-in-packages?page=1&limit=100&start_time=2026-07-29T04%3A02%3A44.983Z HTTP/1.1" 200 845 "https://profinz.studentswebapp.quditinfotech.com/" "Mozilla/5.0 (Windows NT 10.0; Win64; x64) AppleWebKit/537.36 (KHTML, like Gecko) Chrome/150.0.0.0 Safari/537.36"
111.92.117.69 - - [29/Jul/2026:04:02:46 +0000] "OPTIONS /live-event/213 HTTP/1.1" 204 0 "https://profinz.studentswebapp.quditinfotech.com/" "Mozilla/5.0 (Windows NT 10.0; Win64; x64) AppleWebKit/537.36 (KHTML, like Gecko) Chrome/150.0.0.0 Safari/537.36"
111.92.117.69 - - [29/Jul/2026:04:02:46 +0000] "GET /live-event/213 HTTP/1.1" 200 938 "https://profinz.studentswebapp.quditinfotech.com/" "Mozilla/5.0 (Windows NT 10.0; Win64; x64) AppleWebKit/537.36 (KHTML, like Gecko) Chrome/150.0.0.0 Safari/537.36"
111.92.117.69 - - [29/Jul/2026:04:02:54 +0000] "GET /user-notifications/unread-count HTTP/1.1" 499 0 "https://profinz.studentswebapp.quditinfotech.com/" "Mozilla/5.0 (Windows NT 10.0; Win64; x64) AppleWebKit/537.36 (KHTML, like Gecko) Chrome/150.0.0.0 Safari/537.36"
65.1.209.187 - - [29/Jul/2026:04:02:55 +0000] "POST /wp-cron.php?doing_wp_cron=1785297775.2241830825805664062500 HTTP/1.1" 200 31 "-" "WordPress/6.7.2; https://www.trivandrumtennisclub.com"
57.141.0.37 - - [29/Jul/2026:04:02:55 +0000] "GET /member/dr-arun-b-nair/ HTTP/1.1" 200 17663 "-" "Mozilla/5.0 (Macintosh; Intel Mac OS X 10_15_7) AppleWebKit/537.36 (KHTML, like Gecko) Chrome/145.0.0.0 Safari/537.36 (compatible; meta-externalagent/1.1 (+https://developers.facebook.com/docs/sharing/webmasters/crawler))"
134.224.12.55 - - [29/Jul/2026:04:03:03 +0000] "POST /zoom-webhook?title=PROFINZ_CAMPUS HTTP/1.1" 200 0 "-" "Zoom Marketplace/1.0a"
65.1.209.187 - - [29/Jul/2026:04:04:00 +0000] "POST /wp-cron.php?doing_wp_cron=1785297840.7670669555664062500000 HTTP/1.1" 200 31 "-" "WordPress/6.7.2; https://www.trivandrumtennisclub.com"
173.252.83.4 - - [29/Jul/2026:04:04:00 +0000] "GET /robots.txt HTTP/1.1" 200 140 "-" "facebookexternalhit/1.1 (+http://www.facebook.com/externalhit_uatext.php)"
173.252.83.10 - - [29/Jul/2026:04:04:02 +0000] "GET /robots.txt HTTP/1.1" 200 140 "-" "facebookexternalhit/1.1 (+http://www.facebook.com/externalhit_uatext.php)"
57.141.0.24 - - [29/Jul/2026:04:04:03 +0000] "GET /member/r-prem-nath/ HTTP/1.1" 200 17666 "-" "Mozilla/5.0 (Windows NT 10.0; Win64; x64) AppleWebKit/537.36 (KHTML, like Gecko) Chrome/145.0.0.0 Safari/537.36 (compatible; meta-externalagent/1.1 (+https://developers.facebook.com/docs/sharing/webmasters/crawler))"
106.76.182.158 - - [29/Jul/2026:04:04:07 +0000] "OPTIONS /user HTTP/1.1" 204 0 "https://profinz.studentswebapp.quditinfotech.com/" "Mozilla/5.0 (Linux; Android 10; K) AppleWebKit/537.36 (KHTML, like Gecko) Chrome/150.0.0.0 Mobile Safari/537.36"
106.76.182.158 - - [29/Jul/2026:04:04:07 +0000] "GET /user HTTP/1.1" 304 0 "https://profinz.studentswebapp.quditinfotech.com/" "Mozilla/5.0 (Linux; Android 10; K) AppleWebKit/537.36 (KHTML, like Gecko) Chrome/150.0.0.0 Mobile Safari/537.36"
106.76.182.158 - - [29/Jul/2026:04:04:08 +0000] "OPTIONS /user-notifications/unread-count HTTP/1.1" 204 0 "https://profinz.studentswebapp.quditinfotech.com/" "Mozilla/5.0 (Linux; Android 10; K) AppleWebKit/537.36 (KHTML, like Gecko) Chrome/150.0.0.0 Mobile Safari/537.36"
106.76.182.158 - - [29/Jul/2026:04:04:08 +0000] "OPTIONS /user/subscriptions/package/active HTTP/1.1" 204 0 "https://profinz.studentswebapp.quditinfotech.com/" "Mozilla/5.0 (Linux; Android 10; K) AppleWebKit/537.36 (KHTML, like Gecko) Chrome/150.0.0.0 Mobile Safari/537.36"
106.76.182.158 - - [29/Jul/2026:04:04:08 +0000] "GET /user/subscriptions/package/active HTTP/1.1" 304 0 "https://profinz.studentswebapp.quditinfotech.com/" "Mozilla/5.0 (Linux; Android 10; K) AppleWebKit/537.36 (KHTML, like Gecko) Chrome/150.0.0.0 Mobile Safari/537.36"
106.76.182.158 - - [29/Jul/2026:04:04:08 +0000] "OPTIONS /package/get-live-events-in-packages?page=1&limit=100&start_time=2026-07-29T04%3A04%3A06.789Z HTTP/1.1" 204 0 "https://profinz.studentswebapp.quditinfotech.com/" "Mozilla/5.0 (Linux; Android 10; K) AppleWebKit/537.36 (KHTML, like Gecko) Chrome/150.0.0.0 Mobile Safari/537.36"
106.76.182.158 - - [29/Jul/2026:04:04:08 +0000] "OPTIONS /package/get-live-events-in-packages?page=1&limit=100¬_yet_ended_time=2026-07-29T04%3A04%3A06.796Z HTTP/1.1" 204 0 "https://profinz.studentswebapp.quditinfotech.com/" "Mozilla/5.0 (Linux; Android 10; K) AppleWebKit/537.36 (KHTML, like Gecko) Chrome/150.0.0.0 Mobile Safari/537.36"
106.76.182.158 - - [29/Jul/2026:04:04:08 +0000] "POST /package/get-live-events-in-packages?page=1&limit=100&start_time=2026-07-29T04%3A04%3A06.789Z HTTP/1.1" 200 845 "https://profinz.studentswebapp.quditinfotech.com/" "Mozilla/5.0 (Linux; Android 10; K) AppleWebKit/537.36 (KHTML, like Gecko) Chrome/150.0.0.0 Mobile Safari/537.36"
106.76.182.158 - - [29/Jul/2026:04:04:08 +0000] "POST /package/get-live-events-in-packages?page=1&limit=100¬_yet_ended_time=2026-07-29T04%3A04%3A06.796Z HTTP/1.1" 200 845 "https://profinz.studentswebapp.quditinfotech.com/" "Mozilla/5.0 (Linux; Android 10; K) AppleWebKit/537.36 (KHTML, like Gecko) Chrome/150.0.0.0 Mobile Safari/537.36"
106.76.182.158 - - [29/Jul/2026:04:04:10 +0000] "OPTIONS /live-event/213 HTTP/1.1" 204 0 "https://profinz.studentswebapp.quditinfotech.com/" "Mozilla/5.0 (Linux; Android 10; K) AppleWebKit/537.36 (KHTML, like Gecko) Chrome/150.0.0.0 Mobile Safari/537.36"
106.76.182.158 - - [29/Jul/2026:04:04:10 +0000] "GET /live-event/213 HTTP/1.1" 200 938 "https://profinz.studentswebapp.quditinfotech.com/" "Mozilla/5.0 (Linux; Android 10; K) AppleWebKit/537.36 (KHTML, like Gecko) Chrome/150.0.0.0 Mobile Safari/537.36"
106.76.182.158 - - [29/Jul/2026:04:04:18 +0000] "GET /user-notifications/unread-count HTTP/1.1" 499 0 "https://profinz.studentswebapp.quditinfotech.com/" "Mozilla/5.0 (Linux; Android 10; K) AppleWebKit/537.36 (KHTML, like Gecko) Chrome/150.0.0.0 Mobile Safari/537.36"
106.76.182.158 - - [29/Jul/2026:04:04:19 +0000] "OPTIONS /user-notifications/unread-count HTTP/1.1" 204 0 "https://profinz.studentswebapp.quditinfotech.com/" "Mozilla/5.0 (Linux; Android 10; K) AppleWebKit/537.36 (KHTML, like Gecko) Chrome/150.0.0.0 Mobile Safari/537.36"
134.224.12.54 - - [29/Jul/2026:04:04:27 +0000] "POST /zoom-webhook?title=PROFINZ_CAMPUS HTTP/1.1" 200 0 "-" "Zoom Marketplace/1.0a"
106.76.182.158 - - [29/Jul/2026:04:04:29 +0000] "GET /user-notifications/unread-count HTTP/1.1" 499 0 "https://profinz.studentswebapp.quditinfotech.com/" "Mozilla/5.0 (Linux; Android 10; K) AppleWebKit/537.36 (KHTML, like Gecko) Chrome/150.0.0.0 Mobile Safari/537.36"
65.1.209.187 - - [29/Jul/2026:04:04:53 +0000] "POST /wp-cron.php?doing_wp_cron=1785297893.9408369064331054687500 HTTP/1.1" 200 31 "-" "WordPress/6.7.2; https://www.trivandrumtennisclub.com"
121.229.156.87 - - [29/Jul/2026:04:04:53 +0000] "GET /guest-rules HTTP/1.1" 301 5 "-" "Sogou web spider/4.0(+http://www.sogou.com/docs/help/webmasters.htm#07)"
121.229.156.87 - - [29/Jul/2026:04:04:54 +0000] "GET /guest-rules/ HTTP/1.1" 200 16817 "-" "Sogou web spider/4.0(+http://www.sogou.com/docs/help/webmasters.htm#07)"
57.141.0.61 - - [29/Jul/2026:04:04:58 +0000] "GET /member/ndwjfrdjgitsqgciye-wkcksxovmrelphgrojackucu/ HTTP/1.1" 200 17978 "-" "Mozilla/5.0 (Macintosh; Intel Mac OS X 10_15_7) AppleWebKit/537.36 (KHTML, like Gecko) Chrome/145.0.0.0 Safari/537.36 (compatible; meta-externalagent/1.1 (+https://developers.facebook.com/docs/sharing/webmasters/crawler))"
43.229.89.138 - - [29/Jul/2026:04:05:03 +0000] "OPTIONS /user HTTP/1.1" 204 0 "https://profinz.studentswebapp.quditinfotech.com/" "Mozilla/5.0 (Macintosh; Intel Mac OS X 10_15_7) AppleWebKit/605.1.15 (KHTML, like Gecko) Version/26.5.2 Safari/605.1.15"
43.229.89.138 - - [29/Jul/2026:04:05:03 +0000] "GET /user HTTP/1.1" 304 0 "https://profinz.studentswebapp.quditinfotech.com/" "Mozilla/5.0 (Macintosh; Intel Mac OS X 10_15_7) AppleWebKit/605.1.15 (KHTML, like Gecko) Version/26.5.2 Safari/605.1.15"
43.229.89.138 - - [29/Jul/2026:04:05:03 +0000] "OPTIONS /user-notifications/unread-count HTTP/1.1" 204 0 "https://profinz.studentswebapp.quditinfotech.com/" "Mozilla/5.0 (Macintosh; Intel Mac OS X 10_15_7) AppleWebKit/605.1.15 (KHTML, like Gecko) Version/26.5.2 Safari/605.1.15"
43.229.89.138 - - [29/Jul/2026:04:05:03 +0000] "OPTIONS /user/subscriptions/package/active HTTP/1.1" 204 0 "https://profinz.studentswebapp.quditinfotech.com/" "Mozilla/5.0 (Macintosh; Intel Mac OS X 10_15_7) AppleWebKit/605.1.15 (KHTML, like Gecko) Version/26.5.2 Safari/605.1.15"
43.229.89.138 - - [29/Jul/2026:04:05:04 +0000] "GET /user/subscriptions/package/active HTTP/1.1" 304 0 "https://profinz.studentswebapp.quditinfotech.com/" "Mozilla/5.0 (Macintosh; Intel Mac OS X 10_15_7) AppleWebKit/605.1.15 (KHTML, like Gecko) Version/26.5.2 Safari/605.1.15"
43.229.89.138 - - [29/Jul/2026:04:05:04 +0000] "OPTIONS /package/get-live-events-in-packages?page=1&limit=100&start_time=2026-07-29T04%3A05%3A04.158Z HTTP/1.1" 204 0 "https://profinz.studentswebapp.quditinfotech.com/" "Mozilla/5.0 (Macintosh; Intel Mac OS X 10_15_7) AppleWebKit/605.1.15 (KHTML, like Gecko) Version/26.5.2 Safari/605.1.15"
43.229.89.138 - - [29/Jul/2026:04:05:04 +0000] "POST /package/get-live-events-in-packages?page=1&limit=100&start_time=2026-07-29T04%3A05%3A04.158Z HTTP/1.1" 200 845 "https://profinz.studentswebapp.quditinfotech.com/" "Mozilla/5.0 (Macintosh; Intel Mac OS X 10_15_7) AppleWebKit/605.1.15 (KHTML, like Gecko) Version/26.5.2 Safari/605.1.15"
43.229.89.138 - - [29/Jul/2026:04:05:04 +0000] "OPTIONS /package/get-live-events-in-packages?page=1&limit=100¬_yet_ended_time=2026-07-29T04%3A05%3A04.158Z HTTP/1.1" 204 0 "https://profinz.studentswebapp.quditinfotech.com/" "Mozilla/5.0 (Macintosh; Intel Mac OS X 10_15_7) AppleWebKit/605.1.15 (KHTML, like Gecko) Version/26.5.2 Safari/605.1.15"
43.229.89.138 - - [29/Jul/2026:04:05:04 +0000] "POST /package/get-live-events-in-packages?page=1&limit=100¬_yet_ended_time=2026-07-29T04%3A05%3A04.158Z HTTP/1.1" 200 845 "https://profinz.studentswebapp.quditinfotech.com/" "Mozilla/5.0 (Macintosh; Intel Mac OS X 10_15_7) AppleWebKit/605.1.15 (KHTML, like Gecko) Version/26.5.2 Safari/605.1.15"
43.229.89.138 - - [29/Jul/2026:04:05:11 +0000] "OPTIONS /live-event/213 HTTP/1.1" 204 0 "https://profinz.studentswebapp.quditinfotech.com/" "Mozilla/5.0 (Macintosh; Intel Mac OS X 10_15_7) AppleWebKit/605.1.15 (KHTML, like Gecko) Version/26.5.2 Safari/605.1.15"
43.229.89.138 - - [29/Jul/2026:04:05:11 +0000] "GET /live-event/213 HTTP/1.1" 200 938 "https://profinz.studentswebapp.quditinfotech.com/" "Mozilla/5.0 (Macintosh; Intel Mac OS X 10_15_7) AppleWebKit/605.1.15 (KHTML, like Gecko) Version/26.5.2 Safari/605.1.15"
43.229.89.138 - - [29/Jul/2026:04:05:13 +0000] "GET /user-notifications/unread-count HTTP/1.1" 499 0 "https://profinz.studentswebapp.quditinfotech.com/" "Mozilla/5.0 (Macintosh; Intel Mac OS X 10_15_7) AppleWebKit/605.1.15 (KHTML, like Gecko) Version/26.5.2 Safari/605.1.15"
134.224.12.55 - - [29/Jul/2026:04:05:28 +0000] "POST /zoom-webhook?title=PROFINZ_CAMPUS HTTP/1.1" 200 0 "-" "Zoom Marketplace/1.0a"
132.243.165.5 - - [29/Jul/2026:04:05:37 +0000] "GET / HTTP/1.1" 301 178 "-" "PubHuntLiveness/0.1 (+https://pubhunt.vercel.app)"
65.1.209.187 - - [29/Jul/2026:04:06:25 +0000] "POST /wp-cron.php?doing_wp_cron=1785297985.6866741180419921875000 HTTP/1.1" 200 31 "-" "WordPress/6.7.2; https://www.trivandrumtennisclub.com"
57.141.0.9 - - [29/Jul/2026:04:06:25 +0000] "GET /gallery/mini-tennis-tournament-15th-aug-2025/ HTTP/1.1" 404 64788 "-" "Mozilla/5.0 (Macintosh; Intel Mac OS X 10_15_7) AppleWebKit/537.36 (KHTML, like Gecko) Chrome/145.0.0.0 Safari/537.36 (compatible; meta-webindexer/1.1 (+https://developers.facebook.com/docs/sharing/webmasters/crawler))"
157.51.210.185 - - [29/Jul/2026:04:07:12 +0000] "OPTIONS /user HTTP/1.1" 204 0 "https://profinz.studentswebapp.quditinfotech.com/" "Mozilla/5.0 (Windows NT 10.0; Win64; x64) AppleWebKit/537.36 (KHTML, like Gecko) Chrome/150.0.0.0 Safari/537.36"
157.51.210.185 - - [29/Jul/2026:04:07:12 +0000] "GET /user HTTP/1.1" 304 0 "https://profinz.studentswebapp.quditinfotech.com/" "Mozilla/5.0 (Windows NT 10.0; Win64; x64) AppleWebKit/537.36 (KHTML, like Gecko) Chrome/150.0.0.0 Safari/537.36"
157.51.210.185 - - [29/Jul/2026:04:07:12 +0000] "OPTIONS /user-notifications/unread-count HTTP/1.1" 204 0 "https://profinz.studentswebapp.quditinfotech.com/" "Mozilla/5.0 (Windows NT 10.0; Win64; x64) AppleWebKit/537.36 (KHTML, like Gecko) Chrome/150.0.0.0 Safari/537.36"
157.51.210.185 - - [29/Jul/2026:04:07:13 +0000] "OPTIONS /user/subscriptions/package/active HTTP/1.1" 204 0 "https://profinz.studentswebapp.quditinfotech.com/" "Mozilla/5.0 (Windows NT 10.0; Win64; x64) AppleWebKit/537.36 (KHTML, like Gecko) Chrome/150.0.0.0 Safari/537.36"
157.51.210.185 - - [29/Jul/2026:04:07:13 +0000] "GET /user/subscriptions/package/active HTTP/1.1" 304 0 "https://profinz.studentswebapp.quditinfotech.com/" "Mozilla/5.0 (Windows NT 10.0; Win64; x64) AppleWebKit/537.36 (KHTML, like Gecko) Chrome/150.0.0.0 Safari/537.36"
157.51.210.185 - - [29/Jul/2026:04:07:13 +0000] "OPTIONS /package/get-live-recordings-in-packages?page=1&limit=12 HTTP/1.1" 204 0 "https://profinz.studentswebapp.quditinfotech.com/" "Mozilla/5.0 (Windows NT 10.0; Win64; x64) AppleWebKit/537.36 (KHTML, like Gecko) Chrome/150.0.0.0 Safari/537.36"
157.51.210.185 - - [29/Jul/2026:04:07:13 +0000] "OPTIONS /package/get-folders-for-live-recordings?root_only=false HTTP/1.1" 204 0 "https://profinz.studentswebapp.quditinfotech.com/" "Mozilla/5.0 (Windows NT 10.0; Win64; x64) AppleWebKit/537.36 (KHTML, like Gecko) Chrome/150.0.0.0 Safari/537.36"
157.51.210.185 - - [29/Jul/2026:04:07:13 +0000] "OPTIONS /package/get-live-recordings-in-packages?page=1&limit=100 HTTP/1.1" 204 0 "https://profinz.studentswebapp.quditinfotech.com/" "Mozilla/5.0 (Windows NT 10.0; Win64; x64) AppleWebKit/537.36 (KHTML, like Gecko) Chrome/150.0.0.0 Safari/537.36"
157.51.210.185 - - [29/Jul/2026:04:07:13 +0000] "POST /package/get-live-recordings-in-packages?page=1&limit=12 HTTP/1.1" 200 11910 "https://profinz.studentswebapp.quditinfotech.com/" "Mozilla/5.0 (Windows NT 10.0; Win64; x64) AppleWebKit/537.36 (KHTML, like Gecko) Chrome/150.0.0.0 Safari/537.36"
157.51.210.185 - - [29/Jul/2026:04:07:13 +0000] "POST /package/get-folders-for-live-recordings?root_only=false HTTP/1.1" 200 867 "https://profinz.studentswebapp.quditinfotech.com/" "Mozilla/5.0 (Windows NT 10.0; Win64; x64) AppleWebKit/537.36 (KHTML, like Gecko) Chrome/150.0.0.0 Safari/537.36"
157.51.210.185 - - [29/Jul/2026:04:07:13 +0000] "POST /package/get-live-recordings-in-packages?page=1&limit=100 HTTP/1.1" 200 48925 "https://profinz.studentswebapp.quditinfotech.com/" "Mozilla/5.0 (Windows NT 10.0; Win64; x64) AppleWebKit/537.36 (KHTML, like Gecko) Chrome/150.0.0.0 Safari/537.36"
157.51.210.185 - - [29/Jul/2026:04:07:23 +0000] "GET /user-notifications/unread-count HTTP/1.1" 499 0 "https://profinz.studentswebapp.quditinfotech.com/" "Mozilla/5.0 (Windows NT 10.0; Win64; x64) AppleWebKit/537.36 (KHTML, like Gecko) Chrome/150.0.0.0 Safari/537.36"
157.51.210.185 - - [29/Jul/2026:04:07:24 +0000] "OPTIONS /user-notifications/unread-count HTTP/1.1" 204 0 "https://profinz.studentswebapp.quditinfotech.com/" "Mozilla/5.0 (Windows NT 10.0; Win64; x64) AppleWebKit/537.36 (KHTML, like Gecko) Chrome/150.0.0.0 Safari/537.36"
157.51.210.185 - - [29/Jul/2026:04:07:34 +0000] "GET /user-notifications/unread-count HTTP/1.1" 499 0 "https://profinz.studentswebapp.quditinfotech.com/" "Mozilla/5.0 (Windows NT 10.0; Win64; x64) AppleWebKit/537.36 (KHTML, like Gecko) Chrome/150.0.0.0 Safari/537.36"
65.1.209.187 - - [29/Jul/2026:04:07:49 +0000] "POST /wp-cron.php?doing_wp_cron=1785298069.8007678985595703125000 HTTP/1.1" 200 31 "-" "WordPress/6.7.2; https://www.trivandrumtennisclub.com"
57.141.0.35 - - [29/Jul/2026:04:07:49 +0000] "GET /member/network-systems-technologies/ HTTP/1.1" 200 17893 "-" "Mozilla/5.0 (Windows NT 10.0; Win64; x64) AppleWebKit/537.36 (KHTML, like Gecko) Chrome/145.0.0.0 Safari/537.36 (compatible; meta-externalagent/1.1 (+https://developers.facebook.com/docs/sharing/webmasters/crawler))"
157.51.210.185 - - [29/Jul/2026:04:07:52 +0000] "OPTIONS /learning-material/video/4785 HTTP/1.1" 204 0 "https://profinz.studentswebapp.quditinfotech.com/" "Mozilla/5.0 (Windows NT 10.0; Win64; x64) AppleWebKit/537.36 (KHTML, like Gecko) Chrome/150.0.0.0 Safari/537.36"
157.51.210.185 - - [29/Jul/2026:04:07:52 +0000] "GET /learning-material/video/4785 HTTP/1.1" 304 0 "https://profinz.studentswebapp.quditinfotech.com/" "Mozilla/5.0 (Windows NT 10.0; Win64; x64) AppleWebKit/537.36 (KHTML, like Gecko) Chrome/150.0.0.0 Safari/537.36"
