103.70.199.38 - - [29/Jul/2026:04:36:12 +0000] "GET /user HTTP/1.1" 304 0 "https://profinz.studentswebapp.quditinfotech.com/" "Mozilla/5.0 (X11; CrOS x86_64 14541.0.0) AppleWebKit/537.36 (KHTML, like Gecko) Chrome/149.0.0.0 Safari/537.36"
103.70.199.38 - - [29/Jul/2026:04:36:12 +0000] "OPTIONS /user-notifications/unread-count HTTP/1.1" 204 0 "https://profinz.studentswebapp.quditinfotech.com/" "Mozilla/5.0 (X11; CrOS x86_64 14541.0.0) AppleWebKit/537.36 (KHTML, like Gecko) Chrome/149.0.0.0 Safari/537.36"
103.70.199.38 - - [29/Jul/2026:04:36:12 +0000] "OPTIONS /user/subscriptions/package/active HTTP/1.1" 204 0 "https://profinz.studentswebapp.quditinfotech.com/" "Mozilla/5.0 (X11; CrOS x86_64 14541.0.0) AppleWebKit/537.36 (KHTML, like Gecko) Chrome/149.0.0.0 Safari/537.36"
103.70.199.38 - - [29/Jul/2026:04:36:12 +0000] "GET /user/subscriptions/package/active HTTP/1.1" 304 0 "https://profinz.studentswebapp.quditinfotech.com/" "Mozilla/5.0 (X11; CrOS x86_64 14541.0.0) AppleWebKit/537.36 (KHTML, like Gecko) Chrome/149.0.0.0 Safari/537.36"
103.70.199.38 - - [29/Jul/2026:04:36:13 +0000] "OPTIONS /package/get-live-recordings-in-packages?page=1&limit=12 HTTP/1.1" 204 0 "https://profinz.studentswebapp.quditinfotech.com/" "Mozilla/5.0 (X11; CrOS x86_64 14541.0.0) AppleWebKit/537.36 (KHTML, like Gecko) Chrome/149.0.0.0 Safari/537.36"
103.70.199.38 - - [29/Jul/2026:04:36:13 +0000] "OPTIONS /package/get-folders-for-live-recordings?root_only=false HTTP/1.1" 204 0 "https://profinz.studentswebapp.quditinfotech.com/" "Mozilla/5.0 (X11; CrOS x86_64 14541.0.0) AppleWebKit/537.36 (KHTML, like Gecko) Chrome/149.0.0.0 Safari/537.36"
103.70.199.38 - - [29/Jul/2026:04:36:13 +0000] "OPTIONS /package/get-live-recordings-in-packages?page=1&limit=100 HTTP/1.1" 204 0 "https://profinz.studentswebapp.quditinfotech.com/" "Mozilla/5.0 (X11; CrOS x86_64 14541.0.0) AppleWebKit/537.36 (KHTML, like Gecko) Chrome/149.0.0.0 Safari/537.36"
103.70.199.38 - - [29/Jul/2026:04:36:13 +0000] "POST /package/get-folders-for-live-recordings?root_only=false HTTP/1.1" 200 47 "https://profinz.studentswebapp.quditinfotech.com/" "Mozilla/5.0 (X11; CrOS x86_64 14541.0.0) AppleWebKit/537.36 (KHTML, like Gecko) Chrome/149.0.0.0 Safari/537.36"
103.70.199.38 - - [29/Jul/2026:04:36:13 +0000] "POST /package/get-live-recordings-in-packages?page=1&limit=12 HTTP/1.1" 200 7787 "https://profinz.studentswebapp.quditinfotech.com/" "Mozilla/5.0 (X11; CrOS x86_64 14541.0.0) AppleWebKit/537.36 (KHTML, like Gecko) Chrome/149.0.0.0 Safari/537.36"
103.70.199.38 - - [29/Jul/2026:04:36:13 +0000] "POST /package/get-live-recordings-in-packages?page=1&limit=100 HTTP/1.1" 200 62436 "https://profinz.studentswebapp.quditinfotech.com/" "Mozilla/5.0 (X11; CrOS x86_64 14541.0.0) AppleWebKit/537.36 (KHTML, like Gecko) Chrome/149.0.0.0 Safari/537.36"
103.70.199.38 - - [29/Jul/2026:04:36:18 +0000] "OPTIONS /learning-material/video/4916 HTTP/1.1" 204 0 "https://profinz.studentswebapp.quditinfotech.com/" "Mozilla/5.0 (X11; CrOS x86_64 14541.0.0) AppleWebKit/537.36 (KHTML, like Gecko) Chrome/149.0.0.0 Safari/537.36"
103.70.199.38 - - [29/Jul/2026:04:36:18 +0000] "GET /learning-material/video/4916 HTTP/1.1" 304 0 "https://profinz.studentswebapp.quditinfotech.com/" "Mozilla/5.0 (X11; CrOS x86_64 14541.0.0) AppleWebKit/537.36 (KHTML, like Gecko) Chrome/149.0.0.0 Safari/537.36"
106.76.191.221 - - [29/Jul/2026:04:36:20 +0000] "POST /v2/learning-material/4669/video/add-watch-log HTTP/1.1" 200 77 "-" "okhttp/3.12.12"
106.76.191.221 - - [29/Jul/2026:04:36:20 +0000] "POST /v2/learning-material/4669/video/add-watch-log HTTP/1.1" 200 77 "-" "okhttp/3.12.12"
157.51.244.198 - - [29/Jul/2026:04:36:20 +0000] "GET /user-notifications/unread-count HTTP/1.1" 499 0 "https://profinz.studentswebapp.quditinfotech.com/" "Mozilla/5.0 (Windows NT 10.0; Win64; x64) AppleWebKit/537.36 (KHTML, like Gecko) Chrome/150.0.0.0 Safari/537.36"
223.188.117.67 - - [29/Jul/2026:04:36:20 +0000] "GET /user-notifications/unread-count HTTP/1.1" 499 0 "https://profinz.studentswebapp.quditinfotech.com/" "Mozilla/5.0 (Windows NT 10.0; Win64; x64) AppleWebKit/537.36 (KHTML, like Gecko) Chrome/150.0.0.0 Safari/537.36"
103.70.199.38 - - [29/Jul/2026:04:36:22 +0000] "GET /user-notifications/unread-count HTTP/1.1" 499 0 "https://profinz.studentswebapp.quditinfotech.com/" "Mozilla/5.0 (X11; CrOS x86_64 14541.0.0) AppleWebKit/537.36 (KHTML, like Gecko) Chrome/149.0.0.0 Safari/537.36"
103.70.199.38 - - [29/Jul/2026:04:36:23 +0000] "OPTIONS /user-notifications/unread-count HTTP/1.1" 204 0 "https://profinz.studentswebapp.quditinfotech.com/" "Mozilla/5.0 (X11; CrOS x86_64 14541.0.0) AppleWebKit/537.36 (KHTML, like Gecko) Chrome/149.0.0.0 Safari/537.36"
134.224.12.54 - - [29/Jul/2026:04:36:32 +0000] "POST /zoom-webhook?title=PROFINZ_CAMPUS HTTP/1.1" 200 0 "-" "Zoom Marketplace/1.0a"
103.70.199.38 - - [29/Jul/2026:04:36:33 +0000] "GET /user-notifications/unread-count HTTP/1.1" 499 0 "https://profinz.studentswebapp.quditinfotech.com/" "Mozilla/5.0 (X11; CrOS x86_64 14541.0.0) AppleWebKit/537.36 (KHTML, like Gecko) Chrome/149.0.0.0 Safari/537.36"
106.76.191.221 - - [29/Jul/2026:04:36:37 +0000] "POST /v2/learning-material/4669/video/add-watch-log HTTP/1.1" 200 77 "-" "okhttp/3.12.12"
106.76.191.221 - - [29/Jul/2026:04:36:37 +0000] "POST /v2/learning-material/4669/video/add-watch-log HTTP/1.1" 200 77 "-" "okhttp/3.12.12"
106.76.191.221 - - [29/Jul/2026:04:37:28 +0000] "POST /v2/learning-material/4669/video/add-watch-log HTTP/1.1" 200 77 "-" "okhttp/3.12.12"
106.76.191.221 - - [29/Jul/2026:04:37:28 +0000] "POST /v2/learning-material/4669/video/add-watch-log HTTP/1.1" 200 77 "-" "okhttp/3.12.12"
106.76.191.221 - - [29/Jul/2026:04:37:32 +0000] "POST /v2/learning-material/4669/video/add-watch-log HTTP/1.1" 200 77 "-" "okhttp/3.12.12"
106.76.191.221 - - [29/Jul/2026:04:37:32 +0000] "POST /v2/learning-material/4669/video/add-watch-log HTTP/1.1" 200 77 "-" "okhttp/3.12.12"
49.47.198.39 - - [29/Jul/2026:04:37:38 +0000] "OPTIONS /user-notifications/unread-count HTTP/1.1" 204 0 "https://profinz.studentswebapp.quditinfotech.com/" "Mozilla/5.0 (Linux; Android 10; K) AppleWebKit/537.36 (KHTML, like Gecko) SamsungBrowser/30.0 Chrome/143.0.0.0 Mobile Safari/537.36"
49.47.198.39 - - [29/Jul/2026:04:37:38 +0000] "OPTIONS /learning-material/video/4932 HTTP/1.1" 204 0 "https://profinz.studentswebapp.quditinfotech.com/" "Mozilla/5.0 (Linux; Android 10; K) AppleWebKit/537.36 (KHTML, like Gecko) SamsungBrowser/30.0 Chrome/143.0.0.0 Mobile Safari/537.36"
49.47.198.39 - - [29/Jul/2026:04:37:38 +0000] "GET /learning-material/video/4932 HTTP/1.1" 304 0 "https://profinz.studentswebapp.quditinfotech.com/" "Mozilla/5.0 (Linux; Android 10; K) AppleWebKit/537.36 (KHTML, like Gecko) SamsungBrowser/30.0 Chrome/143.0.0.0 Mobile Safari/537.36"
195.3.220.7 - - [29/Jul/2026:04:37:41 +0000] "GET /a.php HTTP/1.1" 301 178 "-" "Mozilla/5.0 (Linux; Android 7.0; SM-G892A Build/NRD90M; wv) AppleWebKit/537.36 (KHTML, like Gecko) Version/4.0 Chrome/60.0.3112.107 Mobile Safari/537.36"
195.3.220.7 - - [29/Jul/2026:04:37:42 +0000] "GET /a.php HTTP/1.1" 404 196 "-" "Mozilla/5.0 (Linux; Android 7.0; SM-G892A Build/NRD90M; wv) AppleWebKit/537.36 (KHTML, like Gecko) Version/4.0 Chrome/60.0.3112.107 Mobile Safari/537.36"
195.3.220.7 - - [29/Jul/2026:04:37:42 +0000] "GET /chosen.php HTTP/1.1" 301 178 "-" "Mozilla/5.0 (Linux; Android 7.0; SM-G892A Build/NRD90M; wv) AppleWebKit/537.36 (KHTML, like Gecko) Version/4.0 Chrome/60.0.3112.107 Mobile Safari/537.36"
195.3.220.7 - - [29/Jul/2026:04:37:43 +0000] "GET /chosen.php HTTP/1.1" 404 196 "-" "Mozilla/5.0 (Linux; Android 7.0; SM-G892A Build/NRD90M; wv) AppleWebKit/537.36 (KHTML, like Gecko) Version/4.0 Chrome/60.0.3112.107 Mobile Safari/537.36"
195.3.220.7 - - [29/Jul/2026:04:37:43 +0000] "GET /simple.php HTTP/1.1" 301 178 "-" "Mozilla/5.0 (Linux; Android 7.0; SM-G892A Build/NRD90M; wv) AppleWebKit/537.36 (KHTML, like Gecko) Version/4.0 Chrome/60.0.3112.107 Mobile Safari/537.36"
195.3.220.7 - - [29/Jul/2026:04:37:44 +0000] "GET /simple.php HTTP/1.1" 404 196 "-" "Mozilla/5.0 (Linux; Android 7.0; SM-G892A Build/NRD90M; wv) AppleWebKit/537.36 (KHTML, like Gecko) Version/4.0 Chrome/60.0.3112.107 Mobile Safari/537.36"
195.3.220.7 - - [29/Jul/2026:04:37:44 +0000] "GET /.tmb/worksec.php HTTP/1.1" 301 178 "-" "Mozilla/5.0 (Linux; Android 7.0; SM-G892A Build/NRD90M; wv) AppleWebKit/537.36 (KHTML, like Gecko) Version/4.0 Chrome/60.0.3112.107 Mobile Safari/537.36"
195.3.220.7 - - [29/Jul/2026:04:37:44 +0000] "GET /.tmb/worksec.php HTTP/1.1" 404 196 "-" "Mozilla/5.0 (Linux; Android 7.0; SM-G892A Build/NRD90M; wv) AppleWebKit/537.36 (KHTML, like Gecko) Version/4.0 Chrome/60.0.3112.107 Mobile Safari/537.36"
195.3.220.7 - - [29/Jul/2026:04:37:45 +0000] "GET /wp-content/plugins/fix/up.php HTTP/1.1" 301 178 "-" "Mozilla/5.0 (Linux; Android 7.0; SM-G892A Build/NRD90M; wv) AppleWebKit/537.36 (KHTML, like Gecko) Version/4.0 Chrome/60.0.3112.107 Mobile Safari/537.36"
195.3.220.7 - - [29/Jul/2026:04:37:45 +0000] "GET /wp-content/plugins/fix/up.php HTTP/1.1" 404 196 "-" "Mozilla/5.0 (Linux; Android 7.0; SM-G892A Build/NRD90M; wv) AppleWebKit/537.36 (KHTML, like Gecko) Version/4.0 Chrome/60.0.3112.107 Mobile Safari/537.36"
195.3.220.7 - - [29/Jul/2026:04:37:46 +0000] "GET /wp-content/index.php HTTP/1.1" 301 178 "-" "Mozilla/5.0 (Linux; Android 7.0; SM-G892A Build/NRD90M; wv) AppleWebKit/537.36 (KHTML, like Gecko) Version/4.0 Chrome/60.0.3112.107 Mobile Safari/537.36"
195.3.220.7 - - [29/Jul/2026:04:37:46 +0000] "GET /wp-content/index.php HTTP/1.1" 200 31 "-" "Mozilla/5.0 (Linux; Android 7.0; SM-G892A Build/NRD90M; wv) AppleWebKit/537.36 (KHTML, like Gecko) Version/4.0 Chrome/60.0.3112.107 Mobile Safari/537.36"
195.3.220.7 - - [29/Jul/2026:04:37:47 +0000] "GET /wp-content/plugins/pwnd/pwnd.php HTTP/1.1" 301 178 "-" "Mozilla/5.0 (Linux; Android 7.0; SM-G892A Build/NRD90M; wv) AppleWebKit/537.36 (KHTML, like Gecko) Version/4.0 Chrome/60.0.3112.107 Mobile Safari/537.36"
195.3.220.7 - - [29/Jul/2026:04:37:47 +0000] "GET /wp-content/plugins/pwnd/pwnd.php HTTP/1.1" 404 196 "-" "Mozilla/5.0 (Linux; Android 7.0; SM-G892A Build/NRD90M; wv) AppleWebKit/537.36 (KHTML, like Gecko) Version/4.0 Chrome/60.0.3112.107 Mobile Safari/537.36"
49.47.198.39 - - [29/Jul/2026:04:37:48 +0000] "GET /user-notifications/unread-count HTTP/1.1" 499 0 "https://profinz.studentswebapp.quditinfotech.com/" "Mozilla/5.0 (Linux; Android 10; K) AppleWebKit/537.36 (KHTML, like Gecko) SamsungBrowser/30.0 Chrome/143.0.0.0 Mobile Safari/537.36"
195.3.220.7 - - [29/Jul/2026:04:37:48 +0000] "GET /wp-content/plugins/pwnd-1/pwnd.php HTTP/1.1" 301 178 "-" "Mozilla/5.0 (Linux; Android 7.0; SM-G892A Build/NRD90M; wv) AppleWebKit/537.36 (KHTML, like Gecko) Version/4.0 Chrome/60.0.3112.107 Mobile Safari/537.36"
195.3.220.7 - - [29/Jul/2026:04:37:48 +0000] "GET /wp-content/plugins/pwnd-1/pwnd.php HTTP/1.1" 404 196 "-" "Mozilla/5.0 (Linux; Android 7.0; SM-G892A Build/NRD90M; wv) AppleWebKit/537.36 (KHTML, like Gecko) Version/4.0 Chrome/60.0.3112.107 Mobile Safari/537.36"
49.47.198.39 - - [29/Jul/2026:04:37:49 +0000] "OPTIONS /user-notifications/unread-count HTTP/1.1" 204 0 "https://profinz.studentswebapp.quditinfotech.com/" "Mozilla/5.0 (Linux; Android 10; K) AppleWebKit/537.36 (KHTML, like Gecko) SamsungBrowser/30.0 Chrome/143.0.0.0 Mobile Safari/537.36"
195.3.220.7 - - [29/Jul/2026:04:37:49 +0000] "GET /worksec.php HTTP/1.1" 301 178 "-" "Mozilla/5.0 (Linux; Android 7.0; SM-G892A Build/NRD90M; wv) AppleWebKit/537.36 (KHTML, like Gecko) Version/4.0 Chrome/60.0.3112.107 Mobile Safari/537.36"
195.3.220.7 - - [29/Jul/2026:04:37:49 +0000] "GET /worksec.php HTTP/1.1" 404 196 "-" "Mozilla/5.0 (Linux; Android 7.0; SM-G892A Build/NRD90M; wv) AppleWebKit/537.36 (KHTML, like Gecko) Version/4.0 Chrome/60.0.3112.107 Mobile Safari/537.36"
195.3.220.7 - - [29/Jul/2026:04:37:50 +0000] "GET /wp-content/worksec.php HTTP/1.1" 301 178 "-" "Mozilla/5.0 (Linux; Android 7.0; SM-G892A Build/NRD90M; wv) AppleWebKit/537.36 (KHTML, like Gecko) Version/4.0 Chrome/60.0.3112.107 Mobile Safari/537.36"
195.3.220.7 - - [29/Jul/2026:04:37:50 +0000] "GET /wp-content/worksec.php HTTP/1.1" 404 196 "-" "Mozilla/5.0 (Linux; Android 7.0; SM-G892A Build/NRD90M; wv) AppleWebKit/537.36 (KHTML, like Gecko) Version/4.0 Chrome/60.0.3112.107 Mobile Safari/537.36"
195.3.220.7 - - [29/Jul/2026:04:37:51 +0000] "GET /wp-content/themes/twentynineteen/404.php HTTP/1.1" 301 178 "-" "Mozilla/5.0 (Linux; Android 7.0; SM-G892A Build/NRD90M; wv) AppleWebKit/537.36 (KHTML, like Gecko) Version/4.0 Chrome/60.0.3112.107 Mobile Safari/537.36"
195.3.220.7 - - [29/Jul/2026:04:37:51 +0000] "GET /wp-content/themes/twentynineteen/404.php HTTP/1.1" 404 196 "-" "Mozilla/5.0 (Linux; Android 7.0; SM-G892A Build/NRD90M; wv) AppleWebKit/537.36 (KHTML, like Gecko) Version/4.0 Chrome/60.0.3112.107 Mobile Safari/537.36"
195.3.220.7 - - [29/Jul/2026:04:37:52 +0000] "GET /wp-content/themes/twentytwentyone/404.php HTTP/1.1" 301 178 "-" "Mozilla/5.0 (Linux; Android 7.0; SM-G892A Build/NRD90M; wv) AppleWebKit/537.36 (KHTML, like Gecko) Version/4.0 Chrome/60.0.3112.107 Mobile Safari/537.36"
195.3.220.7 - - [29/Jul/2026:04:37:52 +0000] "GET /wp-content/themes/twentytwentyone/404.php HTTP/1.1" 404 196 "-" "Mozilla/5.0 (Linux; Android 7.0; SM-G892A Build/NRD90M; wv) AppleWebKit/537.36 (KHTML, like Gecko) Version/4.0 Chrome/60.0.3112.107 Mobile Safari/537.36"
195.3.220.7 - - [29/Jul/2026:04:37:53 +0000] "GET /wp-content/cache/index.php HTTP/1.1" 301 178 "-" "Mozilla/5.0 (Linux; Android 7.0; SM-G892A Build/NRD90M; wv) AppleWebKit/537.36 (KHTML, like Gecko) Version/4.0 Chrome/60.0.3112.107 Mobile Safari/537.36"
195.3.220.7 - - [29/Jul/2026:04:37:53 +0000] "GET /wp-content/cache/index.php HTTP/1.1" 404 196 "-" "Mozilla/5.0 (Linux; Android 7.0; SM-G892A Build/NRD90M; wv) AppleWebKit/537.36 (KHTML, like Gecko) Version/4.0 Chrome/60.0.3112.107 Mobile Safari/537.36"
195.3.220.7 - - [29/Jul/2026:04:37:54 +0000] "GET /wp-content/index.php HTTP/1.1" 301 178 "-" "Mozilla/5.0 (Linux; Android 7.0; SM-G892A Build/NRD90M; wv) AppleWebKit/537.36 (KHTML, like Gecko) Version/4.0 Chrome/60.0.3112.107 Mobile Safari/537.36"
195.3.220.7 - - [29/Jul/2026:04:37:54 +0000] "GET /wp-content/index.php HTTP/1.1" 200 31 "-" "Mozilla/5.0 (Linux; Android 7.0; SM-G892A Build/NRD90M; wv) AppleWebKit/537.36 (KHTML, like Gecko) Version/4.0 Chrome/60.0.3112.107 Mobile Safari/537.36"
195.3.220.7 - - [29/Jul/2026:04:37:55 +0000] "GET /wp-content/languages/index.php HTTP/1.1" 301 178 "-" "Mozilla/5.0 (Linux; Android 7.0; SM-G892A Build/NRD90M; wv) AppleWebKit/537.36 (KHTML, like Gecko) Version/4.0 Chrome/60.0.3112.107 Mobile Safari/537.36"
195.3.220.7 - - [29/Jul/2026:04:37:55 +0000] "GET /wp-content/languages/index.php HTTP/1.1" 404 196 "-" "Mozilla/5.0 (Linux; Android 7.0; SM-G892A Build/NRD90M; wv) AppleWebKit/537.36 (KHTML, like Gecko) Version/4.0 Chrome/60.0.3112.107 Mobile Safari/537.36"
195.3.220.7 - - [29/Jul/2026:04:37:56 +0000] "GET /wp-content/plugins/index.php HTTP/1.1" 301 178 "-" "Mozilla/5.0 (Linux; Android 7.0; SM-G892A Build/NRD90M; wv) AppleWebKit/537.36 (KHTML, like Gecko) Version/4.0 Chrome/60.0.3112.107 Mobile Safari/537.36"
195.3.220.7 - - [29/Jul/2026:04:37:56 +0000] "GET /wp-content/plugins/index.php HTTP/1.1" 200 31 "-" "Mozilla/5.0 (Linux; Android 7.0; SM-G892A Build/NRD90M; wv) AppleWebKit/537.36 (KHTML, like Gecko) Version/4.0 Chrome/60.0.3112.107 Mobile Safari/537.36"
195.3.220.7 - - [29/Jul/2026:04:37:57 +0000] "GET /wp-content/themes/index.php HTTP/1.1" 301 178 "-" "Mozilla/5.0 (Linux; Android 7.0; SM-G892A Build/NRD90M; wv) AppleWebKit/537.36 (KHTML, like Gecko) Version/4.0 Chrome/60.0.3112.107 Mobile Safari/537.36"
195.3.220.7 - - [29/Jul/2026:04:37:57 +0000] "GET /wp-content/themes/index.php HTTP/1.1" 200 31 "-" "Mozilla/5.0 (Linux; Android 7.0; SM-G892A Build/NRD90M; wv) AppleWebKit/537.36 (KHTML, like Gecko) Version/4.0 Chrome/60.0.3112.107 Mobile Safari/537.36"
195.3.220.7 - - [29/Jul/2026:04:37:58 +0000] "GET /wp-content/upgrade/index.php HTTP/1.1" 301 178 "-" "Mozilla/5.0 (Linux; Android 7.0; SM-G892A Build/NRD90M; wv) AppleWebKit/537.36 (KHTML, like Gecko) Version/4.0 Chrome/60.0.3112.107 Mobile Safari/537.36"
195.3.220.7 - - [29/Jul/2026:04:37:58 +0000] "GET /wp-content/upgrade/index.php HTTP/1.1" 404 196 "-" "Mozilla/5.0 (Linux; Android 7.0; SM-G892A Build/NRD90M; wv) AppleWebKit/537.36 (KHTML, like Gecko) Version/4.0 Chrome/60.0.3112.107 Mobile Safari/537.36"
49.47.198.39 - - [29/Jul/2026:04:37:59 +0000] "GET /user-notifications/unread-count HTTP/1.1" 499 0 "https://profinz.studentswebapp.quditinfotech.com/" "Mozilla/5.0 (Linux; Android 10; K) AppleWebKit/537.36 (KHTML, like Gecko) SamsungBrowser/30.0 Chrome/143.0.0.0 Mobile Safari/537.36"
195.3.220.7 - - [29/Jul/2026:04:37:59 +0000] "GET /wp-content/uploads/index.php HTTP/1.1" 301 178 "-" "Mozilla/5.0 (Linux; Android 7.0; SM-G892A Build/NRD90M; wv) AppleWebKit/537.36 (KHTML, like Gecko) Version/4.0 Chrome/60.0.3112.107 Mobile Safari/537.36"
195.3.220.7 - - [29/Jul/2026:04:37:59 +0000] "GET /wp-content/uploads/index.php HTTP/1.1" 404 196 "-" "Mozilla/5.0 (Linux; Android 7.0; SM-G892A Build/NRD90M; wv) AppleWebKit/537.36 (KHTML, like Gecko) Version/4.0 Chrome/60.0.3112.107 Mobile Safari/537.36"
195.3.220.7 - - [29/Jul/2026:04:38:00 +0000] "GET /wp-admin/index.php HTTP/1.1" 301 178 "-" "Mozilla/5.0 (Linux; Android 7.0; SM-G892A Build/NRD90M; wv) AppleWebKit/537.36 (KHTML, like Gecko) Version/4.0 Chrome/60.0.3112.107 Mobile Safari/537.36"
65.1.209.187 - - [29/Jul/2026:04:38:00 +0000] "POST /wp-cron.php?doing_wp_cron=1785299880.6490290164947509765625 HTTP/1.1" 200 31 "-" "WordPress/6.7.2; https://www.trivandrumtennisclub.com"
195.3.220.7 - - [29/Jul/2026:04:38:00 +0000] "GET /wp-admin/index.php HTTP/1.1" 302 5 "-" "Mozilla/5.0 (Linux; Android 7.0; SM-G892A Build/NRD90M; wv) AppleWebKit/537.36 (KHTML, like Gecko) Version/4.0 Chrome/60.0.3112.107 Mobile Safari/537.36"
195.3.220.7 - - [29/Jul/2026:04:38:00 +0000] "GET /wp-login.php?redirect_to=https%3A%2F%2Fwww.trivandrumtennisclub.com%2Fwp-admin%2Findex.php&reauth=1 HTTP/1.1" 200 2234 "-" "Mozilla/5.0 (Linux; Android 7.0; SM-G892A Build/NRD90M; wv) AppleWebKit/537.36 (KHTML, like Gecko) Version/4.0 Chrome/60.0.3112.107 Mobile Safari/537.36"
195.3.220.7 - - [29/Jul/2026:04:38:01 +0000] "GET /wp-content/themes/Divi/404.php HTTP/1.1" 301 178 "-" "Mozilla/5.0 (Linux; Android 7.0; SM-G892A Build/NRD90M; wv) AppleWebKit/537.36 (KHTML, like Gecko) Version/4.0 Chrome/60.0.3112.107 Mobile Safari/537.36"
195.3.220.7 - - [29/Jul/2026:04:38:01 +0000] "GET /wp-content/themes/Divi/404.php HTTP/1.1" 404 196 "-" "Mozilla/5.0 (Linux; Android 7.0; SM-G892A Build/NRD90M; wv) AppleWebKit/537.36 (KHTML, like Gecko) Version/4.0 Chrome/60.0.3112.107 Mobile Safari/537.36"
195.3.220.7 - - [29/Jul/2026:04:38:02 +0000] "GET /wp-admin/index.php HTTP/1.1" 301 178 "-" "Mozilla/5.0 (Linux; Android 7.0; SM-G892A Build/NRD90M; wv) AppleWebKit/537.36 (KHTML, like Gecko) Version/4.0 Chrome/60.0.3112.107 Mobile Safari/537.36"
195.3.220.7 - - [29/Jul/2026:04:38:02 +0000] "GET /wp-admin/index.php HTTP/1.1" 302 5 "-" "Mozilla/5.0 (Linux; Android 7.0; SM-G892A Build/NRD90M; wv) AppleWebKit/537.36 (KHTML, like Gecko) Version/4.0 Chrome/60.0.3112.107 Mobile Safari/537.36"
195.3.220.7 - - [29/Jul/2026:04:38:02 +0000] "GET /wp-login.php?redirect_to=https%3A%2F%2Fwww.trivandrumtennisclub.com%2Fwp-admin%2Findex.php&reauth=1 HTTP/1.1" 200 2234 "-" "Mozilla/5.0 (Linux; Android 7.0; SM-G892A Build/NRD90M; wv) AppleWebKit/537.36 (KHTML, like Gecko) Version/4.0 Chrome/60.0.3112.107 Mobile Safari/537.36"
195.3.220.7 - - [29/Jul/2026:04:38:03 +0000] "GET /wp-admin/css/index.php HTTP/1.1" 301 178 "-" "Mozilla/5.0 (Linux; Android 7.0; SM-G892A Build/NRD90M; wv) AppleWebKit/537.36 (KHTML, like Gecko) Version/4.0 Chrome/60.0.3112.107 Mobile Safari/537.36"
195.3.220.7 - - [29/Jul/2026:04:38:03 +0000] "GET /wp-admin/css/index.php HTTP/1.1" 404 196 "-" "Mozilla/5.0 (Linux; Android 7.0; SM-G892A Build/NRD90M; wv) AppleWebKit/537.36 (KHTML, like Gecko) Version/4.0 Chrome/60.0.3112.107 Mobile Safari/537.36"
195.3.220.7 - - [29/Jul/2026:04:38:04 +0000] "GET /wp-admin/images/index.php HTTP/1.1" 301 178 "-" "Mozilla/5.0 (Linux; Android 7.0; SM-G892A Build/NRD90M; wv) AppleWebKit/537.36 (KHTML, like Gecko) Version/4.0 Chrome/60.0.3112.107 Mobile Safari/537.36"
195.3.220.7 - - [29/Jul/2026:04:38:04 +0000] "GET /wp-admin/images/index.php HTTP/1.1" 404 196 "-" "Mozilla/5.0 (Linux; Android 7.0; SM-G892A Build/NRD90M; wv) AppleWebKit/537.36 (KHTML, like Gecko) Version/4.0 Chrome/60.0.3112.107 Mobile Safari/537.36"
195.3.220.7 - - [29/Jul/2026:04:38:05 +0000] "GET /wp-admin/includes/index.php HTTP/1.1" 301 178 "-" "Mozilla/5.0 (Linux; Android 7.0; SM-G892A Build/NRD90M; wv) AppleWebKit/537.36 (KHTML, like Gecko) Version/4.0 Chrome/60.0.3112.107 Mobile Safari/537.36"
106.76.191.221 - - [29/Jul/2026:04:38:05 +0000] "POST /v2/learning-material/4669/video/add-watch-log HTTP/1.1" 200 77 "-" "okhttp/3.12.12"
106.76.191.221 - - [29/Jul/2026:04:38:05 +0000] "POST /v2/learning-material/4669/video/add-watch-log HTTP/1.1" 200 77 "-" "okhttp/3.12.12"
195.3.220.7 - - [29/Jul/2026:04:38:05 +0000] "GET /wp-admin/includes/index.php HTTP/1.1" 404 196 "-" "Mozilla/5.0 (Linux; Android 7.0; SM-G892A Build/NRD90M; wv) AppleWebKit/537.36 (KHTML, like Gecko) Version/4.0 Chrome/60.0.3112.107 Mobile Safari/537.36"
195.3.220.7 - - [29/Jul/2026:04:38:06 +0000] "GET /wp-admin/js/index.php HTTP/1.1" 301 178 "-" "Mozilla/5.0 (Linux; Android 7.0; SM-G892A Build/NRD90M; wv) AppleWebKit/537.36 (KHTML, like Gecko) Version/4.0 Chrome/60.0.3112.107 Mobile Safari/537.36"
195.3.220.7 - - [29/Jul/2026:04:38:06 +0000] "GET /wp-admin/js/index.php HTTP/1.1" 404 196 "-" "Mozilla/5.0 (Linux; Android 7.0; SM-G892A Build/NRD90M; wv) AppleWebKit/537.36 (KHTML, like Gecko) Version/4.0 Chrome/60.0.3112.107 Mobile Safari/537.36"
195.3.220.7 - - [29/Jul/2026:04:38:07 +0000] "GET /wp-admin/maint/index.php HTTP/1.1" 301 178 "-" "Mozilla/5.0 (Linux; Android 7.0; SM-G892A Build/NRD90M; wv) AppleWebKit/537.36 (KHTML, like Gecko) Version/4.0 Chrome/60.0.3112.107 Mobile Safari/537.36"
195.3.220.7 - - [29/Jul/2026:04:38:07 +0000] "GET /wp-admin/maint/index.php HTTP/1.1" 404 196 "-" "Mozilla/5.0 (Linux; Android 7.0; SM-G892A Build/NRD90M; wv) AppleWebKit/537.36 (KHTML, like Gecko) Version/4.0 Chrome/60.0.3112.107 Mobile Safari/537.36"
195.3.220.7 - - [29/Jul/2026:04:38:08 +0000] "GET /wp-admin/network/index.php HTTP/1.1" 301 178 "-" "Mozilla/5.0 (Linux; Android 7.0; SM-G892A Build/NRD90M; wv) AppleWebKit/537.36 (KHTML, like Gecko) Version/4.0 Chrome/60.0.3112.107 Mobile Safari/537.36"
195.3.220.7 - - [29/Jul/2026:04:38:08 +0000] "GET /wp-admin/network/index.php HTTP/1.1" 302 5 "-" "Mozilla/5.0 (Linux; Android 7.0; SM-G892A Build/NRD90M; wv) AppleWebKit/537.36 (KHTML, like Gecko) Version/4.0 Chrome/60.0.3112.107 Mobile Safari/537.36"
195.3.220.7 - - [29/Jul/2026:04:38:08 +0000] "GET /wp-login.php?redirect_to=https%3A%2F%2Fwww.trivandrumtennisclub.com%2Fwp-admin%2Fnetwork%2Findex.php&reauth=1 HTTP/1.1" 200 2240 "-" "Mozilla/5.0 (Linux; Android 7.0; SM-G892A Build/NRD90M; wv) AppleWebKit/537.36 (KHTML, like Gecko) Version/4.0 Chrome/60.0.3112.107 Mobile Safari/537.36"
195.3.220.7 - - [29/Jul/2026:04:38:09 +0000] "GET /wp-admin/user/index.php HTTP/1.1" 301 178 "-" "Mozilla/5.0 (Linux; Android 7.0; SM-G892A Build/NRD90M; wv) AppleWebKit/537.36 (KHTML, like Gecko) Version/4.0 Chrome/60.0.3112.107 Mobile Safari/537.36"
195.3.220.7 - - [29/Jul/2026:04:38:09 +0000] "GET /wp-admin/user/index.php HTTP/1.1" 302 5 "-" "Mozilla/5.0 (Linux; Android 7.0; SM-G892A Build/NRD90M; wv) AppleWebKit/537.36 (KHTML, like Gecko) Version/4.0 Chrome/60.0.3112.107 Mobile Safari/537.36"
195.3.220.7 - - [29/Jul/2026:04:38:09 +0000] "GET /wp-login.php?redirect_to=https%3A%2F%2Fwww.trivandrumtennisclub.com%2Fwp-admin%2Fuser%2Findex.php&reauth=1 HTTP/1.1" 200 2237 "-" "Mozilla/5.0 (Linux; Android 7.0; SM-G892A Build/NRD90M; wv) AppleWebKit/537.36 (KHTML, like Gecko) Version/4.0 Chrome/60.0.3112.107 Mobile Safari/537.36"
49.47.198.39 - - [29/Jul/2026:04:38:13 +0000] "OPTIONS /user-notifications/unread-count HTTP/1.1" 204 0 "https://profinz.studentswebapp.quditinfotech.com/" "Mozilla/5.0 (Linux; Android 10; K) AppleWebKit/537.36 (KHTML, like Gecko) SamsungBrowser/30.0 Chrome/143.0.0.0 Mobile Safari/537.36"
49.47.198.39 - - [29/Jul/2026:04:38:23 +0000] "GET /user-notifications/unread-count HTTP/1.1" 499 0 "https://profinz.studentswebapp.quditinfotech.com/" "Mozilla/5.0 (Linux; Android 10; K) AppleWebKit/537.36 (KHTML, like Gecko) SamsungBrowser/30.0 Chrome/143.0.0.0 Mobile Safari/537.36"
49.47.198.39 - - [29/Jul/2026:04:38:24 +0000] "OPTIONS /user-notifications/unread-count HTTP/1.1" 204 0 "https://profinz.studentswebapp.quditinfotech.com/" "Mozilla/5.0 (Linux; Android 10; K) AppleWebKit/537.36 (KHTML, like Gecko) SamsungBrowser/30.0 Chrome/143.0.0.0 Mobile Safari/537.36"
106.76.191.221 - - [29/Jul/2026:04:38:29 +0000] "POST /v2/learning-material/4669/video/add-watch-log HTTP/1.1" 200 77 "-" "okhttp/3.12.12"
106.76.191.221 - - [29/Jul/2026:04:38:29 +0000] "POST /v2/learning-material/4669/video/add-watch-log HTTP/1.1" 200 77 "-" "okhttp/3.12.12"
49.47.198.39 - - [29/Jul/2026:04:38:34 +0000] "GET /user-notifications/unread-count HTTP/1.1" 499 0 "https://profinz.studentswebapp.quditinfotech.com/" "Mozilla/5.0 (Linux; Android 10; K) AppleWebKit/537.36 (KHTML, like Gecko) SamsungBrowser/30.0 Chrome/143.0.0.0 Mobile Safari/537.36"
106.76.191.221 - - [29/Jul/2026:04:38:36 +0000] "POST /v2/learning-material/4669/video/add-watch-log HTTP/1.1" 200 77 "-" "okhttp/3.12.12"
106.76.191.221 - - [29/Jul/2026:04:38:36 +0000] "POST /v2/learning-material/4669/video/add-watch-log HTTP/1.1" 200 77 "-" "okhttp/3.12.12"
65.1.209.187 - - [29/Jul/2026:04:38:43 +0000] "POST /wp-cron.php?doing_wp_cron=1785299923.2888970375061035156250 HTTP/1.1" 200 31 "-" "WordPress/6.7.2; https://www.trivandrumtennisclub.com"
57.141.0.20 - - [29/Jul/2026:04:38:43 +0000] "GET /member/manju-sajan-george/ HTTP/1.1" 200 17684 "-" "Mozilla/5.0 (Macintosh; Intel Mac OS X 10_15_7) AppleWebKit/537.36 (KHTML, like Gecko) Chrome/145.0.0.0 Safari/537.36 (compatible; meta-externalagent/1.1 (+https://developers.facebook.com/docs/sharing/webmasters/crawler))"
104.23.221.49 - - [29/Jul/2026:04:38:44 +0000] "GET /wp-admin/install.php?step=1 HTTP/1.1" 301 178 "-" "http://drjunior.in/wp-admin/install.php?step=1"
65.1.209.187 - - [29/Jul/2026:04:38:45 +0000] "POST /wp-cron.php?doing_wp_cron=1785299925.0993010997772216796875 HTTP/1.1" 200 31 "-" "WordPress/6.9; https://www.drjunior.in"
104.23.221.49 - - [29/Jul/2026:04:38:45 +0000] "GET /wp-admin/install.php?step=1 HTTP/1.1" 200 528 "-" "http://drjunior.in/wp-admin/install.php?step=1"
106.76.191.221 - - [29/Jul/2026:04:39:05 +0000] "POST /v2/learning-material/4669/video/add-watch-log HTTP/1.1" 200 77 "-" "okhttp/3.12.12"
106.76.191.221 - - [29/Jul/2026:04:39:05 +0000] "POST /v2/learning-material/4669/video/add-watch-log HTTP/1.1" 200 77 "-" "okhttp/3.12.12"
34.195.207.10 - - [29/Jul/2026:04:39:20 +0000] "GET / HTTP/1.1" 200 124 "-" "Mozilla/5.0 (Macintosh; Intel Mac OS X 10_15_7) AppleWebKit/537.36 (KHTML, like Gecko) Chrome/127.0.0.0 Safari/537.36"
106.76.191.221 - - [29/Jul/2026:04:39:36 +0000] "POST /v2/learning-material/4669/video/add-watch-log HTTP/1.1" 200 77 "-" "okhttp/3.12.12"
106.76.191.221 - - [29/Jul/2026:04:39:36 +0000] "POST /v2/learning-material/4669/video/add-watch-log HTTP/1.1" 200 77 "-" "okhttp/3.12.12"
5.192.99.253 - - [29/Jul/2026:04:39:39 +0000] "GET /user-notifications/unread-count HTTP/1.1" 499 0 "https://profinz.studentswebapp.quditinfotech.com/" "Mozilla/5.0 (Linux; Android 10; K) AppleWebKit/537.36 (KHTML, like Gecko) Chrome/150.0.0.0 Safari/537.36"
106.76.191.221 - - [29/Jul/2026:04:40:52 +0000] "POST /v2/learning-material/4669/video/add-watch-log HTTP/1.1" 200 77 "-" "okhttp/3.12.12"
106.76.191.221 - - [29/Jul/2026:04:40:52 +0000] "POST /v2/learning-material/4669/video/add-watch-log HTTP/1.1" 200 77 "-" "okhttp/3.12.12"
106.76.191.221 - - [29/Jul/2026:04:40:56 +0000] "POST /v2/learning-material/4669/video/add-watch-log HTTP/1.1" 200 77 "-" "okhttp/3.12.12"
106.76.191.221 - - [29/Jul/2026:04:40:56 +0000] "POST /v2/learning-material/4669/video/add-watch-log HTTP/1.1" 200 77 "-" "okhttp/3.12.12"
106.76.191.221 - - [29/Jul/2026:04:41:34 +0000] "POST /v2/learning-material/4669/video/add-watch-log HTTP/1.1" 200 77 "-" "okhttp/3.12.12"
106.76.191.221 - - [29/Jul/2026:04:41:34 +0000] "POST /v2/learning-material/4669/video/add-watch-log HTTP/1.1" 200 77 "-" "okhttp/3.12.12"
106.76.191.221 - - [29/Jul/2026:04:41:52 +0000] "POST /v2/learning-material/4669/video/add-watch-log HTTP/1.1" 200 77 "-" "okhttp/3.12.12"
106.76.191.221 - - [29/Jul/2026:04:41:52 +0000] "POST /v2/learning-material/4669/video/add-watch-log HTTP/1.1" 200 77 "-" "okhttp/3.12.12"
16.58.56.214 - - [29/Jul/2026:04:42:06 +0000] "\x16\x03\x01\x00\xEE\x01\x00\x00\xEA\x03\x03O2E\x03(;\xBA\xD1\xEE\x80\xE1\x8A*\x14\xC0w\xA0\xB6\xDB\xF0D\xF0\xA2\xF8\xD2n\xDA\xB0U!\xA5\x1D \x97\x5CG\x87?\x04\xE1Dd'Z\xB5\x9E\x11\xAEK9\xE1d|\xA8?f\xE6\xFE\x85\xAE\xF0 \xC4\xED\xDA\x00&\xCC\xA8\xCC\xA9\xC0/\xC00\xC0+\xC0,\xC0\x13\xC0\x09\xC0\x14\xC0" 400 166 "-" "-"
16.58.56.214 - - [29/Jul/2026:04:42:06 +0000] "\x03\x00\x00+&\xE0\x00\x00\x00\x00\x00Cookie: mstshash=zgrab" 400 166 "-" "-"
16.58.56.214 - - [29/Jul/2026:04:42:08 +0000] "GET / HTTP/1.1" 200 409 "-" "visionheight.com/scan Mozilla/5.0 (Macintosh; Intel Mac OS X 10_15_7) Chrome/126.0.0.0 Safari/537.36"
16.58.56.214 - - [29/Jul/2026:04:42:08 +0000] "GET / HTTP/1.1" 200 409 "-" "visionheight.com/scan Mozilla/5.0 (Macintosh; Intel Mac OS X 10_15_7) Chrome/126.0.0.0 Safari/537.36"
16.58.56.214 - - [29/Jul/2026:04:42:13 +0000] "\x16\x03\x01\x01\x00\x01\x00\x00\xFC\x03\x03e\xFB\xFB)\xC3\xEB\x1Dk\x82\x9C\x9B\xF8\xA2\xD7\x0E\xAA2LX\x8Bs\x22&\xC7\x8B\xD5x\x94\xCC#\xAB\xF8 s\x19\xDDT\xAA\xA8\x15\x10\xE49\xA4\xC8\x86\xB8ZsD\x96\xE4\xD4\x11\xB8PxJZe=\x08\x9D\x91H\x00&\xCC\xA8\xCC\xA9\xC0/\xC00\xC0+\xC0,\xC0\x13\xC0\x09\xC0\x14\xC0" 400 166 "-" "-"
16.58.56.214 - - [29/Jul/2026:04:42:15 +0000] "" 400 0 "-" "-"
106.76.191.221 - - [29/Jul/2026:04:42:21 +0000] "POST /v2/learning-material/4669/video/add-watch-log HTTP/1.1" 200 77 "-" "okhttp/3.12.12"
106.76.191.221 - - [29/Jul/2026:04:42:21 +0000] "POST /v2/learning-material/4669/video/add-watch-log HTTP/1.1" 200 77 "-" "okhttp/3.12.12"
106.76.191.221 - - [29/Jul/2026:04:42:39 +0000] "POST /v2/learning-material/4669/video/add-watch-log HTTP/1.1" 200 77 "-" "okhttp/3.12.12"
106.76.191.221 - - [29/Jul/2026:04:42:39 +0000] "POST /v2/learning-material/4669/video/add-watch-log HTTP/1.1" 200 77 "-" "okhttp/3.12.12"
106.76.191.221 - - [29/Jul/2026:04:42:56 +0000] "POST /v2/learning-material/4669/video/add-watch-log HTTP/1.1" 200 77 "-" "okhttp/3.12.12"
106.76.191.221 - - [29/Jul/2026:04:42:56 +0000] "POST /v2/learning-material/4669/video/add-watch-log HTTP/1.1" 200 77 "-" "okhttp/3.12.12"
106.76.191.221 - - [29/Jul/2026:04:43:18 +0000] "POST /v2/learning-material/4669/video/add-watch-log HTTP/1.1" 200 77 "-" "okhttp/3.12.12"
106.76.191.221 - - [29/Jul/2026:04:43:18 +0000] "POST /v2/learning-material/4669/video/add-watch-log HTTP/1.1" 200 77 "-" "okhttp/3.12.12"
49.47.198.39 - - [29/Jul/2026:04:43:36 +0000] "OPTIONS /user-notifications/unread-count HTTP/1.1" 204 0 "https://profinz.studentswebapp.quditinfotech.com/" "Mozilla/5.0 (Linux; Android 10; K) AppleWebKit/537.36 (KHTML, like Gecko) SamsungBrowser/30.0 Chrome/143.0.0.0 Mobile Safari/537.36"
49.47.198.39 - - [29/Jul/2026:04:43:36 +0000] "OPTIONS /learning-material/video/4932 HTTP/1.1" 204 0 "https://profinz.studentswebapp.quditinfotech.com/" "Mozilla/5.0 (Linux; Android 10; K) AppleWebKit/537.36 (KHTML, like Gecko) SamsungBrowser/30.0 Chrome/143.0.0.0 Mobile Safari/537.36"
49.47.198.39 - - [29/Jul/2026:04:43:36 +0000] "GET /learning-material/video/4932 HTTP/1.1" 304 0 "https://profinz.studentswebapp.quditinfotech.com/" "Mozilla/5.0 (Linux; Android 10; K) AppleWebKit/537.36 (KHTML, like Gecko) SamsungBrowser/30.0 Chrome/143.0.0.0 Mobile Safari/537.36"
49.47.198.39 - - [29/Jul/2026:04:43:46 +0000] "GET /user-notifications/unread-count HTTP/1.1" 499 0 "https://profinz.studentswebapp.quditinfotech.com/" "Mozilla/5.0 (Linux; Android 10; K) AppleWebKit/537.36 (KHTML, like Gecko) SamsungBrowser/30.0 Chrome/143.0.0.0 Mobile Safari/537.36"
106.76.191.221 - - [29/Jul/2026:04:43:46 +0000] "POST /v2/learning-material/4669/video/add-watch-log HTTP/1.1" 200 77 "-" "okhttp/3.12.12"
106.76.191.221 - - [29/Jul/2026:04:43:46 +0000] "POST /v2/learning-material/4669/video/add-watch-log HTTP/1.1" 200 77 "-" "okhttp/3.12.12"
49.47.198.39 - - [29/Jul/2026:04:43:47 +0000] "OPTIONS /user-notifications/unread-count HTTP/1.1" 204 0 "https://profinz.studentswebapp.quditinfotech.com/" "Mozilla/5.0 (Linux; Android 10; K) AppleWebKit/537.36 (KHTML, like Gecko) SamsungBrowser/30.0 Chrome/143.0.0.0 Mobile Safari/537.36"
49.47.198.39 - - [29/Jul/2026:04:43:57 +0000] "GET /user-notifications/unread-count HTTP/1.1" 499 0 "https://profinz.studentswebapp.quditinfotech.com/" "Mozilla/5.0 (Linux; Android 10; K) AppleWebKit/537.36 (KHTML, like Gecko) SamsungBrowser/30.0 Chrome/143.0.0.0 Mobile Safari/537.36"
106.76.191.221 - - [29/Jul/2026:04:44:16 +0000] "POST /v2/learning-material/4669/video/add-watch-log HTTP/1.1" 200 77 "-" "okhttp/3.12.12"
106.76.191.221 - - [29/Jul/2026:04:44:16 +0000] "POST /v2/learning-material/4669/video/add-watch-log HTTP/1.1" 200 77 "-" "okhttp/3.12.12"
106.76.191.221 - - [29/Jul/2026:04:44:46 +0000] "POST /v2/learning-material/4669/video/add-watch-log HTTP/1.1" 200 77 "-" "okhttp/3.12.12"
106.76.191.221 - - [29/Jul/2026:04:44:46 +0000] "POST /v2/learning-material/4669/video/add-watch-log HTTP/1.1" 200 77 "-" "okhttp/3.12.12"
65.1.209.187 - - [29/Jul/2026:04:44:47 +0000] "POST /wp-cron.php?doing_wp_cron=1785300286.9924359321594238281250 HTTP/1.1" 200 31 "-" "WordPress/6.7.2; https://www.trivandrumtennisclub.com"
95.91.106.232 - - [29/Jul/2026:04:44:47 +0000] "GET /robots.txt HTTP/1.1" 200 140 "-" "Mozilla/5.0 (compatible; MJ12bot/v1.4.8; http://mj12bot.com/)"
106.76.191.221 - - [29/Jul/2026:04:44:48 +0000] "POST /v2/learning-material/4669/video/add-watch-log HTTP/1.1" 200 77 "-" "okhttp/3.12.12"
106.76.191.221 - - [29/Jul/2026:04:44:48 +0000] "POST /v2/learning-material/4669/video/add-watch-log HTTP/1.1" 200 77 "-" "okhttp/3.12.12"
95.91.106.232 - - [29/Jul/2026:04:44:48 +0000] "GET /ttc-member-login/ HTTP/1.1" 200 67361 "-" "Mozilla/5.0 (compatible; MJ12bot/v1.4.8; http://mj12bot.com/)"
57.141.0.29 - - [29/Jul/2026:04:45:10 +0000] "GET /member/opxsbueesjtbambvrbshldl-hnaictfhkinbaretcu/ HTTP/1.1" 200 17712 "-" "Mozilla/5.0 (Windows NT 10.0; Win64; x64) AppleWebKit/537.36 (KHTML, like Gecko) Chrome/145.0.0.0 Safari/537.36 (compatible; meta-externalagent/1.1 (+https://developers.facebook.com/docs/sharing/webmasters/crawler))"
43.173.178.236 - - [29/Jul/2026:04:45:18 +0000] "GET /?p=289 HTTP/1.1" 301 5 "-" "Mozilla/5.0 (Windows NT 10.0; Win64; x64) AppleWebKit/537.36 (KHTML, like Gecko) Chrome/117.0.0.0 Safari/537.36"
43.173.180.78 - - [29/Jul/2026:04:45:18 +0000] "GET /history/ HTTP/1.1" 200 20384 "-" "Mozilla/5.0 (Windows NT 10.0; Win64; x64) AppleWebKit/537.36 (KHTML, like Gecko) Chrome/117.0.0.0 Safari/537.36"
106.76.191.221 - - [29/Jul/2026:04:45:37 +0000] "POST /v2/learning-material/4669/video/add-watch-log HTTP/1.1" 200 77 "-" "okhttp/3.12.12"
106.76.191.221 - - [29/Jul/2026:04:45:37 +0000] "POST /v2/learning-material/4669/video/add-watch-log HTTP/1.1" 200 77 "-" "okhttp/3.12.12"
106.76.191.221 - - [29/Jul/2026:04:45:53 +0000] "POST /v2/learning-material/4669/video/add-watch-log HTTP/1.1" 200 77 "-" "okhttp/3.12.12"
106.76.191.221 - - [29/Jul/2026:04:45:53 +0000] "POST /v2/learning-material/4669/video/add-watch-log HTTP/1.1" 200 77 "-" "okhttp/3.12.12"
65.1.209.187 - - [29/Jul/2026:04:45:55 +0000] "POST /wp-cron.php?doing_wp_cron=1785300355.5527799129486083984375 HTTP/1.1" 200 31 "-" "WordPress/6.7.2; https://www.trivandrumtennisclub.com"
52.167.144.161 - - [29/Jul/2026:04:45:55 +0000] "GET /member/dr-preetha-v-nair/ HTTP/1.1" 200 17903 "-" "Mozilla/5.0 AppleWebKit/537.36 (KHTML, like Gecko; compatible; bingbot/2.0; +http://www.bing.com/bingbot.htm) Chrome/116.0.1938.76 Safari/537.36"
57.141.0.26 - - [29/Jul/2026:04:46:17 +0000] "GET /club-elects-new-office-bearers-for-2025-26-at-agm/ HTTP/1.1" 200 73754 "-" "Mozilla/5.0 (Macintosh; Intel Mac OS X 10_15_7) AppleWebKit/537.36 (KHTML, like Gecko) Chrome/145.0.0.0 Safari/537.36 (compatible; meta-webindexer/1.1 (+https://developers.facebook.com/docs/sharing/webmasters/crawler))"
106.76.191.221 - - [29/Jul/2026:04:46:23 +0000] "POST /v2/learning-material/4669/video/add-watch-log HTTP/1.1" 200 77 "-" "okhttp/3.12.12"
106.76.191.221 - - [29/Jul/2026:04:46:23 +0000] "POST /v2/learning-material/4669/video/add-watch-log HTTP/1.1" 200 77 "-" "okhttp/3.12.12"
106.76.191.221 - - [29/Jul/2026:04:47:07 +0000] "POST /v2/learning-material/4669/video/add-watch-log HTTP/1.1" 200 77 "-" "okhttp/3.12.12"
106.76.191.221 - - [29/Jul/2026:04:47:07 +0000] "POST /v2/learning-material/4669/video/add-watch-log HTTP/1.1" 200 77 "-" "okhttp/3.12.12"
49.47.198.39 - - [29/Jul/2026:04:47:19 +0000] "OPTIONS /user-notifications/unread-count HTTP/1.1" 204 0 "https://profinz.studentswebapp.quditinfotech.com/" "Mozilla/5.0 (Linux; Android 10; K) AppleWebKit/537.36 (KHTML, like Gecko) SamsungBrowser/30.0 Chrome/143.0.0.0 Mobile Safari/537.36"
49.47.198.39 - - [29/Jul/2026:04:47:29 +0000] "GET /user-notifications/unread-count HTTP/1.1" 499 0 "https://profinz.studentswebapp.quditinfotech.com/" "Mozilla/5.0 (Linux; Android 10; K) AppleWebKit/537.36 (KHTML, like Gecko) SamsungBrowser/30.0 Chrome/143.0.0.0 Mobile Safari/537.36"
49.47.198.39 - - [29/Jul/2026:04:47:30 +0000] "OPTIONS /user-notifications/unread-count HTTP/1.1" 204 0 "https://profinz.studentswebapp.quditinfotech.com/" "Mozilla/5.0 (Linux; Android 10; K) AppleWebKit/537.36 (KHTML, like Gecko) SamsungBrowser/30.0 Chrome/143.0.0.0 Mobile Safari/537.36"
49.47.198.39 - - [29/Jul/2026:04:47:40 +0000] "GET /user-notifications/unread-count HTTP/1.1" 499 0 "https://profinz.studentswebapp.quditinfotech.com/" "Mozilla/5.0 (Linux; Android 10; K) AppleWebKit/537.36 (KHTML, like Gecko) SamsungBrowser/30.0 Chrome/143.0.0.0 Mobile Safari/537.36"
223.188.117.67 - - [29/Jul/2026:04:47:40 +0000] "OPTIONS /user-notifications/unread-count HTTP/1.1" 204 0 "https://profinz.studentswebapp.quditinfotech.com/" "Mozilla/5.0 (Windows NT 10.0; Win64; x64) AppleWebKit/537.36 (KHTML, like Gecko) Chrome/150.0.0.0 Safari/537.36"
223.188.117.67 - - [29/Jul/2026:04:47:40 +0000] "OPTIONS /package/get-live-events-in-packages?page=1&limit=100&start_time=2026-07-29T04%3A47%3A39.350Z HTTP/1.1" 204 0 "https://profinz.studentswebapp.quditinfotech.com/" "Mozilla/5.0 (Windows NT 10.0; Win64; x64) AppleWebKit/537.36 (KHTML, like Gecko) Chrome/150.0.0.0 Safari/537.36"
223.188.117.67 - - [29/Jul/2026:04:47:40 +0000] "OPTIONS /package/get-live-events-in-packages?page=1&limit=100¬_yet_ended_time=2026-07-29T04%3A47%3A39.351Z HTTP/1.1" 204 0 "https://profinz.studentswebapp.quditinfotech.com/" "Mozilla/5.0 (Windows NT 10.0; Win64; x64) AppleWebKit/537.36 (KHTML, like Gecko) Chrome/150.0.0.0 Safari/537.36"
223.188.117.67 - - [29/Jul/2026:04:47:41 +0000] "POST /package/get-live-events-in-packages?page=1&limit=100&start_time=2026-07-29T04%3A47%3A39.350Z HTTP/1.1" 200 845 "https://profinz.studentswebapp.quditinfotech.com/" "Mozilla/5.0 (Windows NT 10.0; Win64; x64) AppleWebKit/537.36 (KHTML, like Gecko) Chrome/150.0.0.0 Safari/537.36"
223.188.117.67 - - [29/Jul/2026:04:47:41 +0000] "POST /package/get-live-events-in-packages?page=1&limit=100¬_yet_ended_time=2026-07-29T04%3A47%3A39.351Z HTTP/1.1" 200 845 "https://profinz.studentswebapp.quditinfotech.com/" "Mozilla/5.0 (Windows NT 10.0; Win64; x64) AppleWebKit/537.36 (KHTML, like Gecko) Chrome/150.0.0.0 Safari/537.36"
106.76.191.221 - - [29/Jul/2026:04:47:44 +0000] "POST /v2/learning-material/4669/video/add-watch-log HTTP/1.1" 200 77 "-" "okhttp/3.12.12"
106.76.191.221 - - [29/Jul/2026:04:47:44 +0000] "POST /v2/learning-material/4669/video/add-watch-log HTTP/1.1" 200 77 "-" "okhttp/3.12.12"
223.188.117.67 - - [29/Jul/2026:04:47:49 +0000] "GET /user-notifications/unread-count HTTP/1.1" 499 0 "https://profinz.studentswebapp.quditinfotech.com/" "Mozilla/5.0 (Windows NT 10.0; Win64; x64) AppleWebKit/537.36 (KHTML, like Gecko) Chrome/150.0.0.0 Safari/537.36"
106.76.191.221 - - [29/Jul/2026:04:47:53 +0000] "POST /v2/learning-material/4669/video/add-watch-log HTTP/1.1" 200 77 "-" "okhttp/3.12.12"
106.76.191.221 - - [29/Jul/2026:04:47:53 +0000] "POST /v2/learning-material/4669/video/add-watch-log HTTP/1.1" 200 77 "-" "okhttp/3.12.12"
49.47.198.39 - - [29/Jul/2026:04:48:40 +0000] "OPTIONS /user-notifications/unread-count HTTP/1.1" 204 0 "https://profinz.studentswebapp.quditinfotech.com/" "Mozilla/5.0 (Linux; Android 10; K) AppleWebKit/537.36 (KHTML, like Gecko) SamsungBrowser/30.0 Chrome/143.0.0.0 Mobile Safari/537.36"
49.47.198.39 - - [29/Jul/2026:04:48:40 +0000] "OPTIONS /learning-material/video/4932 HTTP/1.1" 204 0 "https://profinz.studentswebapp.quditinfotech.com/" "Mozilla/5.0 (Linux; Android 10; K) AppleWebKit/537.36 (KHTML, like Gecko) SamsungBrowser/30.0 Chrome/143.0.0.0 Mobile Safari/537.36"
49.47.198.39 - - [29/Jul/2026:04:48:40 +0000] "GET /learning-material/video/4932 HTTP/1.1" 304 0 "https://profinz.studentswebapp.quditinfotech.com/" "Mozilla/5.0 (Linux; Android 10; K) AppleWebKit/537.36 (KHTML, like Gecko) SamsungBrowser/30.0 Chrome/143.0.0.0 Mobile Safari/537.36"
49.47.198.39 - - [29/Jul/2026:04:48:50 +0000] "GET /user-notifications/unread-count HTTP/1.1" 499 0 "https://profinz.studentswebapp.quditinfotech.com/" "Mozilla/5.0 (Linux; Android 10; K) AppleWebKit/537.36 (KHTML, like Gecko) SamsungBrowser/30.0 Chrome/143.0.0.0 Mobile Safari/537.36"
43.156.37.91 - - [29/Jul/2026:04:48:51 +0000] "GET / HTTP/1.1" 301 178 "-" "Mozilla/5.0 (iPhone; CPU iPhone OS 13_2_3 like Mac OS X) AppleWebKit/605.1.15 (KHTML, like Gecko) Version/13.0.3 Mobile/15E148 Safari/604.1"
49.47.198.39 - - [29/Jul/2026:04:48:51 +0000] "OPTIONS /user-notifications/unread-count HTTP/1.1" 204 0 "https://profinz.studentswebapp.quditinfotech.com/" "Mozilla/5.0 (Linux; Android 10; K) AppleWebKit/537.36 (KHTML, like Gecko) SamsungBrowser/30.0 Chrome/143.0.0.0 Mobile Safari/537.36"
65.1.209.187 - - [29/Jul/2026:04:48:51 +0000] "POST /wp-cron.php?doing_wp_cron=1785300531.7818109989166259765625 HTTP/1.1" 200 31 "-" "WordPress/6.7.2; https://www.trivandrumtennisclub.com"
43.156.37.91 - - [29/Jul/2026:04:48:51 +0000] "GET / HTTP/1.1" 200 19848 "http://trivandrumtennisclub.com" "Mozilla/5.0 (iPhone; CPU iPhone OS 13_2_3 like Mac OS X) AppleWebKit/605.1.15 (KHTML, like Gecko) Version/13.0.3 Mobile/15E148 Safari/604.1"
49.47.198.39 - - [29/Jul/2026:04:49:01 +0000] "GET /user-notifications/unread-count HTTP/1.1" 499 0 "https://profinz.studentswebapp.quditinfotech.com/" "Mozilla/5.0 (Linux; Android 10; K) AppleWebKit/537.36 (KHTML, like Gecko) SamsungBrowser/30.0 Chrome/143.0.0.0 Mobile Safari/537.36"
65.1.209.187 - - [29/Jul/2026:04:50:01 +0000] "POST /wp-cron.php?doing_wp_cron=1785300600.9806609153747558593750 HTTP/1.1" 200 31 "-" "WordPress/6.7.2; https://www.trivandrumtennisclub.com"
192.178.8.73 - - [29/Jul/2026:04:50:01 +0000] "GET /.well-known/traffic-advice HTTP/1.1" 404 15933 "-" "Chrome Privacy Preserving Prefetch Proxy"
193.186.4.186 - - [29/Jul/2026:04:50:02 +0000] "GET / HTTP/1.1" 200 19848 "https://www.google.com/" "Mozilla/5.0 (Linux; Android 10; K) AppleWebKit/537.36 (KHTML, like Gecko) Chrome/150.0.0.0 Mobile Safari/537.36"
106.194.38.96 - - [29/Jul/2026:04:51:39 +0000] "OPTIONS /learning-material/video/4064 HTTP/1.1" 204 0 "https://profinz.studentswebapp.quditinfotech.com/" "Mozilla/5.0 (Linux; Android 10; K) AppleWebKit/537.36 (KHTML, like Gecko) Chrome/150.0.0.0 Mobile Safari/537.36"
106.194.38.96 - - [29/Jul/2026:04:51:39 +0000] "GET /learning-material/video/4064 HTTP/1.1" 304 0 "https://profinz.studentswebapp.quditinfotech.com/" "Mozilla/5.0 (Linux; Android 10; K) AppleWebKit/537.36 (KHTML, like Gecko) Chrome/150.0.0.0 Mobile Safari/537.36"
111.92.117.69 - - [29/Jul/2026:04:51:40 +0000] "POST /get-config/by-keys HTTP/1.1" 200 412 "-" "okhttp/3.12.12"
111.92.117.69 - - [29/Jul/2026:04:51:40 +0000] "POST /app/check-for-update HTTP/1.1" 200 62 "-" "okhttp/3.12.12"
111.92.117.69 - - [29/Jul/2026:04:51:40 +0000] "POST /auth/refresh-session HTTP/1.1" 200 478 "-" "okhttp/3.12.12"
111.92.117.69 - - [29/Jul/2026:04:51:40 +0000] "GET /user HTTP/1.1" 304 0 "-" "okhttp/3.12.12"
111.92.117.69 - - [29/Jul/2026:04:51:40 +0000] "GET /categories?limit=-1 HTTP/1.1" 304 0 "-" "okhttp/3.12.12"
111.92.117.69 - - [29/Jul/2026:04:51:40 +0000] "POST /auth/session/update-session-data HTTP/1.1" 200 37 "-" "okhttp/3.12.12"
111.92.117.69 - - [29/Jul/2026:04:51:40 +0000] "GET /user/subscriptions/package/active HTTP/1.1" 304 0 "-" "okhttp/3.12.12"
111.92.117.69 - - [29/Jul/2026:04:51:41 +0000] "POST /package/get-live-recordings-in-packages?limit=6&page=1 HTTP/1.1" 200 5946 "-" "okhttp/3.12.12"
111.92.117.69 - - [29/Jul/2026:04:51:41 +0000] "POST /package/get-live-events-in-packages?limit=10&page=1&start_time=2026-07-29T04:51:40.898Z HTTP/1.1" 200 844 "-" "okhttp/3.12.12"
111.92.117.69 - - [29/Jul/2026:04:51:41 +0000] "POST /package/get-live-events-in-packages?not_yet_ended_time=2026-07-29T04:51:40.900Z HTTP/1.1" 200 844 "-" "okhttp/3.12.12"
111.92.117.69 - - [29/Jul/2026:04:51:41 +0000] "POST /package/get-live-events-in-packages?not_yet_ended_time=2026-07-29T04:51:40.919Z HTTP/1.1" 200 844 "-" "okhttp/3.12.12"
111.92.117.69 - - [29/Jul/2026:04:51:41 +0000] "POST /get/learning-material/notes?page=1&limit=6 HTTP/1.1" 200 126 "-" "okhttp/3.12.12"
111.92.117.69 - - [29/Jul/2026:04:51:41 +0000] "POST /get/learning-material/exams?page=1&limit=6 HTTP/1.1" 200 126 "-" "okhttp/3.12.12"
111.92.117.69 - - [29/Jul/2026:04:51:41 +0000] "POST /package/get-live-events-in-packages?not_yet_ended_time=2026-07-29T04:51:40.876Z HTTP/1.1" 200 844 "-" "okhttp/3.12.12"
111.92.117.69 - - [29/Jul/2026:04:51:41 +0000] "POST /package/get-live-events-in-packages?limit=1&page=1&start_time=2026-07-29T04:51:40.878Z HTTP/1.1" 200 843 "-" "okhttp/3.12.12"
111.92.117.69 - - [29/Jul/2026:04:51:41 +0000] "POST /package/get-live-events-in-packages?limit=1&page=1&start_time=2026-07-29T04:51:40.920Z HTTP/1.1" 200 843 "-" "okhttp/3.12.12"
111.92.117.69 - - [29/Jul/2026:04:51:41 +0000] "POST /get/learning-material/exams?page=1&limit=6 HTTP/1.1" 200 126 "-" "okhttp/3.12.12"
111.92.117.69 - - [29/Jul/2026:04:51:41 +0000] "POST /package/get-live-recordings-in-packages?limit=6&page=1 HTTP/1.1" 200 5946 "-" "okhttp/3.12.12"
111.92.117.69 - - [29/Jul/2026:04:51:41 +0000] "POST /get/learning-material/notes?page=1&limit=10 HTTP/1.1" 200 127 "-" "okhttp/3.12.12"
111.92.117.69 - - [29/Jul/2026:04:51:41 +0000] "POST /get/learning-material/notes?page=1&limit=6 HTTP/1.1" 200 126 "-" "okhttp/3.12.12"
111.92.117.69 - - [29/Jul/2026:04:51:41 +0000] "POST /package/get-live-recordings-in-packages?limit=10&page=1 HTTP/1.1" 200 9968 "-" "okhttp/3.12.12"
111.92.117.69 - - [29/Jul/2026:04:51:41 +0000] "POST /get/learning-material/notes?page=1&limit=10 HTTP/1.1" 200 127 "-" "okhttp/3.12.12"
111.92.117.69 - - [29/Jul/2026:04:51:41 +0000] "POST /get/learning-material/exams?page=1&limit=10 HTTP/1.1" 200 127 "-" "okhttp/3.12.12"
111.92.117.69 - - [29/Jul/2026:04:51:41 +0000] "POST /get/learning-material/exams?page=1&limit=10 HTTP/1.1" 200 127 "-" "okhttp/3.12.12"
111.92.117.69 - - [29/Jul/2026:04:51:44 +0000] "POST /package/get-live-recordings-in-packages?limit=10&page=1&refresh=true HTTP/1.1" 200 9968 "-" "okhttp/3.12.12"
65.1.209.187 - - [29/Jul/2026:04:51:54 +0000] "POST /wp-cron.php?doing_wp_cron=1785300714.1287460327148437500000 HTTP/1.1" 200 31 "-" "WordPress/6.7.2; https://www.trivandrumtennisclub.com"
57.141.0.68 - - [29/Jul/2026:04:51:54 +0000] "GET /member/sri-tajudeen-m/ HTTP/1.1" 200 17656 "-" "Mozilla/5.0 (Windows NT 10.0; Win64; x64) AppleWebKit/537.36 (KHTML, like Gecko) Chrome/145.0.0.0 Safari/537.36 (compatible; meta-externalagent/1.1 (+https://developers.facebook.com/docs/sharing/webmasters/crawler))"
57.141.0.19 - - [29/Jul/2026:04:52:06 +0000] "GET /member/virtus-it-services-pvt-ltd/ HTTP/1.1" 200 17719 "-" "Mozilla/5.0 (Windows NT 10.0; Win64; x64) AppleWebKit/537.36 (KHTML, like Gecko) Chrome/145.0.0.0 Safari/537.36 (compatible; meta-externalagent/1.1 (+https://developers.facebook.com/docs/sharing/webmasters/crawler))"
202.141.102.115 - - [29/Jul/2026:04:52:25 +0000] "OPTIONS /auth/refresh-session HTTP/1.1" 204 0 "https://profinz.operations-webapp.quditinfotech.com/" "Mozilla/5.0 (Windows NT 10.0; Win64; x64) AppleWebKit/537.36 (KHTML, like Gecko) Chrome/150.0.0.0 Safari/537.36 Edg/150.0.0.0"
202.141.102.115 - - [29/Jul/2026:04:52:25 +0000] "POST /auth/refresh-session HTTP/1.1" 200 496 "https://profinz.operations-webapp.quditinfotech.com/" "Mozilla/5.0 (Windows NT 10.0; Win64; x64) AppleWebKit/537.36 (KHTML, like Gecko) Chrome/150.0.0.0 Safari/537.36 Edg/150.0.0.0"
202.141.102.115 - - [29/Jul/2026:04:52:25 +0000] "OPTIONS /user HTTP/1.1" 204 0 "https://profinz.operations-webapp.quditinfotech.com/" "Mozilla/5.0 (Windows NT 10.0; Win64; x64) AppleWebKit/537.36 (KHTML, like Gecko) Chrome/150.0.0.0 Safari/537.36 Edg/150.0.0.0"
202.141.102.115 - - [29/Jul/2026:04:52:25 +0000] "GET /user HTTP/1.1" 304 0 "https://profinz.operations-webapp.quditinfotech.com/" "Mozilla/5.0 (Windows NT 10.0; Win64; x64) AppleWebKit/537.36 (KHTML, like Gecko) Chrome/150.0.0.0 Safari/537.36 Edg/150.0.0.0"
