87.201.77.8 - - [29/Jul/2026:01:45:22 +0000] "GET /?p=1389 HTTP/1.1" 301 5 "-" "Mozilla/5.0 (Windows NT 10.0; Win64; x64) AppleWebKit/537.36 (KHTML, like Gecko) Chrome/120.0.0.0 Safari/537.36"
87.201.77.8 - - [29/Jul/2026:01:45:23 +0000] "GET /2026/07/29/znaczenie-obrotu-w-bonusach-filmowych-w-kasynie-vox-i-jego-wplyw-20/ HTTP/1.1" 200 15417 "-" "Mozilla/5.0 (Windows NT 10.0; Win64; x64) AppleWebKit/537.36 (KHTML, like Gecko) Chrome/120.0.0.0 Safari/537.36"
87.201.77.8 - - [29/Jul/2026:01:45:26 +0000] "GET /?p=1389 HTTP/1.1" 301 5 "-" "Mozilla/5.0 (Windows NT 10.0; Win64; x64) AppleWebKit/537.36 (KHTML, like Gecko) Chrome/120.0.0.0 Safari/537.36"
87.201.77.8 - - [29/Jul/2026:01:45:27 +0000] "GET /2026/07/29/znaczenie-obrotu-w-bonusach-filmowych-w-kasynie-vox-i-jego-wplyw-20/ HTTP/1.1" 200 15423 "-" "Mozilla/5.0 (Windows NT 10.0; Win64; x64) AppleWebKit/537.36 (KHTML, like Gecko) Chrome/120.0.0.0 Safari/537.36"
87.201.77.8 - - [29/Jul/2026:01:45:30 +0000] "GET /?p=1389 HTTP/1.1" 301 5 "-" "Mozilla/5.0 (Windows NT 10.0; Win64; x64) AppleWebKit/537.36 (KHTML, like Gecko) Chrome/120.0.0.0 Safari/537.36"
87.201.77.8 - - [29/Jul/2026:01:45:31 +0000] "GET /2026/07/29/znaczenie-obrotu-w-bonusach-filmowych-w-kasynie-vox-i-jego-wplyw-20/ HTTP/1.1" 200 15421 "-" "Mozilla/5.0 (Windows NT 10.0; Win64; x64) AppleWebKit/537.36 (KHTML, like Gecko) Chrome/120.0.0.0 Safari/537.36"
190.61.87.81 - - [29/Jul/2026:01:45:47 +0000] "GET / HTTP/1.1" 200 15842 "-" "Mozilla/5.0 (Windows NT 10.0; Win64; x64) AppleWebKit/537.36 (KHTML, like Gecko) Chrome/120.0.0.0 Safari/537.36"
190.61.87.81 - - [29/Jul/2026:01:45:48 +0000] "GET /wp-login.php HTTP/1.1" 200 2041 "-" "Mozilla/5.0 (Windows NT 10.0; Win64; x64) AppleWebKit/537.36 (KHTML, like Gecko) Chrome/120.0.0.0 Safari/537.36"
190.61.87.81 - - [29/Jul/2026:01:45:50 +0000] "POST /wp-login.php HTTP/1.1" 302 5 "https://www.drjunior.in/wp-login.php" "Mozilla/5.0 (Windows NT 10.0; Win64; x64) AppleWebKit/537.36 (KHTML, like Gecko) Chrome/120.0.0.0 Safari/537.36"
190.61.87.81 - - [29/Jul/2026:01:45:51 +0000] "GET /wp-admin/ HTTP/1.1" 200 24153 "https://www.drjunior.in/wp-login.php" "Mozilla/5.0 (Windows NT 10.0; Win64; x64) AppleWebKit/537.36 (KHTML, like Gecko) Chrome/120.0.0.0 Safari/537.36"
38.58.191.125 - - [29/Jul/2026:01:45:57 +0000] "GET /wp-admin/ HTTP/1.1" 200 24153 "-" "Mozilla/5.0 (Windows NT 10.0; Win64; x64) AppleWebKit/537.36 (KHTML, like Gecko) Chrome/120.0.0.0 Safari/537.36"
38.58.191.125 - - [29/Jul/2026:01:45:59 +0000] "GET /wp-admin/post-new.php HTTP/1.1" 200 79122 "-" "Mozilla/5.0 (Windows NT 10.0; Win64; x64) AppleWebKit/537.36 (KHTML, like Gecko) Chrome/120.0.0.0 Safari/537.36"
38.58.191.125 - - [29/Jul/2026:01:46:00 +0000] "POST /xmlrpc.php HTTP/1.1" 200 661 "-" "WordPress/5.0; https://www.drjunior.in"
38.58.191.125 - - [29/Jul/2026:01:46:02 +0000] "GET /wp-admin/admin-ajax.php?action=rest-nonce HTTP/1.1" 200 41 "-" "Mozilla/5.0 (Windows NT 10.0; Win64; x64) AppleWebKit/537.36 (KHTML, like Gecko) Chrome/120.0.0.0 Safari/537.36"
65.1.209.187 - - [29/Jul/2026:01:46:03 +0000] "POST /wp-cron.php?doing_wp_cron=1785289563.2915639877319335937500 HTTP/1.1" 200 31 "-" "WordPress/6.9; https://www.drjunior.in"
38.58.191.125 - - [29/Jul/2026:01:46:03 +0000] "POST /xmlrpc.php HTTP/1.1" 200 190 "-" "Mozilla/5.0 (Windows NT 10.0; Win64; x64) AppleWebKit/537.36 (KHTML, like Gecko) Chrome/120.0.0.0 Safari/537.36"
38.58.191.125 - - [29/Jul/2026:01:46:04 +0000] "GET /?p=1392 HTTP/1.1" 301 5 "-" "Mozilla/5.0 (Windows NT 10.0; Win64; x64) AppleWebKit/537.36 (KHTML, like Gecko) Chrome/120.0.0.0 Safari/537.36"
38.58.191.125 - - [29/Jul/2026:01:46:05 +0000] "GET /2026/07/28/seriose-wettanbieter-fur-risikofreie-sportwetten-ohne-oasis/ HTTP/1.1" 200 15376 "-" "Mozilla/5.0 (Windows NT 10.0; Win64; x64) AppleWebKit/537.36 (KHTML, like Gecko) Chrome/120.0.0.0 Safari/537.36"
65.1.209.187 - - [29/Jul/2026:01:46:08 +0000] "POST /wp-cron.php?doing_wp_cron=1785289568.5437350273132324218750 HTTP/1.1" 200 31 "-" "WordPress/6.7.2; https://www.trivandrumtennisclub.com"
57.141.0.22 - - [29/Jul/2026:01:46:08 +0000] "GET /member/dr-bharat-chandran-c/ HTTP/1.1" 200 17715 "-" "Mozilla/5.0 (Windows NT 10.0; Win64; x64) AppleWebKit/537.36 (KHTML, like Gecko) Chrome/145.0.0.0 Safari/537.36 (compatible; meta-externalagent/1.1 (+https://developers.facebook.com/docs/sharing/webmasters/crawler))"
38.58.191.125 - - [29/Jul/2026:01:46:08 +0000] "GET /?p=1392 HTTP/1.1" 301 5 "-" "Mozilla/5.0 (Windows NT 10.0; Win64; x64) AppleWebKit/537.36 (KHTML, like Gecko) Chrome/120.0.0.0 Safari/537.36"
38.58.191.125 - - [29/Jul/2026:01:46:10 +0000] "GET /2026/07/28/seriose-wettanbieter-fur-risikofreie-sportwetten-ohne-oasis/ HTTP/1.1" 200 15382 "-" "Mozilla/5.0 (Windows NT 10.0; Win64; x64) AppleWebKit/537.36 (KHTML, like Gecko) Chrome/120.0.0.0 Safari/537.36"
38.58.191.125 - - [29/Jul/2026:01:46:13 +0000] "GET /?p=1392 HTTP/1.1" 301 5 "-" "Mozilla/5.0 (Windows NT 10.0; Win64; x64) AppleWebKit/537.36 (KHTML, like Gecko) Chrome/120.0.0.0 Safari/537.36"
38.58.191.125 - - [29/Jul/2026:01:46:14 +0000] "GET /2026/07/28/seriose-wettanbieter-fur-risikofreie-sportwetten-ohne-oasis/ HTTP/1.1" 200 15372 "-" "Mozilla/5.0 (Windows NT 10.0; Win64; x64) AppleWebKit/537.36 (KHTML, like Gecko) Chrome/120.0.0.0 Safari/537.36"
65.1.209.187 - - [29/Jul/2026:01:46:16 +0000] "POST /wp-cron.php?doing_wp_cron=1785289576.7398240566253662109375 HTTP/1.1" 200 31 "-" "WordPress/6.9; https://www.drjunior.in"
38.58.191.125 - - [29/Jul/2026:01:46:16 +0000] "POST /wp-json/wp/v2/posts HTTP/1.1" 201 16217 "-" "Mozilla/5.0 (Windows NT 10.0; Win64; x64) AppleWebKit/537.36 (KHTML, like Gecko) Chrome/120.0.0.0 Safari/537.36"
38.58.191.125 - - [29/Jul/2026:01:46:17 +0000] "GET /2026/07/28/seriose-wettanbieter-fur-risikofreie-sportwetten-ohne-oasis-2/ HTTP/1.1" 200 15372 "-" "Mozilla/5.0 (Windows NT 10.0; Win64; x64) AppleWebKit/537.36 (KHTML, like Gecko) Chrome/120.0.0.0 Safari/537.36"
38.58.191.125 - - [29/Jul/2026:01:46:21 +0000] "GET /2026/07/28/seriose-wettanbieter-fur-risikofreie-sportwetten-ohne-oasis-2/ HTTP/1.1" 200 15383 "-" "Mozilla/5.0 (Windows NT 10.0; Win64; x64) AppleWebKit/537.36 (KHTML, like Gecko) Chrome/120.0.0.0 Safari/537.36"
38.58.191.125 - - [29/Jul/2026:01:46:24 +0000] "GET /2026/07/28/seriose-wettanbieter-fur-risikofreie-sportwetten-ohne-oasis-2/ HTTP/1.1" 200 15387 "-" "Mozilla/5.0 (Windows NT 10.0; Win64; x64) AppleWebKit/537.36 (KHTML, like Gecko) Chrome/120.0.0.0 Safari/537.36"
65.1.209.187 - - [29/Jul/2026:01:46:26 +0000] "POST /wp-cron.php?doing_wp_cron=1785289586.4248719215393066406250 HTTP/1.1" 200 31 "-" "WordPress/6.9; https://www.drjunior.in"
38.58.191.125 - - [29/Jul/2026:01:46:26 +0000] "POST /wp-json/wp/v2/posts HTTP/1.1" 201 16217 "-" "Mozilla/5.0 (Windows NT 10.0; Win64; x64) AppleWebKit/537.36 (KHTML, like Gecko) Chrome/120.0.0.0 Safari/537.36"
38.58.191.125 - - [29/Jul/2026:01:46:27 +0000] "GET /2026/07/28/seriose-wettanbieter-fur-risikofreie-sportwetten-ohne-oasis-3/ HTTP/1.1" 200 15381 "-" "Mozilla/5.0 (Windows NT 10.0; Win64; x64) AppleWebKit/537.36 (KHTML, like Gecko) Chrome/120.0.0.0 Safari/537.36"
38.58.191.125 - - [29/Jul/2026:01:46:30 +0000] "GET /2026/07/28/seriose-wettanbieter-fur-risikofreie-sportwetten-ohne-oasis-3/ HTTP/1.1" 200 15375 "-" "Mozilla/5.0 (Windows NT 10.0; Win64; x64) AppleWebKit/537.36 (KHTML, like Gecko) Chrome/120.0.0.0 Safari/537.36"
38.58.191.125 - - [29/Jul/2026:01:46:34 +0000] "GET /2026/07/28/seriose-wettanbieter-fur-risikofreie-sportwetten-ohne-oasis-3/ HTTP/1.1" 200 15373 "-" "Mozilla/5.0 (Windows NT 10.0; Win64; x64) AppleWebKit/537.36 (KHTML, like Gecko) Chrome/120.0.0.0 Safari/537.36"
38.58.191.125 - - [29/Jul/2026:01:46:35 +0000] "GET /wp-admin/post-new.php HTTP/1.1" 200 79126 "-" "Mozilla/5.0 (Windows NT 10.0; Win64; x64) AppleWebKit/537.36 (KHTML, like Gecko) Chrome/120.0.0.0 Safari/537.36"
65.1.209.187 - - [29/Jul/2026:01:46:38 +0000] "POST /wp-cron.php?doing_wp_cron=1785289598.6495060920715332031250 HTTP/1.1" 200 31 "-" "WordPress/6.9; https://www.drjunior.in"
38.58.191.125 - - [29/Jul/2026:01:46:38 +0000] "POST /wp-admin/post.php HTTP/1.1" 302 5 "-" "Mozilla/5.0 (Windows NT 10.0; Win64; x64) AppleWebKit/537.36 (KHTML, like Gecko) Chrome/120.0.0.0 Safari/537.36"
38.58.191.125 - - [29/Jul/2026:01:46:39 +0000] "GET /wp-admin/post.php?post=1396&action=edit&message=1 HTTP/1.1" 200 83103 "-" "Mozilla/5.0 (Windows NT 10.0; Win64; x64) AppleWebKit/537.36 (KHTML, like Gecko) Chrome/120.0.0.0 Safari/537.36"
38.210.167.146 - - [29/Jul/2026:01:46:45 +0000] "GET /?p=1396 HTTP/1.1" 301 5 "-" "Mozilla/5.0 (Windows NT 10.0; Win64; x64) AppleWebKit/537.36 (KHTML, like Gecko) Chrome/120.0.0.0 Safari/537.36"
38.210.167.146 - - [29/Jul/2026:01:46:45 +0000] "GET /2026/07/29/seriose-wettanbieter-fur-risikofreie-sportwetten-ohne-oasis-4/ HTTP/1.1" 200 15389 "-" "Mozilla/5.0 (Windows NT 10.0; Win64; x64) AppleWebKit/537.36 (KHTML, like Gecko) Chrome/120.0.0.0 Safari/537.36"
65.1.209.187 - - [29/Jul/2026:01:46:48 +0000] "POST /wp-cron.php?doing_wp_cron=1785289608.4954369068145751953125 HTTP/1.1" 200 31 "-" "WordPress/6.7.2; https://www.trivandrumtennisclub.com"
57.141.0.30 - - [29/Jul/2026:01:46:48 +0000] "GET /member/hgyupmqzuojjfkizjm-vivzelwfwurlnfltamljtw/ HTTP/1.1" 200 17932 "-" "Mozilla/5.0 (Macintosh; Intel Mac OS X 10_15_7) AppleWebKit/537.36 (KHTML, like Gecko) Chrome/145.0.0.0 Safari/537.36 (compatible; meta-externalagent/1.1 (+https://developers.facebook.com/docs/sharing/webmasters/crawler))"
38.210.167.146 - - [29/Jul/2026:01:46:48 +0000] "GET /?p=1396 HTTP/1.1" 301 5 "-" "Mozilla/5.0 (Windows NT 10.0; Win64; x64) AppleWebKit/537.36 (KHTML, like Gecko) Chrome/120.0.0.0 Safari/537.36"
38.210.167.146 - - [29/Jul/2026:01:46:49 +0000] "GET /2026/07/29/seriose-wettanbieter-fur-risikofreie-sportwetten-ohne-oasis-4/ HTTP/1.1" 200 15384 "-" "Mozilla/5.0 (Windows NT 10.0; Win64; x64) AppleWebKit/537.36 (KHTML, like Gecko) Chrome/120.0.0.0 Safari/537.36"
38.210.167.146 - - [29/Jul/2026:01:46:53 +0000] "GET /?p=1396 HTTP/1.1" 301 5 "-" "Mozilla/5.0 (Windows NT 10.0; Win64; x64) AppleWebKit/537.36 (KHTML, like Gecko) Chrome/120.0.0.0 Safari/537.36"
38.210.167.146 - - [29/Jul/2026:01:46:53 +0000] "GET /2026/07/29/seriose-wettanbieter-fur-risikofreie-sportwetten-ohne-oasis-4/ HTTP/1.1" 200 15385 "-" "Mozilla/5.0 (Windows NT 10.0; Win64; x64) AppleWebKit/537.36 (KHTML, like Gecko) Chrome/120.0.0.0 Safari/537.36"
57.141.0.13 - - [29/Jul/2026:01:47:00 +0000] "GET /?p=156 HTTP/1.1" 301 5 "-" "Mozilla/5.0 (Macintosh; Intel Mac OS X 10_15_7) AppleWebKit/537.36 (KHTML, like Gecko) Chrome/145.0.0.0 Safari/537.36 (compatible; meta-webindexer/1.1 (+https://developers.facebook.com/docs/sharing/webmasters/crawler))"
111.225.149.175 - - [29/Jul/2026:01:47:03 +0000] "GET /robots.txt HTTP/1.1" 200 140 "-" "Mozilla/5.0 (Linux; Android 5.0) AppleWebKit/537.36 (KHTML, like Gecko) Mobile Safari/537.36 (compatible; Bytespider; https://zhanzhang.toutiao.com/)"
2.83.158.137 - - [29/Jul/2026:01:47:04 +0000] "GET / HTTP/1.1" 301 178 "-" "Mozilla/5.0 (Windows NT 10.0; Win64; x64) AppleWebKit/537.36 (KHTML, like Gecko) Chrome/120.0.0.0 Safari/537.36"
27.77.135.185 - - [29/Jul/2026:01:47:06 +0000] "GET / HTTP/1.1" 200 15838 "-" "Mozilla/5.0 (Windows NT 10.0; Win64; x64) AppleWebKit/537.36 (KHTML, like Gecko) Chrome/120.0.0.0 Safari/537.36"
27.77.135.185 - - [29/Jul/2026:01:47:07 +0000] "GET /wp-login.php HTTP/1.1" 200 2035 "-" "Mozilla/5.0 (Windows NT 10.0; Win64; x64) AppleWebKit/537.36 (KHTML, like Gecko) Chrome/120.0.0.0 Safari/537.36"
27.77.135.185 - - [29/Jul/2026:01:47:08 +0000] "POST /wp-login.php HTTP/1.1" 302 5 "https://www.drjunior.in/wp-login.php" "Mozilla/5.0 (Windows NT 10.0; Win64; x64) AppleWebKit/537.36 (KHTML, like Gecko) Chrome/120.0.0.0 Safari/537.36"
27.77.135.185 - - [29/Jul/2026:01:47:08 +0000] "GET /wp-admin/ HTTP/1.1" 200 24210 "https://www.drjunior.in/wp-login.php" "Mozilla/5.0 (Windows NT 10.0; Win64; x64) AppleWebKit/537.36 (KHTML, like Gecko) Chrome/120.0.0.0 Safari/537.36"
177.238.21.198 - - [29/Jul/2026:01:47:12 +0000] "GET /wp-admin/ HTTP/1.1" 200 24212 "-" "Mozilla/5.0 (Windows NT 10.0; Win64; x64) AppleWebKit/537.36 (KHTML, like Gecko) Chrome/120.0.0.0 Safari/537.36"
177.238.21.198 - - [29/Jul/2026:01:47:14 +0000] "GET /wp-admin/post-new.php HTTP/1.1" 200 79121 "-" "Mozilla/5.0 (Windows NT 10.0; Win64; x64) AppleWebKit/537.36 (KHTML, like Gecko) Chrome/120.0.0.0 Safari/537.36"
177.238.21.198 - - [29/Jul/2026:01:47:15 +0000] "POST /xmlrpc.php HTTP/1.1" 200 661 "-" "WordPress/5.0; https://www.drjunior.in"
177.238.21.198 - - [29/Jul/2026:01:47:17 +0000] "GET /wp-admin/admin-ajax.php?action=rest-nonce HTTP/1.1" 200 41 "-" "Mozilla/5.0 (Windows NT 10.0; Win64; x64) AppleWebKit/537.36 (KHTML, like Gecko) Chrome/120.0.0.0 Safari/537.36"
65.1.209.187 - - [29/Jul/2026:01:47:18 +0000] "POST /wp-cron.php?doing_wp_cron=1785289638.5202560424804687500000 HTTP/1.1" 200 31 "-" "WordPress/6.9; https://www.drjunior.in"
177.238.21.198 - - [29/Jul/2026:01:47:18 +0000] "POST /xmlrpc.php HTTP/1.1" 200 190 "-" "Mozilla/5.0 (Windows NT 10.0; Win64; x64) AppleWebKit/537.36 (KHTML, like Gecko) Chrome/120.0.0.0 Safari/537.36"
177.238.21.198 - - [29/Jul/2026:01:47:19 +0000] "GET /?p=1399 HTTP/1.1" 301 5 "-" "Mozilla/5.0 (Windows NT 10.0; Win64; x64) AppleWebKit/537.36 (KHTML, like Gecko) Chrome/120.0.0.0 Safari/537.36"
177.238.21.198 - - [29/Jul/2026:01:47:20 +0000] "GET /2026/07/28/seriose-wettanbieter-fur-risikofreie-sportwetten-ohne-oasis-5/ HTTP/1.1" 200 15386 "-" "Mozilla/5.0 (Windows NT 10.0; Win64; x64) AppleWebKit/537.36 (KHTML, like Gecko) Chrome/120.0.0.0 Safari/537.36"
177.238.21.198 - - [29/Jul/2026:01:47:23 +0000] "GET /?p=1399 HTTP/1.1" 301 5 "-" "Mozilla/5.0 (Windows NT 10.0; Win64; x64) AppleWebKit/537.36 (KHTML, like Gecko) Chrome/120.0.0.0 Safari/537.36"
177.238.21.198 - - [29/Jul/2026:01:47:24 +0000] "GET /2026/07/28/seriose-wettanbieter-fur-risikofreie-sportwetten-ohne-oasis-5/ HTTP/1.1" 200 15387 "-" "Mozilla/5.0 (Windows NT 10.0; Win64; x64) AppleWebKit/537.36 (KHTML, like Gecko) Chrome/120.0.0.0 Safari/537.36"
177.238.21.198 - - [29/Jul/2026:01:47:28 +0000] "GET /?p=1399 HTTP/1.1" 301 5 "-" "Mozilla/5.0 (Windows NT 10.0; Win64; x64) AppleWebKit/537.36 (KHTML, like Gecko) Chrome/120.0.0.0 Safari/537.36"
177.238.21.198 - - [29/Jul/2026:01:47:29 +0000] "GET /2026/07/28/seriose-wettanbieter-fur-risikofreie-sportwetten-ohne-oasis-5/ HTTP/1.1" 200 15382 "-" "Mozilla/5.0 (Windows NT 10.0; Win64; x64) AppleWebKit/537.36 (KHTML, like Gecko) Chrome/120.0.0.0 Safari/537.36"
65.1.209.187 - - [29/Jul/2026:01:47:30 +0000] "POST /wp-cron.php?doing_wp_cron=1785289650.9767920970916748046875 HTTP/1.1" 200 31 "-" "WordPress/6.9; https://www.drjunior.in"
177.238.21.198 - - [29/Jul/2026:01:47:30 +0000] "POST /wp-json/wp/v2/posts HTTP/1.1" 201 16217 "-" "Mozilla/5.0 (Windows NT 10.0; Win64; x64) AppleWebKit/537.36 (KHTML, like Gecko) Chrome/120.0.0.0 Safari/537.36"
177.238.21.198 - - [29/Jul/2026:01:47:32 +0000] "GET /2026/07/28/seriose-wettanbieter-fur-risikofreie-sportwetten-ohne-oasis-6/ HTTP/1.1" 200 15379 "-" "Mozilla/5.0 (Windows NT 10.0; Win64; x64) AppleWebKit/537.36 (KHTML, like Gecko) Chrome/120.0.0.0 Safari/537.36"
177.238.21.198 - - [29/Jul/2026:01:47:36 +0000] "GET /2026/07/28/seriose-wettanbieter-fur-risikofreie-sportwetten-ohne-oasis-6/ HTTP/1.1" 200 15388 "-" "Mozilla/5.0 (Windows NT 10.0; Win64; x64) AppleWebKit/537.36 (KHTML, like Gecko) Chrome/120.0.0.0 Safari/537.36"
177.238.21.198 - - [29/Jul/2026:01:47:39 +0000] "GET /2026/07/28/seriose-wettanbieter-fur-risikofreie-sportwetten-ohne-oasis-6/ HTTP/1.1" 200 15384 "-" "Mozilla/5.0 (Windows NT 10.0; Win64; x64) AppleWebKit/537.36 (KHTML, like Gecko) Chrome/120.0.0.0 Safari/537.36"
65.1.209.187 - - [29/Jul/2026:01:47:41 +0000] "POST /wp-cron.php?doing_wp_cron=1785289661.7614901065826416015625 HTTP/1.1" 200 31 "-" "WordPress/6.9; https://www.drjunior.in"
177.238.21.198 - - [29/Jul/2026:01:47:41 +0000] "POST /wp-json/wp/v2/posts HTTP/1.1" 201 16217 "-" "Mozilla/5.0 (Windows NT 10.0; Win64; x64) AppleWebKit/537.36 (KHTML, like Gecko) Chrome/120.0.0.0 Safari/537.36"
177.238.21.198 - - [29/Jul/2026:01:47:43 +0000] "GET /2026/07/28/seriose-wettanbieter-fur-risikofreie-sportwetten-ohne-oasis-7/ HTTP/1.1" 200 15379 "-" "Mozilla/5.0 (Windows NT 10.0; Win64; x64) AppleWebKit/537.36 (KHTML, like Gecko) Chrome/120.0.0.0 Safari/537.36"
177.238.21.198 - - [29/Jul/2026:01:47:47 +0000] "GET /2026/07/28/seriose-wettanbieter-fur-risikofreie-sportwetten-ohne-oasis-7/ HTTP/1.1" 200 15376 "-" "Mozilla/5.0 (Windows NT 10.0; Win64; x64) AppleWebKit/537.36 (KHTML, like Gecko) Chrome/120.0.0.0 Safari/537.36"
177.238.21.198 - - [29/Jul/2026:01:47:51 +0000] "GET /2026/07/28/seriose-wettanbieter-fur-risikofreie-sportwetten-ohne-oasis-7/ HTTP/1.1" 200 15381 "-" "Mozilla/5.0 (Windows NT 10.0; Win64; x64) AppleWebKit/537.36 (KHTML, like Gecko) Chrome/120.0.0.0 Safari/537.36"
177.238.21.198 - - [29/Jul/2026:01:47:53 +0000] "GET /wp-admin/post-new.php HTTP/1.1" 200 79122 "-" "Mozilla/5.0 (Windows NT 10.0; Win64; x64) AppleWebKit/537.36 (KHTML, like Gecko) Chrome/120.0.0.0 Safari/537.36"
65.1.209.187 - - [29/Jul/2026:01:47:55 +0000] "POST /wp-cron.php?doing_wp_cron=1785289675.9692499637603759765625 HTTP/1.1" 200 31 "-" "WordPress/6.9; https://www.drjunior.in"
177.238.21.198 - - [29/Jul/2026:01:47:55 +0000] "POST /wp-admin/post.php HTTP/1.1" 302 5 "-" "Mozilla/5.0 (Windows NT 10.0; Win64; x64) AppleWebKit/537.36 (KHTML, like Gecko) Chrome/120.0.0.0 Safari/537.36"
177.238.21.198 - - [29/Jul/2026:01:47:57 +0000] "GET /wp-admin/post.php?post=1403&action=edit&message=1 HTTP/1.1" 200 83098 "-" "Mozilla/5.0 (Windows NT 10.0; Win64; x64) AppleWebKit/537.36 (KHTML, like Gecko) Chrome/120.0.0.0 Safari/537.36"
82.215.124.127 - - [29/Jul/2026:01:48:02 +0000] "GET /?p=1403 HTTP/1.1" 301 5 "-" "Mozilla/5.0 (Windows NT 10.0; Win64; x64) AppleWebKit/537.36 (KHTML, like Gecko) Chrome/120.0.0.0 Safari/537.36"
82.215.124.127 - - [29/Jul/2026:01:48:03 +0000] "GET /2026/07/29/seriose-wettanbieter-fur-risikofreie-sportwetten-ohne-oasis-8/ HTTP/1.1" 200 15377 "-" "Mozilla/5.0 (Windows NT 10.0; Win64; x64) AppleWebKit/537.36 (KHTML, like Gecko) Chrome/120.0.0.0 Safari/537.36"
82.215.124.127 - - [29/Jul/2026:01:48:06 +0000] "GET /?p=1403 HTTP/1.1" 301 5 "-" "Mozilla/5.0 (Windows NT 10.0; Win64; x64) AppleWebKit/537.36 (KHTML, like Gecko) Chrome/120.0.0.0 Safari/537.36"
82.215.124.127 - - [29/Jul/2026:01:48:07 +0000] "GET /2026/07/29/seriose-wettanbieter-fur-risikofreie-sportwetten-ohne-oasis-8/ HTTP/1.1" 200 15380 "-" "Mozilla/5.0 (Windows NT 10.0; Win64; x64) AppleWebKit/537.36 (KHTML, like Gecko) Chrome/120.0.0.0 Safari/537.36"
82.215.124.127 - - [29/Jul/2026:01:48:11 +0000] "GET /?p=1403 HTTP/1.1" 301 5 "-" "Mozilla/5.0 (Windows NT 10.0; Win64; x64) AppleWebKit/537.36 (KHTML, like Gecko) Chrome/120.0.0.0 Safari/537.36"
82.215.124.127 - - [29/Jul/2026:01:48:12 +0000] "GET /2026/07/29/seriose-wettanbieter-fur-risikofreie-sportwetten-ohne-oasis-8/ HTTP/1.1" 200 15382 "-" "Mozilla/5.0 (Windows NT 10.0; Win64; x64) AppleWebKit/537.36 (KHTML, like Gecko) Chrome/120.0.0.0 Safari/537.36"
139.135.241.182 - - [29/Jul/2026:01:48:16 +0000] "GET / HTTP/1.1" 200 15845 "-" "Mozilla/5.0 (Windows NT 10.0; Win64; x64) AppleWebKit/537.36 (KHTML, like Gecko) Chrome/120.0.0.0 Safari/537.36"
139.135.241.182 - - [29/Jul/2026:01:48:17 +0000] "GET /wp-login.php HTTP/1.1" 200 2040 "-" "Mozilla/5.0 (Windows NT 10.0; Win64; x64) AppleWebKit/537.36 (KHTML, like Gecko) Chrome/120.0.0.0 Safari/537.36"
139.135.241.182 - - [29/Jul/2026:01:48:19 +0000] "POST /wp-login.php HTTP/1.1" 302 5 "https://www.drjunior.in/wp-login.php" "Mozilla/5.0 (Windows NT 10.0; Win64; x64) AppleWebKit/537.36 (KHTML, like Gecko) Chrome/120.0.0.0 Safari/537.36"
65.1.209.187 - - [29/Jul/2026:01:48:19 +0000] "POST /wp-cron.php?doing_wp_cron=1785289699.9312639236450195312500 HTTP/1.1" 200 31 "-" "WordPress/6.7.2; https://www.trivandrumtennisclub.com"
57.141.0.8 - - [29/Jul/2026:01:48:19 +0000] "GET /wp-json/oembed/1.0/embed?url=https%3A%2F%2Fwww.trivandrumtennisclub.com%2Fmember%2Fqnrcbcotgjuarozceeqm-oybkdfqxhxviphdifuk%2F HTTP/1.1" 200 2373 "-" "Mozilla/5.0 (Windows NT 10.0; Win64; x64) AppleWebKit/537.36 (KHTML, like Gecko) Chrome/145.0.0.0 Safari/537.36 (compatible; meta-externalagent/1.1 (+https://developers.facebook.com/docs/sharing/webmasters/crawler))"
139.135.241.182 - - [29/Jul/2026:01:48:20 +0000] "GET /wp-admin/ HTTP/1.1" 200 24230 "https://www.drjunior.in/wp-login.php" "Mozilla/5.0 (Windows NT 10.0; Win64; x64) AppleWebKit/537.36 (KHTML, like Gecko) Chrome/120.0.0.0 Safari/537.36"
190.49.35.251 - - [29/Jul/2026:01:48:26 +0000] "GET /wp-admin/ HTTP/1.1" 200 24235 "-" "Mozilla/5.0 (Windows NT 10.0; Win64; x64) AppleWebKit/537.36 (KHTML, like Gecko) Chrome/120.0.0.0 Safari/537.36"
190.49.35.251 - - [29/Jul/2026:01:48:28 +0000] "GET /wp-admin/post-new.php HTTP/1.1" 200 79122 "-" "Mozilla/5.0 (Windows NT 10.0; Win64; x64) AppleWebKit/537.36 (KHTML, like Gecko) Chrome/120.0.0.0 Safari/537.36"
190.49.35.251 - - [29/Jul/2026:01:48:31 +0000] "POST /xmlrpc.php HTTP/1.1" 200 661 "-" "WordPress/5.0; https://www.drjunior.in"
190.49.35.251 - - [29/Jul/2026:01:48:33 +0000] "GET /wp-admin/admin-ajax.php?action=rest-nonce HTTP/1.1" 200 41 "-" "Mozilla/5.0 (Windows NT 10.0; Win64; x64) AppleWebKit/537.36 (KHTML, like Gecko) Chrome/120.0.0.0 Safari/537.36"
65.1.209.187 - - [29/Jul/2026:01:48:35 +0000] "POST /wp-cron.php?doing_wp_cron=1785289715.6998031139373779296875 HTTP/1.1" 200 31 "-" "WordPress/6.9; https://www.drjunior.in"
190.49.35.251 - - [29/Jul/2026:01:48:35 +0000] "POST /xmlrpc.php HTTP/1.1" 200 190 "-" "Mozilla/5.0 (Windows NT 10.0; Win64; x64) AppleWebKit/537.36 (KHTML, like Gecko) Chrome/120.0.0.0 Safari/537.36"
190.49.35.251 - - [29/Jul/2026:01:48:37 +0000] "GET /?p=1406 HTTP/1.1" 301 5 "-" "Mozilla/5.0 (Windows NT 10.0; Win64; x64) AppleWebKit/537.36 (KHTML, like Gecko) Chrome/120.0.0.0 Safari/537.36"
190.49.35.251 - - [29/Jul/2026:01:48:38 +0000] "GET /2026/07/28/seriose-wettanbieter-fur-risikofreie-sportwetten-ohne-oasis-9/ HTTP/1.1" 200 15380 "-" "Mozilla/5.0 (Windows NT 10.0; Win64; x64) AppleWebKit/537.36 (KHTML, like Gecko) Chrome/120.0.0.0 Safari/537.36"
190.49.35.251 - - [29/Jul/2026:01:48:42 +0000] "GET /?p=1406 HTTP/1.1" 301 5 "-" "Mozilla/5.0 (Windows NT 10.0; Win64; x64) AppleWebKit/537.36 (KHTML, like Gecko) Chrome/120.0.0.0 Safari/537.36"
43.156.120.186 - - [29/Jul/2026:01:48:44 +0000] "GET /ip HTTP/1.1" 301 178 "-" "Mozilla/5.0 (Macintosh; Intel Mac OS X 10_15_7) AppleWebKit/537.36 (KHTML, like Gecko) Chrome/114.0.0.0 Safari/537.36"
190.49.35.251 - - [29/Jul/2026:01:48:44 +0000] "GET /2026/07/28/seriose-wettanbieter-fur-risikofreie-sportwetten-ohne-oasis-9/ HTTP/1.1" 200 15382 "-" "Mozilla/5.0 (Windows NT 10.0; Win64; x64) AppleWebKit/537.36 (KHTML, like Gecko) Chrome/120.0.0.0 Safari/537.36"
43.154.2.4 - - [29/Jul/2026:01:48:44 +0000] "GET /ip HTTP/1.1" 301 178 "-" "Mozilla/5.0 (Macintosh; Intel Mac OS X 10_15_7) AppleWebKit/537.36 (KHTML, like Gecko) Chrome/114.0.0.0 Safari/537.36"
43.156.240.243 - - [29/Jul/2026:01:48:44 +0000] "GET /ip HTTP/1.1" 301 178 "-" "Mozilla/5.0 (Macintosh; Intel Mac OS X 10_15_7) AppleWebKit/537.36 (KHTML, like Gecko) Chrome/114.0.0.0 Safari/537.36"
129.226.135.35 - - [29/Jul/2026:01:48:44 +0000] "GET /ip HTTP/1.1" 301 178 "-" "Mozilla/5.0 (Macintosh; Intel Mac OS X 10_15_7) AppleWebKit/537.36 (KHTML, like Gecko) Chrome/114.0.0.0 Safari/537.36"
49.51.193.35 - - [29/Jul/2026:01:48:44 +0000] "GET /ip HTTP/1.1" 301 178 "-" "Mozilla/5.0 (Macintosh; Intel Mac OS X 10_15_7) AppleWebKit/537.36 (KHTML, like Gecko) Chrome/114.0.0.0 Safari/537.36"
49.51.201.232 - - [29/Jul/2026:01:48:45 +0000] "GET /ip HTTP/1.1" 301 178 "-" "Mozilla/5.0 (Macintosh; Intel Mac OS X 10_15_7) AppleWebKit/537.36 (KHTML, like Gecko) Chrome/114.0.0.0 Safari/537.36"
190.49.35.251 - - [29/Jul/2026:01:48:48 +0000] "GET /?p=1406 HTTP/1.1" 301 5 "-" "Mozilla/5.0 (Windows NT 10.0; Win64; x64) AppleWebKit/537.36 (KHTML, like Gecko) Chrome/120.0.0.0 Safari/537.36"
190.49.35.251 - - [29/Jul/2026:01:48:49 +0000] "GET /2026/07/28/seriose-wettanbieter-fur-risikofreie-sportwetten-ohne-oasis-9/ HTTP/1.1" 200 15388 "-" "Mozilla/5.0 (Windows NT 10.0; Win64; x64) AppleWebKit/537.36 (KHTML, like Gecko) Chrome/120.0.0.0 Safari/537.36"
65.1.209.187 - - [29/Jul/2026:01:48:52 +0000] "POST /wp-cron.php?doing_wp_cron=1785289732.7985920906066894531250 HTTP/1.1" 200 31 "-" "WordPress/6.9; https://www.drjunior.in"
190.49.35.251 - - [29/Jul/2026:01:48:52 +0000] "POST /wp-json/wp/v2/posts HTTP/1.1" 201 16222 "-" "Mozilla/5.0 (Windows NT 10.0; Win64; x64) AppleWebKit/537.36 (KHTML, like Gecko) Chrome/120.0.0.0 Safari/537.36"
190.49.35.251 - - [29/Jul/2026:01:48:54 +0000] "GET /2026/07/28/seriose-wettanbieter-fur-risikofreie-sportwetten-ohne-oasis-10/ HTTP/1.1" 200 15381 "-" "Mozilla/5.0 (Windows NT 10.0; Win64; x64) AppleWebKit/537.36 (KHTML, like Gecko) Chrome/120.0.0.0 Safari/537.36"
190.49.35.251 - - [29/Jul/2026:01:48:58 +0000] "GET /2026/07/28/seriose-wettanbieter-fur-risikofreie-sportwetten-ohne-oasis-10/ HTTP/1.1" 200 15373 "-" "Mozilla/5.0 (Windows NT 10.0; Win64; x64) AppleWebKit/537.36 (KHTML, like Gecko) Chrome/120.0.0.0 Safari/537.36"
190.49.35.251 - - [29/Jul/2026:01:49:02 +0000] "GET /2026/07/28/seriose-wettanbieter-fur-risikofreie-sportwetten-ohne-oasis-10/ HTTP/1.1" 200 15380 "-" "Mozilla/5.0 (Windows NT 10.0; Win64; x64) AppleWebKit/537.36 (KHTML, like Gecko) Chrome/120.0.0.0 Safari/537.36"
65.1.209.187 - - [29/Jul/2026:01:49:05 +0000] "POST /wp-cron.php?doing_wp_cron=1785289745.3457009792327880859375 HTTP/1.1" 200 31 "-" "WordPress/6.9; https://www.drjunior.in"
190.49.35.251 - - [29/Jul/2026:01:49:05 +0000] "POST /wp-json/wp/v2/posts HTTP/1.1" 201 16222 "-" "Mozilla/5.0 (Windows NT 10.0; Win64; x64) AppleWebKit/537.36 (KHTML, like Gecko) Chrome/120.0.0.0 Safari/537.36"
190.49.35.251 - - [29/Jul/2026:01:49:07 +0000] "GET /2026/07/28/seriose-wettanbieter-fur-risikofreie-sportwetten-ohne-oasis-11/ HTTP/1.1" 200 15382 "-" "Mozilla/5.0 (Windows NT 10.0; Win64; x64) AppleWebKit/537.36 (KHTML, like Gecko) Chrome/120.0.0.0 Safari/537.36"
190.49.35.251 - - [29/Jul/2026:01:49:11 +0000] "GET /2026/07/28/seriose-wettanbieter-fur-risikofreie-sportwetten-ohne-oasis-11/ HTTP/1.1" 200 15382 "-" "Mozilla/5.0 (Windows NT 10.0; Win64; x64) AppleWebKit/537.36 (KHTML, like Gecko) Chrome/120.0.0.0 Safari/537.36"
190.49.35.251 - - [29/Jul/2026:01:49:15 +0000] "GET /2026/07/28/seriose-wettanbieter-fur-risikofreie-sportwetten-ohne-oasis-11/ HTTP/1.1" 200 15377 "-" "Mozilla/5.0 (Windows NT 10.0; Win64; x64) AppleWebKit/537.36 (KHTML, like Gecko) Chrome/120.0.0.0 Safari/537.36"
190.49.35.251 - - [29/Jul/2026:01:49:17 +0000] "GET /wp-admin/post-new.php HTTP/1.1" 200 79129 "-" "Mozilla/5.0 (Windows NT 10.0; Win64; x64) AppleWebKit/537.36 (KHTML, like Gecko) Chrome/120.0.0.0 Safari/537.36"
65.1.209.187 - - [29/Jul/2026:01:49:20 +0000] "POST /wp-cron.php?doing_wp_cron=1785289760.5009799003601074218750 HTTP/1.1" 200 31 "-" "WordPress/6.9; https://www.drjunior.in"
190.49.35.251 - - [29/Jul/2026:01:49:20 +0000] "POST /wp-admin/post.php HTTP/1.1" 302 5 "-" "Mozilla/5.0 (Windows NT 10.0; Win64; x64) AppleWebKit/537.36 (KHTML, like Gecko) Chrome/120.0.0.0 Safari/537.36"
190.49.35.251 - - [29/Jul/2026:01:49:21 +0000] "GET /wp-admin/post.php?post=1410&action=edit&message=1 HTTP/1.1" 200 83100 "-" "Mozilla/5.0 (Windows NT 10.0; Win64; x64) AppleWebKit/537.36 (KHTML, like Gecko) Chrome/120.0.0.0 Safari/537.36"
116.98.249.176 - - [29/Jul/2026:01:49:26 +0000] "GET /?p=1410 HTTP/1.1" 301 5 "-" "Mozilla/5.0 (Windows NT 10.0; Win64; x64) AppleWebKit/537.36 (KHTML, like Gecko) Chrome/120.0.0.0 Safari/537.36"
116.98.249.176 - - [29/Jul/2026:01:49:27 +0000] "GET /2026/07/29/seriose-wettanbieter-fur-risikofreie-sportwetten-ohne-oasis-12/ HTTP/1.1" 200 15387 "-" "Mozilla/5.0 (Windows NT 10.0; Win64; x64) AppleWebKit/537.36 (KHTML, like Gecko) Chrome/120.0.0.0 Safari/537.36"
116.98.249.176 - - [29/Jul/2026:01:49:31 +0000] "GET /?p=1410 HTTP/1.1" 301 5 "-" "Mozilla/5.0 (Windows NT 10.0; Win64; x64) AppleWebKit/537.36 (KHTML, like Gecko) Chrome/120.0.0.0 Safari/537.36"
116.98.249.176 - - [29/Jul/2026:01:49:32 +0000] "GET /2026/07/29/seriose-wettanbieter-fur-risikofreie-sportwetten-ohne-oasis-12/ HTTP/1.1" 200 15382 "-" "Mozilla/5.0 (Windows NT 10.0; Win64; x64) AppleWebKit/537.36 (KHTML, like Gecko) Chrome/120.0.0.0 Safari/537.36"
116.98.249.176 - - [29/Jul/2026:01:49:36 +0000] "GET /?p=1410 HTTP/1.1" 301 5 "-" "Mozilla/5.0 (Windows NT 10.0; Win64; x64) AppleWebKit/537.36 (KHTML, like Gecko) Chrome/120.0.0.0 Safari/537.36"
116.98.249.176 - - [29/Jul/2026:01:49:37 +0000] "GET /2026/07/29/seriose-wettanbieter-fur-risikofreie-sportwetten-ohne-oasis-12/ HTTP/1.1" 200 15375 "-" "Mozilla/5.0 (Windows NT 10.0; Win64; x64) AppleWebKit/537.36 (KHTML, like Gecko) Chrome/120.0.0.0 Safari/537.36"
181.197.53.70 - - [29/Jul/2026:01:49:41 +0000] "GET / HTTP/1.1" 200 15843 "-" "Mozilla/5.0 (Windows NT 10.0; Win64; x64) AppleWebKit/537.36 (KHTML, like Gecko) Chrome/120.0.0.0 Safari/537.36"
181.197.53.70 - - [29/Jul/2026:01:49:43 +0000] "GET /wp-login.php HTTP/1.1" 200 2039 "-" "Mozilla/5.0 (Windows NT 10.0; Win64; x64) AppleWebKit/537.36 (KHTML, like Gecko) Chrome/120.0.0.0 Safari/537.36"
181.197.53.70 - - [29/Jul/2026:01:49:45 +0000] "POST /wp-login.php HTTP/1.1" 302 5 "https://www.drjunior.in/wp-login.php" "Mozilla/5.0 (Windows NT 10.0; Win64; x64) AppleWebKit/537.36 (KHTML, like Gecko) Chrome/120.0.0.0 Safari/537.36"
181.197.53.70 - - [29/Jul/2026:01:49:46 +0000] "GET /wp-admin/ HTTP/1.1" 200 24225 "https://www.drjunior.in/wp-login.php" "Mozilla/5.0 (Windows NT 10.0; Win64; x64) AppleWebKit/537.36 (KHTML, like Gecko) Chrome/120.0.0.0 Safari/537.36"
138.94.57.228 - - [29/Jul/2026:01:49:52 +0000] "GET /wp-admin/ HTTP/1.1" 200 24225 "-" "Mozilla/5.0 (Windows NT 10.0; Win64; x64) AppleWebKit/537.36 (KHTML, like Gecko) Chrome/120.0.0.0 Safari/537.36"
138.94.57.228 - - [29/Jul/2026:01:49:54 +0000] "GET /wp-admin/post-new.php HTTP/1.1" 200 79130 "-" "Mozilla/5.0 (Windows NT 10.0; Win64; x64) AppleWebKit/537.36 (KHTML, like Gecko) Chrome/120.0.0.0 Safari/537.36"
138.94.57.228 - - [29/Jul/2026:01:49:57 +0000] "POST /xmlrpc.php HTTP/1.1" 200 661 "-" "WordPress/5.0; https://www.drjunior.in"
138.94.57.228 - - [29/Jul/2026:01:49:58 +0000] "GET /wp-admin/admin-ajax.php?action=rest-nonce HTTP/1.1" 200 39 "-" "Mozilla/5.0 (Windows NT 10.0; Win64; x64) AppleWebKit/537.36 (KHTML, like Gecko) Chrome/120.0.0.0 Safari/537.36"
65.1.209.187 - - [29/Jul/2026:01:50:00 +0000] "POST /wp-cron.php?doing_wp_cron=1785289800.5308630466461181640625 HTTP/1.1" 200 31 "-" "WordPress/6.9; https://www.drjunior.in"
138.94.57.228 - - [29/Jul/2026:01:50:00 +0000] "POST /xmlrpc.php HTTP/1.1" 200 190 "-" "Mozilla/5.0 (Windows NT 10.0; Win64; x64) AppleWebKit/537.36 (KHTML, like Gecko) Chrome/120.0.0.0 Safari/537.36"
138.94.57.228 - - [29/Jul/2026:01:50:01 +0000] "GET /?p=1413 HTTP/1.1" 301 5 "-" "Mozilla/5.0 (Windows NT 10.0; Win64; x64) AppleWebKit/537.36 (KHTML, like Gecko) Chrome/120.0.0.0 Safari/537.36"
138.94.57.228 - - [29/Jul/2026:01:50:03 +0000] "GET /2026/07/28/seriose-wettanbieter-fur-risikofreie-sportwetten-ohne-oasis-13/ HTTP/1.1" 200 15378 "-" "Mozilla/5.0 (Windows NT 10.0; Win64; x64) AppleWebKit/537.36 (KHTML, like Gecko) Chrome/120.0.0.0 Safari/537.36"
52.128.161.26 - - [29/Jul/2026:01:50:03 +0000] "GET /wp-content/uploads/2025/01/founder.png HTTP/1.1" 200 78664 "-" "Mozilla/5.0 (Macintosh; Intel Mac OS X 10_6_4 rv:3.0; mt-MT) AppleWebKit/531.32.3 (KHTML, like Gecko) Version/5.1 Safari/531.32.3"
138.94.57.228 - - [29/Jul/2026:01:50:06 +0000] "GET /?p=1413 HTTP/1.1" 301 5 "-" "Mozilla/5.0 (Windows NT 10.0; Win64; x64) AppleWebKit/537.36 (KHTML, like Gecko) Chrome/120.0.0.0 Safari/537.36"
138.94.57.228 - - [29/Jul/2026:01:50:08 +0000] "GET /2026/07/28/seriose-wettanbieter-fur-risikofreie-sportwetten-ohne-oasis-13/ HTTP/1.1" 200 15371 "-" "Mozilla/5.0 (Windows NT 10.0; Win64; x64) AppleWebKit/537.36 (KHTML, like Gecko) Chrome/120.0.0.0 Safari/537.36"
138.94.57.228 - - [29/Jul/2026:01:50:12 +0000] "GET /?p=1413 HTTP/1.1" 301 5 "-" "Mozilla/5.0 (Windows NT 10.0; Win64; x64) AppleWebKit/537.36 (KHTML, like Gecko) Chrome/120.0.0.0 Safari/537.36"
138.94.57.228 - - [29/Jul/2026:01:50:13 +0000] "GET /2026/07/28/seriose-wettanbieter-fur-risikofreie-sportwetten-ohne-oasis-13/ HTTP/1.1" 200 15384 "-" "Mozilla/5.0 (Windows NT 10.0; Win64; x64) AppleWebKit/537.36 (KHTML, like Gecko) Chrome/120.0.0.0 Safari/537.36"
65.1.209.187 - - [29/Jul/2026:01:50:15 +0000] "POST /wp-cron.php?doing_wp_cron=1785289815.8437979221343994140625 HTTP/1.1" 200 31 "-" "WordPress/6.9; https://www.drjunior.in"
138.94.57.228 - - [29/Jul/2026:01:50:15 +0000] "POST /wp-json/wp/v2/posts HTTP/1.1" 201 16222 "-" "Mozilla/5.0 (Windows NT 10.0; Win64; x64) AppleWebKit/537.36 (KHTML, like Gecko) Chrome/120.0.0.0 Safari/537.36"
138.94.57.228 - - [29/Jul/2026:01:50:17 +0000] "GET /2026/07/28/seriose-wettanbieter-fur-risikofreie-sportwetten-ohne-oasis-14/ HTTP/1.1" 200 15380 "-" "Mozilla/5.0 (Windows NT 10.0; Win64; x64) AppleWebKit/537.36 (KHTML, like Gecko) Chrome/120.0.0.0 Safari/537.36"
138.94.57.228 - - [29/Jul/2026:01:50:21 +0000] "GET /2026/07/28/seriose-wettanbieter-fur-risikofreie-sportwetten-ohne-oasis-14/ HTTP/1.1" 200 15386 "-" "Mozilla/5.0 (Windows NT 10.0; Win64; x64) AppleWebKit/537.36 (KHTML, like Gecko) Chrome/120.0.0.0 Safari/537.36"
138.94.57.228 - - [29/Jul/2026:01:50:25 +0000] "GET /2026/07/28/seriose-wettanbieter-fur-risikofreie-sportwetten-ohne-oasis-14/ HTTP/1.1" 200 15382 "-" "Mozilla/5.0 (Windows NT 10.0; Win64; x64) AppleWebKit/537.36 (KHTML, like Gecko) Chrome/120.0.0.0 Safari/537.36"
65.1.209.187 - - [29/Jul/2026:01:50:28 +0000] "POST /wp-cron.php?doing_wp_cron=1785289828.2347209453582763671875 HTTP/1.1" 200 31 "-" "WordPress/6.9; https://www.drjunior.in"
138.94.57.228 - - [29/Jul/2026:01:50:28 +0000] "POST /wp-json/wp/v2/posts HTTP/1.1" 201 16222 "-" "Mozilla/5.0 (Windows NT 10.0; Win64; x64) AppleWebKit/537.36 (KHTML, like Gecko) Chrome/120.0.0.0 Safari/537.36"
138.94.57.228 - - [29/Jul/2026:01:50:30 +0000] "GET /2026/07/28/seriose-wettanbieter-fur-risikofreie-sportwetten-ohne-oasis-15/ HTTP/1.1" 200 15377 "-" "Mozilla/5.0 (Windows NT 10.0; Win64; x64) AppleWebKit/537.36 (KHTML, like Gecko) Chrome/120.0.0.0 Safari/537.36"
138.94.57.228 - - [29/Jul/2026:01:50:34 +0000] "GET /2026/07/28/seriose-wettanbieter-fur-risikofreie-sportwetten-ohne-oasis-15/ HTTP/1.1" 200 15383 "-" "Mozilla/5.0 (Windows NT 10.0; Win64; x64) AppleWebKit/537.36 (KHTML, like Gecko) Chrome/120.0.0.0 Safari/537.36"
138.94.57.228 - - [29/Jul/2026:01:50:37 +0000] "GET /2026/07/28/seriose-wettanbieter-fur-risikofreie-sportwetten-ohne-oasis-15/ HTTP/1.1" 200 15377 "-" "Mozilla/5.0 (Windows NT 10.0; Win64; x64) AppleWebKit/537.36 (KHTML, like Gecko) Chrome/120.0.0.0 Safari/537.36"
138.94.57.228 - - [29/Jul/2026:01:50:39 +0000] "GET /wp-admin/post-new.php HTTP/1.1" 200 79137 "-" "Mozilla/5.0 (Windows NT 10.0; Win64; x64) AppleWebKit/537.36 (KHTML, like Gecko) Chrome/120.0.0.0 Safari/537.36"
65.1.209.187 - - [29/Jul/2026:01:50:42 +0000] "POST /wp-cron.php?doing_wp_cron=1785289842.5448429584503173828125 HTTP/1.1" 200 31 "-" "WordPress/6.9; https://www.drjunior.in"
138.94.57.228 - - [29/Jul/2026:01:50:42 +0000] "POST /wp-admin/post.php HTTP/1.1" 302 5 "-" "Mozilla/5.0 (Windows NT 10.0; Win64; x64) AppleWebKit/537.36 (KHTML, like Gecko) Chrome/120.0.0.0 Safari/537.36"
138.94.57.228 - - [29/Jul/2026:01:50:43 +0000] "GET /wp-admin/post.php?post=1417&action=edit&message=1 HTTP/1.1" 200 83090 "-" "Mozilla/5.0 (Windows NT 10.0; Win64; x64) AppleWebKit/537.36 (KHTML, like Gecko) Chrome/120.0.0.0 Safari/537.36"
109.243.0.116 - - [29/Jul/2026:01:50:47 +0000] "GET /?p=1417 HTTP/1.1" 301 5 "-" "Mozilla/5.0 (Windows NT 10.0; Win64; x64) AppleWebKit/537.36 (KHTML, like Gecko) Chrome/120.0.0.0 Safari/537.36"
109.243.0.116 - - [29/Jul/2026:01:50:48 +0000] "GET /2026/07/29/seriose-wettanbieter-fur-risikofreie-sportwetten-ohne-oasis-16/ HTTP/1.1" 200 15386 "-" "Mozilla/5.0 (Windows NT 10.0; Win64; x64) AppleWebKit/537.36 (KHTML, like Gecko) Chrome/120.0.0.0 Safari/537.36"
109.243.0.116 - - [29/Jul/2026:01:50:52 +0000] "GET /?p=1417 HTTP/1.1" 301 5 "-" "Mozilla/5.0 (Windows NT 10.0; Win64; x64) AppleWebKit/537.36 (KHTML, like Gecko) Chrome/120.0.0.0 Safari/537.36"
109.243.0.116 - - [29/Jul/2026:01:50:53 +0000] "GET /2026/07/29/seriose-wettanbieter-fur-risikofreie-sportwetten-ohne-oasis-16/ HTTP/1.1" 200 15382 "-" "Mozilla/5.0 (Windows NT 10.0; Win64; x64) AppleWebKit/537.36 (KHTML, like Gecko) Chrome/120.0.0.0 Safari/537.36"
109.243.0.116 - - [29/Jul/2026:01:50:57 +0000] "GET /?p=1417 HTTP/1.1" 301 5 "-" "Mozilla/5.0 (Windows NT 10.0; Win64; x64) AppleWebKit/537.36 (KHTML, like Gecko) Chrome/120.0.0.0 Safari/537.36"
109.243.0.116 - - [29/Jul/2026:01:50:58 +0000] "GET /2026/07/29/seriose-wettanbieter-fur-risikofreie-sportwetten-ohne-oasis-16/ HTTP/1.1" 200 15378 "-" "Mozilla/5.0 (Windows NT 10.0; Win64; x64) AppleWebKit/537.36 (KHTML, like Gecko) Chrome/120.0.0.0 Safari/537.36"
190.47.218.226 - - [29/Jul/2026:01:51:05 +0000] "GET / HTTP/1.1" 200 15850 "-" "Mozilla/5.0 (Windows NT 10.0; Win64; x64) AppleWebKit/537.36 (KHTML, like Gecko) Chrome/120.0.0.0 Safari/537.36"
190.47.218.226 - - [29/Jul/2026:01:51:07 +0000] "GET /wp-login.php HTTP/1.1" 200 2038 "-" "Mozilla/5.0 (Windows NT 10.0; Win64; x64) AppleWebKit/537.36 (KHTML, like Gecko) Chrome/120.0.0.0 Safari/537.36"
190.47.218.226 - - [29/Jul/2026:01:51:09 +0000] "POST /wp-login.php HTTP/1.1" 302 5 "https://www.drjunior.in/wp-login.php" "Mozilla/5.0 (Windows NT 10.0; Win64; x64) AppleWebKit/537.36 (KHTML, like Gecko) Chrome/120.0.0.0 Safari/537.36"
190.47.218.226 - - [29/Jul/2026:01:51:10 +0000] "GET /wp-admin/ HTTP/1.1" 200 24210 "https://www.drjunior.in/wp-login.php" "Mozilla/5.0 (Windows NT 10.0; Win64; x64) AppleWebKit/537.36 (KHTML, like Gecko) Chrome/120.0.0.0 Safari/537.36"
180.243.226.148 - - [29/Jul/2026:01:51:16 +0000] "GET /wp-admin/ HTTP/1.1" 200 24215 "-" "Mozilla/5.0 (Windows NT 10.0; Win64; x64) AppleWebKit/537.36 (KHTML, like Gecko) Chrome/120.0.0.0 Safari/537.36"
180.243.226.148 - - [29/Jul/2026:01:51:17 +0000] "GET /wp-admin/post-new.php HTTP/1.1" 200 79120 "-" "Mozilla/5.0 (Windows NT 10.0; Win64; x64) AppleWebKit/537.36 (KHTML, like Gecko) Chrome/120.0.0.0 Safari/537.36"
180.243.226.148 - - [29/Jul/2026:01:51:20 +0000] "POST /xmlrpc.php HTTP/1.1" 200 661 "-" "WordPress/5.0; https://www.drjunior.in"
180.243.226.148 - - [29/Jul/2026:01:51:22 +0000] "GET /wp-admin/admin-ajax.php?action=rest-nonce HTTP/1.1" 200 41 "-" "Mozilla/5.0 (Windows NT 10.0; Win64; x64) AppleWebKit/537.36 (KHTML, like Gecko) Chrome/120.0.0.0 Safari/537.36"
65.1.209.187 - - [29/Jul/2026:01:51:23 +0000] "POST /wp-cron.php?doing_wp_cron=1785289883.7746028900146484375000 HTTP/1.1" 200 31 "-" "WordPress/6.9; https://www.drjunior.in"
180.243.226.148 - - [29/Jul/2026:01:51:23 +0000] "POST /xmlrpc.php HTTP/1.1" 200 190 "-" "Mozilla/5.0 (Windows NT 10.0; Win64; x64) AppleWebKit/537.36 (KHTML, like Gecko) Chrome/120.0.0.0 Safari/537.36"
180.243.226.148 - - [29/Jul/2026:01:51:24 +0000] "GET /?p=1420 HTTP/1.1" 301 5 "-" "Mozilla/5.0 (Windows NT 10.0; Win64; x64) AppleWebKit/537.36 (KHTML, like Gecko) Chrome/120.0.0.0 Safari/537.36"
180.243.226.148 - - [29/Jul/2026:01:51:25 +0000] "GET /2026/07/28/seriose-wettanbieter-fur-risikofreie-sportwetten-ohne-oasis-17/ HTTP/1.1" 200 15381 "-" "Mozilla/5.0 (Windows NT 10.0; Win64; x64) AppleWebKit/537.36 (KHTML, like Gecko) Chrome/120.0.0.0 Safari/537.36"
180.243.226.148 - - [29/Jul/2026:01:51:29 +0000] "GET /?p=1420 HTTP/1.1" 301 5 "-" "Mozilla/5.0 (Windows NT 10.0; Win64; x64) AppleWebKit/537.36 (KHTML, like Gecko) Chrome/120.0.0.0 Safari/537.36"
180.243.226.148 - - [29/Jul/2026:01:51:30 +0000] "GET /2026/07/28/seriose-wettanbieter-fur-risikofreie-sportwetten-ohne-oasis-17/ HTTP/1.1" 200 15387 "-" "Mozilla/5.0 (Windows NT 10.0; Win64; x64) AppleWebKit/537.36 (KHTML, like Gecko) Chrome/120.0.0.0 Safari/537.36"
180.243.226.148 - - [29/Jul/2026:01:51:34 +0000] "GET /?p=1420 HTTP/1.1" 301 5 "-" "Mozilla/5.0 (Windows NT 10.0; Win64; x64) AppleWebKit/537.36 (KHTML, like Gecko) Chrome/120.0.0.0 Safari/537.36"
180.243.226.148 - - [29/Jul/2026:01:51:35 +0000] "GET /2026/07/28/seriose-wettanbieter-fur-risikofreie-sportwetten-ohne-oasis-17/ HTTP/1.1" 200 15383 "-" "Mozilla/5.0 (Windows NT 10.0; Win64; x64) AppleWebKit/537.36 (KHTML, like Gecko) Chrome/120.0.0.0 Safari/537.36"
65.1.209.187 - - [29/Jul/2026:01:51:38 +0000] "POST /wp-cron.php?doing_wp_cron=1785289897.9932711124420166015625 HTTP/1.1" 200 31 "-" "WordPress/6.9; https://www.drjunior.in"
180.243.226.148 - - [29/Jul/2026:01:51:38 +0000] "POST /wp-json/wp/v2/posts HTTP/1.1" 201 16222 "-" "Mozilla/5.0 (Windows NT 10.0; Win64; x64) AppleWebKit/537.36 (KHTML, like Gecko) Chrome/120.0.0.0 Safari/537.36"
180.243.226.148 - - [29/Jul/2026:01:51:39 +0000] "GET /2026/07/28/seriose-wettanbieter-fur-risikofreie-sportwetten-ohne-oasis-18/ HTTP/1.1" 200 15381 "-" "Mozilla/5.0 (Windows NT 10.0; Win64; x64) AppleWebKit/537.36 (KHTML, like Gecko) Chrome/120.0.0.0 Safari/537.36"
180.243.226.148 - - [29/Jul/2026:01:51:43 +0000] "GET /2026/07/28/seriose-wettanbieter-fur-risikofreie-sportwetten-ohne-oasis-18/ HTTP/1.1" 200 15377 "-" "Mozilla/5.0 (Windows NT 10.0; Win64; x64) AppleWebKit/537.36 (KHTML, like Gecko) Chrome/120.0.0.0 Safari/537.36"
180.243.226.148 - - [29/Jul/2026:01:51:47 +0000] "GET /2026/07/28/seriose-wettanbieter-fur-risikofreie-sportwetten-ohne-oasis-18/ HTTP/1.1" 200 15384 "-" "Mozilla/5.0 (Windows NT 10.0; Win64; x64) AppleWebKit/537.36 (KHTML, like Gecko) Chrome/120.0.0.0 Safari/537.36"
65.1.209.187 - - [29/Jul/2026:01:51:49 +0000] "POST /wp-cron.php?doing_wp_cron=1785289908.9948849678039550781250 HTTP/1.1" 200 31 "-" "WordPress/6.9; https://www.drjunior.in"
180.243.226.148 - - [29/Jul/2026:01:51:49 +0000] "POST /wp-json/wp/v2/posts HTTP/1.1" 201 16222 "-" "Mozilla/5.0 (Windows NT 10.0; Win64; x64) AppleWebKit/537.36 (KHTML, like Gecko) Chrome/120.0.0.0 Safari/537.36"
216.73.216.144 - - [29/Jul/2026:01:51:49 +0000] "GET /robots.txt HTTP/1.1" 200 127 "-" "Mozilla/5.0 AppleWebKit/537.36 (KHTML, like Gecko; compatible; ClaudeBot/1.0; +claudebot@anthropic.com)"
216.73.216.144 - - [29/Jul/2026:01:51:49 +0000] "GET /wp-sitemap.xml HTTP/1.1" 200 549 "-" "Mozilla/5.0 AppleWebKit/537.36 (KHTML, like Gecko; compatible; ClaudeBot/1.0; +claudebot@anthropic.com)"
180.243.226.148 - - [29/Jul/2026:01:51:50 +0000] "GET /2026/07/28/seriose-wettanbieter-fur-risikofreie-sportwetten-ohne-oasis-19/ HTTP/1.1" 200 15375 "-" "Mozilla/5.0 (Windows NT 10.0; Win64; x64) AppleWebKit/537.36 (KHTML, like Gecko) Chrome/120.0.0.0 Safari/537.36"
180.243.226.148 - - [29/Jul/2026:01:51:54 +0000] "GET /2026/07/28/seriose-wettanbieter-fur-risikofreie-sportwetten-ohne-oasis-19/ HTTP/1.1" 200 15381 "-" "Mozilla/5.0 (Windows NT 10.0; Win64; x64) AppleWebKit/537.36 (KHTML, like Gecko) Chrome/120.0.0.0 Safari/537.36"
180.243.226.148 - - [29/Jul/2026:01:51:57 +0000] "GET /2026/07/28/seriose-wettanbieter-fur-risikofreie-sportwetten-ohne-oasis-19/ HTTP/1.1" 200 15384 "-" "Mozilla/5.0 (Windows NT 10.0; Win64; x64) AppleWebKit/537.36 (KHTML, like Gecko) Chrome/120.0.0.0 Safari/537.36"
180.243.226.148 - - [29/Jul/2026:01:51:59 +0000] "GET /wp-admin/post-new.php HTTP/1.1" 200 79123 "-" "Mozilla/5.0 (Windows NT 10.0; Win64; x64) AppleWebKit/537.36 (KHTML, like Gecko) Chrome/120.0.0.0 Safari/537.36"
65.1.209.187 - - [29/Jul/2026:01:52:02 +0000] "POST /wp-cron.php?doing_wp_cron=1785289922.5150389671325683593750 HTTP/1.1" 200 31 "-" "WordPress/6.9; https://www.drjunior.in"
180.243.226.148 - - [29/Jul/2026:01:52:02 +0000] "POST /wp-admin/post.php HTTP/1.1" 302 5 "-" "Mozilla/5.0 (Windows NT 10.0; Win64; x64) AppleWebKit/537.36 (KHTML, like Gecko) Chrome/120.0.0.0 Safari/537.36"
180.243.226.148 - - [29/Jul/2026:01:52:04 +0000] "GET /wp-admin/post.php?post=1424&action=edit&message=1 HTTP/1.1" 200 83094 "-" "Mozilla/5.0 (Windows NT 10.0; Win64; x64) AppleWebKit/537.36 (KHTML, like Gecko) Chrome/120.0.0.0 Safari/537.36"
187.13.147.216 - - [29/Jul/2026:01:52:08 +0000] "GET /?p=1424 HTTP/1.1" 301 5 "-" "Mozilla/5.0 (Windows NT 10.0; Win64; x64) AppleWebKit/537.36 (KHTML, like Gecko) Chrome/120.0.0.0 Safari/537.36"
187.13.147.216 - - [29/Jul/2026:01:52:10 +0000] "GET /2026/07/29/seriose-wettanbieter-fur-risikofreie-sportwetten-ohne-oasis-20/ HTTP/1.1" 200 15380 "-" "Mozilla/5.0 (Windows NT 10.0; Win64; x64) AppleWebKit/537.36 (KHTML, like Gecko) Chrome/120.0.0.0 Safari/537.36"
187.13.147.216 - - [29/Jul/2026:01:52:13 +0000] "GET /?p=1424 HTTP/1.1" 301 5 "-" "Mozilla/5.0 (Windows NT 10.0; Win64; x64) AppleWebKit/537.36 (KHTML, like Gecko) Chrome/120.0.0.0 Safari/537.36"
187.13.147.216 - - [29/Jul/2026:01:52:15 +0000] "GET /2026/07/29/seriose-wettanbieter-fur-risikofreie-sportwetten-ohne-oasis-20/ HTTP/1.1" 200 15384 "-" "Mozilla/5.0 (Windows NT 10.0; Win64; x64) AppleWebKit/537.36 (KHTML, like Gecko) Chrome/120.0.0.0 Safari/537.36"
187.13.147.216 - - [29/Jul/2026:01:52:19 +0000] "GET /?p=1424 HTTP/1.1" 301 5 "-" "Mozilla/5.0 (Windows NT 10.0; Win64; x64) AppleWebKit/537.36 (KHTML, like Gecko) Chrome/120.0.0.0 Safari/537.36"
187.13.147.216 - - [29/Jul/2026:01:52:20 +0000] "GET /2026/07/29/seriose-wettanbieter-fur-risikofreie-sportwetten-ohne-oasis-20/ HTTP/1.1" 200 15385 "-" "Mozilla/5.0 (Windows NT 10.0; Win64; x64) AppleWebKit/537.36 (KHTML, like Gecko) Chrome/120.0.0.0 Safari/537.36"
142.111.67.64 - - [29/Jul/2026:01:52:34 +0000] "GET /wp-login.php HTTP/1.1" 200 2042 "-" "Mozilla/5.0 (Windows NT 10.0; Win64; x64) AppleWebKit/537.36 (KHTML, like Gecko) Chrome/145.0.0.0 Safari/537.36"
65.1.209.187 - - [29/Jul/2026:01:52:34 +0000] "POST /wp-cron.php?doing_wp_cron=1785289954.9150180816650390625000 HTTP/1.1" 200 31 "-" "WordPress/6.7.2; https://www.trivandrumtennisclub.com"
57.141.0.1 - - [29/Jul/2026:01:52:35 +0000] "GET /member/yooqjflkgsslbwojqapdjuc-omqzlnqtarojjyutjwymmi/ HTTP/1.1" 200 17949 "-" "Mozilla/5.0 (Windows NT 10.0; Win64; x64) AppleWebKit/537.36 (KHTML, like Gecko) Chrome/145.0.0.0 Safari/537.36 (compatible; meta-externalagent/1.1 (+https://developers.facebook.com/docs/sharing/webmasters/crawler))"
142.111.67.64 - - [29/Jul/2026:01:52:36 +0000] "POST /wp-login.php HTTP/1.1" 302 5 "https://www.drjunior.in/wp-login.php" "Mozilla/5.0 (Windows NT 10.0; Win64; x64) AppleWebKit/537.36 (KHTML, like Gecko) Chrome/145.0.0.0 Safari/537.36"
142.111.67.64 - - [29/Jul/2026:01:52:37 +0000] "GET /wp-admin/ HTTP/1.1" 200 24090 "https://www.drjunior.in/wp-login.php" "Mozilla/5.0 (Windows NT 10.0; Win64; x64) AppleWebKit/537.36 (KHTML, like Gecko) Chrome/145.0.0.0 Safari/537.36"
142.111.67.64 - - [29/Jul/2026:01:52:39 +0000] "GET /wp-admin/user-new.php HTTP/1.1" 200 13243 "https://www.drjunior.in/wp-login.php" "Mozilla/5.0 (Windows NT 10.0; Win64; x64) AppleWebKit/537.36 (KHTML, like Gecko) Chrome/145.0.0.0 Safari/537.36"
142.111.67.64 - - [29/Jul/2026:01:52:40 +0000] "POST /wp-admin/user-new.php HTTP/1.1" 200 13316 "https://www.drjunior.in/wp-login.php" "Mozilla/5.0 (Windows NT 10.0; Win64; x64) AppleWebKit/537.36 (KHTML, like Gecko) Chrome/145.0.0.0 Safari/537.36"
142.111.67.64 - - [29/Jul/2026:01:52:42 +0000] "GET /wp-admin/plugins.php?plugin_status=all&paged=1&s HTTP/1.1" 200 17839 "https://www.drjunior.in/wp-login.php" "Mozilla/5.0 (Windows NT 10.0; Win64; x64) AppleWebKit/537.36 (KHTML, like Gecko) Chrome/145.0.0.0 Safari/537.36"
142.111.67.64 - - [29/Jul/2026:01:52:44 +0000] "GET /wp-admin/plugins.php HTTP/1.1" 200 17756 "https://www.drjunior.in/wp-login.php" "Mozilla/5.0 (Windows NT 10.0; Win64; x64) AppleWebKit/537.36 (KHTML, like Gecko) Chrome/145.0.0.0 Safari/537.36"
142.111.67.64 - - [29/Jul/2026:01:52:47 +0000] "GET /wp-admin/plugin-install.php HTTP/1.1" 200 20338 "https://www.drjunior.in/wp-login.php" "Mozilla/5.0 (Windows NT 10.0; Win64; x64) AppleWebKit/537.36 (KHTML, like Gecko) Chrome/145.0.0.0 Safari/537.36"
142.111.67.64 - - [29/Jul/2026:01:52:50 +0000] "POST /wp-admin/admin-ajax.php HTTP/1.1" 200 273 "https://www.drjunior.in/wp-login.php" "Mozilla/5.0 (Windows NT 10.0; Win64; x64) AppleWebKit/537.36 (KHTML, like Gecko) Chrome/145.0.0.0 Safari/537.36"
142.111.67.64 - - [29/Jul/2026:01:52:53 +0000] "POST /wp-admin/admin-ajax.php HTTP/1.1" 200 242 "https://www.drjunior.in/wp-login.php" "Mozilla/5.0 (Windows NT 10.0; Win64; x64) AppleWebKit/537.36 (KHTML, like Gecko) Chrome/145.0.0.0 Safari/537.36"
142.111.67.64 - - [29/Jul/2026:01:52:55 +0000] "GET /wp-admin/plugins.php?plugin_status=all&paged=1&s HTTP/1.1" 200 17840 "https://www.drjunior.in/wp-login.php" "Mozilla/5.0 (Windows NT 10.0; Win64; x64) AppleWebKit/537.36 (KHTML, like Gecko) Chrome/145.0.0.0 Safari/537.36"
106.76.191.180 - - [29/Jul/2026:01:53:03 +0000] "POST /app/check-for-update HTTP/1.1" 200 62 "-" "okhttp/3.12.12"
106.76.191.180 - - [29/Jul/2026:01:53:03 +0000] "POST /get-config/by-keys HTTP/1.1" 200 412 "-" "okhttp/3.12.12"
106.76.191.180 - - [29/Jul/2026:01:53:04 +0000] "POST /auth/refresh-session HTTP/1.1" 200 478 "-" "okhttp/3.12.12"
106.76.191.180 - - [29/Jul/2026:01:53:04 +0000] "GET /user HTTP/1.1" 200 279 "-" "okhttp/3.12.12"
106.76.191.180 - - [29/Jul/2026:01:53:04 +0000] "GET /user/subscriptions/package/active HTTP/1.1" 200 841 "-" "okhttp/3.12.12"
106.76.191.180 - - [29/Jul/2026:01:53:04 +0000] "GET /categories?limit=-1 HTTP/1.1" 200 112253 "-" "okhttp/3.12.12"
106.76.191.180 - - [29/Jul/2026:01:53:04 +0000] "POST /auth/session/update-session-data HTTP/1.1" 200 37 "-" "okhttp/3.12.12"
106.76.191.180 - - [29/Jul/2026:01:53:05 +0000] "POST /get/learning-material/exams?page=1&limit=10 HTTP/1.1" 200 127 "-" "okhttp/3.12.12"
106.76.191.180 - - [29/Jul/2026:01:53:05 +0000] "POST /package/get-live-events-in-packages?limit=10&page=1&start_time=2026-07-29T01:53:04.948Z HTTP/1.1" 200 115 "-" "okhttp/3.12.12"
