65.1.209.187 - - [29/Jul/2026:01:30:35 +0000] "POST /wp-cron.php?doing_wp_cron=1785288635.2392060756683349609375 HTTP/1.1" 200 31 "-" "WordPress/6.9; https://www.drjunior.in"
188.70.11.20 - - [29/Jul/2026:01:30:35 +0000] "POST /wp-json/wp/v2/posts HTTP/1.1" 201 21077 "-" "Mozilla/5.0 (Windows NT 10.0; Win64; x64) AppleWebKit/537.36 (KHTML, like Gecko) Chrome/120.0.0.0 Safari/537.36"
188.70.11.20 - - [29/Jul/2026:01:30:36 +0000] "GET /2026/07/28/pincos-successful-expansion-into-international-markets-bir-onlayn-kazino-baglantisi-10/ HTTP/1.1" 200 15502 "-" "Mozilla/5.0 (Windows NT 10.0; Win64; x64) AppleWebKit/537.36 (KHTML, like Gecko) Chrome/120.0.0.0 Safari/537.36"
112.202.105.166 - - [29/Jul/2026:01:30:38 +0000] "GET /wp-admin/ HTTP/1.1" 200 24243 "-" "Mozilla/5.0 (Windows NT 10.0; Win64; x64) AppleWebKit/537.36 (KHTML, like Gecko) Chrome/120.0.0.0 Safari/537.36"
188.70.11.20 - - [29/Jul/2026:01:30:40 +0000] "GET /2026/07/28/pincos-successful-expansion-into-international-markets-bir-onlayn-kazino-baglantisi-10/ HTTP/1.1" 200 15510 "-" "Mozilla/5.0 (Windows NT 10.0; Win64; x64) AppleWebKit/537.36 (KHTML, like Gecko) Chrome/120.0.0.0 Safari/537.36"
112.202.105.166 - - [29/Jul/2026:01:30:40 +0000] "GET /wp-admin/post-new.php HTTP/1.1" 200 79132 "-" "Mozilla/5.0 (Windows NT 10.0; Win64; x64) AppleWebKit/537.36 (KHTML, like Gecko) Chrome/120.0.0.0 Safari/537.36"
112.202.105.166 - - [29/Jul/2026:01:30:42 +0000] "POST /xmlrpc.php HTTP/1.1" 200 661 "-" "WordPress/5.0; https://www.drjunior.in"
112.202.105.166 - - [29/Jul/2026:01:30:43 +0000] "GET /wp-admin/admin-ajax.php?action=rest-nonce HTTP/1.1" 200 41 "-" "Mozilla/5.0 (Windows NT 10.0; Win64; x64) AppleWebKit/537.36 (KHTML, like Gecko) Chrome/120.0.0.0 Safari/537.36"
188.70.11.20 - - [29/Jul/2026:01:30:43 +0000] "GET /2026/07/28/pincos-successful-expansion-into-international-markets-bir-onlayn-kazino-baglantisi-10/ HTTP/1.1" 200 15505 "-" "Mozilla/5.0 (Windows NT 10.0; Win64; x64) AppleWebKit/537.36 (KHTML, like Gecko) Chrome/120.0.0.0 Safari/537.36"
112.202.105.166 - - [29/Jul/2026:01:30:44 +0000] "GET /wp-json/wp/v2/plugins HTTP/1.1" 200 3380 "-" "Mozilla/5.0 (Windows NT 10.0; Win64; x64) AppleWebKit/537.36 (KHTML, like Gecko) Chrome/120.0.0.0 Safari/537.36"
112.202.105.166 - - [29/Jul/2026:01:30:45 +0000] "GET / HTTP/1.1" 200 17695 "-" "Mozilla/5.0 (Windows NT 10.0; Win64; x64) AppleWebKit/537.36 (KHTML, like Gecko) Chrome/120.0.0.0 Safari/537.36"
65.1.209.187 - - [29/Jul/2026:01:30:45 +0000] "POST /wp-cron.php?doing_wp_cron=1785288645.5066831111907958984375 HTTP/1.1" 200 31 "-" "WordPress/6.9; https://www.drjunior.in"
188.70.11.20 - - [29/Jul/2026:01:30:45 +0000] "POST /wp-json/wp/v2/posts HTTP/1.1" 201 21077 "-" "Mozilla/5.0 (Windows NT 10.0; Win64; x64) AppleWebKit/537.36 (KHTML, like Gecko) Chrome/120.0.0.0 Safari/537.36"
112.202.105.166 - - [29/Jul/2026:01:30:46 +0000] "GET /wp-json/wp/v2/settings HTTP/1.1" 200 453 "-" "Mozilla/5.0 (Windows NT 10.0; Win64; x64) AppleWebKit/537.36 (KHTML, like Gecko) Chrome/120.0.0.0 Safari/537.36"
65.1.209.187 - - [29/Jul/2026:01:30:46 +0000] "POST /wp-cron.php?doing_wp_cron=1785288646.6461710929870605468750 HTTP/1.1" 200 31 "-" "WordPress/6.7.2; https://www.trivandrumtennisclub.com"
57.141.0.29 - - [29/Jul/2026:01:30:46 +0000] "GET /member/smt-bhadra-panikkar/ HTTP/1.1" 200 17684 "-" "Mozilla/5.0 (Macintosh; Intel Mac OS X 10_15_7) AppleWebKit/537.36 (KHTML, like Gecko) Chrome/145.0.0.0 Safari/537.36 (compatible; meta-externalagent/1.1 (+https://developers.facebook.com/docs/sharing/webmasters/crawler))"
188.70.11.20 - - [29/Jul/2026:01:30:46 +0000] "GET /2026/07/28/pincos-successful-expansion-into-international-markets-bir-onlayn-kazino-baglantisi-11/ HTTP/1.1" 200 15494 "-" "Mozilla/5.0 (Windows NT 10.0; Win64; x64) AppleWebKit/537.36 (KHTML, like Gecko) Chrome/120.0.0.0 Safari/537.36"
112.202.105.166 - - [29/Jul/2026:01:30:47 +0000] "GET /wp-json/wp/v2/pages/6 HTTP/1.1" 200 2678 "-" "Mozilla/5.0 (Windows NT 10.0; Win64; x64) AppleWebKit/537.36 (KHTML, like Gecko) Chrome/120.0.0.0 Safari/537.36"
112.202.105.166 - - [29/Jul/2026:01:30:49 +0000] "POST /xmlrpc.php HTTP/1.1" 200 189 "-" "Mozilla/5.0 (Windows NT 10.0; Win64; x64) AppleWebKit/537.36 (KHTML, like Gecko) Chrome/120.0.0.0 Safari/537.36"
188.70.11.20 - - [29/Jul/2026:01:30:50 +0000] "GET /2026/07/28/pincos-successful-expansion-into-international-markets-bir-onlayn-kazino-baglantisi-11/ HTTP/1.1" 200 15507 "-" "Mozilla/5.0 (Windows NT 10.0; Win64; x64) AppleWebKit/537.36 (KHTML, like Gecko) Chrome/120.0.0.0 Safari/537.36"
112.202.105.166 - - [29/Jul/2026:01:30:52 +0000] "GET /?page_id=6 HTTP/1.1" 301 5 "-" "Mozilla/5.0 (Windows NT 10.0; Win64; x64) AppleWebKit/537.36 (KHTML, like Gecko) Chrome/120.0.0.0 Safari/537.36"
112.202.105.166 - - [29/Jul/2026:01:30:53 +0000] "GET / HTTP/1.1" 200 17702 "-" "Mozilla/5.0 (Windows NT 10.0; Win64; x64) AppleWebKit/537.36 (KHTML, like Gecko) Chrome/120.0.0.0 Safari/537.36"
188.70.11.20 - - [29/Jul/2026:01:30:53 +0000] "GET /2026/07/28/pincos-successful-expansion-into-international-markets-bir-onlayn-kazino-baglantisi-11/ HTTP/1.1" 200 15508 "-" "Mozilla/5.0 (Windows NT 10.0; Win64; x64) AppleWebKit/537.36 (KHTML, like Gecko) Chrome/120.0.0.0 Safari/537.36"
188.70.11.20 - - [29/Jul/2026:01:30:55 +0000] "GET /wp-admin/post-new.php HTTP/1.1" 200 79127 "-" "Mozilla/5.0 (Windows NT 10.0; Win64; x64) AppleWebKit/537.36 (KHTML, like Gecko) Chrome/120.0.0.0 Safari/537.36"
112.202.105.166 - - [29/Jul/2026:01:30:56 +0000] "GET /?page_id=6 HTTP/1.1" 301 5 "-" "Mozilla/5.0 (Windows NT 10.0; Win64; x64) AppleWebKit/537.36 (KHTML, like Gecko) Chrome/120.0.0.0 Safari/537.36"
112.202.105.166 - - [29/Jul/2026:01:30:57 +0000] "GET / HTTP/1.1" 200 17698 "-" "Mozilla/5.0 (Windows NT 10.0; Win64; x64) AppleWebKit/537.36 (KHTML, like Gecko) Chrome/120.0.0.0 Safari/537.36"
65.1.209.187 - - [29/Jul/2026:01:30:57 +0000] "POST /wp-cron.php?doing_wp_cron=1785288657.2889769077301025390625 HTTP/1.1" 200 31 "-" "WordPress/6.9; https://www.drjunior.in"
188.70.11.20 - - [29/Jul/2026:01:30:57 +0000] "POST /wp-admin/post.php HTTP/1.1" 302 5 "-" "Mozilla/5.0 (Windows NT 10.0; Win64; x64) AppleWebKit/537.36 (KHTML, like Gecko) Chrome/120.0.0.0 Safari/537.36"
188.70.11.20 - - [29/Jul/2026:01:30:58 +0000] "GET /wp-admin/post.php?post=1300&action=edit&message=1 HTTP/1.1" 200 83608 "-" "Mozilla/5.0 (Windows NT 10.0; Win64; x64) AppleWebKit/537.36 (KHTML, like Gecko) Chrome/120.0.0.0 Safari/537.36"
112.202.105.166 - - [29/Jul/2026:01:31:00 +0000] "GET /?page_id=6 HTTP/1.1" 301 5 "-" "Mozilla/5.0 (Windows NT 10.0; Win64; x64) AppleWebKit/537.36 (KHTML, like Gecko) Chrome/120.0.0.0 Safari/537.36"
112.202.105.166 - - [29/Jul/2026:01:31:01 +0000] "GET / HTTP/1.1" 200 17709 "-" "Mozilla/5.0 (Windows NT 10.0; Win64; x64) AppleWebKit/537.36 (KHTML, like Gecko) Chrome/120.0.0.0 Safari/537.36"
83.5.200.239 - - [29/Jul/2026:01:31:02 +0000] "GET /?p=1300 HTTP/1.1" 301 5 "-" "Mozilla/5.0 (Windows NT 10.0; Win64; x64) AppleWebKit/537.36 (KHTML, like Gecko) Chrome/120.0.0.0 Safari/537.36"
112.202.105.166 - - [29/Jul/2026:01:31:02 +0000] "POST /wp-json/wp/v2/pages/6 HTTP/1.1" 200 4547 "-" "Mozilla/5.0 (Windows NT 10.0; Win64; x64) AppleWebKit/537.36 (KHTML, like Gecko) Chrome/120.0.0.0 Safari/537.36"
83.5.200.239 - - [29/Jul/2026:01:31:03 +0000] "GET /2026/07/29/pincos-successful-expansion-into-international-markets-bir-onlayn-kazino-baglantisi-12/ HTTP/1.1" 200 15505 "-" "Mozilla/5.0 (Windows NT 10.0; Win64; x64) AppleWebKit/537.36 (KHTML, like Gecko) Chrome/120.0.0.0 Safari/537.36"
83.5.200.239 - - [29/Jul/2026:01:31:06 +0000] "GET /?p=1300 HTTP/1.1" 301 5 "-" "Mozilla/5.0 (Windows NT 10.0; Win64; x64) AppleWebKit/537.36 (KHTML, like Gecko) Chrome/120.0.0.0 Safari/537.36"
112.202.105.166 - - [29/Jul/2026:01:31:07 +0000] "GET /?page_id=6 HTTP/1.1" 301 5 "-" "Mozilla/5.0 (Windows NT 10.0; Win64; x64) AppleWebKit/537.36 (KHTML, like Gecko) Chrome/120.0.0.0 Safari/537.36"
83.5.200.239 - - [29/Jul/2026:01:31:07 +0000] "GET /2026/07/29/pincos-successful-expansion-into-international-markets-bir-onlayn-kazino-baglantisi-12/ HTTP/1.1" 200 15509 "-" "Mozilla/5.0 (Windows NT 10.0; Win64; x64) AppleWebKit/537.36 (KHTML, like Gecko) Chrome/120.0.0.0 Safari/537.36"
112.202.105.166 - - [29/Jul/2026:01:31:08 +0000] "GET / HTTP/1.1" 200 17701 "-" "Mozilla/5.0 (Windows NT 10.0; Win64; x64) AppleWebKit/537.36 (KHTML, like Gecko) Chrome/120.0.0.0 Safari/537.36"
83.5.200.239 - - [29/Jul/2026:01:31:11 +0000] "GET /?p=1300 HTTP/1.1" 301 5 "-" "Mozilla/5.0 (Windows NT 10.0; Win64; x64) AppleWebKit/537.36 (KHTML, like Gecko) Chrome/120.0.0.0 Safari/537.36"
112.202.105.166 - - [29/Jul/2026:01:31:11 +0000] "GET /?page_id=6 HTTP/1.1" 301 5 "-" "Mozilla/5.0 (Windows NT 10.0; Win64; x64) AppleWebKit/537.36 (KHTML, like Gecko) Chrome/120.0.0.0 Safari/537.36"
112.202.105.166 - - [29/Jul/2026:01:31:12 +0000] "GET / HTTP/1.1" 200 17702 "-" "Mozilla/5.0 (Windows NT 10.0; Win64; x64) AppleWebKit/537.36 (KHTML, like Gecko) Chrome/120.0.0.0 Safari/537.36"
83.5.200.239 - - [29/Jul/2026:01:31:12 +0000] "GET /2026/07/29/pincos-successful-expansion-into-international-markets-bir-onlayn-kazino-baglantisi-12/ HTTP/1.1" 200 15495 "-" "Mozilla/5.0 (Windows NT 10.0; Win64; x64) AppleWebKit/537.36 (KHTML, like Gecko) Chrome/120.0.0.0 Safari/537.36"
112.202.105.166 - - [29/Jul/2026:01:31:15 +0000] "GET /?page_id=6 HTTP/1.1" 301 5 "-" "Mozilla/5.0 (Windows NT 10.0; Win64; x64) AppleWebKit/537.36 (KHTML, like Gecko) Chrome/120.0.0.0 Safari/537.36"
196.75.171.95 - - [29/Jul/2026:01:31:15 +0000] "GET / HTTP/1.1" 200 15840 "-" "Mozilla/5.0 (Windows NT 10.0; Win64; x64) AppleWebKit/537.36 (KHTML, like Gecko) Chrome/120.0.0.0 Safari/537.36"
112.202.105.166 - - [29/Jul/2026:01:31:16 +0000] "GET / HTTP/1.1" 200 17704 "-" "Mozilla/5.0 (Windows NT 10.0; Win64; x64) AppleWebKit/537.36 (KHTML, like Gecko) Chrome/120.0.0.0 Safari/537.36"
196.75.171.95 - - [29/Jul/2026:01:31:16 +0000] "GET /wp-login.php HTTP/1.1" 200 2043 "-" "Mozilla/5.0 (Windows NT 10.0; Win64; x64) AppleWebKit/537.36 (KHTML, like Gecko) Chrome/120.0.0.0 Safari/537.36"
112.202.105.166 - - [29/Jul/2026:01:31:17 +0000] "POST /wp-json/rankmath/v1/updateMeta?_locale=user HTTP/1.1" 404 125 "-" "Mozilla/5.0 (Windows NT 10.0; Win64; x64) AppleWebKit/537.36 (KHTML, like Gecko) Chrome/120.0.0.0 Safari/537.36"
196.75.171.95 - - [29/Jul/2026:01:31:18 +0000] "POST /wp-login.php HTTP/1.1" 302 5 "https://www.drjunior.in/wp-login.php" "Mozilla/5.0 (Windows NT 10.0; Win64; x64) AppleWebKit/537.36 (KHTML, like Gecko) Chrome/120.0.0.0 Safari/537.36"
112.202.105.166 - - [29/Jul/2026:01:31:18 +0000] "POST /wp-json/wp/v2/pages/6?_locale=user HTTP/1.1" 200 4547 "-" "Mozilla/5.0 (Windows NT 10.0; Win64; x64) AppleWebKit/537.36 (KHTML, like Gecko) Chrome/120.0.0.0 Safari/537.36"
196.75.171.95 - - [29/Jul/2026:01:31:19 +0000] "GET /wp-admin/ HTTP/1.1" 200 24220 "https://www.drjunior.in/wp-login.php" "Mozilla/5.0 (Windows NT 10.0; Win64; x64) AppleWebKit/537.36 (KHTML, like Gecko) Chrome/120.0.0.0 Safari/537.36"
112.202.105.166 - - [29/Jul/2026:01:31:21 +0000] "GET /?page_id=6 HTTP/1.1" 301 5 "-" "Mozilla/5.0 (Windows NT 10.0; Win64; x64) AppleWebKit/537.36 (KHTML, like Gecko) Chrome/120.0.0.0 Safari/537.36"
45.248.163.223 - - [29/Jul/2026:01:31:22 +0000] "GET /wp-admin/ HTTP/1.1" 200 24220 "-" "Mozilla/5.0 (Windows NT 10.0; Win64; x64) AppleWebKit/537.36 (KHTML, like Gecko) Chrome/120.0.0.0 Safari/537.36"
112.202.105.166 - - [29/Jul/2026:01:31:22 +0000] "GET / HTTP/1.1" 200 17694 "-" "Mozilla/5.0 (Windows NT 10.0; Win64; x64) AppleWebKit/537.36 (KHTML, like Gecko) Chrome/120.0.0.0 Safari/537.36"
45.248.163.223 - - [29/Jul/2026:01:31:23 +0000] "GET /wp-admin/post-new.php HTTP/1.1" 200 79110 "-" "Mozilla/5.0 (Windows NT 10.0; Win64; x64) AppleWebKit/537.36 (KHTML, like Gecko) Chrome/120.0.0.0 Safari/537.36"
45.248.163.223 - - [29/Jul/2026:01:31:25 +0000] "POST /xmlrpc.php HTTP/1.1" 200 661 "-" "WordPress/5.0; https://www.drjunior.in"
112.202.105.166 - - [29/Jul/2026:01:31:25 +0000] "GET /?page_id=6 HTTP/1.1" 301 5 "-" "Mozilla/5.0 (Windows NT 10.0; Win64; x64) AppleWebKit/537.36 (KHTML, like Gecko) Chrome/120.0.0.0 Safari/537.36"
45.248.163.223 - - [29/Jul/2026:01:31:26 +0000] "GET /wp-admin/admin-ajax.php?action=rest-nonce HTTP/1.1" 200 41 "-" "Mozilla/5.0 (Windows NT 10.0; Win64; x64) AppleWebKit/537.36 (KHTML, like Gecko) Chrome/120.0.0.0 Safari/537.36"
112.202.105.166 - - [29/Jul/2026:01:31:26 +0000] "GET / HTTP/1.1" 200 17713 "-" "Mozilla/5.0 (Windows NT 10.0; Win64; x64) AppleWebKit/537.36 (KHTML, like Gecko) Chrome/120.0.0.0 Safari/537.36"
65.1.209.187 - - [29/Jul/2026:01:31:28 +0000] "POST /wp-cron.php?doing_wp_cron=1785288688.1584279537200927734375 HTTP/1.1" 200 31 "-" "WordPress/6.9; https://www.drjunior.in"
45.248.163.223 - - [29/Jul/2026:01:31:28 +0000] "POST /xmlrpc.php HTTP/1.1" 200 190 "-" "Mozilla/5.0 (Windows NT 10.0; Win64; x64) AppleWebKit/537.36 (KHTML, like Gecko) Chrome/120.0.0.0 Safari/537.36"
45.248.163.223 - - [29/Jul/2026:01:31:29 +0000] "GET /?p=1303 HTTP/1.1" 301 5 "-" "Mozilla/5.0 (Windows NT 10.0; Win64; x64) AppleWebKit/537.36 (KHTML, like Gecko) Chrome/120.0.0.0 Safari/537.36"
112.202.105.166 - - [29/Jul/2026:01:31:29 +0000] "GET /?page_id=6 HTTP/1.1" 301 5 "-" "Mozilla/5.0 (Windows NT 10.0; Win64; x64) AppleWebKit/537.36 (KHTML, like Gecko) Chrome/120.0.0.0 Safari/537.36"
112.202.105.166 - - [29/Jul/2026:01:31:30 +0000] "GET / HTTP/1.1" 200 17699 "-" "Mozilla/5.0 (Windows NT 10.0; Win64; x64) AppleWebKit/537.36 (KHTML, like Gecko) Chrome/120.0.0.0 Safari/537.36"
45.248.163.223 - - [29/Jul/2026:01:31:30 +0000] "GET /2026/07/28/pincos-successful-expansion-into-international-markets-bir-onlayn-kazino-baglantisi-13/ HTTP/1.1" 200 15510 "-" "Mozilla/5.0 (Windows NT 10.0; Win64; x64) AppleWebKit/537.36 (KHTML, like Gecko) Chrome/120.0.0.0 Safari/537.36"
45.248.163.223 - - [29/Jul/2026:01:31:34 +0000] "GET /?p=1303 HTTP/1.1" 301 5 "-" "Mozilla/5.0 (Windows NT 10.0; Win64; x64) AppleWebKit/537.36 (KHTML, like Gecko) Chrome/120.0.0.0 Safari/537.36"
173.247.144.40 - - [29/Jul/2026:01:31:34 +0000] "GET / HTTP/1.1" 200 15843 "-" "Mozilla/5.0 (Windows NT 10.0; Win64; x64) AppleWebKit/537.36 (KHTML, like Gecko) Chrome/120.0.0.0 Safari/537.36"
45.248.163.223 - - [29/Jul/2026:01:31:35 +0000] "GET /2026/07/28/pincos-successful-expansion-into-international-markets-bir-onlayn-kazino-baglantisi-13/ HTTP/1.1" 200 15502 "-" "Mozilla/5.0 (Windows NT 10.0; Win64; x64) AppleWebKit/537.36 (KHTML, like Gecko) Chrome/120.0.0.0 Safari/537.36"
173.247.144.40 - - [29/Jul/2026:01:31:35 +0000] "GET /wp-login.php HTTP/1.1" 200 2043 "-" "Mozilla/5.0 (Windows NT 10.0; Win64; x64) AppleWebKit/537.36 (KHTML, like Gecko) Chrome/120.0.0.0 Safari/537.36"
173.247.144.40 - - [29/Jul/2026:01:31:37 +0000] "POST /wp-login.php HTTP/1.1" 302 5 "https://www.drjunior.in/wp-login.php" "Mozilla/5.0 (Windows NT 10.0; Win64; x64) AppleWebKit/537.36 (KHTML, like Gecko) Chrome/120.0.0.0 Safari/537.36"
45.248.163.223 - - [29/Jul/2026:01:31:38 +0000] "GET /?p=1303 HTTP/1.1" 301 5 "-" "Mozilla/5.0 (Windows NT 10.0; Win64; x64) AppleWebKit/537.36 (KHTML, like Gecko) Chrome/120.0.0.0 Safari/537.36"
173.247.144.40 - - [29/Jul/2026:01:31:38 +0000] "GET /wp-admin/ HTTP/1.1" 200 24219 "https://www.drjunior.in/wp-login.php" "Mozilla/5.0 (Windows NT 10.0; Win64; x64) AppleWebKit/537.36 (KHTML, like Gecko) Chrome/120.0.0.0 Safari/537.36"
45.248.163.223 - - [29/Jul/2026:01:31:39 +0000] "GET /2026/07/28/pincos-successful-expansion-into-international-markets-bir-onlayn-kazino-baglantisi-13/ HTTP/1.1" 200 15505 "-" "Mozilla/5.0 (Windows NT 10.0; Win64; x64) AppleWebKit/537.36 (KHTML, like Gecko) Chrome/120.0.0.0 Safari/537.36"
65.1.209.187 - - [29/Jul/2026:01:31:41 +0000] "POST /wp-cron.php?doing_wp_cron=1785288701.1405310630798339843750 HTTP/1.1" 200 31 "-" "WordPress/6.9; https://www.drjunior.in"
45.248.163.223 - - [29/Jul/2026:01:31:41 +0000] "POST /wp-json/wp/v2/posts HTTP/1.1" 201 21077 "-" "Mozilla/5.0 (Windows NT 10.0; Win64; x64) AppleWebKit/537.36 (KHTML, like Gecko) Chrome/120.0.0.0 Safari/537.36"
103.121.176.62 - - [29/Jul/2026:01:31:42 +0000] "GET /wp-admin/ HTTP/1.1" 200 24214 "-" "Mozilla/5.0 (Windows NT 10.0; Win64; x64) AppleWebKit/537.36 (KHTML, like Gecko) Chrome/120.0.0.0 Safari/537.36"
45.248.163.223 - - [29/Jul/2026:01:31:42 +0000] "GET /2026/07/28/pincos-successful-expansion-into-international-markets-bir-onlayn-kazino-baglantisi-14/ HTTP/1.1" 200 15496 "-" "Mozilla/5.0 (Windows NT 10.0; Win64; x64) AppleWebKit/537.36 (KHTML, like Gecko) Chrome/120.0.0.0 Safari/537.36"
103.121.176.62 - - [29/Jul/2026:01:31:43 +0000] "GET /wp-admin/post-new.php HTTP/1.1" 200 79122 "-" "Mozilla/5.0 (Windows NT 10.0; Win64; x64) AppleWebKit/537.36 (KHTML, like Gecko) Chrome/120.0.0.0 Safari/537.36"
43.156.37.91 - - [29/Jul/2026:01:31:44 +0000] "GET / HTTP/1.1" 301 178 "-" "Mozilla/5.0 (iPhone; CPU iPhone OS 13_2_3 like Mac OS X) AppleWebKit/605.1.15 (KHTML, like Gecko) Version/13.0.3 Mobile/15E148 Safari/604.1"
65.1.209.187 - - [29/Jul/2026:01:31:45 +0000] "POST /wp-cron.php?doing_wp_cron=1785288705.0296781063079833984375 HTTP/1.1" 200 31 "-" "WordPress/6.7.2; https://www.trivandrumtennisclub.com"
43.156.37.91 - - [29/Jul/2026:01:31:45 +0000] "GET / HTTP/1.1" 200 19848 "http://www.trivandrumtennisclub.com" "Mozilla/5.0 (iPhone; CPU iPhone OS 13_2_3 like Mac OS X) AppleWebKit/605.1.15 (KHTML, like Gecko) Version/13.0.3 Mobile/15E148 Safari/604.1"
45.248.163.223 - - [29/Jul/2026:01:31:45 +0000] "GET /2026/07/28/pincos-successful-expansion-into-international-markets-bir-onlayn-kazino-baglantisi-14/ HTTP/1.1" 200 15503 "-" "Mozilla/5.0 (Windows NT 10.0; Win64; x64) AppleWebKit/537.36 (KHTML, like Gecko) Chrome/120.0.0.0 Safari/537.36"
103.121.176.62 - - [29/Jul/2026:01:31:46 +0000] "POST /xmlrpc.php HTTP/1.1" 200 661 "-" "WordPress/5.0; https://www.drjunior.in"
103.121.176.62 - - [29/Jul/2026:01:31:47 +0000] "GET /wp-admin/admin-ajax.php?action=rest-nonce HTTP/1.1" 200 41 "-" "Mozilla/5.0 (Windows NT 10.0; Win64; x64) AppleWebKit/537.36 (KHTML, like Gecko) Chrome/120.0.0.0 Safari/537.36"
103.121.176.62 - - [29/Jul/2026:01:31:48 +0000] "GET /wp-json/wp/v2/plugins HTTP/1.1" 200 3380 "-" "Mozilla/5.0 (Windows NT 10.0; Win64; x64) AppleWebKit/537.36 (KHTML, like Gecko) Chrome/120.0.0.0 Safari/537.36"
45.248.163.223 - - [29/Jul/2026:01:31:49 +0000] "GET /2026/07/28/pincos-successful-expansion-into-international-markets-bir-onlayn-kazino-baglantisi-14/ HTTP/1.1" 200 15502 "-" "Mozilla/5.0 (Windows NT 10.0; Win64; x64) AppleWebKit/537.36 (KHTML, like Gecko) Chrome/120.0.0.0 Safari/537.36"
103.121.176.62 - - [29/Jul/2026:01:31:50 +0000] "GET / HTTP/1.1" 200 17699 "-" "Mozilla/5.0 (Windows NT 10.0; Win64; x64) AppleWebKit/537.36 (KHTML, like Gecko) Chrome/120.0.0.0 Safari/537.36"
65.1.209.187 - - [29/Jul/2026:01:31:50 +0000] "POST /wp-cron.php?doing_wp_cron=1785288710.4758989810943603515625 HTTP/1.1" 200 31 "-" "WordPress/6.9; https://www.drjunior.in"
45.248.163.223 - - [29/Jul/2026:01:31:50 +0000] "POST /wp-json/wp/v2/posts HTTP/1.1" 201 21077 "-" "Mozilla/5.0 (Windows NT 10.0; Win64; x64) AppleWebKit/537.36 (KHTML, like Gecko) Chrome/120.0.0.0 Safari/537.36"
45.248.163.223 - - [29/Jul/2026:01:31:51 +0000] "GET /2026/07/28/pincos-successful-expansion-into-international-markets-bir-onlayn-kazino-baglantisi-15/ HTTP/1.1" 200 15510 "-" "Mozilla/5.0 (Windows NT 10.0; Win64; x64) AppleWebKit/537.36 (KHTML, like Gecko) Chrome/120.0.0.0 Safari/537.36"
103.121.176.62 - - [29/Jul/2026:01:31:52 +0000] "GET /wp-json/wp/v2/settings HTTP/1.1" 200 453 "-" "Mozilla/5.0 (Windows NT 10.0; Win64; x64) AppleWebKit/537.36 (KHTML, like Gecko) Chrome/120.0.0.0 Safari/537.36"
103.121.176.62 - - [29/Jul/2026:01:31:54 +0000] "GET /wp-json/wp/v2/pages/6 HTTP/1.1" 200 2928 "-" "Mozilla/5.0 (Windows NT 10.0; Win64; x64) AppleWebKit/537.36 (KHTML, like Gecko) Chrome/120.0.0.0 Safari/537.36"
45.248.163.223 - - [29/Jul/2026:01:31:54 +0000] "GET /2026/07/28/pincos-successful-expansion-into-international-markets-bir-onlayn-kazino-baglantisi-15/ HTTP/1.1" 200 15505 "-" "Mozilla/5.0 (Windows NT 10.0; Win64; x64) AppleWebKit/537.36 (KHTML, like Gecko) Chrome/120.0.0.0 Safari/537.36"
103.121.176.62 - - [29/Jul/2026:01:31:55 +0000] "POST /xmlrpc.php HTTP/1.1" 200 189 "-" "Mozilla/5.0 (Windows NT 10.0; Win64; x64) AppleWebKit/537.36 (KHTML, like Gecko) Chrome/120.0.0.0 Safari/537.36"
45.248.163.223 - - [29/Jul/2026:01:31:57 +0000] "GET /2026/07/28/pincos-successful-expansion-into-international-markets-bir-onlayn-kazino-baglantisi-15/ HTTP/1.1" 200 15504 "-" "Mozilla/5.0 (Windows NT 10.0; Win64; x64) AppleWebKit/537.36 (KHTML, like Gecko) Chrome/120.0.0.0 Safari/537.36"
45.248.163.223 - - [29/Jul/2026:01:31:58 +0000] "GET /wp-admin/post-new.php HTTP/1.1" 200 79112 "-" "Mozilla/5.0 (Windows NT 10.0; Win64; x64) AppleWebKit/537.36 (KHTML, like Gecko) Chrome/120.0.0.0 Safari/537.36"
103.121.176.62 - - [29/Jul/2026:01:31:58 +0000] "GET /?page_id=6 HTTP/1.1" 301 5 "-" "Mozilla/5.0 (Windows NT 10.0; Win64; x64) AppleWebKit/537.36 (KHTML, like Gecko) Chrome/120.0.0.0 Safari/537.36"
103.121.176.62 - - [29/Jul/2026:01:32:00 +0000] "GET / HTTP/1.1" 200 17703 "-" "Mozilla/5.0 (Windows NT 10.0; Win64; x64) AppleWebKit/537.36 (KHTML, like Gecko) Chrome/120.0.0.0 Safari/537.36"
65.1.209.187 - - [29/Jul/2026:01:32:01 +0000] "POST /wp-cron.php?doing_wp_cron=1785288721.2613449096679687500000 HTTP/1.1" 200 31 "-" "WordPress/6.9; https://www.drjunior.in"
45.248.163.223 - - [29/Jul/2026:01:32:01 +0000] "POST /wp-admin/post.php HTTP/1.1" 302 5 "-" "Mozilla/5.0 (Windows NT 10.0; Win64; x64) AppleWebKit/537.36 (KHTML, like Gecko) Chrome/120.0.0.0 Safari/537.36"
45.248.163.223 - - [29/Jul/2026:01:32:02 +0000] "GET /wp-admin/post.php?post=1309&action=edit&message=1 HTTP/1.1" 200 83590 "-" "Mozilla/5.0 (Windows NT 10.0; Win64; x64) AppleWebKit/537.36 (KHTML, like Gecko) Chrome/120.0.0.0 Safari/537.36"
103.121.176.62 - - [29/Jul/2026:01:32:04 +0000] "GET /?page_id=6 HTTP/1.1" 301 5 "-" "Mozilla/5.0 (Windows NT 10.0; Win64; x64) AppleWebKit/537.36 (KHTML, like Gecko) Chrome/120.0.0.0 Safari/537.36"
148.71.23.170 - - [29/Jul/2026:01:32:05 +0000] "GET /?p=1309 HTTP/1.1" 301 5 "-" "Mozilla/5.0 (Windows NT 10.0; Win64; x64) AppleWebKit/537.36 (KHTML, like Gecko) Chrome/120.0.0.0 Safari/537.36"
148.71.23.170 - - [29/Jul/2026:01:32:06 +0000] "GET /2026/07/29/pincos-successful-expansion-into-international-markets-bir-onlayn-kazino-baglantisi-16/ HTTP/1.1" 200 15511 "-" "Mozilla/5.0 (Windows NT 10.0; Win64; x64) AppleWebKit/537.36 (KHTML, like Gecko) Chrome/120.0.0.0 Safari/537.36"
103.121.176.62 - - [29/Jul/2026:01:32:06 +0000] "GET / HTTP/1.1" 200 17704 "-" "Mozilla/5.0 (Windows NT 10.0; Win64; x64) AppleWebKit/537.36 (KHTML, like Gecko) Chrome/120.0.0.0 Safari/537.36"
148.71.23.170 - - [29/Jul/2026:01:32:09 +0000] "GET /?p=1309 HTTP/1.1" 301 5 "-" "Mozilla/5.0 (Windows NT 10.0; Win64; x64) AppleWebKit/537.36 (KHTML, like Gecko) Chrome/120.0.0.0 Safari/537.36"
148.71.23.170 - - [29/Jul/2026:01:32:10 +0000] "GET /2026/07/29/pincos-successful-expansion-into-international-markets-bir-onlayn-kazino-baglantisi-16/ HTTP/1.1" 200 15502 "-" "Mozilla/5.0 (Windows NT 10.0; Win64; x64) AppleWebKit/537.36 (KHTML, like Gecko) Chrome/120.0.0.0 Safari/537.36"
103.121.176.62 - - [29/Jul/2026:01:32:12 +0000] "GET /?page_id=6 HTTP/1.1" 301 5 "-" "Mozilla/5.0 (Windows NT 10.0; Win64; x64) AppleWebKit/537.36 (KHTML, like Gecko) Chrome/120.0.0.0 Safari/537.36"
148.71.23.170 - - [29/Jul/2026:01:32:14 +0000] "GET /?p=1309 HTTP/1.1" 301 5 "-" "Mozilla/5.0 (Windows NT 10.0; Win64; x64) AppleWebKit/537.36 (KHTML, like Gecko) Chrome/120.0.0.0 Safari/537.36"
148.71.23.170 - - [29/Jul/2026:01:32:15 +0000] "GET /2026/07/29/pincos-successful-expansion-into-international-markets-bir-onlayn-kazino-baglantisi-16/ HTTP/1.1" 200 15501 "-" "Mozilla/5.0 (Windows NT 10.0; Win64; x64) AppleWebKit/537.36 (KHTML, like Gecko) Chrome/120.0.0.0 Safari/537.36"
189.168.101.17 - - [29/Jul/2026:01:32:19 +0000] "GET / HTTP/1.1" 200 15852 "-" "Mozilla/5.0 (Windows NT 10.0; Win64; x64) AppleWebKit/537.36 (KHTML, like Gecko) Chrome/120.0.0.0 Safari/537.36"
189.168.101.17 - - [29/Jul/2026:01:32:21 +0000] "GET /wp-login.php HTTP/1.1" 200 2043 "-" "Mozilla/5.0 (Windows NT 10.0; Win64; x64) AppleWebKit/537.36 (KHTML, like Gecko) Chrome/120.0.0.0 Safari/537.36"
189.168.101.17 - - [29/Jul/2026:01:32:22 +0000] "POST /wp-login.php HTTP/1.1" 302 5 "https://www.drjunior.in/wp-login.php" "Mozilla/5.0 (Windows NT 10.0; Win64; x64) AppleWebKit/537.36 (KHTML, like Gecko) Chrome/120.0.0.0 Safari/537.36"
189.168.101.17 - - [29/Jul/2026:01:32:23 +0000] "GET /wp-admin/ HTTP/1.1" 200 24272 "https://www.drjunior.in/wp-login.php" "Mozilla/5.0 (Windows NT 10.0; Win64; x64) AppleWebKit/537.36 (KHTML, like Gecko) Chrome/120.0.0.0 Safari/537.36"
181.124.101.212 - - [29/Jul/2026:01:32:27 +0000] "GET /wp-admin/ HTTP/1.1" 200 24272 "-" "Mozilla/5.0 (Windows NT 10.0; Win64; x64) AppleWebKit/537.36 (KHTML, like Gecko) Chrome/120.0.0.0 Safari/537.36"
207.248.2.121 - - [29/Jul/2026:01:32:28 +0000] "POST /wp-json/wp/v2/pages/6 HTTP/1.1" 200 4977 "-" "Mozilla/5.0 (Windows NT 10.0; Win64; x64) AppleWebKit/537.36 (KHTML, like Gecko) Chrome/120.0.0.0 Safari/537.36"
181.124.101.212 - - [29/Jul/2026:01:32:29 +0000] "GET /wp-admin/post-new.php HTTP/1.1" 200 79133 "-" "Mozilla/5.0 (Windows NT 10.0; Win64; x64) AppleWebKit/537.36 (KHTML, like Gecko) Chrome/120.0.0.0 Safari/537.36"
181.124.101.212 - - [29/Jul/2026:01:32:31 +0000] "POST /xmlrpc.php HTTP/1.1" 200 661 "-" "WordPress/5.0; https://www.drjunior.in"
207.248.2.121 - - [29/Jul/2026:01:32:32 +0000] "GET /?page_id=6 HTTP/1.1" 301 5 "-" "Mozilla/5.0 (Windows NT 10.0; Win64; x64) AppleWebKit/537.36 (KHTML, like Gecko) Chrome/120.0.0.0 Safari/537.36"
181.124.101.212 - - [29/Jul/2026:01:32:32 +0000] "GET /wp-admin/admin-ajax.php?action=rest-nonce HTTP/1.1" 200 41 "-" "Mozilla/5.0 (Windows NT 10.0; Win64; x64) AppleWebKit/537.36 (KHTML, like Gecko) Chrome/120.0.0.0 Safari/537.36"
207.248.2.121 - - [29/Jul/2026:01:32:33 +0000] "GET / HTTP/1.1" 200 17695 "-" "Mozilla/5.0 (Windows NT 10.0; Win64; x64) AppleWebKit/537.36 (KHTML, like Gecko) Chrome/120.0.0.0 Safari/537.36"
65.1.209.187 - - [29/Jul/2026:01:32:34 +0000] "POST /wp-cron.php?doing_wp_cron=1785288754.2305951118469238281250 HTTP/1.1" 200 31 "-" "WordPress/6.9; https://www.drjunior.in"
181.124.101.212 - - [29/Jul/2026:01:32:34 +0000] "POST /xmlrpc.php HTTP/1.1" 200 190 "-" "Mozilla/5.0 (Windows NT 10.0; Win64; x64) AppleWebKit/537.36 (KHTML, like Gecko) Chrome/120.0.0.0 Safari/537.36"
181.124.101.212 - - [29/Jul/2026:01:32:35 +0000] "GET /?p=1312 HTTP/1.1" 301 5 "-" "Mozilla/5.0 (Windows NT 10.0; Win64; x64) AppleWebKit/537.36 (KHTML, like Gecko) Chrome/120.0.0.0 Safari/537.36"
181.124.101.212 - - [29/Jul/2026:01:32:36 +0000] "GET /2026/07/28/pincos-successful-expansion-into-international-markets-bir-onlayn-kazino-baglantisi-17/ HTTP/1.1" 200 15508 "-" "Mozilla/5.0 (Windows NT 10.0; Win64; x64) AppleWebKit/537.36 (KHTML, like Gecko) Chrome/120.0.0.0 Safari/537.36"
207.248.2.121 - - [29/Jul/2026:01:32:39 +0000] "GET /?page_id=6 HTTP/1.1" 301 5 "-" "Mozilla/5.0 (Windows NT 10.0; Win64; x64) AppleWebKit/537.36 (KHTML, like Gecko) Chrome/120.0.0.0 Safari/537.36"
181.124.101.212 - - [29/Jul/2026:01:32:39 +0000] "GET /?p=1312 HTTP/1.1" 301 5 "-" "Mozilla/5.0 (Windows NT 10.0; Win64; x64) AppleWebKit/537.36 (KHTML, like Gecko) Chrome/120.0.0.0 Safari/537.36"
207.248.2.121 - - [29/Jul/2026:01:32:39 +0000] "GET / HTTP/1.1" 200 17700 "-" "Mozilla/5.0 (Windows NT 10.0; Win64; x64) AppleWebKit/537.36 (KHTML, like Gecko) Chrome/120.0.0.0 Safari/537.36"
181.124.101.212 - - [29/Jul/2026:01:32:40 +0000] "GET /2026/07/28/pincos-successful-expansion-into-international-markets-bir-onlayn-kazino-baglantisi-17/ HTTP/1.1" 200 15511 "-" "Mozilla/5.0 (Windows NT 10.0; Win64; x64) AppleWebKit/537.36 (KHTML, like Gecko) Chrome/120.0.0.0 Safari/537.36"
181.124.101.212 - - [29/Jul/2026:01:32:44 +0000] "GET /?p=1312 HTTP/1.1" 301 5 "-" "Mozilla/5.0 (Windows NT 10.0; Win64; x64) AppleWebKit/537.36 (KHTML, like Gecko) Chrome/120.0.0.0 Safari/537.36"
207.248.2.121 - - [29/Jul/2026:01:32:44 +0000] "GET /?page_id=6 HTTP/1.1" 301 5 "-" "Mozilla/5.0 (Windows NT 10.0; Win64; x64) AppleWebKit/537.36 (KHTML, like Gecko) Chrome/120.0.0.0 Safari/537.36"
181.124.101.212 - - [29/Jul/2026:01:32:45 +0000] "GET /2026/07/28/pincos-successful-expansion-into-international-markets-bir-onlayn-kazino-baglantisi-17/ HTTP/1.1" 200 15509 "-" "Mozilla/5.0 (Windows NT 10.0; Win64; x64) AppleWebKit/537.36 (KHTML, like Gecko) Chrome/120.0.0.0 Safari/537.36"
207.248.2.121 - - [29/Jul/2026:01:32:45 +0000] "GET / HTTP/1.1" 200 17702 "-" "Mozilla/5.0 (Windows NT 10.0; Win64; x64) AppleWebKit/537.36 (KHTML, like Gecko) Chrome/120.0.0.0 Safari/537.36"
65.1.209.187 - - [29/Jul/2026:01:32:46 +0000] "POST /wp-cron.php?doing_wp_cron=1785288766.9755480289459228515625 HTTP/1.1" 200 31 "-" "WordPress/6.9; https://www.drjunior.in"
181.124.101.212 - - [29/Jul/2026:01:32:46 +0000] "POST /wp-json/wp/v2/posts HTTP/1.1" 201 21077 "-" "Mozilla/5.0 (Windows NT 10.0; Win64; x64) AppleWebKit/537.36 (KHTML, like Gecko) Chrome/120.0.0.0 Safari/537.36"
181.124.101.212 - - [29/Jul/2026:01:32:48 +0000] "GET /2026/07/28/pincos-successful-expansion-into-international-markets-bir-onlayn-kazino-baglantisi-18/ HTTP/1.1" 200 15502 "-" "Mozilla/5.0 (Windows NT 10.0; Win64; x64) AppleWebKit/537.36 (KHTML, like Gecko) Chrome/120.0.0.0 Safari/537.36"
207.248.2.121 - - [29/Jul/2026:01:32:50 +0000] "POST /wp-json/rankmath/v1/updateMeta?_locale=user HTTP/1.1" 404 125 "-" "Mozilla/5.0 (Windows NT 10.0; Win64; x64) AppleWebKit/537.36 (KHTML, like Gecko) Chrome/120.0.0.0 Safari/537.36"
207.248.2.121 - - [29/Jul/2026:01:32:51 +0000] "POST /wp-json/wp/v2/pages/6?_locale=user HTTP/1.1" 200 4983 "-" "Mozilla/5.0 (Windows NT 10.0; Win64; x64) AppleWebKit/537.36 (KHTML, like Gecko) Chrome/120.0.0.0 Safari/537.36"
181.124.101.212 - - [29/Jul/2026:01:32:51 +0000] "GET /2026/07/28/pincos-successful-expansion-into-international-markets-bir-onlayn-kazino-baglantisi-18/ HTTP/1.1" 200 15513 "-" "Mozilla/5.0 (Windows NT 10.0; Win64; x64) AppleWebKit/537.36 (KHTML, like Gecko) Chrome/120.0.0.0 Safari/537.36"
65.1.209.187 - - [29/Jul/2026:01:32:51 +0000] "POST /wp-cron.php?doing_wp_cron=1785288771.8620491027832031250000 HTTP/1.1" 200 31 "-" "WordPress/6.7.2; https://www.trivandrumtennisclub.com"
57.141.0.46 - - [29/Jul/2026:01:32:52 +0000] "GET /member/xnzfpwmspvfmisnjo-entvamwvvzimvxlx/ HTTP/1.1" 200 17769 "-" "Mozilla/5.0 (Windows NT 10.0; Win64; x64) AppleWebKit/537.36 (KHTML, like Gecko) Chrome/145.0.0.0 Safari/537.36 (compatible; meta-externalagent/1.1 (+https://developers.facebook.com/docs/sharing/webmasters/crawler))"
207.248.2.121 - - [29/Jul/2026:01:32:54 +0000] "GET /?page_id=6 HTTP/1.1" 301 5 "-" "Mozilla/5.0 (Windows NT 10.0; Win64; x64) AppleWebKit/537.36 (KHTML, like Gecko) Chrome/120.0.0.0 Safari/537.36"
207.248.2.121 - - [29/Jul/2026:01:32:54 +0000] "GET / HTTP/1.1" 200 17695 "-" "Mozilla/5.0 (Windows NT 10.0; Win64; x64) AppleWebKit/537.36 (KHTML, like Gecko) Chrome/120.0.0.0 Safari/537.36"
181.124.101.212 - - [29/Jul/2026:01:32:55 +0000] "GET /2026/07/28/pincos-successful-expansion-into-international-markets-bir-onlayn-kazino-baglantisi-18/ HTTP/1.1" 200 15499 "-" "Mozilla/5.0 (Windows NT 10.0; Win64; x64) AppleWebKit/537.36 (KHTML, like Gecko) Chrome/120.0.0.0 Safari/537.36"
65.1.209.187 - - [29/Jul/2026:01:32:56 +0000] "POST /wp-cron.php?doing_wp_cron=1785288776.6061429977416992187500 HTTP/1.1" 200 31 "-" "WordPress/6.9; https://www.drjunior.in"
181.124.101.212 - - [29/Jul/2026:01:32:56 +0000] "POST /wp-json/wp/v2/posts HTTP/1.1" 201 21077 "-" "Mozilla/5.0 (Windows NT 10.0; Win64; x64) AppleWebKit/537.36 (KHTML, like Gecko) Chrome/120.0.0.0 Safari/537.36"
181.124.101.212 - - [29/Jul/2026:01:32:57 +0000] "GET /2026/07/28/pincos-successful-expansion-into-international-markets-bir-onlayn-kazino-baglantisi-19/ HTTP/1.1" 200 15487 "-" "Mozilla/5.0 (Windows NT 10.0; Win64; x64) AppleWebKit/537.36 (KHTML, like Gecko) Chrome/120.0.0.0 Safari/537.36"
207.248.2.121 - - [29/Jul/2026:01:32:58 +0000] "GET /?page_id=6 HTTP/1.1" 301 5 "-" "Mozilla/5.0 (Windows NT 10.0; Win64; x64) AppleWebKit/537.36 (KHTML, like Gecko) Chrome/120.0.0.0 Safari/537.36"
207.248.2.121 - - [29/Jul/2026:01:33:00 +0000] "GET / HTTP/1.1" 200 17704 "-" "Mozilla/5.0 (Windows NT 10.0; Win64; x64) AppleWebKit/537.36 (KHTML, like Gecko) Chrome/120.0.0.0 Safari/537.36"
181.124.101.212 - - [29/Jul/2026:01:33:00 +0000] "GET /2026/07/28/pincos-successful-expansion-into-international-markets-bir-onlayn-kazino-baglantisi-19/ HTTP/1.1" 200 15500 "-" "Mozilla/5.0 (Windows NT 10.0; Win64; x64) AppleWebKit/537.36 (KHTML, like Gecko) Chrome/120.0.0.0 Safari/537.36"
207.248.2.121 - - [29/Jul/2026:01:33:03 +0000] "GET /?page_id=6 HTTP/1.1" 301 5 "-" "Mozilla/5.0 (Windows NT 10.0; Win64; x64) AppleWebKit/537.36 (KHTML, like Gecko) Chrome/120.0.0.0 Safari/537.36"
181.124.101.212 - - [29/Jul/2026:01:33:04 +0000] "GET /2026/07/28/pincos-successful-expansion-into-international-markets-bir-onlayn-kazino-baglantisi-19/ HTTP/1.1" 200 15496 "-" "Mozilla/5.0 (Windows NT 10.0; Win64; x64) AppleWebKit/537.36 (KHTML, like Gecko) Chrome/120.0.0.0 Safari/537.36"
207.248.2.121 - - [29/Jul/2026:01:33:05 +0000] "GET / HTTP/1.1" 200 17697 "-" "Mozilla/5.0 (Windows NT 10.0; Win64; x64) AppleWebKit/537.36 (KHTML, like Gecko) Chrome/120.0.0.0 Safari/537.36"
181.124.101.212 - - [29/Jul/2026:01:33:05 +0000] "GET /wp-admin/post-new.php HTTP/1.1" 200 79125 "-" "Mozilla/5.0 (Windows NT 10.0; Win64; x64) AppleWebKit/537.36 (KHTML, like Gecko) Chrome/120.0.0.0 Safari/537.36"
65.1.209.187 - - [29/Jul/2026:01:33:08 +0000] "POST /wp-cron.php?doing_wp_cron=1785288788.0849208831787109375000 HTTP/1.1" 200 31 "-" "WordPress/6.9; https://www.drjunior.in"
181.124.101.212 - - [29/Jul/2026:01:33:08 +0000] "POST /wp-admin/post.php HTTP/1.1" 302 5 "-" "Mozilla/5.0 (Windows NT 10.0; Win64; x64) AppleWebKit/537.36 (KHTML, like Gecko) Chrome/120.0.0.0 Safari/537.36"
181.124.101.212 - - [29/Jul/2026:01:33:09 +0000] "GET /wp-admin/post.php?post=1316&action=edit&message=1 HTTP/1.1" 200 83613 "-" "Mozilla/5.0 (Windows NT 10.0; Win64; x64) AppleWebKit/537.36 (KHTML, like Gecko) Chrome/120.0.0.0 Safari/537.36"
186.148.178.54 - - [29/Jul/2026:01:33:09 +0000] "GET / HTTP/1.1" 200 15852 "-" "Mozilla/5.0 (Windows NT 10.0; Win64; x64) AppleWebKit/537.36 (KHTML, like Gecko) Chrome/120.0.0.0 Safari/537.36"
186.148.178.54 - - [29/Jul/2026:01:33:10 +0000] "GET /wp-login.php HTTP/1.1" 200 2040 "-" "Mozilla/5.0 (Windows NT 10.0; Win64; x64) AppleWebKit/537.36 (KHTML, like Gecko) Chrome/120.0.0.0 Safari/537.36"
186.148.178.54 - - [29/Jul/2026:01:33:12 +0000] "POST /wp-login.php HTTP/1.1" 302 5 "https://www.drjunior.in/wp-login.php" "Mozilla/5.0 (Windows NT 10.0; Win64; x64) AppleWebKit/537.36 (KHTML, like Gecko) Chrome/120.0.0.0 Safari/537.36"
51.36.219.223 - - [29/Jul/2026:01:33:13 +0000] "GET /?p=1316 HTTP/1.1" 301 5 "-" "Mozilla/5.0 (Windows NT 10.0; Win64; x64) AppleWebKit/537.36 (KHTML, like Gecko) Chrome/120.0.0.0 Safari/537.36"
51.36.219.223 - - [29/Jul/2026:01:33:13 +0000] "GET /2026/07/29/pincos-successful-expansion-into-international-markets-bir-onlayn-kazino-baglantisi-20/ HTTP/1.1" 200 15508 "-" "Mozilla/5.0 (Windows NT 10.0; Win64; x64) AppleWebKit/537.36 (KHTML, like Gecko) Chrome/120.0.0.0 Safari/537.36"
186.148.178.54 - - [29/Jul/2026:01:33:14 +0000] "GET /wp-admin/ HTTP/1.1" 200 24214 "https://www.drjunior.in/wp-login.php" "Mozilla/5.0 (Windows NT 10.0; Win64; x64) AppleWebKit/537.36 (KHTML, like Gecko) Chrome/120.0.0.0 Safari/537.36"
51.36.219.223 - - [29/Jul/2026:01:33:17 +0000] "GET /?p=1316 HTTP/1.1" 301 5 "-" "Mozilla/5.0 (Windows NT 10.0; Win64; x64) AppleWebKit/537.36 (KHTML, like Gecko) Chrome/120.0.0.0 Safari/537.36"
51.36.219.223 - - [29/Jul/2026:01:33:18 +0000] "GET /2026/07/29/pincos-successful-expansion-into-international-markets-bir-onlayn-kazino-baglantisi-20/ HTTP/1.1" 200 15500 "-" "Mozilla/5.0 (Windows NT 10.0; Win64; x64) AppleWebKit/537.36 (KHTML, like Gecko) Chrome/120.0.0.0 Safari/537.36"
201.216.70.98 - - [29/Jul/2026:01:33:18 +0000] "GET /wp-admin/ HTTP/1.1" 200 24213 "-" "Mozilla/5.0 (Windows NT 10.0; Win64; x64) AppleWebKit/537.36 (KHTML, like Gecko) Chrome/120.0.0.0 Safari/537.36"
201.216.70.98 - - [29/Jul/2026:01:33:20 +0000] "GET /wp-admin/post-new.php HTTP/1.1" 200 79115 "-" "Mozilla/5.0 (Windows NT 10.0; Win64; x64) AppleWebKit/537.36 (KHTML, like Gecko) Chrome/120.0.0.0 Safari/537.36"
51.36.219.223 - - [29/Jul/2026:01:33:21 +0000] "GET /?p=1316 HTTP/1.1" 301 5 "-" "Mozilla/5.0 (Windows NT 10.0; Win64; x64) AppleWebKit/537.36 (KHTML, like Gecko) Chrome/120.0.0.0 Safari/537.36"
51.36.219.223 - - [29/Jul/2026:01:33:22 +0000] "GET /2026/07/29/pincos-successful-expansion-into-international-markets-bir-onlayn-kazino-baglantisi-20/ HTTP/1.1" 200 15509 "-" "Mozilla/5.0 (Windows NT 10.0; Win64; x64) AppleWebKit/537.36 (KHTML, like Gecko) Chrome/120.0.0.0 Safari/537.36"
201.216.70.98 - - [29/Jul/2026:01:33:22 +0000] "POST /xmlrpc.php HTTP/1.1" 200 661 "-" "WordPress/5.0; https://www.drjunior.in"
201.216.70.98 - - [29/Jul/2026:01:33:23 +0000] "GET /wp-admin/admin-ajax.php?action=rest-nonce HTTP/1.1" 200 41 "-" "Mozilla/5.0 (Windows NT 10.0; Win64; x64) AppleWebKit/537.36 (KHTML, like Gecko) Chrome/120.0.0.0 Safari/537.36"
201.216.70.98 - - [29/Jul/2026:01:33:24 +0000] "GET /wp-json/wp/v2/plugins HTTP/1.1" 200 3380 "-" "Mozilla/5.0 (Windows NT 10.0; Win64; x64) AppleWebKit/537.36 (KHTML, like Gecko) Chrome/120.0.0.0 Safari/537.36"
201.216.70.98 - - [29/Jul/2026:01:33:26 +0000] "GET / HTTP/1.1" 200 17691 "-" "Mozilla/5.0 (Windows NT 10.0; Win64; x64) AppleWebKit/537.36 (KHTML, like Gecko) Chrome/120.0.0.0 Safari/537.36"
201.216.70.98 - - [29/Jul/2026:01:33:29 +0000] "GET /wp-json/wp/v2/settings HTTP/1.1" 200 453 "-" "Mozilla/5.0 (Windows NT 10.0; Win64; x64) AppleWebKit/537.36 (KHTML, like Gecko) Chrome/120.0.0.0 Safari/537.36"
201.216.70.98 - - [29/Jul/2026:01:33:30 +0000] "GET /wp-json/wp/v2/pages/6 HTTP/1.1" 200 3177 "-" "Mozilla/5.0 (Windows NT 10.0; Win64; x64) AppleWebKit/537.36 (KHTML, like Gecko) Chrome/120.0.0.0 Safari/537.36"
186.7.32.41 - - [29/Jul/2026:01:33:31 +0000] "GET / HTTP/1.1" 200 15844 "-" "Mozilla/5.0 (Windows NT 10.0; Win64; x64) AppleWebKit/537.36 (KHTML, like Gecko) Chrome/120.0.0.0 Safari/537.36"
201.216.70.98 - - [29/Jul/2026:01:33:31 +0000] "POST /xmlrpc.php HTTP/1.1" 200 189 "-" "Mozilla/5.0 (Windows NT 10.0; Win64; x64) AppleWebKit/537.36 (KHTML, like Gecko) Chrome/120.0.0.0 Safari/537.36"
186.7.32.41 - - [29/Jul/2026:01:33:32 +0000] "GET /wp-login.php HTTP/1.1" 200 2039 "-" "Mozilla/5.0 (Windows NT 10.0; Win64; x64) AppleWebKit/537.36 (KHTML, like Gecko) Chrome/120.0.0.0 Safari/537.36"
186.7.32.41 - - [29/Jul/2026:01:33:33 +0000] "POST /wp-login.php HTTP/1.1" 302 5 "https://www.drjunior.in/wp-login.php" "Mozilla/5.0 (Windows NT 10.0; Win64; x64) AppleWebKit/537.36 (KHTML, like Gecko) Chrome/120.0.0.0 Safari/537.36"
201.216.70.98 - - [29/Jul/2026:01:33:34 +0000] "GET /?page_id=6 HTTP/1.1" 301 5 "-" "Mozilla/5.0 (Windows NT 10.0; Win64; x64) AppleWebKit/537.36 (KHTML, like Gecko) Chrome/120.0.0.0 Safari/537.36"
186.7.32.41 - - [29/Jul/2026:01:33:34 +0000] "GET /wp-admin/ HTTP/1.1" 200 24213 "https://www.drjunior.in/wp-login.php" "Mozilla/5.0 (Windows NT 10.0; Win64; x64) AppleWebKit/537.36 (KHTML, like Gecko) Chrome/120.0.0.0 Safari/537.36"
201.216.70.98 - - [29/Jul/2026:01:33:35 +0000] "GET / HTTP/1.1" 200 17691 "-" "Mozilla/5.0 (Windows NT 10.0; Win64; x64) AppleWebKit/537.36 (KHTML, like Gecko) Chrome/120.0.0.0 Safari/537.36"
186.7.32.41 - - [29/Jul/2026:01:33:36 +0000] "GET /wp-admin/ HTTP/1.1" 200 24214 "-" "Mozilla/5.0 (Windows NT 10.0; Win64; x64) AppleWebKit/537.36 (KHTML, like Gecko) Chrome/120.0.0.0 Safari/537.36"
201.216.70.98 - - [29/Jul/2026:01:33:39 +0000] "GET /?page_id=6 HTTP/1.1" 301 5 "-" "Mozilla/5.0 (Windows NT 10.0; Win64; x64) AppleWebKit/537.36 (KHTML, like Gecko) Chrome/120.0.0.0 Safari/537.36"
186.7.32.41 - - [29/Jul/2026:01:33:39 +0000] "GET /wp-admin/post-new.php HTTP/1.1" 200 79132 "-" "Mozilla/5.0 (Windows NT 10.0; Win64; x64) AppleWebKit/537.36 (KHTML, like Gecko) Chrome/120.0.0.0 Safari/537.36"
201.216.70.98 - - [29/Jul/2026:01:33:40 +0000] "GET / HTTP/1.1" 200 17695 "-" "Mozilla/5.0 (Windows NT 10.0; Win64; x64) AppleWebKit/537.36 (KHTML, like Gecko) Chrome/120.0.0.0 Safari/537.36"
186.7.32.41 - - [29/Jul/2026:01:33:42 +0000] "POST /xmlrpc.php HTTP/1.1" 200 661 "-" "WordPress/5.0; https://www.drjunior.in"
186.7.32.41 - - [29/Jul/2026:01:33:43 +0000] "GET /wp-admin/admin-ajax.php?action=rest-nonce HTTP/1.1" 200 41 "-" "Mozilla/5.0 (Windows NT 10.0; Win64; x64) AppleWebKit/537.36 (KHTML, like Gecko) Chrome/120.0.0.0 Safari/537.36"
201.216.70.98 - - [29/Jul/2026:01:33:43 +0000] "GET /?page_id=6 HTTP/1.1" 301 5 "-" "Mozilla/5.0 (Windows NT 10.0; Win64; x64) AppleWebKit/537.36 (KHTML, like Gecko) Chrome/120.0.0.0 Safari/537.36"
65.1.209.187 - - [29/Jul/2026:01:33:44 +0000] "POST /wp-cron.php?doing_wp_cron=1785288824.8340740203857421875000 HTTP/1.1" 200 31 "-" "WordPress/6.9; https://www.drjunior.in"
186.7.32.41 - - [29/Jul/2026:01:33:44 +0000] "POST /xmlrpc.php HTTP/1.1" 200 190 "-" "Mozilla/5.0 (Windows NT 10.0; Win64; x64) AppleWebKit/537.36 (KHTML, like Gecko) Chrome/120.0.0.0 Safari/537.36"
201.216.70.98 - - [29/Jul/2026:01:33:45 +0000] "GET / HTTP/1.1" 200 17702 "-" "Mozilla/5.0 (Windows NT 10.0; Win64; x64) AppleWebKit/537.36 (KHTML, like Gecko) Chrome/120.0.0.0 Safari/537.36"
186.7.32.41 - - [29/Jul/2026:01:33:45 +0000] "GET /?p=1321 HTTP/1.1" 301 5 "-" "Mozilla/5.0 (Windows NT 10.0; Win64; x64) AppleWebKit/537.36 (KHTML, like Gecko) Chrome/120.0.0.0 Safari/537.36"
186.7.32.41 - - [29/Jul/2026:01:33:46 +0000] "GET /2026/07/28/kak-skachat-pin-ap-ofitsialnyi-sait-stavok-na-sport-i-bukmekerskie-vozmozhnosti/ HTTP/1.1" 200 15661 "-" "Mozilla/5.0 (Windows NT 10.0; Win64; x64) AppleWebKit/537.36 (KHTML, like Gecko) Chrome/120.0.0.0 Safari/537.36"
201.216.70.98 - - [29/Jul/2026:01:33:46 +0000] "POST /wp-json/wp/v2/pages/6 HTTP/1.1" 200 5407 "-" "Mozilla/5.0 (Windows NT 10.0; Win64; x64) AppleWebKit/537.36 (KHTML, like Gecko) Chrome/120.0.0.0 Safari/537.36"
186.7.32.41 - - [29/Jul/2026:01:33:50 +0000] "GET /?p=1321 HTTP/1.1" 301 5 "-" "Mozilla/5.0 (Windows NT 10.0; Win64; x64) AppleWebKit/537.36 (KHTML, like Gecko) Chrome/120.0.0.0 Safari/537.36"
201.216.70.98 - - [29/Jul/2026:01:33:50 +0000] "GET /?page_id=6 HTTP/1.1" 301 5 "-" "Mozilla/5.0 (Windows NT 10.0; Win64; x64) AppleWebKit/537.36 (KHTML, like Gecko) Chrome/120.0.0.0 Safari/537.36"
201.216.70.98 - - [29/Jul/2026:01:33:51 +0000] "GET / HTTP/1.1" 200 17702 "-" "Mozilla/5.0 (Windows NT 10.0; Win64; x64) AppleWebKit/537.36 (KHTML, like Gecko) Chrome/120.0.0.0 Safari/537.36"
186.7.32.41 - - [29/Jul/2026:01:33:51 +0000] "GET /2026/07/28/kak-skachat-pin-ap-ofitsialnyi-sait-stavok-na-sport-i-bukmekerskie-vozmozhnosti/ HTTP/1.1" 200 15674 "-" "Mozilla/5.0 (Windows NT 10.0; Win64; x64) AppleWebKit/537.36 (KHTML, like Gecko) Chrome/120.0.0.0 Safari/537.36"
186.7.32.41 - - [29/Jul/2026:01:33:54 +0000] "GET /?p=1321 HTTP/1.1" 301 5 "-" "Mozilla/5.0 (Windows NT 10.0; Win64; x64) AppleWebKit/537.36 (KHTML, like Gecko) Chrome/120.0.0.0 Safari/537.36"
201.216.70.98 - - [29/Jul/2026:01:33:55 +0000] "GET /?page_id=6 HTTP/1.1" 301 5 "-" "Mozilla/5.0 (Windows NT 10.0; Win64; x64) AppleWebKit/537.36 (KHTML, like Gecko) Chrome/120.0.0.0 Safari/537.36"
186.7.32.41 - - [29/Jul/2026:01:33:56 +0000] "GET /2026/07/28/kak-skachat-pin-ap-ofitsialnyi-sait-stavok-na-sport-i-bukmekerskie-vozmozhnosti/ HTTP/1.1" 200 15668 "-" "Mozilla/5.0 (Windows NT 10.0; Win64; x64) AppleWebKit/537.36 (KHTML, like Gecko) Chrome/120.0.0.0 Safari/537.36"
201.216.70.98 - - [29/Jul/2026:01:33:56 +0000] "GET / HTTP/1.1" 200 17698 "-" "Mozilla/5.0 (Windows NT 10.0; Win64; x64) AppleWebKit/537.36 (KHTML, like Gecko) Chrome/120.0.0.0 Safari/537.36"
65.1.209.187 - - [29/Jul/2026:01:33:59 +0000] "POST /wp-cron.php?doing_wp_cron=1785288839.7373709678649902343750 HTTP/1.1" 200 31 "-" "WordPress/6.9; https://www.drjunior.in"
92.176.77.90 - - [29/Jul/2026:01:33:59 +0000] "POST /wp-json/wp/v2/posts HTTP/1.1" 201 51485 "-" "Mozilla/5.0 (Windows NT 10.0; Win64; x64) AppleWebKit/537.36 (KHTML, like Gecko) Chrome/120.0.0.0 Safari/537.36"
201.216.70.98 - - [29/Jul/2026:01:34:00 +0000] "GET /?page_id=6 HTTP/1.1" 301 5 "-" "Mozilla/5.0 (Windows NT 10.0; Win64; x64) AppleWebKit/537.36 (KHTML, like Gecko) Chrome/120.0.0.0 Safari/537.36"
92.176.77.90 - - [29/Jul/2026:01:34:01 +0000] "GET /2026/07/28/kak-skachat-pin-ap-ofitsialnyi-sait-stavok-na-sport-i-bukmekerskie-vozmozhnosti-2/ HTTP/1.1" 200 15666 "-" "Mozilla/5.0 (Windows NT 10.0; Win64; x64) AppleWebKit/537.36 (KHTML, like Gecko) Chrome/120.0.0.0 Safari/537.36"
201.216.70.98 - - [29/Jul/2026:01:34:02 +0000] "GET / HTTP/1.1" 200 17701 "-" "Mozilla/5.0 (Windows NT 10.0; Win64; x64) AppleWebKit/537.36 (KHTML, like Gecko) Chrome/120.0.0.0 Safari/537.36"
65.1.209.187 - - [29/Jul/2026:01:34:03 +0000] "POST /wp-cron.php?doing_wp_cron=1785288843.1653299331665039062500 HTTP/1.1" 200 31 "-" "WordPress/6.7.2; https://www.trivandrumtennisclub.com"
57.141.0.67 - - [29/Jul/2026:01:34:03 +0000] "GET /category/news/ HTTP/1.1" 200 16874 "-" "Mozilla/5.0 (Macintosh; Intel Mac OS X 10_15_7) AppleWebKit/537.36 (KHTML, like Gecko) Chrome/145.0.0.0 Safari/537.36 (compatible; meta-externalagent/1.1 (+https://developers.facebook.com/docs/sharing/webmasters/crawler))"
92.176.77.90 - - [29/Jul/2026:01:34:04 +0000] "GET /2026/07/28/kak-skachat-pin-ap-ofitsialnyi-sait-stavok-na-sport-i-bukmekerskie-vozmozhnosti-2/ HTTP/1.1" 200 15680 "-" "Mozilla/5.0 (Windows NT 10.0; Win64; x64) AppleWebKit/537.36 (KHTML, like Gecko) Chrome/120.0.0.0 Safari/537.36"
57.141.0.14 - - [29/Jul/2026:01:34:04 +0000] "GET /wp-content/themes/ttc/images/instagram.png HTTP/1.1" 200 1957 "https://www.trivandrumtennisclub.com/category/news/" "Mozilla/5.0 (Macintosh; Intel Mac OS X 10_15_7) AppleWebKit/537.36 (KHTML, like Gecko) Chrome/145.0.0.0 Safari/537.36 (compatible; meta-externalagent/1.1 (+https://developers.facebook.com/docs/sharing/webmasters/crawler))"
201.216.70.98 - - [29/Jul/2026:01:34:04 +0000] "POST /wp-json/rankmath/v1/updateMeta?_locale=user HTTP/1.1" 404 125 "-" "Mozilla/5.0 (Windows NT 10.0; Win64; x64) AppleWebKit/537.36 (KHTML, like Gecko) Chrome/120.0.0.0 Safari/537.36"
57.141.0.32 - - [29/Jul/2026:01:34:04 +0000] "GET /wp-content/themes/ttc/images/facebook.png HTTP/1.1" 200 1848 "https://www.trivandrumtennisclub.com/category/news/" "Mozilla/5.0 (Macintosh; Intel Mac OS X 10_15_7) AppleWebKit/537.36 (KHTML, like Gecko) Chrome/145.0.0.0 Safari/537.36 (compatible; meta-externalagent/1.1 (+https://developers.facebook.com/docs/sharing/webmasters/crawler))"
201.216.70.98 - - [29/Jul/2026:01:34:06 +0000] "POST /wp-json/wp/v2/pages/6?_locale=user HTTP/1.1" 200 5407 "-" "Mozilla/5.0 (Windows NT 10.0; Win64; x64) AppleWebKit/537.36 (KHTML, like Gecko) Chrome/120.0.0.0 Safari/537.36"
57.141.0.7 - - [29/Jul/2026:01:34:06 +0000] "GET /wp-content/themes/ttc/images/linkedin.png HTTP/1.1" 200 1917 "https://www.trivandrumtennisclub.com/category/news/" "Mozilla/5.0 (Macintosh; Intel Mac OS X 10_15_7) AppleWebKit/537.36 (KHTML, like Gecko) Chrome/145.0.0.0 Safari/537.36 (compatible; meta-externalagent/1.1 (+https://developers.facebook.com/docs/sharing/webmasters/crawler))"
57.141.0.43 - - [29/Jul/2026:01:34:07 +0000] "GET /wp-content/themes/ttc/images/bottom-logo-text.png HTTP/1.1" 200 21668 "https://www.trivandrumtennisclub.com/category/news/" "Mozilla/5.0 (Macintosh; Intel Mac OS X 10_15_7) AppleWebKit/537.36 (KHTML, like Gecko) Chrome/145.0.0.0 Safari/537.36 (compatible; meta-externalagent/1.1 (+https://developers.facebook.com/docs/sharing/webmasters/crawler))"
92.176.77.90 - - [29/Jul/2026:01:34:07 +0000] "GET /2026/07/28/kak-skachat-pin-ap-ofitsialnyi-sait-stavok-na-sport-i-bukmekerskie-vozmozhnosti-2/ HTTP/1.1" 200 15666 "-" "Mozilla/5.0 (Windows NT 10.0; Win64; x64) AppleWebKit/537.36 (KHTML, like Gecko) Chrome/120.0.0.0 Safari/537.36"
57.141.0.29 - - [29/Jul/2026:01:34:08 +0000] "GET /wp-content/themes/ttc/images/affiliate.png HTTP/1.1" 200 413268 "https://www.trivandrumtennisclub.com/category/news/" "Mozilla/5.0 (Macintosh; Intel Mac OS X 10_15_7) AppleWebKit/537.36 (KHTML, like Gecko) Chrome/145.0.0.0 Safari/537.36 (compatible; meta-externalagent/1.1 (+https://developers.facebook.com/docs/sharing/webmasters/crawler))"
92.176.77.90 - - [29/Jul/2026:01:34:09 +0000] "GET /wp-admin/post-new.php HTTP/1.1" 200 79132 "-" "Mozilla/5.0 (Windows NT 10.0; Win64; x64) AppleWebKit/537.36 (KHTML, like Gecko) Chrome/120.0.0.0 Safari/537.36"
201.216.70.98 - - [29/Jul/2026:01:34:09 +0000] "GET /?page_id=6 HTTP/1.1" 301 5 "-" "Mozilla/5.0 (Windows NT 10.0; Win64; x64) AppleWebKit/537.36 (KHTML, like Gecko) Chrome/120.0.0.0 Safari/537.36"
57.141.0.52 - - [29/Jul/2026:01:34:10 +0000] "GET /wp-content/themes/ttc/images/humberg.png HTTP/1.1" 200 130 "https://www.trivandrumtennisclub.com/wp-content/themes/ttc/css/styles.css?ver=6.7.2" "Mozilla/5.0 (Macintosh; Intel Mac OS X 10_15_7) AppleWebKit/537.36 (KHTML, like Gecko) Chrome/145.0.0.0 Safari/537.36 (compatible; meta-externalagent/1.1 (+https://developers.facebook.com/docs/sharing/webmasters/crawler))"
201.216.70.98 - - [29/Jul/2026:01:34:10 +0000] "GET / HTTP/1.1" 200 17695 "-" "Mozilla/5.0 (Windows NT 10.0; Win64; x64) AppleWebKit/537.36 (KHTML, like Gecko) Chrome/120.0.0.0 Safari/537.36"
65.1.209.187 - - [29/Jul/2026:01:34:11 +0000] "POST /wp-cron.php?doing_wp_cron=1785288851.1754679679870605468750 HTTP/1.1" 200 31 "-" "WordPress/6.9; https://www.drjunior.in"
