159.146.91.194 - - [29/Jul/2026:01:00:36 +0000] "GET /2026/07/28/i-benefici-dei-programmi-di-fedelta-nei-siti-casino-non-aams-3/ HTTP/1.1" 200 15376 "-" "Mozilla/5.0 (Windows NT 10.0; Win64; x64) AppleWebKit/537.36 (KHTML, like Gecko) Chrome/120.0.0.0 Safari/537.36"
159.146.91.194 - - [29/Jul/2026:01:00:39 +0000] "GET /wp-admin/post-new.php HTTP/1.1" 200 79122 "-" "Mozilla/5.0 (Windows NT 10.0; Win64; x64) AppleWebKit/537.36 (KHTML, like Gecko) Chrome/120.0.0.0 Safari/537.36"
65.1.209.187 - - [29/Jul/2026:01:00:42 +0000] "POST /wp-cron.php?doing_wp_cron=1785286842.7336199283599853515625 HTTP/1.1" 200 31 "-" "WordPress/6.9; https://www.drjunior.in"
159.146.91.194 - - [29/Jul/2026:01:00:42 +0000] "POST /wp-admin/post.php HTTP/1.1" 302 5 "-" "Mozilla/5.0 (Windows NT 10.0; Win64; x64) AppleWebKit/537.36 (KHTML, like Gecko) Chrome/120.0.0.0 Safari/537.36"
159.146.91.194 - - [29/Jul/2026:01:00:44 +0000] "GET /wp-admin/post.php?post=1142&action=edit&message=1 HTTP/1.1" 200 82501 "-" "Mozilla/5.0 (Windows NT 10.0; Win64; x64) AppleWebKit/537.36 (KHTML, like Gecko) Chrome/120.0.0.0 Safari/537.36"
167.60.132.242 - - [29/Jul/2026:01:00:48 +0000] "GET /?p=1142 HTTP/1.1" 301 5 "-" "Mozilla/5.0 (Windows NT 10.0; Win64; x64) AppleWebKit/537.36 (KHTML, like Gecko) Chrome/120.0.0.0 Safari/537.36"
167.60.132.242 - - [29/Jul/2026:01:00:50 +0000] "GET /2026/07/29/i-benefici-dei-programmi-di-fedelta-nei-siti-casino-non-aams-4/ HTTP/1.1" 200 15382 "-" "Mozilla/5.0 (Windows NT 10.0; Win64; x64) AppleWebKit/537.36 (KHTML, like Gecko) Chrome/120.0.0.0 Safari/537.36"
167.60.132.242 - - [29/Jul/2026:01:00:54 +0000] "GET /?p=1142 HTTP/1.1" 301 5 "-" "Mozilla/5.0 (Windows NT 10.0; Win64; x64) AppleWebKit/537.36 (KHTML, like Gecko) Chrome/120.0.0.0 Safari/537.36"
71.6.134.204 - - [29/Jul/2026:01:00:54 +0000] "GET / HTTP/1.1" 444 0 "-" "Mozilla/5.0 (Windows NT 10.0; Win64; x64) AppleWebKit/537.36 (KHTML, like Gecko) Chrome/133.0.0.0 Safari/537.36"
167.60.132.242 - - [29/Jul/2026:01:00:56 +0000] "GET /2026/07/29/i-benefici-dei-programmi-di-fedelta-nei-siti-casino-non-aams-4/ HTTP/1.1" 200 15376 "-" "Mozilla/5.0 (Windows NT 10.0; Win64; x64) AppleWebKit/537.36 (KHTML, like Gecko) Chrome/120.0.0.0 Safari/537.36"
167.60.132.242 - - [29/Jul/2026:01:01:00 +0000] "GET /?p=1142 HTTP/1.1" 301 5 "-" "Mozilla/5.0 (Windows NT 10.0; Win64; x64) AppleWebKit/537.36 (KHTML, like Gecko) Chrome/120.0.0.0 Safari/537.36"
167.60.132.242 - - [29/Jul/2026:01:01:02 +0000] "GET /2026/07/29/i-benefici-dei-programmi-di-fedelta-nei-siti-casino-non-aams-4/ HTTP/1.1" 200 15382 "-" "Mozilla/5.0 (Windows NT 10.0; Win64; x64) AppleWebKit/537.36 (KHTML, like Gecko) Chrome/120.0.0.0 Safari/537.36"
38.121.220.14 - - [29/Jul/2026:01:01:08 +0000] "GET / HTTP/1.1" 200 15854 "-" "Mozilla/5.0 (Windows NT 10.0; Win64; x64) AppleWebKit/537.36 (KHTML, like Gecko) Chrome/120.0.0.0 Safari/537.36"
38.121.220.14 - - [29/Jul/2026:01:01:10 +0000] "GET /wp-login.php HTTP/1.1" 200 2039 "-" "Mozilla/5.0 (Windows NT 10.0; Win64; x64) AppleWebKit/537.36 (KHTML, like Gecko) Chrome/120.0.0.0 Safari/537.36"
38.121.220.14 - - [29/Jul/2026:01:01:12 +0000] "POST /wp-login.php HTTP/1.1" 302 5 "https://www.drjunior.in/wp-login.php" "Mozilla/5.0 (Windows NT 10.0; Win64; x64) AppleWebKit/537.36 (KHTML, like Gecko) Chrome/120.0.0.0 Safari/537.36"
38.121.220.14 - - [29/Jul/2026:01:01:14 +0000] "GET /wp-admin/ HTTP/1.1" 200 24230 "https://www.drjunior.in/wp-login.php" "Mozilla/5.0 (Windows NT 10.0; Win64; x64) AppleWebKit/537.36 (KHTML, like Gecko) Chrome/120.0.0.0 Safari/537.36"
5.91.118.219 - - [29/Jul/2026:01:01:18 +0000] "GET /wp-admin/ HTTP/1.1" 200 24229 "-" "Mozilla/5.0 (Windows NT 10.0; Win64; x64) AppleWebKit/537.36 (KHTML, like Gecko) Chrome/120.0.0.0 Safari/537.36"
5.91.118.219 - - [29/Jul/2026:01:01:20 +0000] "GET /wp-admin/post-new.php HTTP/1.1" 200 79119 "-" "Mozilla/5.0 (Windows NT 10.0; Win64; x64) AppleWebKit/537.36 (KHTML, like Gecko) Chrome/120.0.0.0 Safari/537.36"
5.91.118.219 - - [29/Jul/2026:01:01:22 +0000] "POST /xmlrpc.php HTTP/1.1" 200 661 "-" "WordPress/5.0; https://www.drjunior.in"
5.91.118.219 - - [29/Jul/2026:01:01:23 +0000] "GET /wp-admin/admin-ajax.php?action=rest-nonce HTTP/1.1" 200 41 "-" "Mozilla/5.0 (Windows NT 10.0; Win64; x64) AppleWebKit/537.36 (KHTML, like Gecko) Chrome/120.0.0.0 Safari/537.36"
65.1.209.187 - - [29/Jul/2026:01:01:25 +0000] "POST /wp-cron.php?doing_wp_cron=1785286885.0307159423828125000000 HTTP/1.1" 200 31 "-" "WordPress/6.9; https://www.drjunior.in"
5.91.118.219 - - [29/Jul/2026:01:01:25 +0000] "POST /xmlrpc.php HTTP/1.1" 200 190 "-" "Mozilla/5.0 (Windows NT 10.0; Win64; x64) AppleWebKit/537.36 (KHTML, like Gecko) Chrome/120.0.0.0 Safari/537.36"
5.91.118.219 - - [29/Jul/2026:01:01:26 +0000] "GET /?p=1145 HTTP/1.1" 301 5 "-" "Mozilla/5.0 (Windows NT 10.0; Win64; x64) AppleWebKit/537.36 (KHTML, like Gecko) Chrome/120.0.0.0 Safari/537.36"
5.91.118.219 - - [29/Jul/2026:01:01:27 +0000] "GET /2026/07/28/i-benefici-dei-programmi-di-fedelta-nei-siti-casino-non-aams-5/ HTTP/1.1" 200 15379 "-" "Mozilla/5.0 (Windows NT 10.0; Win64; x64) AppleWebKit/537.36 (KHTML, like Gecko) Chrome/120.0.0.0 Safari/537.36"
5.91.118.219 - - [29/Jul/2026:01:01:31 +0000] "GET /?p=1145 HTTP/1.1" 301 5 "-" "Mozilla/5.0 (Windows NT 10.0; Win64; x64) AppleWebKit/537.36 (KHTML, like Gecko) Chrome/120.0.0.0 Safari/537.36"
5.91.118.219 - - [29/Jul/2026:01:01:32 +0000] "GET /2026/07/28/i-benefici-dei-programmi-di-fedelta-nei-siti-casino-non-aams-5/ HTTP/1.1" 200 15373 "-" "Mozilla/5.0 (Windows NT 10.0; Win64; x64) AppleWebKit/537.36 (KHTML, like Gecko) Chrome/120.0.0.0 Safari/537.36"
5.91.118.219 - - [29/Jul/2026:01:01:36 +0000] "GET /?p=1145 HTTP/1.1" 301 5 "-" "Mozilla/5.0 (Windows NT 10.0; Win64; x64) AppleWebKit/537.36 (KHTML, like Gecko) Chrome/120.0.0.0 Safari/537.36"
5.91.118.219 - - [29/Jul/2026:01:01:38 +0000] "GET /2026/07/28/i-benefici-dei-programmi-di-fedelta-nei-siti-casino-non-aams-5/ HTTP/1.1" 200 15368 "-" "Mozilla/5.0 (Windows NT 10.0; Win64; x64) AppleWebKit/537.36 (KHTML, like Gecko) Chrome/120.0.0.0 Safari/537.36"
65.1.209.187 - - [29/Jul/2026:01:01:40 +0000] "POST /wp-cron.php?doing_wp_cron=1785286900.6341791152954101562500 HTTP/1.1" 200 31 "-" "WordPress/6.9; https://www.drjunior.in"
5.91.118.219 - - [29/Jul/2026:01:01:40 +0000] "POST /wp-json/wp/v2/posts HTTP/1.1" 201 14438 "-" "Mozilla/5.0 (Windows NT 10.0; Win64; x64) AppleWebKit/537.36 (KHTML, like Gecko) Chrome/120.0.0.0 Safari/537.36"
5.91.118.219 - - [29/Jul/2026:01:01:42 +0000] "GET /2026/07/28/i-benefici-dei-programmi-di-fedelta-nei-siti-casino-non-aams-6/ HTTP/1.1" 200 15371 "-" "Mozilla/5.0 (Windows NT 10.0; Win64; x64) AppleWebKit/537.36 (KHTML, like Gecko) Chrome/120.0.0.0 Safari/537.36"
5.91.118.219 - - [29/Jul/2026:01:01:46 +0000] "GET /2026/07/28/i-benefici-dei-programmi-di-fedelta-nei-siti-casino-non-aams-6/ HTTP/1.1" 200 15375 "-" "Mozilla/5.0 (Windows NT 10.0; Win64; x64) AppleWebKit/537.36 (KHTML, like Gecko) Chrome/120.0.0.0 Safari/537.36"
5.91.118.219 - - [29/Jul/2026:01:01:50 +0000] "GET /2026/07/28/i-benefici-dei-programmi-di-fedelta-nei-siti-casino-non-aams-6/ HTTP/1.1" 200 15376 "-" "Mozilla/5.0 (Windows NT 10.0; Win64; x64) AppleWebKit/537.36 (KHTML, like Gecko) Chrome/120.0.0.0 Safari/537.36"
65.1.209.187 - - [29/Jul/2026:01:01:53 +0000] "POST /wp-cron.php?doing_wp_cron=1785286913.7655630111694335937500 HTTP/1.1" 200 31 "-" "WordPress/6.9; https://www.drjunior.in"
5.91.118.219 - - [29/Jul/2026:01:01:53 +0000] "POST /wp-json/wp/v2/posts HTTP/1.1" 201 14438 "-" "Mozilla/5.0 (Windows NT 10.0; Win64; x64) AppleWebKit/537.36 (KHTML, like Gecko) Chrome/120.0.0.0 Safari/537.36"
5.91.118.219 - - [29/Jul/2026:01:01:55 +0000] "GET /2026/07/28/i-benefici-dei-programmi-di-fedelta-nei-siti-casino-non-aams-7/ HTTP/1.1" 200 15375 "-" "Mozilla/5.0 (Windows NT 10.0; Win64; x64) AppleWebKit/537.36 (KHTML, like Gecko) Chrome/120.0.0.0 Safari/537.36"
5.91.118.219 - - [29/Jul/2026:01:01:59 +0000] "GET /2026/07/28/i-benefici-dei-programmi-di-fedelta-nei-siti-casino-non-aams-7/ HTTP/1.1" 200 15381 "-" "Mozilla/5.0 (Windows NT 10.0; Win64; x64) AppleWebKit/537.36 (KHTML, like Gecko) Chrome/120.0.0.0 Safari/537.36"
5.91.118.219 - - [29/Jul/2026:01:02:03 +0000] "GET /2026/07/28/i-benefici-dei-programmi-di-fedelta-nei-siti-casino-non-aams-7/ HTTP/1.1" 200 15381 "-" "Mozilla/5.0 (Windows NT 10.0; Win64; x64) AppleWebKit/537.36 (KHTML, like Gecko) Chrome/120.0.0.0 Safari/537.36"
5.91.118.219 - - [29/Jul/2026:01:02:05 +0000] "GET /wp-admin/post-new.php HTTP/1.1" 200 79121 "-" "Mozilla/5.0 (Windows NT 10.0; Win64; x64) AppleWebKit/537.36 (KHTML, like Gecko) Chrome/120.0.0.0 Safari/537.36"
65.1.209.187 - - [29/Jul/2026:01:02:09 +0000] "POST /wp-cron.php?doing_wp_cron=1785286929.1967759132385253906250 HTTP/1.1" 200 31 "-" "WordPress/6.9; https://www.drjunior.in"
5.91.118.219 - - [29/Jul/2026:01:02:09 +0000] "POST /wp-admin/post.php HTTP/1.1" 302 5 "-" "Mozilla/5.0 (Windows NT 10.0; Win64; x64) AppleWebKit/537.36 (KHTML, like Gecko) Chrome/120.0.0.0 Safari/537.36"
5.91.118.219 - - [29/Jul/2026:01:02:10 +0000] "GET /wp-admin/post.php?post=1149&action=edit&message=1 HTTP/1.1" 200 82499 "-" "Mozilla/5.0 (Windows NT 10.0; Win64; x64) AppleWebKit/537.36 (KHTML, like Gecko) Chrome/120.0.0.0 Safari/537.36"
104.23.239.48 - - [29/Jul/2026:01:02:15 +0000] "GET /wp-admin/install.php?step=1 HTTP/1.1" 301 178 "-" "http://drjunior.in/wp-admin/install.php?step=1"
104.23.239.48 - - [29/Jul/2026:01:02:15 +0000] "GET /wp-admin/install.php?step=1 HTTP/1.1" 200 528 "-" "http://drjunior.in/wp-admin/install.php?step=1"
181.10.77.252 - - [29/Jul/2026:01:02:15 +0000] "GET /?p=1149 HTTP/1.1" 301 5 "-" "Mozilla/5.0 (Windows NT 10.0; Win64; x64) AppleWebKit/537.36 (KHTML, like Gecko) Chrome/120.0.0.0 Safari/537.36"
181.10.77.252 - - [29/Jul/2026:01:02:17 +0000] "GET /2026/07/29/i-benefici-dei-programmi-di-fedelta-nei-siti-casino-non-aams-8/ HTTP/1.1" 200 15370 "-" "Mozilla/5.0 (Windows NT 10.0; Win64; x64) AppleWebKit/537.36 (KHTML, like Gecko) Chrome/120.0.0.0 Safari/537.36"
181.10.77.252 - - [29/Jul/2026:01:02:22 +0000] "GET /?p=1149 HTTP/1.1" 301 5 "-" "Mozilla/5.0 (Windows NT 10.0; Win64; x64) AppleWebKit/537.36 (KHTML, like Gecko) Chrome/120.0.0.0 Safari/537.36"
181.10.77.252 - - [29/Jul/2026:01:02:23 +0000] "GET /2026/07/29/i-benefici-dei-programmi-di-fedelta-nei-siti-casino-non-aams-8/ HTTP/1.1" 200 15368 "-" "Mozilla/5.0 (Windows NT 10.0; Win64; x64) AppleWebKit/537.36 (KHTML, like Gecko) Chrome/120.0.0.0 Safari/537.36"
181.10.77.252 - - [29/Jul/2026:01:02:27 +0000] "GET /?p=1149 HTTP/1.1" 301 5 "-" "Mozilla/5.0 (Windows NT 10.0; Win64; x64) AppleWebKit/537.36 (KHTML, like Gecko) Chrome/120.0.0.0 Safari/537.36"
181.10.77.252 - - [29/Jul/2026:01:02:29 +0000] "GET /2026/07/29/i-benefici-dei-programmi-di-fedelta-nei-siti-casino-non-aams-8/ HTTP/1.1" 200 15376 "-" "Mozilla/5.0 (Windows NT 10.0; Win64; x64) AppleWebKit/537.36 (KHTML, like Gecko) Chrome/120.0.0.0 Safari/537.36"
86.200.98.14 - - [29/Jul/2026:01:02:34 +0000] "GET / HTTP/1.1" 200 15842 "-" "Mozilla/5.0 (Windows NT 10.0; Win64; x64) AppleWebKit/537.36 (KHTML, like Gecko) Chrome/120.0.0.0 Safari/537.36"
86.200.98.14 - - [29/Jul/2026:01:02:36 +0000] "GET /wp-login.php HTTP/1.1" 200 2040 "-" "Mozilla/5.0 (Windows NT 10.0; Win64; x64) AppleWebKit/537.36 (KHTML, like Gecko) Chrome/120.0.0.0 Safari/537.36"
86.200.98.14 - - [29/Jul/2026:01:02:39 +0000] "POST /wp-login.php HTTP/1.1" 302 5 "https://www.drjunior.in/wp-login.php" "Mozilla/5.0 (Windows NT 10.0; Win64; x64) AppleWebKit/537.36 (KHTML, like Gecko) Chrome/120.0.0.0 Safari/537.36"
86.200.98.14 - - [29/Jul/2026:01:02:40 +0000] "GET /wp-admin/ HTTP/1.1" 200 24242 "https://www.drjunior.in/wp-login.php" "Mozilla/5.0 (Windows NT 10.0; Win64; x64) AppleWebKit/537.36 (KHTML, like Gecko) Chrome/120.0.0.0 Safari/537.36"
66.49.220.220 - - [29/Jul/2026:01:02:45 +0000] "GET /wp-admin/ HTTP/1.1" 200 24247 "-" "Mozilla/5.0 (Windows NT 10.0; Win64; x64) AppleWebKit/537.36 (KHTML, like Gecko) Chrome/120.0.0.0 Safari/537.36"
66.49.220.220 - - [29/Jul/2026:01:02:47 +0000] "GET /wp-admin/post-new.php HTTP/1.1" 200 79111 "-" "Mozilla/5.0 (Windows NT 10.0; Win64; x64) AppleWebKit/537.36 (KHTML, like Gecko) Chrome/120.0.0.0 Safari/537.36"
65.1.209.187 - - [29/Jul/2026:01:02:49 +0000] "POST /wp-cron.php?doing_wp_cron=1785286969.7406120300292968750000 HTTP/1.1" 200 31 "-" "WordPress/6.7.2; https://www.trivandrumtennisclub.com"
104.210.140.137 - - [29/Jul/2026:01:02:49 +0000] "GET /robots.txt HTTP/1.1" 200 140 "-" "Mozilla/5.0 (Macintosh; Intel Mac OS X 10_15_7) AppleWebKit/537.36 (KHTML, like Gecko) Chrome/131.0.0.0 Safari/537.36; compatible; OAI-SearchBot/1.0; +https://openai.com/searchbot"
66.49.220.220 - - [29/Jul/2026:01:02:50 +0000] "POST /xmlrpc.php HTTP/1.1" 200 661 "-" "WordPress/5.0; https://www.drjunior.in"
66.49.220.220 - - [29/Jul/2026:01:02:51 +0000] "GET /wp-admin/admin-ajax.php?action=rest-nonce HTTP/1.1" 200 39 "-" "Mozilla/5.0 (Windows NT 10.0; Win64; x64) AppleWebKit/537.36 (KHTML, like Gecko) Chrome/120.0.0.0 Safari/537.36"
65.1.209.187 - - [29/Jul/2026:01:02:53 +0000] "POST /wp-cron.php?doing_wp_cron=1785286973.8884909152984619140625 HTTP/1.1" 200 31 "-" "WordPress/6.9; https://www.drjunior.in"
66.49.220.220 - - [29/Jul/2026:01:02:53 +0000] "POST /xmlrpc.php HTTP/1.1" 200 190 "-" "Mozilla/5.0 (Windows NT 10.0; Win64; x64) AppleWebKit/537.36 (KHTML, like Gecko) Chrome/120.0.0.0 Safari/537.36"
66.49.220.220 - - [29/Jul/2026:01:02:55 +0000] "GET /?p=1152 HTTP/1.1" 301 5 "-" "Mozilla/5.0 (Windows NT 10.0; Win64; x64) AppleWebKit/537.36 (KHTML, like Gecko) Chrome/120.0.0.0 Safari/537.36"
66.49.220.220 - - [29/Jul/2026:01:02:56 +0000] "GET /2026/07/28/i-benefici-dei-programmi-di-fedelta-nei-siti-casino-non-aams-9/ HTTP/1.1" 200 15370 "-" "Mozilla/5.0 (Windows NT 10.0; Win64; x64) AppleWebKit/537.36 (KHTML, like Gecko) Chrome/120.0.0.0 Safari/537.36"
66.49.220.220 - - [29/Jul/2026:01:03:00 +0000] "GET /?p=1152 HTTP/1.1" 301 5 "-" "Mozilla/5.0 (Windows NT 10.0; Win64; x64) AppleWebKit/537.36 (KHTML, like Gecko) Chrome/120.0.0.0 Safari/537.36"
66.49.220.220 - - [29/Jul/2026:01:03:02 +0000] "GET /2026/07/28/i-benefici-dei-programmi-di-fedelta-nei-siti-casino-non-aams-9/ HTTP/1.1" 200 15375 "-" "Mozilla/5.0 (Windows NT 10.0; Win64; x64) AppleWebKit/537.36 (KHTML, like Gecko) Chrome/120.0.0.0 Safari/537.36"
47.128.33.25 - - [29/Jul/2026:01:03:02 +0000] "GET /robots.txt HTTP/1.1" 200 140 "-" "Mozilla/5.0 (Linux; Android 5.0) AppleWebKit/537.36 (KHTML, like Gecko) Mobile Safari/537.36 (compatible; Bytespider; spider-feedback@bytedance.com)"
66.49.220.220 - - [29/Jul/2026:01:03:05 +0000] "GET /?p=1152 HTTP/1.1" 301 5 "-" "Mozilla/5.0 (Windows NT 10.0; Win64; x64) AppleWebKit/537.36 (KHTML, like Gecko) Chrome/120.0.0.0 Safari/537.36"
66.49.220.220 - - [29/Jul/2026:01:03:07 +0000] "GET /2026/07/28/i-benefici-dei-programmi-di-fedelta-nei-siti-casino-non-aams-9/ HTTP/1.1" 200 15370 "-" "Mozilla/5.0 (Windows NT 10.0; Win64; x64) AppleWebKit/537.36 (KHTML, like Gecko) Chrome/120.0.0.0 Safari/537.36"
65.1.209.187 - - [29/Jul/2026:01:03:09 +0000] "POST /wp-cron.php?doing_wp_cron=1785286989.4541199207305908203125 HTTP/1.1" 200 31 "-" "WordPress/6.9; https://www.drjunior.in"
66.49.220.220 - - [29/Jul/2026:01:03:09 +0000] "POST /wp-json/wp/v2/posts HTTP/1.1" 201 14443 "-" "Mozilla/5.0 (Windows NT 10.0; Win64; x64) AppleWebKit/537.36 (KHTML, like Gecko) Chrome/120.0.0.0 Safari/537.36"
66.49.220.220 - - [29/Jul/2026:01:03:11 +0000] "GET /2026/07/28/i-benefici-dei-programmi-di-fedelta-nei-siti-casino-non-aams-10/ HTTP/1.1" 200 15370 "-" "Mozilla/5.0 (Windows NT 10.0; Win64; x64) AppleWebKit/537.36 (KHTML, like Gecko) Chrome/120.0.0.0 Safari/537.36"
66.49.220.220 - - [29/Jul/2026:01:03:14 +0000] "GET /2026/07/28/i-benefici-dei-programmi-di-fedelta-nei-siti-casino-non-aams-10/ HTTP/1.1" 200 15377 "-" "Mozilla/5.0 (Windows NT 10.0; Win64; x64) AppleWebKit/537.36 (KHTML, like Gecko) Chrome/120.0.0.0 Safari/537.36"
57.141.0.33 - - [29/Jul/2026:01:03:15 +0000] "GET /wp-json/wp/v2/member/1318 HTTP/1.1" 200 1107 "-" "Mozilla/5.0 (Macintosh; Intel Mac OS X 10_15_7) AppleWebKit/537.36 (KHTML, like Gecko) Chrome/145.0.0.0 Safari/537.36 (compatible; meta-externalagent/1.1 (+https://developers.facebook.com/docs/sharing/webmasters/crawler))"
65.1.209.187 - - [29/Jul/2026:01:03:18 +0000] "POST /wp-cron.php?doing_wp_cron=1785286998.7150630950927734375000 HTTP/1.1" 200 31 "-" "WordPress/6.9; https://www.drjunior.in"
66.49.220.220 - - [29/Jul/2026:01:03:18 +0000] "GET /2026/07/28/i-benefici-dei-programmi-di-fedelta-nei-siti-casino-non-aams-10/ HTTP/1.1" 200 15388 "-" "Mozilla/5.0 (Windows NT 10.0; Win64; x64) AppleWebKit/537.36 (KHTML, like Gecko) Chrome/120.0.0.0 Safari/537.36"
66.49.220.220 - - [29/Jul/2026:01:03:21 +0000] "POST /wp-json/wp/v2/posts HTTP/1.1" 201 14449 "-" "Mozilla/5.0 (Windows NT 10.0; Win64; x64) AppleWebKit/537.36 (KHTML, like Gecko) Chrome/120.0.0.0 Safari/537.36"
65.1.209.187 - - [29/Jul/2026:01:03:22 +0000] "POST /wp-cron.php?doing_wp_cron=1785287002.7704489231109619140625 HTTP/1.1" 200 31 "-" "WordPress/6.9; https://www.drjunior.in"
66.49.220.220 - - [29/Jul/2026:01:03:22 +0000] "GET /2026/07/28/i-benefici-dei-programmi-di-fedelta-nei-siti-casino-non-aams-11/ HTTP/1.1" 200 15380 "-" "Mozilla/5.0 (Windows NT 10.0; Win64; x64) AppleWebKit/537.36 (KHTML, like Gecko) Chrome/120.0.0.0 Safari/537.36"
66.49.220.220 - - [29/Jul/2026:01:03:26 +0000] "GET /2026/07/28/i-benefici-dei-programmi-di-fedelta-nei-siti-casino-non-aams-11/ HTTP/1.1" 200 15383 "-" "Mozilla/5.0 (Windows NT 10.0; Win64; x64) AppleWebKit/537.36 (KHTML, like Gecko) Chrome/120.0.0.0 Safari/537.36"
66.49.220.220 - - [29/Jul/2026:01:03:30 +0000] "GET /2026/07/28/i-benefici-dei-programmi-di-fedelta-nei-siti-casino-non-aams-11/ HTTP/1.1" 200 15373 "-" "Mozilla/5.0 (Windows NT 10.0; Win64; x64) AppleWebKit/537.36 (KHTML, like Gecko) Chrome/120.0.0.0 Safari/537.36"
66.49.220.220 - - [29/Jul/2026:01:03:32 +0000] "GET /wp-admin/post-new.php HTTP/1.1" 200 79125 "-" "Mozilla/5.0 (Windows NT 10.0; Win64; x64) AppleWebKit/537.36 (KHTML, like Gecko) Chrome/120.0.0.0 Safari/537.36"
65.1.209.187 - - [29/Jul/2026:01:03:35 +0000] "POST /wp-cron.php?doing_wp_cron=1785287015.8885159492492675781250 HTTP/1.1" 200 31 "-" "WordPress/6.9; https://www.drjunior.in"
66.49.220.220 - - [29/Jul/2026:01:03:35 +0000] "POST /wp-admin/post.php HTTP/1.1" 302 5 "-" "Mozilla/5.0 (Windows NT 10.0; Win64; x64) AppleWebKit/537.36 (KHTML, like Gecko) Chrome/120.0.0.0 Safari/537.36"
66.49.220.220 - - [29/Jul/2026:01:03:37 +0000] "GET /wp-admin/post.php?post=1156&action=edit&message=1 HTTP/1.1" 200 82507 "-" "Mozilla/5.0 (Windows NT 10.0; Win64; x64) AppleWebKit/537.36 (KHTML, like Gecko) Chrome/120.0.0.0 Safari/537.36"
186.222.155.147 - - [29/Jul/2026:01:03:42 +0000] "GET /?p=1156 HTTP/1.1" 301 5 "-" "Mozilla/5.0 (Windows NT 10.0; Win64; x64) AppleWebKit/537.36 (KHTML, like Gecko) Chrome/120.0.0.0 Safari/537.36"
186.222.155.147 - - [29/Jul/2026:01:03:44 +0000] "GET /2026/07/29/i-benefici-dei-programmi-di-fedelta-nei-siti-casino-non-aams-12/ HTTP/1.1" 200 15376 "-" "Mozilla/5.0 (Windows NT 10.0; Win64; x64) AppleWebKit/537.36 (KHTML, like Gecko) Chrome/120.0.0.0 Safari/537.36"
186.222.155.147 - - [29/Jul/2026:01:03:48 +0000] "GET /?p=1156 HTTP/1.1" 301 5 "-" "Mozilla/5.0 (Windows NT 10.0; Win64; x64) AppleWebKit/537.36 (KHTML, like Gecko) Chrome/120.0.0.0 Safari/537.36"
186.222.155.147 - - [29/Jul/2026:01:03:50 +0000] "GET /2026/07/29/i-benefici-dei-programmi-di-fedelta-nei-siti-casino-non-aams-12/ HTTP/1.1" 200 15376 "-" "Mozilla/5.0 (Windows NT 10.0; Win64; x64) AppleWebKit/537.36 (KHTML, like Gecko) Chrome/120.0.0.0 Safari/537.36"
186.222.155.147 - - [29/Jul/2026:01:03:54 +0000] "GET /?p=1156 HTTP/1.1" 301 5 "-" "Mozilla/5.0 (Windows NT 10.0; Win64; x64) AppleWebKit/537.36 (KHTML, like Gecko) Chrome/120.0.0.0 Safari/537.36"
186.222.155.147 - - [29/Jul/2026:01:03:55 +0000] "GET /2026/07/29/i-benefici-dei-programmi-di-fedelta-nei-siti-casino-non-aams-12/ HTTP/1.1" 200 15382 "-" "Mozilla/5.0 (Windows NT 10.0; Win64; x64) AppleWebKit/537.36 (KHTML, like Gecko) Chrome/120.0.0.0 Safari/537.36"
103.234.202.79 - - [29/Jul/2026:01:04:00 +0000] "GET / HTTP/1.1" 200 15836 "-" "Mozilla/5.0 (Windows NT 10.0; Win64; x64) AppleWebKit/537.36 (KHTML, like Gecko) Chrome/120.0.0.0 Safari/537.36"
103.234.202.79 - - [29/Jul/2026:01:04:02 +0000] "GET /wp-login.php HTTP/1.1" 200 2040 "-" "Mozilla/5.0 (Windows NT 10.0; Win64; x64) AppleWebKit/537.36 (KHTML, like Gecko) Chrome/120.0.0.0 Safari/537.36"
103.234.202.79 - - [29/Jul/2026:01:04:04 +0000] "POST /wp-login.php HTTP/1.1" 302 5 "https://www.drjunior.in/wp-login.php" "Mozilla/5.0 (Windows NT 10.0; Win64; x64) AppleWebKit/537.36 (KHTML, like Gecko) Chrome/120.0.0.0 Safari/537.36"
103.234.202.79 - - [29/Jul/2026:01:04:05 +0000] "GET /wp-admin/ HTTP/1.1" 200 24227 "https://www.drjunior.in/wp-login.php" "Mozilla/5.0 (Windows NT 10.0; Win64; x64) AppleWebKit/537.36 (KHTML, like Gecko) Chrome/120.0.0.0 Safari/537.36"
190.171.113.103 - - [29/Jul/2026:01:04:10 +0000] "GET /wp-admin/ HTTP/1.1" 200 24222 "-" "Mozilla/5.0 (Windows NT 10.0; Win64; x64) AppleWebKit/537.36 (KHTML, like Gecko) Chrome/120.0.0.0 Safari/537.36"
190.171.113.103 - - [29/Jul/2026:01:04:11 +0000] "GET /wp-admin/post-new.php HTTP/1.1" 200 79124 "-" "Mozilla/5.0 (Windows NT 10.0; Win64; x64) AppleWebKit/537.36 (KHTML, like Gecko) Chrome/120.0.0.0 Safari/537.36"
190.171.113.103 - - [29/Jul/2026:01:04:14 +0000] "POST /xmlrpc.php HTTP/1.1" 200 661 "-" "WordPress/5.0; https://www.drjunior.in"
65.1.209.187 - - [29/Jul/2026:01:04:16 +0000] "POST /wp-cron.php?doing_wp_cron=1785287056.3261160850524902343750 HTTP/1.1" 200 31 "-" "WordPress/6.7.2; https://www.trivandrumtennisclub.com"
57.141.0.41 - - [29/Jul/2026:01:04:16 +0000] "GET /member-profile/minutes-of-meeting/ HTTP/1.1" 302 5 "-" "Mozilla/5.0 (Windows NT 10.0; Win64; x64) AppleWebKit/537.36 (KHTML, like Gecko) Chrome/144.0.0.0 Safari/537.36 Edg/144.0.0.0 (compatible; meta-externalagent/1.1 (+https://developers.facebook.com/docs/sharing/webmasters/crawler))"
190.171.113.103 - - [29/Jul/2026:01:04:16 +0000] "GET /wp-admin/admin-ajax.php?action=rest-nonce HTTP/1.1" 200 41 "-" "Mozilla/5.0 (Windows NT 10.0; Win64; x64) AppleWebKit/537.36 (KHTML, like Gecko) Chrome/120.0.0.0 Safari/537.36"
65.1.209.187 - - [29/Jul/2026:01:04:18 +0000] "POST /wp-cron.php?doing_wp_cron=1785287058.3837800025939941406250 HTTP/1.1" 200 31 "-" "WordPress/6.9; https://www.drjunior.in"
190.171.113.103 - - [29/Jul/2026:01:04:18 +0000] "POST /xmlrpc.php HTTP/1.1" 200 190 "-" "Mozilla/5.0 (Windows NT 10.0; Win64; x64) AppleWebKit/537.36 (KHTML, like Gecko) Chrome/120.0.0.0 Safari/537.36"
190.171.113.103 - - [29/Jul/2026:01:04:19 +0000] "GET /?p=1159 HTTP/1.1" 301 5 "-" "Mozilla/5.0 (Windows NT 10.0; Win64; x64) AppleWebKit/537.36 (KHTML, like Gecko) Chrome/120.0.0.0 Safari/537.36"
190.171.113.103 - - [29/Jul/2026:01:04:21 +0000] "GET /2026/07/28/i-benefici-dei-programmi-di-fedelta-nei-siti-casino-non-aams-13/ HTTP/1.1" 200 15376 "-" "Mozilla/5.0 (Windows NT 10.0; Win64; x64) AppleWebKit/537.36 (KHTML, like Gecko) Chrome/120.0.0.0 Safari/537.36"
57.141.0.20 - - [29/Jul/2026:01:04:24 +0000] "GET /member/dr-roshen-thomas/ HTTP/1.1" 200 17902 "-" "Mozilla/5.0 (Windows NT 10.0; Win64; x64) AppleWebKit/537.36 (KHTML, like Gecko) Chrome/145.0.0.0 Safari/537.36 (compatible; meta-externalagent/1.1 (+https://developers.facebook.com/docs/sharing/webmasters/crawler))"
190.171.113.103 - - [29/Jul/2026:01:04:25 +0000] "GET /?p=1159 HTTP/1.1" 301 5 "-" "Mozilla/5.0 (Windows NT 10.0; Win64; x64) AppleWebKit/537.36 (KHTML, like Gecko) Chrome/120.0.0.0 Safari/537.36"
190.171.113.103 - - [29/Jul/2026:01:04:27 +0000] "GET /2026/07/28/i-benefici-dei-programmi-di-fedelta-nei-siti-casino-non-aams-13/ HTTP/1.1" 200 15371 "-" "Mozilla/5.0 (Windows NT 10.0; Win64; x64) AppleWebKit/537.36 (KHTML, like Gecko) Chrome/120.0.0.0 Safari/537.36"
190.171.113.103 - - [29/Jul/2026:01:04:30 +0000] "GET /?p=1159 HTTP/1.1" 301 5 "-" "Mozilla/5.0 (Windows NT 10.0; Win64; x64) AppleWebKit/537.36 (KHTML, like Gecko) Chrome/120.0.0.0 Safari/537.36"
190.171.113.103 - - [29/Jul/2026:01:04:32 +0000] "GET /2026/07/28/i-benefici-dei-programmi-di-fedelta-nei-siti-casino-non-aams-13/ HTTP/1.1" 200 15375 "-" "Mozilla/5.0 (Windows NT 10.0; Win64; x64) AppleWebKit/537.36 (KHTML, like Gecko) Chrome/120.0.0.0 Safari/537.36"
65.1.209.187 - - [29/Jul/2026:01:04:35 +0000] "POST /wp-cron.php?doing_wp_cron=1785287075.0499749183654785156250 HTTP/1.1" 200 31 "-" "WordPress/6.9; https://www.drjunior.in"
190.171.113.103 - - [29/Jul/2026:01:04:35 +0000] "POST /wp-json/wp/v2/posts HTTP/1.1" 201 14443 "-" "Mozilla/5.0 (Windows NT 10.0; Win64; x64) AppleWebKit/537.36 (KHTML, like Gecko) Chrome/120.0.0.0 Safari/537.36"
190.171.113.103 - - [29/Jul/2026:01:04:37 +0000] "GET /2026/07/28/i-benefici-dei-programmi-di-fedelta-nei-siti-casino-non-aams-14/ HTTP/1.1" 200 15379 "-" "Mozilla/5.0 (Windows NT 10.0; Win64; x64) AppleWebKit/537.36 (KHTML, like Gecko) Chrome/120.0.0.0 Safari/537.36"
190.171.113.103 - - [29/Jul/2026:01:04:41 +0000] "GET /2026/07/28/i-benefici-dei-programmi-di-fedelta-nei-siti-casino-non-aams-14/ HTTP/1.1" 200 15375 "-" "Mozilla/5.0 (Windows NT 10.0; Win64; x64) AppleWebKit/537.36 (KHTML, like Gecko) Chrome/120.0.0.0 Safari/537.36"
190.171.113.103 - - [29/Jul/2026:01:04:45 +0000] "GET /2026/07/28/i-benefici-dei-programmi-di-fedelta-nei-siti-casino-non-aams-14/ HTTP/1.1" 200 15378 "-" "Mozilla/5.0 (Windows NT 10.0; Win64; x64) AppleWebKit/537.36 (KHTML, like Gecko) Chrome/120.0.0.0 Safari/537.36"
65.1.209.187 - - [29/Jul/2026:01:04:47 +0000] "POST /wp-cron.php?doing_wp_cron=1785287087.5534470081329345703125 HTTP/1.1" 200 31 "-" "WordPress/6.9; https://www.drjunior.in"
190.171.113.103 - - [29/Jul/2026:01:04:47 +0000] "POST /wp-json/wp/v2/posts HTTP/1.1" 201 14449 "-" "Mozilla/5.0 (Windows NT 10.0; Win64; x64) AppleWebKit/537.36 (KHTML, like Gecko) Chrome/120.0.0.0 Safari/537.36"
190.171.113.103 - - [29/Jul/2026:01:04:49 +0000] "GET /2026/07/28/i-benefici-dei-programmi-di-fedelta-nei-siti-casino-non-aams-15/ HTTP/1.1" 200 15381 "-" "Mozilla/5.0 (Windows NT 10.0; Win64; x64) AppleWebKit/537.36 (KHTML, like Gecko) Chrome/120.0.0.0 Safari/537.36"
190.171.113.103 - - [29/Jul/2026:01:04:53 +0000] "GET /2026/07/28/i-benefici-dei-programmi-di-fedelta-nei-siti-casino-non-aams-15/ HTTP/1.1" 200 15368 "-" "Mozilla/5.0 (Windows NT 10.0; Win64; x64) AppleWebKit/537.36 (KHTML, like Gecko) Chrome/120.0.0.0 Safari/537.36"
190.171.113.103 - - [29/Jul/2026:01:04:57 +0000] "GET /2026/07/28/i-benefici-dei-programmi-di-fedelta-nei-siti-casino-non-aams-15/ HTTP/1.1" 200 15386 "-" "Mozilla/5.0 (Windows NT 10.0; Win64; x64) AppleWebKit/537.36 (KHTML, like Gecko) Chrome/120.0.0.0 Safari/537.36"
190.171.113.103 - - [29/Jul/2026:01:04:59 +0000] "GET /wp-admin/post-new.php HTTP/1.1" 200 79124 "-" "Mozilla/5.0 (Windows NT 10.0; Win64; x64) AppleWebKit/537.36 (KHTML, like Gecko) Chrome/120.0.0.0 Safari/537.36"
65.1.209.187 - - [29/Jul/2026:01:05:02 +0000] "POST /wp-cron.php?doing_wp_cron=1785287102.7237360477447509765625 HTTP/1.1" 200 31 "-" "WordPress/6.9; https://www.drjunior.in"
190.171.113.103 - - [29/Jul/2026:01:05:02 +0000] "POST /wp-admin/post.php HTTP/1.1" 302 5 "-" "Mozilla/5.0 (Windows NT 10.0; Win64; x64) AppleWebKit/537.36 (KHTML, like Gecko) Chrome/120.0.0.0 Safari/537.36"
65.1.209.187 - - [29/Jul/2026:01:05:03 +0000] "POST /wp-cron.php?doing_wp_cron=1785287103.6675229072570800781250 HTTP/1.1" 200 31 "-" "WordPress/6.7.2; https://www.trivandrumtennisclub.com"
57.141.0.42 - - [29/Jul/2026:01:05:03 +0000] "GET /member/sri-anantha-krishnan-p/ HTTP/1.1" 200 17680 "-" "Mozilla/5.0 (Macintosh; Intel Mac OS X 10_15_7) AppleWebKit/537.36 (KHTML, like Gecko) Chrome/145.0.0.0 Safari/537.36 (compatible; meta-externalagent/1.1 (+https://developers.facebook.com/docs/sharing/webmasters/crawler))"
190.171.113.103 - - [29/Jul/2026:01:05:04 +0000] "GET /wp-admin/post.php?post=1163&action=edit&message=1 HTTP/1.1" 200 82504 "-" "Mozilla/5.0 (Windows NT 10.0; Win64; x64) AppleWebKit/537.36 (KHTML, like Gecko) Chrome/120.0.0.0 Safari/537.36"
186.10.111.13 - - [29/Jul/2026:01:05:09 +0000] "GET /?p=1163 HTTP/1.1" 301 5 "-" "Mozilla/5.0 (Windows NT 10.0; Win64; x64) AppleWebKit/537.36 (KHTML, like Gecko) Chrome/120.0.0.0 Safari/537.36"
186.10.111.13 - - [29/Jul/2026:01:05:11 +0000] "GET /2026/07/29/i-benefici-dei-programmi-di-fedelta-nei-siti-casino-non-aams-16/ HTTP/1.1" 200 15373 "-" "Mozilla/5.0 (Windows NT 10.0; Win64; x64) AppleWebKit/537.36 (KHTML, like Gecko) Chrome/120.0.0.0 Safari/537.36"
186.10.111.13 - - [29/Jul/2026:01:05:15 +0000] "GET /?p=1163 HTTP/1.1" 301 5 "-" "Mozilla/5.0 (Windows NT 10.0; Win64; x64) AppleWebKit/537.36 (KHTML, like Gecko) Chrome/120.0.0.0 Safari/537.36"
186.10.111.13 - - [29/Jul/2026:01:05:16 +0000] "GET /2026/07/29/i-benefici-dei-programmi-di-fedelta-nei-siti-casino-non-aams-16/ HTTP/1.1" 200 15380 "-" "Mozilla/5.0 (Windows NT 10.0; Win64; x64) AppleWebKit/537.36 (KHTML, like Gecko) Chrome/120.0.0.0 Safari/537.36"
186.10.111.13 - - [29/Jul/2026:01:05:21 +0000] "GET /?p=1163 HTTP/1.1" 301 5 "-" "Mozilla/5.0 (Windows NT 10.0; Win64; x64) AppleWebKit/537.36 (KHTML, like Gecko) Chrome/120.0.0.0 Safari/537.36"
186.10.111.13 - - [29/Jul/2026:01:05:22 +0000] "GET /2026/07/29/i-benefici-dei-programmi-di-fedelta-nei-siti-casino-non-aams-16/ HTTP/1.1" 200 15379 "-" "Mozilla/5.0 (Windows NT 10.0; Win64; x64) AppleWebKit/537.36 (KHTML, like Gecko) Chrome/120.0.0.0 Safari/537.36"
79.117.196.190 - - [29/Jul/2026:01:05:27 +0000] "GET / HTTP/1.1" 200 15854 "-" "Mozilla/5.0 (Windows NT 10.0; Win64; x64) AppleWebKit/537.36 (KHTML, like Gecko) Chrome/120.0.0.0 Safari/537.36"
79.117.196.190 - - [29/Jul/2026:01:05:29 +0000] "GET /wp-login.php HTTP/1.1" 200 2039 "-" "Mozilla/5.0 (Windows NT 10.0; Win64; x64) AppleWebKit/537.36 (KHTML, like Gecko) Chrome/120.0.0.0 Safari/537.36"
79.117.196.190 - - [29/Jul/2026:01:05:31 +0000] "POST /wp-login.php HTTP/1.1" 302 5 "https://www.drjunior.in/wp-login.php" "Mozilla/5.0 (Windows NT 10.0; Win64; x64) AppleWebKit/537.36 (KHTML, like Gecko) Chrome/120.0.0.0 Safari/537.36"
79.117.196.190 - - [29/Jul/2026:01:05:32 +0000] "GET /wp-admin/ HTTP/1.1" 200 24239 "https://www.drjunior.in/wp-login.php" "Mozilla/5.0 (Windows NT 10.0; Win64; x64) AppleWebKit/537.36 (KHTML, like Gecko) Chrome/120.0.0.0 Safari/537.36"
191.176.61.152 - - [29/Jul/2026:01:05:38 +0000] "GET /wp-admin/ HTTP/1.1" 200 24238 "-" "Mozilla/5.0 (Windows NT 10.0; Win64; x64) AppleWebKit/537.36 (KHTML, like Gecko) Chrome/120.0.0.0 Safari/537.36"
191.176.61.152 - - [29/Jul/2026:01:05:41 +0000] "GET /wp-admin/post-new.php HTTP/1.1" 200 79135 "-" "Mozilla/5.0 (Windows NT 10.0; Win64; x64) AppleWebKit/537.36 (KHTML, like Gecko) Chrome/120.0.0.0 Safari/537.36"
191.176.61.152 - - [29/Jul/2026:01:05:44 +0000] "POST /xmlrpc.php HTTP/1.1" 200 661 "-" "WordPress/5.0; https://www.drjunior.in"
191.176.61.152 - - [29/Jul/2026:01:05:45 +0000] "GET /wp-admin/admin-ajax.php?action=rest-nonce HTTP/1.1" 200 41 "-" "Mozilla/5.0 (Windows NT 10.0; Win64; x64) AppleWebKit/537.36 (KHTML, like Gecko) Chrome/120.0.0.0 Safari/537.36"
65.1.209.187 - - [29/Jul/2026:01:05:48 +0000] "POST /wp-cron.php?doing_wp_cron=1785287148.2663719654083251953125 HTTP/1.1" 200 31 "-" "WordPress/6.9; https://www.drjunior.in"
191.176.61.152 - - [29/Jul/2026:01:05:48 +0000] "POST /xmlrpc.php HTTP/1.1" 200 190 "-" "Mozilla/5.0 (Windows NT 10.0; Win64; x64) AppleWebKit/537.36 (KHTML, like Gecko) Chrome/120.0.0.0 Safari/537.36"
191.176.61.152 - - [29/Jul/2026:01:05:49 +0000] "GET /?p=1166 HTTP/1.1" 301 5 "-" "Mozilla/5.0 (Windows NT 10.0; Win64; x64) AppleWebKit/537.36 (KHTML, like Gecko) Chrome/120.0.0.0 Safari/537.36"
191.176.61.152 - - [29/Jul/2026:01:05:51 +0000] "GET /2026/07/28/i-benefici-dei-programmi-di-fedelta-nei-siti-casino-non-aams-17/ HTTP/1.1" 200 15375 "-" "Mozilla/5.0 (Windows NT 10.0; Win64; x64) AppleWebKit/537.36 (KHTML, like Gecko) Chrome/120.0.0.0 Safari/537.36"
191.176.61.152 - - [29/Jul/2026:01:05:55 +0000] "GET /?p=1166 HTTP/1.1" 301 5 "-" "Mozilla/5.0 (Windows NT 10.0; Win64; x64) AppleWebKit/537.36 (KHTML, like Gecko) Chrome/120.0.0.0 Safari/537.36"
191.176.61.152 - - [29/Jul/2026:01:05:57 +0000] "GET /2026/07/28/i-benefici-dei-programmi-di-fedelta-nei-siti-casino-non-aams-17/ HTTP/1.1" 200 15383 "-" "Mozilla/5.0 (Windows NT 10.0; Win64; x64) AppleWebKit/537.36 (KHTML, like Gecko) Chrome/120.0.0.0 Safari/537.36"
191.176.61.152 - - [29/Jul/2026:01:06:01 +0000] "GET /?p=1166 HTTP/1.1" 301 5 "-" "Mozilla/5.0 (Windows NT 10.0; Win64; x64) AppleWebKit/537.36 (KHTML, like Gecko) Chrome/120.0.0.0 Safari/537.36"
191.176.61.152 - - [29/Jul/2026:01:06:03 +0000] "GET /2026/07/28/i-benefici-dei-programmi-di-fedelta-nei-siti-casino-non-aams-17/ HTTP/1.1" 200 15384 "-" "Mozilla/5.0 (Windows NT 10.0; Win64; x64) AppleWebKit/537.36 (KHTML, like Gecko) Chrome/120.0.0.0 Safari/537.36"
65.1.209.187 - - [29/Jul/2026:01:06:05 +0000] "POST /wp-cron.php?doing_wp_cron=1785287165.8884699344635009765625 HTTP/1.1" 200 31 "-" "WordPress/6.9; https://www.drjunior.in"
191.176.61.152 - - [29/Jul/2026:01:06:05 +0000] "POST /wp-json/wp/v2/posts HTTP/1.1" 201 14443 "-" "Mozilla/5.0 (Windows NT 10.0; Win64; x64) AppleWebKit/537.36 (KHTML, like Gecko) Chrome/120.0.0.0 Safari/537.36"
191.176.61.152 - - [29/Jul/2026:01:06:08 +0000] "GET /2026/07/28/i-benefici-dei-programmi-di-fedelta-nei-siti-casino-non-aams-18/ HTTP/1.1" 200 15376 "-" "Mozilla/5.0 (Windows NT 10.0; Win64; x64) AppleWebKit/537.36 (KHTML, like Gecko) Chrome/120.0.0.0 Safari/537.36"
191.176.61.152 - - [29/Jul/2026:01:06:12 +0000] "GET /2026/07/28/i-benefici-dei-programmi-di-fedelta-nei-siti-casino-non-aams-18/ HTTP/1.1" 200 15382 "-" "Mozilla/5.0 (Windows NT 10.0; Win64; x64) AppleWebKit/537.36 (KHTML, like Gecko) Chrome/120.0.0.0 Safari/537.36"
65.1.209.187 - - [29/Jul/2026:01:06:14 +0000] "POST /wp-cron.php?doing_wp_cron=1785287174.1055340766906738281250 HTTP/1.1" 200 31 "-" "WordPress/6.7.2; https://www.trivandrumtennisclub.com"
57.141.0.67 - - [29/Jul/2026:01:06:14 +0000] "GET /?p=1880 HTTP/1.1" 301 5 "-" "Mozilla/5.0 (Windows NT 10.0; Win64; x64) AppleWebKit/537.36 (KHTML, like Gecko) Chrome/145.0.0.0 Safari/537.36 (compatible; meta-webindexer/1.1 (+https://developers.facebook.com/docs/sharing/webmasters/crawler))"
191.176.61.152 - - [29/Jul/2026:01:06:16 +0000] "GET /2026/07/28/i-benefici-dei-programmi-di-fedelta-nei-siti-casino-non-aams-18/ HTTP/1.1" 200 15364 "-" "Mozilla/5.0 (Windows NT 10.0; Win64; x64) AppleWebKit/537.36 (KHTML, like Gecko) Chrome/120.0.0.0 Safari/537.36"
65.1.209.187 - - [29/Jul/2026:01:06:18 +0000] "POST /wp-cron.php?doing_wp_cron=1785287178.7648830413818359375000 HTTP/1.1" 200 31 "-" "WordPress/6.9; https://www.drjunior.in"
191.176.61.152 - - [29/Jul/2026:01:06:18 +0000] "POST /wp-json/wp/v2/posts HTTP/1.1" 201 14443 "-" "Mozilla/5.0 (Windows NT 10.0; Win64; x64) AppleWebKit/537.36 (KHTML, like Gecko) Chrome/120.0.0.0 Safari/537.36"
191.176.61.152 - - [29/Jul/2026:01:06:20 +0000] "GET /2026/07/28/i-benefici-dei-programmi-di-fedelta-nei-siti-casino-non-aams-19/ HTTP/1.1" 200 15381 "-" "Mozilla/5.0 (Windows NT 10.0; Win64; x64) AppleWebKit/537.36 (KHTML, like Gecko) Chrome/120.0.0.0 Safari/537.36"
191.176.61.152 - - [29/Jul/2026:01:06:25 +0000] "GET /2026/07/28/i-benefici-dei-programmi-di-fedelta-nei-siti-casino-non-aams-19/ HTTP/1.1" 200 15373 "-" "Mozilla/5.0 (Windows NT 10.0; Win64; x64) AppleWebKit/537.36 (KHTML, like Gecko) Chrome/120.0.0.0 Safari/537.36"
191.176.61.152 - - [29/Jul/2026:01:06:29 +0000] "GET /2026/07/28/i-benefici-dei-programmi-di-fedelta-nei-siti-casino-non-aams-19/ HTTP/1.1" 200 15386 "-" "Mozilla/5.0 (Windows NT 10.0; Win64; x64) AppleWebKit/537.36 (KHTML, like Gecko) Chrome/120.0.0.0 Safari/537.36"
191.176.61.152 - - [29/Jul/2026:01:06:31 +0000] "GET /wp-admin/post-new.php HTTP/1.1" 200 79128 "-" "Mozilla/5.0 (Windows NT 10.0; Win64; x64) AppleWebKit/537.36 (KHTML, like Gecko) Chrome/120.0.0.0 Safari/537.36"
65.1.209.187 - - [29/Jul/2026:01:06:35 +0000] "POST /wp-cron.php?doing_wp_cron=1785287195.4611659049987792968750 HTTP/1.1" 200 31 "-" "WordPress/6.9; https://www.drjunior.in"
191.176.61.152 - - [29/Jul/2026:01:06:35 +0000] "POST /wp-admin/post.php HTTP/1.1" 302 5 "-" "Mozilla/5.0 (Windows NT 10.0; Win64; x64) AppleWebKit/537.36 (KHTML, like Gecko) Chrome/120.0.0.0 Safari/537.36"
191.176.61.152 - - [29/Jul/2026:01:06:37 +0000] "GET /wp-admin/post.php?post=1170&action=edit&message=1 HTTP/1.1" 200 82504 "-" "Mozilla/5.0 (Windows NT 10.0; Win64; x64) AppleWebKit/537.36 (KHTML, like Gecko) Chrome/120.0.0.0 Safari/537.36"
176.2.65.241 - - [29/Jul/2026:01:06:41 +0000] "GET /?p=1170 HTTP/1.1" 301 5 "-" "Mozilla/5.0 (Windows NT 10.0; Win64; x64) AppleWebKit/537.36 (KHTML, like Gecko) Chrome/120.0.0.0 Safari/537.36"
176.2.65.241 - - [29/Jul/2026:01:06:42 +0000] "GET /2026/07/29/i-benefici-dei-programmi-di-fedelta-nei-siti-casino-non-aams-20/ HTTP/1.1" 200 15369 "-" "Mozilla/5.0 (Windows NT 10.0; Win64; x64) AppleWebKit/537.36 (KHTML, like Gecko) Chrome/120.0.0.0 Safari/537.36"
176.2.65.241 - - [29/Jul/2026:01:06:46 +0000] "GET /?p=1170 HTTP/1.1" 301 5 "-" "Mozilla/5.0 (Windows NT 10.0; Win64; x64) AppleWebKit/537.36 (KHTML, like Gecko) Chrome/120.0.0.0 Safari/537.36"
176.2.65.241 - - [29/Jul/2026:01:06:47 +0000] "GET /2026/07/29/i-benefici-dei-programmi-di-fedelta-nei-siti-casino-non-aams-20/ HTTP/1.1" 200 15370 "-" "Mozilla/5.0 (Windows NT 10.0; Win64; x64) AppleWebKit/537.36 (KHTML, like Gecko) Chrome/120.0.0.0 Safari/537.36"
176.2.65.241 - - [29/Jul/2026:01:06:51 +0000] "GET /?p=1170 HTTP/1.1" 301 5 "-" "Mozilla/5.0 (Windows NT 10.0; Win64; x64) AppleWebKit/537.36 (KHTML, like Gecko) Chrome/120.0.0.0 Safari/537.36"
176.2.65.241 - - [29/Jul/2026:01:06:53 +0000] "GET /2026/07/29/i-benefici-dei-programmi-di-fedelta-nei-siti-casino-non-aams-20/ HTTP/1.1" 200 15371 "-" "Mozilla/5.0 (Windows NT 10.0; Win64; x64) AppleWebKit/537.36 (KHTML, like Gecko) Chrome/120.0.0.0 Safari/537.36"
40.77.167.51 - - [29/Jul/2026:01:07:02 +0000] "GET /wp-content/uploads/2026/07/2025-10-14.pdf HTTP/1.1" 200 2065431 "-" "Mozilla/5.0 AppleWebKit/537.36 (KHTML, like Gecko; compatible; bingbot/2.0; +http://www.bing.com/bingbot.htm) Chrome/116.0.1938.76 Safari/537.36"
31.135.40.241 - - [29/Jul/2026:01:07:03 +0000] "GET / HTTP/1.1" 200 15846 "-" "Mozilla/5.0 (Windows NT 10.0; Win64; x64) AppleWebKit/537.36 (KHTML, like Gecko) Chrome/120.0.0.0 Safari/537.36"
31.135.40.241 - - [29/Jul/2026:01:07:05 +0000] "GET /wp-login.php HTTP/1.1" 200 2042 "-" "Mozilla/5.0 (Windows NT 10.0; Win64; x64) AppleWebKit/537.36 (KHTML, like Gecko) Chrome/120.0.0.0 Safari/537.36"
31.135.40.241 - - [29/Jul/2026:01:07:07 +0000] "POST /wp-login.php HTTP/1.1" 302 5 "https://www.drjunior.in/wp-login.php" "Mozilla/5.0 (Windows NT 10.0; Win64; x64) AppleWebKit/537.36 (KHTML, like Gecko) Chrome/120.0.0.0 Safari/537.36"
31.135.40.241 - - [29/Jul/2026:01:07:08 +0000] "GET /wp-admin/ HTTP/1.1" 200 24154 "https://www.drjunior.in/wp-login.php" "Mozilla/5.0 (Windows NT 10.0; Win64; x64) AppleWebKit/537.36 (KHTML, like Gecko) Chrome/120.0.0.0 Safari/537.36"
186.158.200.84 - - [29/Jul/2026:01:07:13 +0000] "GET /wp-admin/ HTTP/1.1" 200 24156 "-" "Mozilla/5.0 (Windows NT 10.0; Win64; x64) AppleWebKit/537.36 (KHTML, like Gecko) Chrome/120.0.0.0 Safari/537.36"
186.158.200.84 - - [29/Jul/2026:01:07:15 +0000] "GET /wp-admin/post-new.php HTTP/1.1" 200 79122 "-" "Mozilla/5.0 (Windows NT 10.0; Win64; x64) AppleWebKit/537.36 (KHTML, like Gecko) Chrome/120.0.0.0 Safari/537.36"
186.158.200.84 - - [29/Jul/2026:01:07:18 +0000] "POST /xmlrpc.php HTTP/1.1" 200 661 "-" "WordPress/5.0; https://www.drjunior.in"
186.158.200.84 - - [29/Jul/2026:01:07:20 +0000] "GET /wp-admin/admin-ajax.php?action=rest-nonce HTTP/1.1" 200 41 "-" "Mozilla/5.0 (Windows NT 10.0; Win64; x64) AppleWebKit/537.36 (KHTML, like Gecko) Chrome/120.0.0.0 Safari/537.36"
65.1.209.187 - - [29/Jul/2026:01:07:22 +0000] "POST /wp-cron.php?doing_wp_cron=1785287242.6318099498748779296875 HTTP/1.1" 200 31 "-" "WordPress/6.9; https://www.drjunior.in"
186.158.200.84 - - [29/Jul/2026:01:07:22 +0000] "POST /xmlrpc.php HTTP/1.1" 200 190 "-" "Mozilla/5.0 (Windows NT 10.0; Win64; x64) AppleWebKit/537.36 (KHTML, like Gecko) Chrome/120.0.0.0 Safari/537.36"
186.158.200.84 - - [29/Jul/2026:01:07:24 +0000] "GET /?p=1173 HTTP/1.1" 301 5 "-" "Mozilla/5.0 (Windows NT 10.0; Win64; x64) AppleWebKit/537.36 (KHTML, like Gecko) Chrome/120.0.0.0 Safari/537.36"
186.158.200.84 - - [29/Jul/2026:01:07:25 +0000] "GET /2026/07/28/perche-scegliere-i-casino-online-non-aams-rispetto-ai-casino-tradizionali/ HTTP/1.1" 200 15385 "-" "Mozilla/5.0 (Windows NT 10.0; Win64; x64) AppleWebKit/537.36 (KHTML, like Gecko) Chrome/120.0.0.0 Safari/537.36"
186.158.200.84 - - [29/Jul/2026:01:07:29 +0000] "GET /?p=1173 HTTP/1.1" 301 5 "-" "Mozilla/5.0 (Windows NT 10.0; Win64; x64) AppleWebKit/537.36 (KHTML, like Gecko) Chrome/120.0.0.0 Safari/537.36"
186.158.200.84 - - [29/Jul/2026:01:07:31 +0000] "GET /2026/07/28/perche-scegliere-i-casino-online-non-aams-rispetto-ai-casino-tradizionali/ HTTP/1.1" 200 15390 "-" "Mozilla/5.0 (Windows NT 10.0; Win64; x64) AppleWebKit/537.36 (KHTML, like Gecko) Chrome/120.0.0.0 Safari/537.36"
186.158.200.84 - - [29/Jul/2026:01:07:35 +0000] "GET /?p=1173 HTTP/1.1" 301 5 "-" "Mozilla/5.0 (Windows NT 10.0; Win64; x64) AppleWebKit/537.36 (KHTML, like Gecko) Chrome/120.0.0.0 Safari/537.36"
186.158.200.84 - - [29/Jul/2026:01:07:37 +0000] "GET /2026/07/28/perche-scegliere-i-casino-online-non-aams-rispetto-ai-casino-tradizionali/ HTTP/1.1" 200 15376 "-" "Mozilla/5.0 (Windows NT 10.0; Win64; x64) AppleWebKit/537.36 (KHTML, like Gecko) Chrome/120.0.0.0 Safari/537.36"
47.128.33.222 - - [29/Jul/2026:01:07:39 +0000] "GET /robots.txt HTTP/1.1" 301 178 "-" "Mozilla/5.0 (Linux; Android 5.0) AppleWebKit/537.36 (KHTML, like Gecko) Mobile Safari/537.36 (compatible; Bytespider; spider-feedback@bytedance.com)"
65.1.209.187 - - [29/Jul/2026:01:07:40 +0000] "POST /wp-cron.php?doing_wp_cron=1785287260.2146000862121582031250 HTTP/1.1" 200 31 "-" "WordPress/6.9; https://www.drjunior.in"
186.158.200.84 - - [29/Jul/2026:01:07:40 +0000] "POST /wp-json/wp/v2/posts HTTP/1.1" 201 15611 "-" "Mozilla/5.0 (Windows NT 10.0; Win64; x64) AppleWebKit/537.36 (KHTML, like Gecko) Chrome/120.0.0.0 Safari/537.36"
65.1.209.187 - - [29/Jul/2026:01:07:40 +0000] "POST /wp-cron.php?doing_wp_cron=1785287260.7986838817596435546875 HTTP/1.1" 200 31 "-" "WordPress/6.7.2; https://www.trivandrumtennisclub.com"
47.128.33.222 - - [29/Jul/2026:01:07:40 +0000] "GET /robots.txt HTTP/1.1" 200 140 "-" "Mozilla/5.0 (Linux; Android 5.0) AppleWebKit/537.36 (KHTML, like Gecko) Mobile Safari/537.36 (compatible; Bytespider; spider-feedback@bytedance.com)"
186.158.200.84 - - [29/Jul/2026:01:07:42 +0000] "GET /2026/07/28/perche-scegliere-i-casino-online-non-aams-rispetto-ai-casino-tradizionali-2/ HTTP/1.1" 200 15381 "-" "Mozilla/5.0 (Windows NT 10.0; Win64; x64) AppleWebKit/537.36 (KHTML, like Gecko) Chrome/120.0.0.0 Safari/537.36"
186.158.200.84 - - [29/Jul/2026:01:07:46 +0000] "GET /2026/07/28/perche-scegliere-i-casino-online-non-aams-rispetto-ai-casino-tradizionali-2/ HTTP/1.1" 200 15392 "-" "Mozilla/5.0 (Windows NT 10.0; Win64; x64) AppleWebKit/537.36 (KHTML, like Gecko) Chrome/120.0.0.0 Safari/537.36"
186.158.200.84 - - [29/Jul/2026:01:07:51 +0000] "GET /2026/07/28/perche-scegliere-i-casino-online-non-aams-rispetto-ai-casino-tradizionali-2/ HTTP/1.1" 200 15384 "-" "Mozilla/5.0 (Windows NT 10.0; Win64; x64) AppleWebKit/537.36 (KHTML, like Gecko) Chrome/120.0.0.0 Safari/537.36"
65.1.209.187 - - [29/Jul/2026:01:07:53 +0000] "POST /wp-cron.php?doing_wp_cron=1785287273.5468780994415283203125 HTTP/1.1" 200 31 "-" "WordPress/6.9; https://www.drjunior.in"
186.158.200.84 - - [29/Jul/2026:01:07:53 +0000] "POST /wp-json/wp/v2/posts HTTP/1.1" 201 15611 "-" "Mozilla/5.0 (Windows NT 10.0; Win64; x64) AppleWebKit/537.36 (KHTML, like Gecko) Chrome/120.0.0.0 Safari/537.36"
186.158.200.84 - - [29/Jul/2026:01:07:55 +0000] "GET /2026/07/28/perche-scegliere-i-casino-online-non-aams-rispetto-ai-casino-tradizionali-3/ HTTP/1.1" 200 15385 "-" "Mozilla/5.0 (Windows NT 10.0; Win64; x64) AppleWebKit/537.36 (KHTML, like Gecko) Chrome/120.0.0.0 Safari/537.36"
186.158.200.84 - - [29/Jul/2026:01:07:59 +0000] "GET /2026/07/28/perche-scegliere-i-casino-online-non-aams-rispetto-ai-casino-tradizionali-3/ HTTP/1.1" 200 15389 "-" "Mozilla/5.0 (Windows NT 10.0; Win64; x64) AppleWebKit/537.36 (KHTML, like Gecko) Chrome/120.0.0.0 Safari/537.36"
186.158.200.84 - - [29/Jul/2026:01:08:03 +0000] "GET /2026/07/28/perche-scegliere-i-casino-online-non-aams-rispetto-ai-casino-tradizionali-3/ HTTP/1.1" 200 15396 "-" "Mozilla/5.0 (Windows NT 10.0; Win64; x64) AppleWebKit/537.36 (KHTML, like Gecko) Chrome/120.0.0.0 Safari/537.36"
186.158.200.84 - - [29/Jul/2026:01:08:06 +0000] "GET /wp-admin/post-new.php HTTP/1.1" 200 79139 "-" "Mozilla/5.0 (Windows NT 10.0; Win64; x64) AppleWebKit/537.36 (KHTML, like Gecko) Chrome/120.0.0.0 Safari/537.36"
65.1.209.187 - - [29/Jul/2026:01:08:09 +0000] "POST /wp-cron.php?doing_wp_cron=1785287289.3166689872741699218750 HTTP/1.1" 200 31 "-" "WordPress/6.9; https://www.drjunior.in"
186.158.200.84 - - [29/Jul/2026:01:08:09 +0000] "POST /wp-admin/post.php HTTP/1.1" 302 5 "-" "Mozilla/5.0 (Windows NT 10.0; Win64; x64) AppleWebKit/537.36 (KHTML, like Gecko) Chrome/120.0.0.0 Safari/537.36"
186.158.200.84 - - [29/Jul/2026:01:08:10 +0000] "GET /wp-admin/post.php?post=1177&action=edit&message=1 HTTP/1.1" 200 83076 "-" "Mozilla/5.0 (Windows NT 10.0; Win64; x64) AppleWebKit/537.36 (KHTML, like Gecko) Chrome/120.0.0.0 Safari/537.36"
164.163.153.113 - - [29/Jul/2026:01:08:15 +0000] "GET /?p=1177 HTTP/1.1" 301 5 "-" "Mozilla/5.0 (Windows NT 10.0; Win64; x64) AppleWebKit/537.36 (KHTML, like Gecko) Chrome/120.0.0.0 Safari/537.36"
164.163.153.113 - - [29/Jul/2026:01:08:17 +0000] "GET /2026/07/29/perche-scegliere-i-casino-online-non-aams-rispetto-ai-casino-tradizionali-4/ HTTP/1.1" 200 15380 "-" "Mozilla/5.0 (Windows NT 10.0; Win64; x64) AppleWebKit/537.36 (KHTML, like Gecko) Chrome/120.0.0.0 Safari/537.36"
164.163.153.113 - - [29/Jul/2026:01:08:21 +0000] "GET /?p=1177 HTTP/1.1" 301 5 "-" "Mozilla/5.0 (Windows NT 10.0; Win64; x64) AppleWebKit/537.36 (KHTML, like Gecko) Chrome/120.0.0.0 Safari/537.36"
164.163.153.113 - - [29/Jul/2026:01:08:23 +0000] "GET /2026/07/29/perche-scegliere-i-casino-online-non-aams-rispetto-ai-casino-tradizionali-4/ HTTP/1.1" 200 15386 "-" "Mozilla/5.0 (Windows NT 10.0; Win64; x64) AppleWebKit/537.36 (KHTML, like Gecko) Chrome/120.0.0.0 Safari/537.36"
164.163.153.113 - - [29/Jul/2026:01:08:27 +0000] "GET /?p=1177 HTTP/1.1" 301 5 "-" "Mozilla/5.0 (Windows NT 10.0; Win64; x64) AppleWebKit/537.36 (KHTML, like Gecko) Chrome/120.0.0.0 Safari/537.36"
164.163.153.113 - - [29/Jul/2026:01:08:29 +0000] "GET /2026/07/29/perche-scegliere-i-casino-online-non-aams-rispetto-ai-casino-tradizionali-4/ HTTP/1.1" 200 15388 "-" "Mozilla/5.0 (Windows NT 10.0; Win64; x64) AppleWebKit/537.36 (KHTML, like Gecko) Chrome/120.0.0.0 Safari/537.36"
189.51.23.42 - - [29/Jul/2026:01:08:34 +0000] "GET / HTTP/1.1" 200 15830 "-" "Mozilla/5.0 (Windows NT 10.0; Win64; x64) AppleWebKit/537.36 (KHTML, like Gecko) Chrome/120.0.0.0 Safari/537.36"
65.1.209.187 - - [29/Jul/2026:01:08:35 +0000] "POST /wp-cron.php?doing_wp_cron=1785287315.5653300285339355468750 HTTP/1.1" 200 31 "-" "WordPress/6.7.2; https://www.trivandrumtennisclub.com"
47.128.111.136 - - [29/Jul/2026:01:08:35 +0000] "GET /auctiontptl8 HTTP/1.1" 404 15933 "-" "Mozilla/5.0 (Linux; Android 5.0) AppleWebKit/537.36 (KHTML, like Gecko) Mobile Safari/537.36 (compatible; TikTokSpider; ttspider-feedback@tiktok.com)"
47.128.111.136 - - [29/Jul/2026:01:08:36 +0000] "GET /wp-content/themes/ttc/images/bottom-logo.avif HTTP/1.1" 206 500 "https://www.trivandrumtennisclub.com/auctiontptl8" "Mozilla/5.0 (Linux; Android 5.0) AppleWebKit/537.36 (KHTML, like Gecko) Mobile Safari/537.36 (compatible; TikTokSpider; ttspider-feedback@tiktok.com)"
47.128.111.136 - - [29/Jul/2026:01:08:36 +0000] "GET /wp-content/themes/ttc/images/logo.png HTTP/1.1" 206 500 "https://www.trivandrumtennisclub.com/auctiontptl8" "Mozilla/5.0 (Linux; Android 5.0) AppleWebKit/537.36 (KHTML, like Gecko) Mobile Safari/537.36 (compatible; TikTokSpider; ttspider-feedback@tiktok.com)"
47.128.111.136 - - [29/Jul/2026:01:08:36 +0000] "GET /wp-content/themes/ttc/images/bottom-logo.avif HTTP/1.1" 304 0 "https://www.trivandrumtennisclub.com/auctiontptl8" "Mozilla/5.0 (Linux; Android 5.0) AppleWebKit/537.36 (KHTML, like Gecko) Mobile Safari/537.36 (compatible; TikTokSpider; ttspider-feedback@tiktok.com)"
47.128.111.136 - - [29/Jul/2026:01:08:36 +0000] "GET /wp-content/themes/ttc/images/bottom-logo-text.png HTTP/1.1" 206 500 "https://www.trivandrumtennisclub.com/auctiontptl8" "Mozilla/5.0 (Linux; Android 5.0) AppleWebKit/537.36 (KHTML, like Gecko) Mobile Safari/537.36 (compatible; TikTokSpider; ttspider-feedback@tiktok.com)"
47.128.111.136 - - [29/Jul/2026:01:08:36 +0000] "GET /wp-content/themes/ttc/images/bottom-logo.avif HTTP/1.1" 206 8315 "https://www.trivandrumtennisclub.com/auctiontptl8" "Mozilla/5.0 (Linux; Android 5.0) AppleWebKit/537.36 (KHTML, like Gecko) Mobile Safari/537.36 (compatible; TikTokSpider; ttspider-feedback@tiktok.com)"
189.51.23.42 - - [29/Jul/2026:01:08:36 +0000] "GET /wp-login.php HTTP/1.1" 200 2034 "-" "Mozilla/5.0 (Windows NT 10.0; Win64; x64) AppleWebKit/537.36 (KHTML, like Gecko) Chrome/120.0.0.0 Safari/537.36"
47.128.111.136 - - [29/Jul/2026:01:08:36 +0000] "GET /wp-content/themes/ttc/images/humberg.png HTTP/1.1" 206 130 "https://www.trivandrumtennisclub.com/wp-content/themes/ttc/css/styles.css?ver=6.7.2" "Mozilla/5.0 (Linux; Android 5.0) AppleWebKit/537.36 (KHTML, like Gecko) Mobile Safari/537.36 (compatible; TikTokSpider; ttspider-feedback@tiktok.com)"
