31.215.56.242 - - [29/Jul/2026:01:38:56 +0000] "GET /2026/07/28/kak-skachat-pin-ap-ofitsialnyi-sait-stavok-na-sport-i-bukmekerskie-vozmozhnosti-18/ HTTP/1.1" 200 15672 "-" "Mozilla/5.0 (Windows NT 10.0; Win64; x64) AppleWebKit/537.36 (KHTML, like Gecko) Chrome/120.0.0.0 Safari/537.36"
31.215.56.242 - - [29/Jul/2026:01:38:59 +0000] "GET /2026/07/28/kak-skachat-pin-ap-ofitsialnyi-sait-stavok-na-sport-i-bukmekerskie-vozmozhnosti-18/ HTTP/1.1" 200 15660 "-" "Mozilla/5.0 (Windows NT 10.0; Win64; x64) AppleWebKit/537.36 (KHTML, like Gecko) Chrome/120.0.0.0 Safari/537.36"
65.1.209.187 - - [29/Jul/2026:01:39:02 +0000] "POST /wp-cron.php?doing_wp_cron=1785289141.9709300994873046875000 HTTP/1.1" 200 31 "-" "WordPress/6.7.2; https://www.trivandrumtennisclub.com"
57.141.0.4 - - [29/Jul/2026:01:39:02 +0000] "GET /?p=1869 HTTP/1.1" 301 5 "-" "Mozilla/5.0 (Macintosh; Intel Mac OS X 10_15_7) AppleWebKit/537.36 (KHTML, like Gecko) Chrome/145.0.0.0 Safari/537.36 (compatible; meta-webindexer/1.1 (+https://developers.facebook.com/docs/sharing/webmasters/crawler))"
31.215.56.242 - - [29/Jul/2026:01:39:03 +0000] "GET /2026/07/28/kak-skachat-pin-ap-ofitsialnyi-sait-stavok-na-sport-i-bukmekerskie-vozmozhnosti-18/ HTTP/1.1" 200 15675 "-" "Mozilla/5.0 (Windows NT 10.0; Win64; x64) AppleWebKit/537.36 (KHTML, like Gecko) Chrome/120.0.0.0 Safari/537.36"
31.215.56.242 - - [29/Jul/2026:01:39:04 +0000] "GET /wp-admin/post-new.php HTTP/1.1" 200 79127 "-" "Mozilla/5.0 (Windows NT 10.0; Win64; x64) AppleWebKit/537.36 (KHTML, like Gecko) Chrome/120.0.0.0 Safari/537.36"
65.1.209.187 - - [29/Jul/2026:01:39:06 +0000] "POST /wp-cron.php?doing_wp_cron=1785289146.1654920578002929687500 HTTP/1.1" 200 31 "-" "WordPress/6.9; https://www.drjunior.in"
31.215.56.242 - - [29/Jul/2026:01:39:06 +0000] "POST /wp-admin/post.php HTTP/1.1" 302 5 "-" "Mozilla/5.0 (Windows NT 10.0; Win64; x64) AppleWebKit/537.36 (KHTML, like Gecko) Chrome/120.0.0.0 Safari/537.36"
31.215.56.242 - - [29/Jul/2026:01:39:07 +0000] "GET /wp-admin/post.php?post=1354&action=edit&message=1 HTTP/1.1" 200 89536 "-" "Mozilla/5.0 (Windows NT 10.0; Win64; x64) AppleWebKit/537.36 (KHTML, like Gecko) Chrome/120.0.0.0 Safari/537.36"
92.241.36.59 - - [29/Jul/2026:01:39:12 +0000] "GET /?p=1354 HTTP/1.1" 301 5 "-" "Mozilla/5.0 (Windows NT 10.0; Win64; x64) AppleWebKit/537.36 (KHTML, like Gecko) Chrome/120.0.0.0 Safari/537.36"
92.241.36.59 - - [29/Jul/2026:01:39:13 +0000] "GET /2026/07/29/kak-skachat-pin-ap-ofitsialnyi-sait-stavok-na-sport-i-bukmekerskie-vozmozhnosti-19/ HTTP/1.1" 200 15667 "-" "Mozilla/5.0 (Windows NT 10.0; Win64; x64) AppleWebKit/537.36 (KHTML, like Gecko) Chrome/120.0.0.0 Safari/537.36"
92.241.36.59 - - [29/Jul/2026:01:39:16 +0000] "GET /?p=1354 HTTP/1.1" 301 5 "-" "Mozilla/5.0 (Windows NT 10.0; Win64; x64) AppleWebKit/537.36 (KHTML, like Gecko) Chrome/120.0.0.0 Safari/537.36"
92.241.36.59 - - [29/Jul/2026:01:39:17 +0000] "GET /2026/07/29/kak-skachat-pin-ap-ofitsialnyi-sait-stavok-na-sport-i-bukmekerskie-vozmozhnosti-19/ HTTP/1.1" 200 15677 "-" "Mozilla/5.0 (Windows NT 10.0; Win64; x64) AppleWebKit/537.36 (KHTML, like Gecko) Chrome/120.0.0.0 Safari/537.36"
92.241.36.59 - - [29/Jul/2026:01:39:20 +0000] "GET /?p=1354 HTTP/1.1" 301 5 "-" "Mozilla/5.0 (Windows NT 10.0; Win64; x64) AppleWebKit/537.36 (KHTML, like Gecko) Chrome/120.0.0.0 Safari/537.36"
92.241.36.59 - - [29/Jul/2026:01:39:22 +0000] "GET /2026/07/29/kak-skachat-pin-ap-ofitsialnyi-sait-stavok-na-sport-i-bukmekerskie-vozmozhnosti-19/ HTTP/1.1" 200 15682 "-" "Mozilla/5.0 (Windows NT 10.0; Win64; x64) AppleWebKit/537.36 (KHTML, like Gecko) Chrome/120.0.0.0 Safari/537.36"
65.1.209.187 - - [29/Jul/2026:01:39:35 +0000] "POST /wp-cron.php?doing_wp_cron=1785289175.7101490497589111328125 HTTP/1.1" 200 31 "-" "WordPress/6.7.2; https://www.trivandrumtennisclub.com"
181.127.176.215 - - [29/Jul/2026:01:39:35 +0000] "GET / HTTP/1.1" 200 15847 "-" "Mozilla/5.0 (Windows NT 10.0; Win64; x64) AppleWebKit/537.36 (KHTML, like Gecko) Chrome/120.0.0.0 Safari/537.36"
57.141.0.15 - - [29/Jul/2026:01:39:35 +0000] "GET /member/dr-babu-mathew/ HTTP/1.1" 200 17659 "-" "Mozilla/5.0 (Windows NT 10.0; Win64; x64) AppleWebKit/537.36 (KHTML, like Gecko) Chrome/145.0.0.0 Safari/537.36 (compatible; meta-externalagent/1.1 (+https://developers.facebook.com/docs/sharing/webmasters/crawler))"
181.127.176.215 - - [29/Jul/2026:01:39:37 +0000] "GET /wp-login.php HTTP/1.1" 200 2037 "-" "Mozilla/5.0 (Windows NT 10.0; Win64; x64) AppleWebKit/537.36 (KHTML, like Gecko) Chrome/120.0.0.0 Safari/537.36"
181.127.176.215 - - [29/Jul/2026:01:39:38 +0000] "POST /wp-login.php HTTP/1.1" 302 5 "https://www.drjunior.in/wp-login.php" "Mozilla/5.0 (Windows NT 10.0; Win64; x64) AppleWebKit/537.36 (KHTML, like Gecko) Chrome/120.0.0.0 Safari/537.36"
181.127.176.215 - - [29/Jul/2026:01:39:39 +0000] "GET /wp-admin/ HTTP/1.1" 200 24361 "https://www.drjunior.in/wp-login.php" "Mozilla/5.0 (Windows NT 10.0; Win64; x64) AppleWebKit/537.36 (KHTML, like Gecko) Chrome/120.0.0.0 Safari/537.36"
200.1.209.4 - - [29/Jul/2026:01:39:44 +0000] "GET /wp-admin/ HTTP/1.1" 200 24361 "-" "Mozilla/5.0 (Windows NT 10.0; Win64; x64) AppleWebKit/537.36 (KHTML, like Gecko) Chrome/120.0.0.0 Safari/537.36"
57.141.0.67 - - [29/Jul/2026:01:39:46 +0000] "GET /member/sri-rajan-abraham/ HTTP/1.1" 200 17846 "-" "Mozilla/5.0 (Windows NT 10.0; Win64; x64) AppleWebKit/537.36 (KHTML, like Gecko) Chrome/145.0.0.0 Safari/537.36 (compatible; meta-externalagent/1.1 (+https://developers.facebook.com/docs/sharing/webmasters/crawler))"
200.1.209.4 - - [29/Jul/2026:01:39:48 +0000] "GET /wp-admin/post-new.php HTTP/1.1" 200 79139 "-" "Mozilla/5.0 (Windows NT 10.0; Win64; x64) AppleWebKit/537.36 (KHTML, like Gecko) Chrome/120.0.0.0 Safari/537.36"
200.1.209.4 - - [29/Jul/2026:01:39:51 +0000] "POST /xmlrpc.php HTTP/1.1" 200 661 "-" "WordPress/5.0; https://www.drjunior.in"
200.1.209.4 - - [29/Jul/2026:01:39:53 +0000] "GET /wp-admin/admin-ajax.php?action=rest-nonce HTTP/1.1" 200 41 "-" "Mozilla/5.0 (Windows NT 10.0; Win64; x64) AppleWebKit/537.36 (KHTML, like Gecko) Chrome/120.0.0.0 Safari/537.36"
65.1.209.187 - - [29/Jul/2026:01:39:55 +0000] "POST /wp-cron.php?doing_wp_cron=1785289195.0260760784149169921875 HTTP/1.1" 200 31 "-" "WordPress/6.9; https://www.drjunior.in"
200.1.209.4 - - [29/Jul/2026:01:39:55 +0000] "POST /xmlrpc.php HTTP/1.1" 200 190 "-" "Mozilla/5.0 (Windows NT 10.0; Win64; x64) AppleWebKit/537.36 (KHTML, like Gecko) Chrome/120.0.0.0 Safari/537.36"
200.1.209.4 - - [29/Jul/2026:01:39:56 +0000] "GET /?p=1357 HTTP/1.1" 301 5 "-" "Mozilla/5.0 (Windows NT 10.0; Win64; x64) AppleWebKit/537.36 (KHTML, like Gecko) Chrome/120.0.0.0 Safari/537.36"
200.1.209.4 - - [29/Jul/2026:01:39:57 +0000] "GET /2026/07/28/znaczenie-obrotu-w-bonusach-filmowych-w-kasynie-vox-i-jego-wplyw/ HTTP/1.1" 200 15412 "-" "Mozilla/5.0 (Windows NT 10.0; Win64; x64) AppleWebKit/537.36 (KHTML, like Gecko) Chrome/120.0.0.0 Safari/537.36"
200.1.209.4 - - [29/Jul/2026:01:40:01 +0000] "GET /?p=1357 HTTP/1.1" 301 5 "-" "Mozilla/5.0 (Windows NT 10.0; Win64; x64) AppleWebKit/537.36 (KHTML, like Gecko) Chrome/120.0.0.0 Safari/537.36"
200.1.209.4 - - [29/Jul/2026:01:40:03 +0000] "GET /2026/07/28/znaczenie-obrotu-w-bonusach-filmowych-w-kasynie-vox-i-jego-wplyw/ HTTP/1.1" 200 15420 "-" "Mozilla/5.0 (Windows NT 10.0; Win64; x64) AppleWebKit/537.36 (KHTML, like Gecko) Chrome/120.0.0.0 Safari/537.36"
200.1.209.4 - - [29/Jul/2026:01:40:07 +0000] "GET /?p=1357 HTTP/1.1" 301 5 "-" "Mozilla/5.0 (Windows NT 10.0; Win64; x64) AppleWebKit/537.36 (KHTML, like Gecko) Chrome/120.0.0.0 Safari/537.36"
200.1.209.4 - - [29/Jul/2026:01:40:09 +0000] "GET /2026/07/28/znaczenie-obrotu-w-bonusach-filmowych-w-kasynie-vox-i-jego-wplyw/ HTTP/1.1" 200 15414 "-" "Mozilla/5.0 (Windows NT 10.0; Win64; x64) AppleWebKit/537.36 (KHTML, like Gecko) Chrome/120.0.0.0 Safari/537.36"
200.1.209.4 - - [29/Jul/2026:01:40:10 +0000] "GET /wp-json/wp/v2/categories?search=casino HTTP/1.1" 200 666 "-" "Mozilla/5.0 (Windows NT 10.0; Win64; x64) AppleWebKit/537.36 (KHTML, like Gecko) Chrome/120.0.0.0 Safari/537.36"
65.1.209.187 - - [29/Jul/2026:01:40:11 +0000] "POST /wp-cron.php?doing_wp_cron=1785289211.8017640113830566406250 HTTP/1.1" 200 31 "-" "WordPress/6.9; https://www.drjunior.in"
200.1.209.4 - - [29/Jul/2026:01:40:11 +0000] "POST /wp-json/wp/v2/posts HTTP/1.1" 201 15932 "-" "Mozilla/5.0 (Windows NT 10.0; Win64; x64) AppleWebKit/537.36 (KHTML, like Gecko) Chrome/120.0.0.0 Safari/537.36"
200.1.209.4 - - [29/Jul/2026:01:40:13 +0000] "GET /2026/07/28/znaczenie-obrotu-w-bonusach-filmowych-w-kasynie-vox-i-jego-wplyw-2/ HTTP/1.1" 200 15418 "-" "Mozilla/5.0 (Windows NT 10.0; Win64; x64) AppleWebKit/537.36 (KHTML, like Gecko) Chrome/120.0.0.0 Safari/537.36"
200.1.209.4 - - [29/Jul/2026:01:40:17 +0000] "GET /2026/07/28/znaczenie-obrotu-w-bonusach-filmowych-w-kasynie-vox-i-jego-wplyw-2/ HTTP/1.1" 200 15409 "-" "Mozilla/5.0 (Windows NT 10.0; Win64; x64) AppleWebKit/537.36 (KHTML, like Gecko) Chrome/120.0.0.0 Safari/537.36"
200.1.209.4 - - [29/Jul/2026:01:40:21 +0000] "GET /2026/07/28/znaczenie-obrotu-w-bonusach-filmowych-w-kasynie-vox-i-jego-wplyw-2/ HTTP/1.1" 200 15419 "-" "Mozilla/5.0 (Windows NT 10.0; Win64; x64) AppleWebKit/537.36 (KHTML, like Gecko) Chrome/120.0.0.0 Safari/537.36"
200.1.209.4 - - [29/Jul/2026:01:40:23 +0000] "GET /wp-json/wp/v2/categories?search=casino HTTP/1.1" 200 666 "-" "Mozilla/5.0 (Windows NT 10.0; Win64; x64) AppleWebKit/537.36 (KHTML, like Gecko) Chrome/120.0.0.0 Safari/537.36"
65.1.209.187 - - [29/Jul/2026:01:40:25 +0000] "POST /wp-cron.php?doing_wp_cron=1785289225.4418449401855468750000 HTTP/1.1" 200 31 "-" "WordPress/6.9; https://www.drjunior.in"
200.1.209.4 - - [29/Jul/2026:01:40:25 +0000] "POST /wp-json/wp/v2/posts HTTP/1.1" 201 15932 "-" "Mozilla/5.0 (Windows NT 10.0; Win64; x64) AppleWebKit/537.36 (KHTML, like Gecko) Chrome/120.0.0.0 Safari/537.36"
200.1.209.4 - - [29/Jul/2026:01:40:27 +0000] "GET /2026/07/28/znaczenie-obrotu-w-bonusach-filmowych-w-kasynie-vox-i-jego-wplyw-3/ HTTP/1.1" 200 15416 "-" "Mozilla/5.0 (Windows NT 10.0; Win64; x64) AppleWebKit/537.36 (KHTML, like Gecko) Chrome/120.0.0.0 Safari/537.36"
200.1.209.4 - - [29/Jul/2026:01:40:31 +0000] "GET /2026/07/28/znaczenie-obrotu-w-bonusach-filmowych-w-kasynie-vox-i-jego-wplyw-3/ HTTP/1.1" 200 15413 "-" "Mozilla/5.0 (Windows NT 10.0; Win64; x64) AppleWebKit/537.36 (KHTML, like Gecko) Chrome/120.0.0.0 Safari/537.36"
200.1.209.4 - - [29/Jul/2026:01:40:36 +0000] "GET /2026/07/28/znaczenie-obrotu-w-bonusach-filmowych-w-kasynie-vox-i-jego-wplyw-3/ HTTP/1.1" 200 15409 "-" "Mozilla/5.0 (Windows NT 10.0; Win64; x64) AppleWebKit/537.36 (KHTML, like Gecko) Chrome/120.0.0.0 Safari/537.36"
200.1.209.4 - - [29/Jul/2026:01:40:39 +0000] "GET /wp-admin/post-new.php HTTP/1.1" 200 79128 "-" "Mozilla/5.0 (Windows NT 10.0; Win64; x64) AppleWebKit/537.36 (KHTML, like Gecko) Chrome/120.0.0.0 Safari/537.36"
200.1.209.4 - - [29/Jul/2026:01:40:43 +0000] "POST /wp-json/wp/v2/categories?_locale=user HTTP/1.1" 400 166 "-" "Mozilla/5.0 (Windows NT 10.0; Win64; x64) AppleWebKit/537.36 (KHTML, like Gecko) Chrome/120.0.0.0 Safari/537.36"
65.1.209.187 - - [29/Jul/2026:01:40:45 +0000] "POST /wp-cron.php?doing_wp_cron=1785289245.0499970912933349609375 HTTP/1.1" 200 31 "-" "WordPress/6.9; https://www.drjunior.in"
200.1.209.4 - - [29/Jul/2026:01:40:45 +0000] "POST /wp-admin/post.php HTTP/1.1" 302 5 "-" "Mozilla/5.0 (Windows NT 10.0; Win64; x64) AppleWebKit/537.36 (KHTML, like Gecko) Chrome/120.0.0.0 Safari/537.36"
200.1.209.4 - - [29/Jul/2026:01:40:46 +0000] "GET /wp-admin/post.php?post=1361&action=edit&message=1 HTTP/1.1" 200 82680 "-" "Mozilla/5.0 (Windows NT 10.0; Win64; x64) AppleWebKit/537.36 (KHTML, like Gecko) Chrome/120.0.0.0 Safari/537.36"
177.226.144.175 - - [29/Jul/2026:01:40:50 +0000] "GET /?p=1361 HTTP/1.1" 301 5 "-" "Mozilla/5.0 (Windows NT 10.0; Win64; x64) AppleWebKit/537.36 (KHTML, like Gecko) Chrome/120.0.0.0 Safari/537.36"
177.226.144.175 - - [29/Jul/2026:01:40:51 +0000] "GET /2026/07/29/znaczenie-obrotu-w-bonusach-filmowych-w-kasynie-vox-i-jego-wplyw-4/ HTTP/1.1" 200 15414 "-" "Mozilla/5.0 (Windows NT 10.0; Win64; x64) AppleWebKit/537.36 (KHTML, like Gecko) Chrome/120.0.0.0 Safari/537.36"
177.226.144.175 - - [29/Jul/2026:01:40:55 +0000] "GET /?p=1361 HTTP/1.1" 301 5 "-" "Mozilla/5.0 (Windows NT 10.0; Win64; x64) AppleWebKit/537.36 (KHTML, like Gecko) Chrome/120.0.0.0 Safari/537.36"
177.226.144.175 - - [29/Jul/2026:01:40:56 +0000] "GET /2026/07/29/znaczenie-obrotu-w-bonusach-filmowych-w-kasynie-vox-i-jego-wplyw-4/ HTTP/1.1" 200 15424 "-" "Mozilla/5.0 (Windows NT 10.0; Win64; x64) AppleWebKit/537.36 (KHTML, like Gecko) Chrome/120.0.0.0 Safari/537.36"
177.226.144.175 - - [29/Jul/2026:01:41:00 +0000] "GET /?p=1361 HTTP/1.1" 301 5 "-" "Mozilla/5.0 (Windows NT 10.0; Win64; x64) AppleWebKit/537.36 (KHTML, like Gecko) Chrome/120.0.0.0 Safari/537.36"
177.226.144.175 - - [29/Jul/2026:01:41:01 +0000] "GET /2026/07/29/znaczenie-obrotu-w-bonusach-filmowych-w-kasynie-vox-i-jego-wplyw-4/ HTTP/1.1" 200 15413 "-" "Mozilla/5.0 (Windows NT 10.0; Win64; x64) AppleWebKit/537.36 (KHTML, like Gecko) Chrome/120.0.0.0 Safari/537.36"
141.193.149.68 - - [29/Jul/2026:01:41:04 +0000] "GET / HTTP/1.1" 200 15830 "-" "Mozilla/5.0 (Windows NT 10.0; Win64; x64) AppleWebKit/537.36 (KHTML, like Gecko) Chrome/120.0.0.0 Safari/537.36"
141.193.149.68 - - [29/Jul/2026:01:41:06 +0000] "GET /wp-login.php HTTP/1.1" 200 2038 "-" "Mozilla/5.0 (Windows NT 10.0; Win64; x64) AppleWebKit/537.36 (KHTML, like Gecko) Chrome/120.0.0.0 Safari/537.36"
141.193.149.68 - - [29/Jul/2026:01:41:07 +0000] "POST /wp-login.php HTTP/1.1" 302 5 "https://www.drjunior.in/wp-login.php" "Mozilla/5.0 (Windows NT 10.0; Win64; x64) AppleWebKit/537.36 (KHTML, like Gecko) Chrome/120.0.0.0 Safari/537.36"
141.193.149.68 - - [29/Jul/2026:01:41:09 +0000] "GET /wp-admin/ HTTP/1.1" 200 24399 "https://www.drjunior.in/wp-login.php" "Mozilla/5.0 (Windows NT 10.0; Win64; x64) AppleWebKit/537.36 (KHTML, like Gecko) Chrome/120.0.0.0 Safari/537.36"
89.43.133.148 - - [29/Jul/2026:01:41:13 +0000] "GET /wp-admin/ HTTP/1.1" 200 24399 "-" "Mozilla/5.0 (Windows NT 10.0; Win64; x64) AppleWebKit/537.36 (KHTML, like Gecko) Chrome/120.0.0.0 Safari/537.36"
89.43.133.148 - - [29/Jul/2026:01:41:15 +0000] "GET /wp-admin/post-new.php HTTP/1.1" 200 79127 "-" "Mozilla/5.0 (Windows NT 10.0; Win64; x64) AppleWebKit/537.36 (KHTML, like Gecko) Chrome/120.0.0.0 Safari/537.36"
89.43.133.148 - - [29/Jul/2026:01:41:19 +0000] "POST /xmlrpc.php HTTP/1.1" 200 661 "-" "WordPress/5.0; https://www.drjunior.in"
89.43.133.148 - - [29/Jul/2026:01:41:20 +0000] "GET /wp-admin/admin-ajax.php?action=rest-nonce HTTP/1.1" 200 41 "-" "Mozilla/5.0 (Windows NT 10.0; Win64; x64) AppleWebKit/537.36 (KHTML, like Gecko) Chrome/120.0.0.0 Safari/537.36"
65.1.209.187 - - [29/Jul/2026:01:41:22 +0000] "POST /wp-cron.php?doing_wp_cron=1785289282.6562559604644775390625 HTTP/1.1" 200 31 "-" "WordPress/6.9; https://www.drjunior.in"
89.43.133.148 - - [29/Jul/2026:01:41:22 +0000] "POST /xmlrpc.php HTTP/1.1" 200 190 "-" "Mozilla/5.0 (Windows NT 10.0; Win64; x64) AppleWebKit/537.36 (KHTML, like Gecko) Chrome/120.0.0.0 Safari/537.36"
89.43.133.148 - - [29/Jul/2026:01:41:24 +0000] "GET /?p=1364 HTTP/1.1" 301 5 "-" "Mozilla/5.0 (Windows NT 10.0; Win64; x64) AppleWebKit/537.36 (KHTML, like Gecko) Chrome/120.0.0.0 Safari/537.36"
89.43.133.148 - - [29/Jul/2026:01:41:25 +0000] "GET /2026/07/28/znaczenie-obrotu-w-bonusach-filmowych-w-kasynie-vox-i-jego-wplyw-5/ HTTP/1.1" 200 15413 "-" "Mozilla/5.0 (Windows NT 10.0; Win64; x64) AppleWebKit/537.36 (KHTML, like Gecko) Chrome/120.0.0.0 Safari/537.36"
89.43.133.148 - - [29/Jul/2026:01:41:29 +0000] "GET /?p=1364 HTTP/1.1" 301 5 "-" "Mozilla/5.0 (Windows NT 10.0; Win64; x64) AppleWebKit/537.36 (KHTML, like Gecko) Chrome/120.0.0.0 Safari/537.36"
89.43.133.148 - - [29/Jul/2026:01:41:30 +0000] "GET /2026/07/28/znaczenie-obrotu-w-bonusach-filmowych-w-kasynie-vox-i-jego-wplyw-5/ HTTP/1.1" 200 15428 "-" "Mozilla/5.0 (Windows NT 10.0; Win64; x64) AppleWebKit/537.36 (KHTML, like Gecko) Chrome/120.0.0.0 Safari/537.36"
89.43.133.148 - - [29/Jul/2026:01:41:34 +0000] "GET /?p=1364 HTTP/1.1" 301 5 "-" "Mozilla/5.0 (Windows NT 10.0; Win64; x64) AppleWebKit/537.36 (KHTML, like Gecko) Chrome/120.0.0.0 Safari/537.36"
89.43.133.148 - - [29/Jul/2026:01:41:35 +0000] "GET /2026/07/28/znaczenie-obrotu-w-bonusach-filmowych-w-kasynie-vox-i-jego-wplyw-5/ HTTP/1.1" 200 15410 "-" "Mozilla/5.0 (Windows NT 10.0; Win64; x64) AppleWebKit/537.36 (KHTML, like Gecko) Chrome/120.0.0.0 Safari/537.36"
89.43.133.148 - - [29/Jul/2026:01:41:37 +0000] "GET /wp-json/wp/v2/categories?search=casino HTTP/1.1" 200 666 "-" "Mozilla/5.0 (Windows NT 10.0; Win64; x64) AppleWebKit/537.36 (KHTML, like Gecko) Chrome/120.0.0.0 Safari/537.36"
65.1.209.187 - - [29/Jul/2026:01:41:39 +0000] "POST /wp-cron.php?doing_wp_cron=1785289299.7501430511474609375000 HTTP/1.1" 200 31 "-" "WordPress/6.9; https://www.drjunior.in"
89.43.133.148 - - [29/Jul/2026:01:41:39 +0000] "POST /wp-json/wp/v2/posts HTTP/1.1" 201 15932 "-" "Mozilla/5.0 (Windows NT 10.0; Win64; x64) AppleWebKit/537.36 (KHTML, like Gecko) Chrome/120.0.0.0 Safari/537.36"
89.43.133.148 - - [29/Jul/2026:01:41:41 +0000] "GET /2026/07/28/znaczenie-obrotu-w-bonusach-filmowych-w-kasynie-vox-i-jego-wplyw-6/ HTTP/1.1" 200 15412 "-" "Mozilla/5.0 (Windows NT 10.0; Win64; x64) AppleWebKit/537.36 (KHTML, like Gecko) Chrome/120.0.0.0 Safari/537.36"
89.43.133.148 - - [29/Jul/2026:01:41:45 +0000] "GET /2026/07/28/znaczenie-obrotu-w-bonusach-filmowych-w-kasynie-vox-i-jego-wplyw-6/ HTTP/1.1" 200 15414 "-" "Mozilla/5.0 (Windows NT 10.0; Win64; x64) AppleWebKit/537.36 (KHTML, like Gecko) Chrome/120.0.0.0 Safari/537.36"
20.215.220.96 - - [29/Jul/2026:01:41:47 +0000] "GET / HTTP/1.1" 301 5 "-" "Mozilla/5.0 AppleWebKit/537.36 (KHTML, like Gecko); compatible; ChatGPT-User/1.0; +https://openai.com/bot"
20.215.220.99 - - [29/Jul/2026:01:41:47 +0000] "GET / HTTP/1.1" 200 15850 "-" "Mozilla/5.0 AppleWebKit/537.36 (KHTML, like Gecko); compatible; ChatGPT-User/1.0; +https://openai.com/bot"
89.43.133.148 - - [29/Jul/2026:01:41:49 +0000] "GET /2026/07/28/znaczenie-obrotu-w-bonusach-filmowych-w-kasynie-vox-i-jego-wplyw-6/ HTTP/1.1" 200 15418 "-" "Mozilla/5.0 (Windows NT 10.0; Win64; x64) AppleWebKit/537.36 (KHTML, like Gecko) Chrome/120.0.0.0 Safari/537.36"
89.43.133.148 - - [29/Jul/2026:01:41:51 +0000] "GET /wp-json/wp/v2/categories?search=casino HTTP/1.1" 200 666 "-" "Mozilla/5.0 (Windows NT 10.0; Win64; x64) AppleWebKit/537.36 (KHTML, like Gecko) Chrome/120.0.0.0 Safari/537.36"
65.1.209.187 - - [29/Jul/2026:01:41:52 +0000] "POST /wp-cron.php?doing_wp_cron=1785289312.7719590663909912109375 HTTP/1.1" 200 31 "-" "WordPress/6.9; https://www.drjunior.in"
89.43.133.148 - - [29/Jul/2026:01:41:52 +0000] "POST /wp-json/wp/v2/posts HTTP/1.1" 201 15932 "-" "Mozilla/5.0 (Windows NT 10.0; Win64; x64) AppleWebKit/537.36 (KHTML, like Gecko) Chrome/120.0.0.0 Safari/537.36"
89.43.133.148 - - [29/Jul/2026:01:41:54 +0000] "GET /2026/07/28/znaczenie-obrotu-w-bonusach-filmowych-w-kasynie-vox-i-jego-wplyw-7/ HTTP/1.1" 200 15413 "-" "Mozilla/5.0 (Windows NT 10.0; Win64; x64) AppleWebKit/537.36 (KHTML, like Gecko) Chrome/120.0.0.0 Safari/537.36"
89.43.133.148 - - [29/Jul/2026:01:41:58 +0000] "GET /2026/07/28/znaczenie-obrotu-w-bonusach-filmowych-w-kasynie-vox-i-jego-wplyw-7/ HTTP/1.1" 200 15421 "-" "Mozilla/5.0 (Windows NT 10.0; Win64; x64) AppleWebKit/537.36 (KHTML, like Gecko) Chrome/120.0.0.0 Safari/537.36"
89.43.133.148 - - [29/Jul/2026:01:42:02 +0000] "GET /2026/07/28/znaczenie-obrotu-w-bonusach-filmowych-w-kasynie-vox-i-jego-wplyw-7/ HTTP/1.1" 200 15419 "-" "Mozilla/5.0 (Windows NT 10.0; Win64; x64) AppleWebKit/537.36 (KHTML, like Gecko) Chrome/120.0.0.0 Safari/537.36"
89.43.133.148 - - [29/Jul/2026:01:42:04 +0000] "GET /wp-admin/post-new.php HTTP/1.1" 200 79137 "-" "Mozilla/5.0 (Windows NT 10.0; Win64; x64) AppleWebKit/537.36 (KHTML, like Gecko) Chrome/120.0.0.0 Safari/537.36"
89.43.133.148 - - [29/Jul/2026:01:42:06 +0000] "POST /wp-json/wp/v2/categories?_locale=user HTTP/1.1" 400 166 "-" "Mozilla/5.0 (Windows NT 10.0; Win64; x64) AppleWebKit/537.36 (KHTML, like Gecko) Chrome/120.0.0.0 Safari/537.36"
65.1.209.187 - - [29/Jul/2026:01:42:07 +0000] "POST /wp-cron.php?doing_wp_cron=1785289327.9815928936004638671875 HTTP/1.1" 200 31 "-" "WordPress/6.9; https://www.drjunior.in"
89.43.133.148 - - [29/Jul/2026:01:42:07 +0000] "POST /wp-admin/post.php HTTP/1.1" 302 5 "-" "Mozilla/5.0 (Windows NT 10.0; Win64; x64) AppleWebKit/537.36 (KHTML, like Gecko) Chrome/120.0.0.0 Safari/537.36"
89.43.133.148 - - [29/Jul/2026:01:42:09 +0000] "GET /wp-admin/post.php?post=1368&action=edit&message=1 HTTP/1.1" 200 82691 "-" "Mozilla/5.0 (Windows NT 10.0; Win64; x64) AppleWebKit/537.36 (KHTML, like Gecko) Chrome/120.0.0.0 Safari/537.36"
179.108.201.92 - - [29/Jul/2026:01:42:13 +0000] "GET /?p=1368 HTTP/1.1" 301 5 "-" "Mozilla/5.0 (Windows NT 10.0; Win64; x64) AppleWebKit/537.36 (KHTML, like Gecko) Chrome/120.0.0.0 Safari/537.36"
179.108.201.92 - - [29/Jul/2026:01:42:14 +0000] "GET /2026/07/29/znaczenie-obrotu-w-bonusach-filmowych-w-kasynie-vox-i-jego-wplyw-8/ HTTP/1.1" 200 15424 "-" "Mozilla/5.0 (Windows NT 10.0; Win64; x64) AppleWebKit/537.36 (KHTML, like Gecko) Chrome/120.0.0.0 Safari/537.36"
179.108.201.92 - - [29/Jul/2026:01:42:18 +0000] "GET /?p=1368 HTTP/1.1" 301 5 "-" "Mozilla/5.0 (Windows NT 10.0; Win64; x64) AppleWebKit/537.36 (KHTML, like Gecko) Chrome/120.0.0.0 Safari/537.36"
179.108.201.92 - - [29/Jul/2026:01:42:20 +0000] "GET /2026/07/29/znaczenie-obrotu-w-bonusach-filmowych-w-kasynie-vox-i-jego-wplyw-8/ HTTP/1.1" 200 15425 "-" "Mozilla/5.0 (Windows NT 10.0; Win64; x64) AppleWebKit/537.36 (KHTML, like Gecko) Chrome/120.0.0.0 Safari/537.36"
179.108.201.92 - - [29/Jul/2026:01:42:23 +0000] "GET /?p=1368 HTTP/1.1" 301 5 "-" "Mozilla/5.0 (Windows NT 10.0; Win64; x64) AppleWebKit/537.36 (KHTML, like Gecko) Chrome/120.0.0.0 Safari/537.36"
179.108.201.92 - - [29/Jul/2026:01:42:24 +0000] "GET /2026/07/29/znaczenie-obrotu-w-bonusach-filmowych-w-kasynie-vox-i-jego-wplyw-8/ HTTP/1.1" 200 15427 "-" "Mozilla/5.0 (Windows NT 10.0; Win64; x64) AppleWebKit/537.36 (KHTML, like Gecko) Chrome/120.0.0.0 Safari/537.36"
103.250.15.222 - - [29/Jul/2026:01:42:28 +0000] "GET / HTTP/1.1" 200 15845 "-" "Mozilla/5.0 (Windows NT 10.0; Win64; x64) AppleWebKit/537.36 (KHTML, like Gecko) Chrome/120.0.0.0 Safari/537.36"
103.250.15.222 - - [29/Jul/2026:01:42:29 +0000] "GET /wp-login.php HTTP/1.1" 200 2036 "-" "Mozilla/5.0 (Windows NT 10.0; Win64; x64) AppleWebKit/537.36 (KHTML, like Gecko) Chrome/120.0.0.0 Safari/537.36"
103.250.15.222 - - [29/Jul/2026:01:42:31 +0000] "POST /wp-login.php HTTP/1.1" 302 5 "https://www.drjunior.in/wp-login.php" "Mozilla/5.0 (Windows NT 10.0; Win64; x64) AppleWebKit/537.36 (KHTML, like Gecko) Chrome/120.0.0.0 Safari/537.36"
103.250.15.222 - - [29/Jul/2026:01:42:32 +0000] "GET /wp-admin/ HTTP/1.1" 200 24395 "https://www.drjunior.in/wp-login.php" "Mozilla/5.0 (Windows NT 10.0; Win64; x64) AppleWebKit/537.36 (KHTML, like Gecko) Chrome/120.0.0.0 Safari/537.36"
38.58.191.11 - - [29/Jul/2026:01:42:35 +0000] "GET /wp-admin/ HTTP/1.1" 200 24396 "-" "Mozilla/5.0 (Windows NT 10.0; Win64; x64) AppleWebKit/537.36 (KHTML, like Gecko) Chrome/120.0.0.0 Safari/537.36"
38.58.191.11 - - [29/Jul/2026:01:42:36 +0000] "GET /wp-admin/post-new.php HTTP/1.1" 200 79123 "-" "Mozilla/5.0 (Windows NT 10.0; Win64; x64) AppleWebKit/537.36 (KHTML, like Gecko) Chrome/120.0.0.0 Safari/537.36"
38.58.191.11 - - [29/Jul/2026:01:42:38 +0000] "POST /xmlrpc.php HTTP/1.1" 200 661 "-" "WordPress/5.0; https://www.drjunior.in"
38.58.191.11 - - [29/Jul/2026:01:42:39 +0000] "GET /wp-admin/admin-ajax.php?action=rest-nonce HTTP/1.1" 200 41 "-" "Mozilla/5.0 (Windows NT 10.0; Win64; x64) AppleWebKit/537.36 (KHTML, like Gecko) Chrome/120.0.0.0 Safari/537.36"
65.1.209.187 - - [29/Jul/2026:01:42:40 +0000] "POST /wp-cron.php?doing_wp_cron=1785289360.3795330524444580078125 HTTP/1.1" 200 31 "-" "WordPress/6.9; https://www.drjunior.in"
38.58.191.11 - - [29/Jul/2026:01:42:40 +0000] "POST /xmlrpc.php HTTP/1.1" 200 190 "-" "Mozilla/5.0 (Windows NT 10.0; Win64; x64) AppleWebKit/537.36 (KHTML, like Gecko) Chrome/120.0.0.0 Safari/537.36"
38.58.191.11 - - [29/Jul/2026:01:42:41 +0000] "GET /?p=1371 HTTP/1.1" 301 5 "-" "Mozilla/5.0 (Windows NT 10.0; Win64; x64) AppleWebKit/537.36 (KHTML, like Gecko) Chrome/120.0.0.0 Safari/537.36"
38.58.191.11 - - [29/Jul/2026:01:42:42 +0000] "GET /2026/07/28/znaczenie-obrotu-w-bonusach-filmowych-w-kasynie-vox-i-jego-wplyw-9/ HTTP/1.1" 200 15411 "-" "Mozilla/5.0 (Windows NT 10.0; Win64; x64) AppleWebKit/537.36 (KHTML, like Gecko) Chrome/120.0.0.0 Safari/537.36"
38.58.191.11 - - [29/Jul/2026:01:42:45 +0000] "GET /?p=1371 HTTP/1.1" 301 5 "-" "Mozilla/5.0 (Windows NT 10.0; Win64; x64) AppleWebKit/537.36 (KHTML, like Gecko) Chrome/120.0.0.0 Safari/537.36"
38.58.191.11 - - [29/Jul/2026:01:42:46 +0000] "GET /2026/07/28/znaczenie-obrotu-w-bonusach-filmowych-w-kasynie-vox-i-jego-wplyw-9/ HTTP/1.1" 200 15417 "-" "Mozilla/5.0 (Windows NT 10.0; Win64; x64) AppleWebKit/537.36 (KHTML, like Gecko) Chrome/120.0.0.0 Safari/537.36"
38.58.191.11 - - [29/Jul/2026:01:42:49 +0000] "GET /?p=1371 HTTP/1.1" 301 5 "-" "Mozilla/5.0 (Windows NT 10.0; Win64; x64) AppleWebKit/537.36 (KHTML, like Gecko) Chrome/120.0.0.0 Safari/537.36"
38.58.191.11 - - [29/Jul/2026:01:42:50 +0000] "GET /2026/07/28/znaczenie-obrotu-w-bonusach-filmowych-w-kasynie-vox-i-jego-wplyw-9/ HTTP/1.1" 200 15416 "-" "Mozilla/5.0 (Windows NT 10.0; Win64; x64) AppleWebKit/537.36 (KHTML, like Gecko) Chrome/120.0.0.0 Safari/537.36"
38.58.191.11 - - [29/Jul/2026:01:42:51 +0000] "GET /wp-json/wp/v2/categories?search=casino HTTP/1.1" 200 666 "-" "Mozilla/5.0 (Windows NT 10.0; Win64; x64) AppleWebKit/537.36 (KHTML, like Gecko) Chrome/120.0.0.0 Safari/537.36"
65.1.209.187 - - [29/Jul/2026:01:42:53 +0000] "POST /wp-cron.php?doing_wp_cron=1785289373.0685350894927978515625 HTTP/1.1" 200 31 "-" "WordPress/6.9; https://www.drjunior.in"
38.58.191.11 - - [29/Jul/2026:01:42:53 +0000] "POST /wp-json/wp/v2/posts HTTP/1.1" 201 15937 "-" "Mozilla/5.0 (Windows NT 10.0; Win64; x64) AppleWebKit/537.36 (KHTML, like Gecko) Chrome/120.0.0.0 Safari/537.36"
38.58.191.11 - - [29/Jul/2026:01:42:54 +0000] "GET /2026/07/28/znaczenie-obrotu-w-bonusach-filmowych-w-kasynie-vox-i-jego-wplyw-10/ HTTP/1.1" 200 15417 "-" "Mozilla/5.0 (Windows NT 10.0; Win64; x64) AppleWebKit/537.36 (KHTML, like Gecko) Chrome/120.0.0.0 Safari/537.36"
38.58.191.11 - - [29/Jul/2026:01:42:57 +0000] "GET /2026/07/28/znaczenie-obrotu-w-bonusach-filmowych-w-kasynie-vox-i-jego-wplyw-10/ HTTP/1.1" 200 15414 "-" "Mozilla/5.0 (Windows NT 10.0; Win64; x64) AppleWebKit/537.36 (KHTML, like Gecko) Chrome/120.0.0.0 Safari/537.36"
65.1.209.187 - - [29/Jul/2026:01:43:00 +0000] "POST /wp-cron.php?doing_wp_cron=1785289380.9422459602355957031250 HTTP/1.1" 200 31 "-" "WordPress/6.7.2; https://www.trivandrumtennisclub.com"
57.141.0.29 - - [29/Jul/2026:01:43:01 +0000] "GET /member/ntbfxylwbsxzylsoivpkw-bdzjhmuqwqgskictyhstwcht/ HTTP/1.1" 200 17963 "-" "Mozilla/5.0 (Windows NT 10.0; Win64; x64) AppleWebKit/537.36 (KHTML, like Gecko) Chrome/145.0.0.0 Safari/537.36 (compatible; meta-externalagent/1.1 (+https://developers.facebook.com/docs/sharing/webmasters/crawler))"
38.58.191.11 - - [29/Jul/2026:01:43:01 +0000] "GET /2026/07/28/znaczenie-obrotu-w-bonusach-filmowych-w-kasynie-vox-i-jego-wplyw-10/ HTTP/1.1" 200 15416 "-" "Mozilla/5.0 (Windows NT 10.0; Win64; x64) AppleWebKit/537.36 (KHTML, like Gecko) Chrome/120.0.0.0 Safari/537.36"
38.58.191.11 - - [29/Jul/2026:01:43:02 +0000] "GET /wp-json/wp/v2/categories?search=casino HTTP/1.1" 200 666 "-" "Mozilla/5.0 (Windows NT 10.0; Win64; x64) AppleWebKit/537.36 (KHTML, like Gecko) Chrome/120.0.0.0 Safari/537.36"
65.1.209.187 - - [29/Jul/2026:01:43:03 +0000] "POST /wp-cron.php?doing_wp_cron=1785289383.7682878971099853515625 HTTP/1.1" 200 31 "-" "WordPress/6.9; https://www.drjunior.in"
38.58.191.11 - - [29/Jul/2026:01:43:03 +0000] "POST /wp-json/wp/v2/posts HTTP/1.1" 201 15937 "-" "Mozilla/5.0 (Windows NT 10.0; Win64; x64) AppleWebKit/537.36 (KHTML, like Gecko) Chrome/120.0.0.0 Safari/537.36"
38.58.191.11 - - [29/Jul/2026:01:43:04 +0000] "GET /2026/07/28/znaczenie-obrotu-w-bonusach-filmowych-w-kasynie-vox-i-jego-wplyw-11/ HTTP/1.1" 200 15416 "-" "Mozilla/5.0 (Windows NT 10.0; Win64; x64) AppleWebKit/537.36 (KHTML, like Gecko) Chrome/120.0.0.0 Safari/537.36"
38.58.191.11 - - [29/Jul/2026:01:43:08 +0000] "GET /2026/07/28/znaczenie-obrotu-w-bonusach-filmowych-w-kasynie-vox-i-jego-wplyw-11/ HTTP/1.1" 200 15420 "-" "Mozilla/5.0 (Windows NT 10.0; Win64; x64) AppleWebKit/537.36 (KHTML, like Gecko) Chrome/120.0.0.0 Safari/537.36"
38.58.191.11 - - [29/Jul/2026:01:43:11 +0000] "GET /2026/07/28/znaczenie-obrotu-w-bonusach-filmowych-w-kasynie-vox-i-jego-wplyw-11/ HTTP/1.1" 200 15413 "-" "Mozilla/5.0 (Windows NT 10.0; Win64; x64) AppleWebKit/537.36 (KHTML, like Gecko) Chrome/120.0.0.0 Safari/537.36"
38.58.191.11 - - [29/Jul/2026:01:43:12 +0000] "GET /wp-admin/post-new.php HTTP/1.1" 200 79094 "-" "Mozilla/5.0 (Windows NT 10.0; Win64; x64) AppleWebKit/537.36 (KHTML, like Gecko) Chrome/120.0.0.0 Safari/537.36"
38.58.191.11 - - [29/Jul/2026:01:43:14 +0000] "POST /wp-json/wp/v2/categories?_locale=user HTTP/1.1" 400 166 "-" "Mozilla/5.0 (Windows NT 10.0; Win64; x64) AppleWebKit/537.36 (KHTML, like Gecko) Chrome/120.0.0.0 Safari/537.36"
65.1.209.187 - - [29/Jul/2026:01:43:15 +0000] "POST /wp-cron.php?doing_wp_cron=1785289395.4761469364166259765625 HTTP/1.1" 200 31 "-" "WordPress/6.9; https://www.drjunior.in"
38.58.191.11 - - [29/Jul/2026:01:43:15 +0000] "POST /wp-admin/post.php HTTP/1.1" 302 5 "-" "Mozilla/5.0 (Windows NT 10.0; Win64; x64) AppleWebKit/537.36 (KHTML, like Gecko) Chrome/120.0.0.0 Safari/537.36"
38.58.191.11 - - [29/Jul/2026:01:43:16 +0000] "GET /wp-admin/post.php?post=1375&action=edit&message=1 HTTP/1.1" 200 82638 "-" "Mozilla/5.0 (Windows NT 10.0; Win64; x64) AppleWebKit/537.36 (KHTML, like Gecko) Chrome/120.0.0.0 Safari/537.36"
82.27.102.232 - - [29/Jul/2026:01:43:21 +0000] "GET /?p=1375 HTTP/1.1" 301 5 "-" "Mozilla/5.0 (Windows NT 10.0; Win64; x64) AppleWebKit/537.36 (KHTML, like Gecko) Chrome/120.0.0.0 Safari/537.36"
82.27.102.232 - - [29/Jul/2026:01:43:22 +0000] "GET /2026/07/29/znaczenie-obrotu-w-bonusach-filmowych-w-kasynie-vox-i-jego-wplyw-12/ HTTP/1.1" 200 15421 "-" "Mozilla/5.0 (Windows NT 10.0; Win64; x64) AppleWebKit/537.36 (KHTML, like Gecko) Chrome/120.0.0.0 Safari/537.36"
82.27.102.232 - - [29/Jul/2026:01:43:25 +0000] "GET /?p=1375 HTTP/1.1" 301 5 "-" "Mozilla/5.0 (Windows NT 10.0; Win64; x64) AppleWebKit/537.36 (KHTML, like Gecko) Chrome/120.0.0.0 Safari/537.36"
82.27.102.232 - - [29/Jul/2026:01:43:27 +0000] "GET /2026/07/29/znaczenie-obrotu-w-bonusach-filmowych-w-kasynie-vox-i-jego-wplyw-12/ HTTP/1.1" 200 15419 "-" "Mozilla/5.0 (Windows NT 10.0; Win64; x64) AppleWebKit/537.36 (KHTML, like Gecko) Chrome/120.0.0.0 Safari/537.36"
194.164.107.4 - - [29/Jul/2026:01:43:28 +0000] "GET / HTTP/1.1" 200 112 "-" "Mozilla/5.0 (Windows NT 10.0; Win64; x64) AppleWebKit/537.36 (KHTML, like Gecko) Chrome/133.0.0.0 Safari/537.36"
82.27.102.232 - - [29/Jul/2026:01:43:30 +0000] "GET /?p=1375 HTTP/1.1" 301 5 "-" "Mozilla/5.0 (Windows NT 10.0; Win64; x64) AppleWebKit/537.36 (KHTML, like Gecko) Chrome/120.0.0.0 Safari/537.36"
82.27.102.232 - - [29/Jul/2026:01:43:31 +0000] "GET /2026/07/29/znaczenie-obrotu-w-bonusach-filmowych-w-kasynie-vox-i-jego-wplyw-12/ HTTP/1.1" 200 15426 "-" "Mozilla/5.0 (Windows NT 10.0; Win64; x64) AppleWebKit/537.36 (KHTML, like Gecko) Chrome/120.0.0.0 Safari/537.36"
189.29.146.193 - - [29/Jul/2026:01:43:34 +0000] "GET / HTTP/1.1" 200 15842 "-" "Mozilla/5.0 (Windows NT 10.0; Win64; x64) AppleWebKit/537.36 (KHTML, like Gecko) Chrome/120.0.0.0 Safari/537.36"
189.29.146.193 - - [29/Jul/2026:01:43:36 +0000] "GET /wp-login.php HTTP/1.1" 200 2031 "-" "Mozilla/5.0 (Windows NT 10.0; Win64; x64) AppleWebKit/537.36 (KHTML, like Gecko) Chrome/120.0.0.0 Safari/537.36"
189.29.146.193 - - [29/Jul/2026:01:43:37 +0000] "POST /wp-login.php HTTP/1.1" 302 5 "https://www.drjunior.in/wp-login.php" "Mozilla/5.0 (Windows NT 10.0; Win64; x64) AppleWebKit/537.36 (KHTML, like Gecko) Chrome/120.0.0.0 Safari/537.36"
65.1.209.187 - - [29/Jul/2026:01:43:37 +0000] "POST /wp-cron.php?doing_wp_cron=1785289417.6643319129943847656250 HTTP/1.1" 200 31 "-" "WordPress/6.7.2; https://www.trivandrumtennisclub.com"
57.141.0.54 - - [29/Jul/2026:01:43:37 +0000] "GET /member/annie-george-varghese/ HTTP/1.1" 200 17688 "-" "Mozilla/5.0 (Windows NT 10.0; Win64; x64) AppleWebKit/537.36 (KHTML, like Gecko) Chrome/145.0.0.0 Safari/537.36 (compatible; meta-externalagent/1.1 (+https://developers.facebook.com/docs/sharing/webmasters/crawler))"
189.29.146.193 - - [29/Jul/2026:01:43:38 +0000] "GET /wp-admin/ HTTP/1.1" 200 24389 "https://www.drjunior.in/wp-login.php" "Mozilla/5.0 (Windows NT 10.0; Win64; x64) AppleWebKit/537.36 (KHTML, like Gecko) Chrome/120.0.0.0 Safari/537.36"
150.107.205.22 - - [29/Jul/2026:01:43:43 +0000] "GET /wp-admin/ HTTP/1.1" 200 24390 "-" "Mozilla/5.0 (Windows NT 10.0; Win64; x64) AppleWebKit/537.36 (KHTML, like Gecko) Chrome/120.0.0.0 Safari/537.36"
57.141.0.21 - - [29/Jul/2026:01:43:44 +0000] "GET /service-hours/ HTTP/1.1" 200 16828 "-" "Mozilla/5.0 (Macintosh; Intel Mac OS X 10_15_7) AppleWebKit/537.36 (KHTML, like Gecko) Chrome/145.0.0.0 Safari/537.36 (compatible; meta-externalagent/1.1 (+https://developers.facebook.com/docs/sharing/webmasters/crawler))"
150.107.205.22 - - [29/Jul/2026:01:43:44 +0000] "GET /wp-admin/post-new.php HTTP/1.1" 200 79141 "-" "Mozilla/5.0 (Windows NT 10.0; Win64; x64) AppleWebKit/537.36 (KHTML, like Gecko) Chrome/120.0.0.0 Safari/537.36"
57.141.0.11 - - [29/Jul/2026:01:43:46 +0000] "GET /wp-content/uploads/2026/01/146A9972-2048x1365.jpg HTTP/1.1" 200 90956 "https://www.trivandrumtennisclub.com/service-hours/" "Mozilla/5.0 (Macintosh; Intel Mac OS X 10_15_7) AppleWebKit/537.36 (KHTML, like Gecko) Chrome/145.0.0.0 Safari/537.36 (compatible; meta-externalagent/1.1 (+https://developers.facebook.com/docs/sharing/webmasters/crawler))"
150.107.205.22 - - [29/Jul/2026:01:43:47 +0000] "POST /xmlrpc.php HTTP/1.1" 200 661 "-" "WordPress/5.0; https://www.drjunior.in"
150.107.205.22 - - [29/Jul/2026:01:43:48 +0000] "GET /wp-admin/admin-ajax.php?action=rest-nonce HTTP/1.1" 200 41 "-" "Mozilla/5.0 (Windows NT 10.0; Win64; x64) AppleWebKit/537.36 (KHTML, like Gecko) Chrome/120.0.0.0 Safari/537.36"
65.1.209.187 - - [29/Jul/2026:01:43:49 +0000] "POST /wp-cron.php?doing_wp_cron=1785289429.7859869003295898437500 HTTP/1.1" 200 31 "-" "WordPress/6.9; https://www.drjunior.in"
150.107.205.22 - - [29/Jul/2026:01:43:49 +0000] "POST /xmlrpc.php HTTP/1.1" 200 190 "-" "Mozilla/5.0 (Windows NT 10.0; Win64; x64) AppleWebKit/537.36 (KHTML, like Gecko) Chrome/120.0.0.0 Safari/537.36"
150.107.205.22 - - [29/Jul/2026:01:43:50 +0000] "GET /?p=1378 HTTP/1.1" 301 5 "-" "Mozilla/5.0 (Windows NT 10.0; Win64; x64) AppleWebKit/537.36 (KHTML, like Gecko) Chrome/120.0.0.0 Safari/537.36"
150.107.205.22 - - [29/Jul/2026:01:43:51 +0000] "GET /2026/07/28/znaczenie-obrotu-w-bonusach-filmowych-w-kasynie-vox-i-jego-wplyw-13/ HTTP/1.1" 200 15418 "-" "Mozilla/5.0 (Windows NT 10.0; Win64; x64) AppleWebKit/537.36 (KHTML, like Gecko) Chrome/120.0.0.0 Safari/537.36"
150.107.205.22 - - [29/Jul/2026:01:43:54 +0000] "GET /?p=1378 HTTP/1.1" 301 5 "-" "Mozilla/5.0 (Windows NT 10.0; Win64; x64) AppleWebKit/537.36 (KHTML, like Gecko) Chrome/120.0.0.0 Safari/537.36"
150.107.205.22 - - [29/Jul/2026:01:43:55 +0000] "GET /2026/07/28/znaczenie-obrotu-w-bonusach-filmowych-w-kasynie-vox-i-jego-wplyw-13/ HTTP/1.1" 200 15416 "-" "Mozilla/5.0 (Windows NT 10.0; Win64; x64) AppleWebKit/537.36 (KHTML, like Gecko) Chrome/120.0.0.0 Safari/537.36"
57.141.0.31 - - [29/Jul/2026:01:43:57 +0000] "GET /wp-content/uploads/2026/01/146A9972-scaled.jpg HTTP/1.1" 200 121320 "https://www.trivandrumtennisclub.com/service-hours/" "Mozilla/5.0 (Macintosh; Intel Mac OS X 10_15_7) AppleWebKit/537.36 (KHTML, like Gecko) Chrome/145.0.0.0 Safari/537.36 (compatible; meta-externalagent/1.1 (+https://developers.facebook.com/docs/sharing/webmasters/crawler))"
150.107.205.22 - - [29/Jul/2026:01:43:58 +0000] "GET /?p=1378 HTTP/1.1" 301 5 "-" "Mozilla/5.0 (Windows NT 10.0; Win64; x64) AppleWebKit/537.36 (KHTML, like Gecko) Chrome/120.0.0.0 Safari/537.36"
150.107.205.22 - - [29/Jul/2026:01:43:59 +0000] "GET /2026/07/28/znaczenie-obrotu-w-bonusach-filmowych-w-kasynie-vox-i-jego-wplyw-13/ HTTP/1.1" 200 15419 "-" "Mozilla/5.0 (Windows NT 10.0; Win64; x64) AppleWebKit/537.36 (KHTML, like Gecko) Chrome/120.0.0.0 Safari/537.36"
150.107.205.22 - - [29/Jul/2026:01:44:00 +0000] "GET /wp-json/wp/v2/categories?search=casino HTTP/1.1" 200 667 "-" "Mozilla/5.0 (Windows NT 10.0; Win64; x64) AppleWebKit/537.36 (KHTML, like Gecko) Chrome/120.0.0.0 Safari/537.36"
65.1.209.187 - - [29/Jul/2026:01:44:01 +0000] "POST /wp-cron.php?doing_wp_cron=1785289441.5211319923400878906250 HTTP/1.1" 200 31 "-" "WordPress/6.9; https://www.drjunior.in"
150.107.205.22 - - [29/Jul/2026:01:44:01 +0000] "POST /wp-json/wp/v2/posts HTTP/1.1" 201 15937 "-" "Mozilla/5.0 (Windows NT 10.0; Win64; x64) AppleWebKit/537.36 (KHTML, like Gecko) Chrome/120.0.0.0 Safari/537.36"
150.107.205.22 - - [29/Jul/2026:01:44:02 +0000] "GET /2026/07/28/znaczenie-obrotu-w-bonusach-filmowych-w-kasynie-vox-i-jego-wplyw-14/ HTTP/1.1" 200 15409 "-" "Mozilla/5.0 (Windows NT 10.0; Win64; x64) AppleWebKit/537.36 (KHTML, like Gecko) Chrome/120.0.0.0 Safari/537.36"
150.107.205.22 - - [29/Jul/2026:01:44:05 +0000] "GET /2026/07/28/znaczenie-obrotu-w-bonusach-filmowych-w-kasynie-vox-i-jego-wplyw-14/ HTTP/1.1" 200 15415 "-" "Mozilla/5.0 (Windows NT 10.0; Win64; x64) AppleWebKit/537.36 (KHTML, like Gecko) Chrome/120.0.0.0 Safari/537.36"
150.107.205.22 - - [29/Jul/2026:01:44:08 +0000] "GET /2026/07/28/znaczenie-obrotu-w-bonusach-filmowych-w-kasynie-vox-i-jego-wplyw-14/ HTTP/1.1" 200 15414 "-" "Mozilla/5.0 (Windows NT 10.0; Win64; x64) AppleWebKit/537.36 (KHTML, like Gecko) Chrome/120.0.0.0 Safari/537.36"
150.107.205.22 - - [29/Jul/2026:01:44:10 +0000] "GET /wp-json/wp/v2/categories?search=casino HTTP/1.1" 200 667 "-" "Mozilla/5.0 (Windows NT 10.0; Win64; x64) AppleWebKit/537.36 (KHTML, like Gecko) Chrome/120.0.0.0 Safari/537.36"
65.1.209.187 - - [29/Jul/2026:01:44:11 +0000] "POST /wp-cron.php?doing_wp_cron=1785289451.1645109653472900390625 HTTP/1.1" 200 31 "-" "WordPress/6.9; https://www.drjunior.in"
150.107.205.22 - - [29/Jul/2026:01:44:11 +0000] "POST /wp-json/wp/v2/posts HTTP/1.1" 201 15937 "-" "Mozilla/5.0 (Windows NT 10.0; Win64; x64) AppleWebKit/537.36 (KHTML, like Gecko) Chrome/120.0.0.0 Safari/537.36"
150.107.205.22 - - [29/Jul/2026:01:44:12 +0000] "GET /2026/07/28/znaczenie-obrotu-w-bonusach-filmowych-w-kasynie-vox-i-jego-wplyw-15/ HTTP/1.1" 200 15406 "-" "Mozilla/5.0 (Windows NT 10.0; Win64; x64) AppleWebKit/537.36 (KHTML, like Gecko) Chrome/120.0.0.0 Safari/537.36"
150.107.205.22 - - [29/Jul/2026:01:44:14 +0000] "GET /2026/07/28/znaczenie-obrotu-w-bonusach-filmowych-w-kasynie-vox-i-jego-wplyw-15/ HTTP/1.1" 200 15421 "-" "Mozilla/5.0 (Windows NT 10.0; Win64; x64) AppleWebKit/537.36 (KHTML, like Gecko) Chrome/120.0.0.0 Safari/537.36"
150.107.205.22 - - [29/Jul/2026:01:44:17 +0000] "GET /2026/07/28/znaczenie-obrotu-w-bonusach-filmowych-w-kasynie-vox-i-jego-wplyw-15/ HTTP/1.1" 200 15415 "-" "Mozilla/5.0 (Windows NT 10.0; Win64; x64) AppleWebKit/537.36 (KHTML, like Gecko) Chrome/120.0.0.0 Safari/537.36"
150.107.205.22 - - [29/Jul/2026:01:44:18 +0000] "GET /wp-admin/post-new.php HTTP/1.1" 200 79107 "-" "Mozilla/5.0 (Windows NT 10.0; Win64; x64) AppleWebKit/537.36 (KHTML, like Gecko) Chrome/120.0.0.0 Safari/537.36"
150.107.205.22 - - [29/Jul/2026:01:44:20 +0000] "POST /wp-json/wp/v2/categories?_locale=user HTTP/1.1" 400 166 "-" "Mozilla/5.0 (Windows NT 10.0; Win64; x64) AppleWebKit/537.36 (KHTML, like Gecko) Chrome/120.0.0.0 Safari/537.36"
65.1.209.187 - - [29/Jul/2026:01:44:21 +0000] "POST /wp-cron.php?doing_wp_cron=1785289461.3567359447479248046875 HTTP/1.1" 200 31 "-" "WordPress/6.9; https://www.drjunior.in"
150.107.205.22 - - [29/Jul/2026:01:44:21 +0000] "POST /wp-admin/post.php HTTP/1.1" 302 5 "-" "Mozilla/5.0 (Windows NT 10.0; Win64; x64) AppleWebKit/537.36 (KHTML, like Gecko) Chrome/120.0.0.0 Safari/537.36"
150.107.205.22 - - [29/Jul/2026:01:44:22 +0000] "GET /wp-admin/post.php?post=1382&action=edit&message=1 HTTP/1.1" 200 82638 "-" "Mozilla/5.0 (Windows NT 10.0; Win64; x64) AppleWebKit/537.36 (KHTML, like Gecko) Chrome/120.0.0.0 Safari/537.36"
88.189.87.131 - - [29/Jul/2026:01:44:24 +0000] "GET /?p=1382 HTTP/1.1" 301 5 "-" "Mozilla/5.0 (Windows NT 10.0; Win64; x64) AppleWebKit/537.36 (KHTML, like Gecko) Chrome/120.0.0.0 Safari/537.36"
88.189.87.131 - - [29/Jul/2026:01:44:25 +0000] "GET /2026/07/29/znaczenie-obrotu-w-bonusach-filmowych-w-kasynie-vox-i-jego-wplyw-16/ HTTP/1.1" 200 15418 "-" "Mozilla/5.0 (Windows NT 10.0; Win64; x64) AppleWebKit/537.36 (KHTML, like Gecko) Chrome/120.0.0.0 Safari/537.36"
88.189.87.131 - - [29/Jul/2026:01:44:28 +0000] "GET /?p=1382 HTTP/1.1" 301 5 "-" "Mozilla/5.0 (Windows NT 10.0; Win64; x64) AppleWebKit/537.36 (KHTML, like Gecko) Chrome/120.0.0.0 Safari/537.36"
88.189.87.131 - - [29/Jul/2026:01:44:29 +0000] "GET /2026/07/29/znaczenie-obrotu-w-bonusach-filmowych-w-kasynie-vox-i-jego-wplyw-16/ HTTP/1.1" 200 15421 "-" "Mozilla/5.0 (Windows NT 10.0; Win64; x64) AppleWebKit/537.36 (KHTML, like Gecko) Chrome/120.0.0.0 Safari/537.36"
88.189.87.131 - - [29/Jul/2026:01:44:32 +0000] "GET /?p=1382 HTTP/1.1" 301 5 "-" "Mozilla/5.0 (Windows NT 10.0; Win64; x64) AppleWebKit/537.36 (KHTML, like Gecko) Chrome/120.0.0.0 Safari/537.36"
88.189.87.131 - - [29/Jul/2026:01:44:33 +0000] "GET /2026/07/29/znaczenie-obrotu-w-bonusach-filmowych-w-kasynie-vox-i-jego-wplyw-16/ HTTP/1.1" 200 15424 "-" "Mozilla/5.0 (Windows NT 10.0; Win64; x64) AppleWebKit/537.36 (KHTML, like Gecko) Chrome/120.0.0.0 Safari/537.36"
103.173.138.184 - - [29/Jul/2026:01:44:38 +0000] "GET / HTTP/1.1" 200 15844 "-" "Mozilla/5.0 (Windows NT 10.0; Win64; x64) AppleWebKit/537.36 (KHTML, like Gecko) Chrome/120.0.0.0 Safari/537.36"
103.173.138.184 - - [29/Jul/2026:01:44:39 +0000] "GET /wp-login.php HTTP/1.1" 200 2041 "-" "Mozilla/5.0 (Windows NT 10.0; Win64; x64) AppleWebKit/537.36 (KHTML, like Gecko) Chrome/120.0.0.0 Safari/537.36"
103.173.138.184 - - [29/Jul/2026:01:44:40 +0000] "POST /wp-login.php HTTP/1.1" 302 5 "https://www.drjunior.in/wp-login.php" "Mozilla/5.0 (Windows NT 10.0; Win64; x64) AppleWebKit/537.36 (KHTML, like Gecko) Chrome/120.0.0.0 Safari/537.36"
103.173.138.184 - - [29/Jul/2026:01:44:41 +0000] "GET /wp-admin/ HTTP/1.1" 200 24350 "https://www.drjunior.in/wp-login.php" "Mozilla/5.0 (Windows NT 10.0; Win64; x64) AppleWebKit/537.36 (KHTML, like Gecko) Chrome/120.0.0.0 Safari/537.36"
171.231.37.242 - - [29/Jul/2026:01:44:44 +0000] "GET /wp-admin/ HTTP/1.1" 200 24350 "-" "Mozilla/5.0 (Windows NT 10.0; Win64; x64) AppleWebKit/537.36 (KHTML, like Gecko) Chrome/120.0.0.0 Safari/537.36"
171.231.37.242 - - [29/Jul/2026:01:44:45 +0000] "GET /wp-admin/post-new.php HTTP/1.1" 200 79132 "-" "Mozilla/5.0 (Windows NT 10.0; Win64; x64) AppleWebKit/537.36 (KHTML, like Gecko) Chrome/120.0.0.0 Safari/537.36"
171.231.37.242 - - [29/Jul/2026:01:44:47 +0000] "POST /xmlrpc.php HTTP/1.1" 200 661 "-" "WordPress/5.0; https://www.drjunior.in"
171.231.37.242 - - [29/Jul/2026:01:44:48 +0000] "GET /wp-admin/admin-ajax.php?action=rest-nonce HTTP/1.1" 200 41 "-" "Mozilla/5.0 (Windows NT 10.0; Win64; x64) AppleWebKit/537.36 (KHTML, like Gecko) Chrome/120.0.0.0 Safari/537.36"
65.1.209.187 - - [29/Jul/2026:01:44:49 +0000] "POST /wp-cron.php?doing_wp_cron=1785289489.2912390232086181640625 HTTP/1.1" 200 31 "-" "WordPress/6.9; https://www.drjunior.in"
171.231.37.242 - - [29/Jul/2026:01:44:49 +0000] "POST /xmlrpc.php HTTP/1.1" 200 190 "-" "Mozilla/5.0 (Windows NT 10.0; Win64; x64) AppleWebKit/537.36 (KHTML, like Gecko) Chrome/120.0.0.0 Safari/537.36"
171.231.37.242 - - [29/Jul/2026:01:44:50 +0000] "GET /?p=1385 HTTP/1.1" 301 5 "-" "Mozilla/5.0 (Windows NT 10.0; Win64; x64) AppleWebKit/537.36 (KHTML, like Gecko) Chrome/120.0.0.0 Safari/537.36"
171.231.37.242 - - [29/Jul/2026:01:44:50 +0000] "GET /2026/07/28/znaczenie-obrotu-w-bonusach-filmowych-w-kasynie-vox-i-jego-wplyw-17/ HTTP/1.1" 200 15416 "-" "Mozilla/5.0 (Windows NT 10.0; Win64; x64) AppleWebKit/537.36 (KHTML, like Gecko) Chrome/120.0.0.0 Safari/537.36"
171.231.37.242 - - [29/Jul/2026:01:44:53 +0000] "GET /?p=1385 HTTP/1.1" 301 5 "-" "Mozilla/5.0 (Windows NT 10.0; Win64; x64) AppleWebKit/537.36 (KHTML, like Gecko) Chrome/120.0.0.0 Safari/537.36"
171.231.37.242 - - [29/Jul/2026:01:44:54 +0000] "GET /2026/07/28/znaczenie-obrotu-w-bonusach-filmowych-w-kasynie-vox-i-jego-wplyw-17/ HTTP/1.1" 200 15417 "-" "Mozilla/5.0 (Windows NT 10.0; Win64; x64) AppleWebKit/537.36 (KHTML, like Gecko) Chrome/120.0.0.0 Safari/537.36"
171.231.37.242 - - [29/Jul/2026:01:44:57 +0000] "GET /?p=1385 HTTP/1.1" 301 5 "-" "Mozilla/5.0 (Windows NT 10.0; Win64; x64) AppleWebKit/537.36 (KHTML, like Gecko) Chrome/120.0.0.0 Safari/537.36"
171.231.37.242 - - [29/Jul/2026:01:44:58 +0000] "GET /2026/07/28/znaczenie-obrotu-w-bonusach-filmowych-w-kasynie-vox-i-jego-wplyw-17/ HTTP/1.1" 200 15411 "-" "Mozilla/5.0 (Windows NT 10.0; Win64; x64) AppleWebKit/537.36 (KHTML, like Gecko) Chrome/120.0.0.0 Safari/537.36"
171.231.37.242 - - [29/Jul/2026:01:44:59 +0000] "GET /wp-json/wp/v2/categories?search=casino HTTP/1.1" 200 667 "-" "Mozilla/5.0 (Windows NT 10.0; Win64; x64) AppleWebKit/537.36 (KHTML, like Gecko) Chrome/120.0.0.0 Safari/537.36"
65.1.209.187 - - [29/Jul/2026:01:45:00 +0000] "POST /wp-cron.php?doing_wp_cron=1785289499.9921939373016357421875 HTTP/1.1" 200 31 "-" "WordPress/6.9; https://www.drjunior.in"
171.231.37.242 - - [29/Jul/2026:01:45:00 +0000] "POST /wp-json/wp/v2/posts HTTP/1.1" 201 15937 "-" "Mozilla/5.0 (Windows NT 10.0; Win64; x64) AppleWebKit/537.36 (KHTML, like Gecko) Chrome/120.0.0.0 Safari/537.36"
171.231.37.242 - - [29/Jul/2026:01:45:00 +0000] "GET /2026/07/28/znaczenie-obrotu-w-bonusach-filmowych-w-kasynie-vox-i-jego-wplyw-18/ HTTP/1.1" 200 15413 "-" "Mozilla/5.0 (Windows NT 10.0; Win64; x64) AppleWebKit/537.36 (KHTML, like Gecko) Chrome/120.0.0.0 Safari/537.36"
171.231.37.242 - - [29/Jul/2026:01:45:03 +0000] "GET /2026/07/28/znaczenie-obrotu-w-bonusach-filmowych-w-kasynie-vox-i-jego-wplyw-18/ HTTP/1.1" 200 15418 "-" "Mozilla/5.0 (Windows NT 10.0; Win64; x64) AppleWebKit/537.36 (KHTML, like Gecko) Chrome/120.0.0.0 Safari/537.36"
171.231.37.242 - - [29/Jul/2026:01:45:06 +0000] "GET /2026/07/28/znaczenie-obrotu-w-bonusach-filmowych-w-kasynie-vox-i-jego-wplyw-18/ HTTP/1.1" 200 15405 "-" "Mozilla/5.0 (Windows NT 10.0; Win64; x64) AppleWebKit/537.36 (KHTML, like Gecko) Chrome/120.0.0.0 Safari/537.36"
171.231.37.242 - - [29/Jul/2026:01:45:07 +0000] "GET /wp-json/wp/v2/categories?search=casino HTTP/1.1" 200 667 "-" "Mozilla/5.0 (Windows NT 10.0; Win64; x64) AppleWebKit/537.36 (KHTML, like Gecko) Chrome/120.0.0.0 Safari/537.36"
65.1.209.187 - - [29/Jul/2026:01:45:08 +0000] "POST /wp-cron.php?doing_wp_cron=1785289508.6112940311431884765625 HTTP/1.1" 200 31 "-" "WordPress/6.9; https://www.drjunior.in"
171.231.37.242 - - [29/Jul/2026:01:45:08 +0000] "POST /wp-json/wp/v2/posts HTTP/1.1" 201 15937 "-" "Mozilla/5.0 (Windows NT 10.0; Win64; x64) AppleWebKit/537.36 (KHTML, like Gecko) Chrome/120.0.0.0 Safari/537.36"
171.231.37.242 - - [29/Jul/2026:01:45:09 +0000] "GET /2026/07/28/znaczenie-obrotu-w-bonusach-filmowych-w-kasynie-vox-i-jego-wplyw-19/ HTTP/1.1" 200 15418 "-" "Mozilla/5.0 (Windows NT 10.0; Win64; x64) AppleWebKit/537.36 (KHTML, like Gecko) Chrome/120.0.0.0 Safari/537.36"
65.1.209.187 - - [29/Jul/2026:01:45:09 +0000] "POST /wp-cron.php?doing_wp_cron=1785289509.5807890892028808593750 HTTP/1.1" 200 31 "-" "WordPress/6.7.2; https://www.trivandrumtennisclub.com"
57.141.0.36 - - [29/Jul/2026:01:45:09 +0000] "GET /member/sri-vijayan-babu-p-r/ HTTP/1.1" 200 17866 "-" "Mozilla/5.0 (Macintosh; Intel Mac OS X 10_15_7) AppleWebKit/537.36 (KHTML, like Gecko) Chrome/145.0.0.0 Safari/537.36 (compatible; meta-externalagent/1.1 (+https://developers.facebook.com/docs/sharing/webmasters/crawler))"
171.231.37.242 - - [29/Jul/2026:01:45:12 +0000] "GET /2026/07/28/znaczenie-obrotu-w-bonusach-filmowych-w-kasynie-vox-i-jego-wplyw-19/ HTTP/1.1" 200 15417 "-" "Mozilla/5.0 (Windows NT 10.0; Win64; x64) AppleWebKit/537.36 (KHTML, like Gecko) Chrome/120.0.0.0 Safari/537.36"
171.231.37.242 - - [29/Jul/2026:01:45:15 +0000] "GET /2026/07/28/znaczenie-obrotu-w-bonusach-filmowych-w-kasynie-vox-i-jego-wplyw-19/ HTTP/1.1" 200 15416 "-" "Mozilla/5.0 (Windows NT 10.0; Win64; x64) AppleWebKit/537.36 (KHTML, like Gecko) Chrome/120.0.0.0 Safari/537.36"
171.231.37.242 - - [29/Jul/2026:01:45:16 +0000] "GET /wp-admin/post-new.php HTTP/1.1" 200 79125 "-" "Mozilla/5.0 (Windows NT 10.0; Win64; x64) AppleWebKit/537.36 (KHTML, like Gecko) Chrome/120.0.0.0 Safari/537.36"
171.231.37.242 - - [29/Jul/2026:01:45:17 +0000] "POST /wp-json/wp/v2/categories?_locale=user HTTP/1.1" 400 166 "-" "Mozilla/5.0 (Windows NT 10.0; Win64; x64) AppleWebKit/537.36 (KHTML, like Gecko) Chrome/120.0.0.0 Safari/537.36"
65.1.209.187 - - [29/Jul/2026:01:45:18 +0000] "POST /wp-cron.php?doing_wp_cron=1785289518.6770069599151611328125 HTTP/1.1" 200 31 "-" "WordPress/6.9; https://www.drjunior.in"
171.231.37.242 - - [29/Jul/2026:01:45:18 +0000] "POST /wp-admin/post.php HTTP/1.1" 302 5 "-" "Mozilla/5.0 (Windows NT 10.0; Win64; x64) AppleWebKit/537.36 (KHTML, like Gecko) Chrome/120.0.0.0 Safari/537.36"
171.231.37.242 - - [29/Jul/2026:01:45:19 +0000] "GET /wp-admin/post.php?post=1389&action=edit&message=1 HTTP/1.1" 200 82642 "-" "Mozilla/5.0 (Windows NT 10.0; Win64; x64) AppleWebKit/537.36 (KHTML, like Gecko) Chrome/120.0.0.0 Safari/537.36"
