103.153.105.113 - - [29/Jul/2026:03:28:37 +0000] "OPTIONS /user/subscriptions/package/active HTTP/1.1" 204 0 "https://profinz.studentswebapp.quditinfotech.com/" "Mozilla/5.0 (X11; Linux x86_64) AppleWebKit/537.36 (KHTML, like Gecko) Chrome/150.0.0.0 Safari/537.36"
103.153.105.113 - - [29/Jul/2026:03:28:37 +0000] "GET /user/subscriptions/package/active HTTP/1.1" 304 0 "https://profinz.studentswebapp.quditinfotech.com/" "Mozilla/5.0 (X11; Linux x86_64) AppleWebKit/537.36 (KHTML, like Gecko) Chrome/150.0.0.0 Safari/537.36"
103.153.105.113 - - [29/Jul/2026:03:28:37 +0000] "OPTIONS /package/get-live-events-in-packages?page=1&limit=100&start_time=2026-07-29T03%3A28%3A34.857Z HTTP/1.1" 204 0 "https://profinz.studentswebapp.quditinfotech.com/" "Mozilla/5.0 (X11; Linux x86_64) AppleWebKit/537.36 (KHTML, like Gecko) Chrome/150.0.0.0 Safari/537.36"
103.153.105.113 - - [29/Jul/2026:03:28:37 +0000] "OPTIONS /package/get-live-events-in-packages?page=1&limit=100¬_yet_ended_time=2026-07-29T03%3A28%3A34.858Z HTTP/1.1" 204 0 "https://profinz.studentswebapp.quditinfotech.com/" "Mozilla/5.0 (X11; Linux x86_64) AppleWebKit/537.36 (KHTML, like Gecko) Chrome/150.0.0.0 Safari/537.36"
103.153.105.113 - - [29/Jul/2026:03:28:37 +0000] "POST /package/get-live-events-in-packages?page=1&limit=100&start_time=2026-07-29T03%3A28%3A34.857Z HTTP/1.1" 200 116 "https://profinz.studentswebapp.quditinfotech.com/" "Mozilla/5.0 (X11; Linux x86_64) AppleWebKit/537.36 (KHTML, like Gecko) Chrome/150.0.0.0 Safari/537.36"
103.153.105.113 - - [29/Jul/2026:03:28:37 +0000] "POST /package/get-live-events-in-packages?page=1&limit=100¬_yet_ended_time=2026-07-29T03%3A28%3A34.858Z HTTP/1.1" 200 116 "https://profinz.studentswebapp.quditinfotech.com/" "Mozilla/5.0 (X11; Linux x86_64) AppleWebKit/537.36 (KHTML, like Gecko) Chrome/150.0.0.0 Safari/537.36"
103.153.105.113 - - [29/Jul/2026:03:28:39 +0000] "OPTIONS /package/get-folders-for-live-recordings?root_only=false HTTP/1.1" 204 0 "https://profinz.studentswebapp.quditinfotech.com/" "Mozilla/5.0 (X11; Linux x86_64) AppleWebKit/537.36 (KHTML, like Gecko) Chrome/150.0.0.0 Safari/537.36"
103.153.105.113 - - [29/Jul/2026:03:28:39 +0000] "OPTIONS /package/get-live-recordings-in-packages?page=1&limit=100 HTTP/1.1" 204 0 "https://profinz.studentswebapp.quditinfotech.com/" "Mozilla/5.0 (X11; Linux x86_64) AppleWebKit/537.36 (KHTML, like Gecko) Chrome/150.0.0.0 Safari/537.36"
103.153.105.113 - - [29/Jul/2026:03:28:39 +0000] "OPTIONS /package/get-live-recordings-in-packages?page=1&limit=12 HTTP/1.1" 204 0 "https://profinz.studentswebapp.quditinfotech.com/" "Mozilla/5.0 (X11; Linux x86_64) AppleWebKit/537.36 (KHTML, like Gecko) Chrome/150.0.0.0 Safari/537.36"
103.153.105.113 - - [29/Jul/2026:03:28:39 +0000] "POST /package/get-folders-for-live-recordings?root_only=false HTTP/1.1" 200 867 "https://profinz.studentswebapp.quditinfotech.com/" "Mozilla/5.0 (X11; Linux x86_64) AppleWebKit/537.36 (KHTML, like Gecko) Chrome/150.0.0.0 Safari/537.36"
103.153.105.113 - - [29/Jul/2026:03:28:39 +0000] "POST /package/get-live-recordings-in-packages?page=1&limit=12 HTTP/1.1" 200 11910 "https://profinz.studentswebapp.quditinfotech.com/" "Mozilla/5.0 (X11; Linux x86_64) AppleWebKit/537.36 (KHTML, like Gecko) Chrome/150.0.0.0 Safari/537.36"
103.153.105.113 - - [29/Jul/2026:03:28:39 +0000] "POST /package/get-live-recordings-in-packages?page=1&limit=100 HTTP/1.1" 200 25833 "https://profinz.studentswebapp.quditinfotech.com/" "Mozilla/5.0 (X11; Linux x86_64) AppleWebKit/537.36 (KHTML, like Gecko) Chrome/150.0.0.0 Safari/537.36"
103.153.105.113 - - [29/Jul/2026:03:28:42 +0000] "OPTIONS /learning-material/video/4975 HTTP/1.1" 204 0 "https://profinz.studentswebapp.quditinfotech.com/" "Mozilla/5.0 (X11; Linux x86_64) AppleWebKit/537.36 (KHTML, like Gecko) Chrome/150.0.0.0 Safari/537.36"
103.153.105.113 - - [29/Jul/2026:03:28:42 +0000] "GET /learning-material/video/4975 HTTP/1.1" 200 2041 "https://profinz.studentswebapp.quditinfotech.com/" "Mozilla/5.0 (X11; Linux x86_64) AppleWebKit/537.36 (KHTML, like Gecko) Chrome/150.0.0.0 Safari/537.36"
103.153.105.113 - - [29/Jul/2026:03:28:47 +0000] "GET /user-notifications/unread-count HTTP/1.1" 499 0 "https://profinz.studentswebapp.quditinfotech.com/" "Mozilla/5.0 (X11; Linux x86_64) AppleWebKit/537.36 (KHTML, like Gecko) Chrome/150.0.0.0 Safari/537.36"
103.153.105.113 - - [29/Jul/2026:03:28:48 +0000] "OPTIONS /user-notifications/unread-count HTTP/1.1" 204 0 "https://profinz.studentswebapp.quditinfotech.com/" "Mozilla/5.0 (X11; Linux x86_64) AppleWebKit/537.36 (KHTML, like Gecko) Chrome/150.0.0.0 Safari/537.36"
103.153.105.113 - - [29/Jul/2026:03:28:58 +0000] "GET /user-notifications/unread-count HTTP/1.1" 499 0 "https://profinz.studentswebapp.quditinfotech.com/" "Mozilla/5.0 (X11; Linux x86_64) AppleWebKit/537.36 (KHTML, like Gecko) Chrome/150.0.0.0 Safari/537.36"
61.1.25.195 - - [29/Jul/2026:03:30:55 +0000] "OPTIONS /user HTTP/1.1" 204 0 "https://profinz.studentswebapp.quditinfotech.com/" "Mozilla/5.0 (Windows NT 10.0; Win64; x64) AppleWebKit/537.36 (KHTML, like Gecko) Chrome/150.0.0.0 Safari/537.36"
61.1.25.195 - - [29/Jul/2026:03:30:55 +0000] "GET /user HTTP/1.1" 304 0 "https://profinz.studentswebapp.quditinfotech.com/" "Mozilla/5.0 (Windows NT 10.0; Win64; x64) AppleWebKit/537.36 (KHTML, like Gecko) Chrome/150.0.0.0 Safari/537.36"
61.1.25.195 - - [29/Jul/2026:03:30:55 +0000] "OPTIONS /user/subscriptions/package/active HTTP/1.1" 204 0 "https://profinz.studentswebapp.quditinfotech.com/" "Mozilla/5.0 (Windows NT 10.0; Win64; x64) AppleWebKit/537.36 (KHTML, like Gecko) Chrome/150.0.0.0 Safari/537.36"
61.1.25.195 - - [29/Jul/2026:03:30:55 +0000] "GET /user/subscriptions/package/active HTTP/1.1" 304 0 "https://profinz.studentswebapp.quditinfotech.com/" "Mozilla/5.0 (Windows NT 10.0; Win64; x64) AppleWebKit/537.36 (KHTML, like Gecko) Chrome/150.0.0.0 Safari/537.36"
61.1.25.195 - - [29/Jul/2026:03:30:57 +0000] "OPTIONS /user-notifications/unread-count HTTP/1.1" 204 0 "https://profinz.studentswebapp.quditinfotech.com/" "Mozilla/5.0 (Windows NT 10.0; Win64; x64) AppleWebKit/537.36 (KHTML, like Gecko) Chrome/150.0.0.0 Safari/537.36"
61.1.25.195 - - [29/Jul/2026:03:30:57 +0000] "OPTIONS /package/get-live-recordings-in-packages?page=1&limit=12 HTTP/1.1" 204 0 "https://profinz.studentswebapp.quditinfotech.com/" "Mozilla/5.0 (Windows NT 10.0; Win64; x64) AppleWebKit/537.36 (KHTML, like Gecko) Chrome/150.0.0.0 Safari/537.36"
61.1.25.195 - - [29/Jul/2026:03:30:57 +0000] "OPTIONS /package/get-folders-for-live-recordings?root_only=false HTTP/1.1" 204 0 "https://profinz.studentswebapp.quditinfotech.com/" "Mozilla/5.0 (Windows NT 10.0; Win64; x64) AppleWebKit/537.36 (KHTML, like Gecko) Chrome/150.0.0.0 Safari/537.36"
61.1.25.195 - - [29/Jul/2026:03:30:57 +0000] "OPTIONS /package/get-live-recordings-in-packages?page=1&limit=100 HTTP/1.1" 204 0 "https://profinz.studentswebapp.quditinfotech.com/" "Mozilla/5.0 (Windows NT 10.0; Win64; x64) AppleWebKit/537.36 (KHTML, like Gecko) Chrome/150.0.0.0 Safari/537.36"
61.1.25.195 - - [29/Jul/2026:03:30:57 +0000] "POST /package/get-live-recordings-in-packages?page=1&limit=12 HTTP/1.1" 200 11910 "https://profinz.studentswebapp.quditinfotech.com/" "Mozilla/5.0 (Windows NT 10.0; Win64; x64) AppleWebKit/537.36 (KHTML, like Gecko) Chrome/150.0.0.0 Safari/537.36"
61.1.25.195 - - [29/Jul/2026:03:30:57 +0000] "POST /package/get-folders-for-live-recordings?root_only=false HTTP/1.1" 200 867 "https://profinz.studentswebapp.quditinfotech.com/" "Mozilla/5.0 (Windows NT 10.0; Win64; x64) AppleWebKit/537.36 (KHTML, like Gecko) Chrome/150.0.0.0 Safari/537.36"
61.1.25.195 - - [29/Jul/2026:03:30:57 +0000] "POST /package/get-live-recordings-in-packages?page=1&limit=100 HTTP/1.1" 200 25833 "https://profinz.studentswebapp.quditinfotech.com/" "Mozilla/5.0 (Windows NT 10.0; Win64; x64) AppleWebKit/537.36 (KHTML, like Gecko) Chrome/150.0.0.0 Safari/537.36"
61.1.25.195 - - [29/Jul/2026:03:30:59 +0000] "OPTIONS /package/get-live-events-in-packages?page=1&limit=100&start_time=2026-07-29T03%3A30%3A56.359Z HTTP/1.1" 204 0 "https://profinz.studentswebapp.quditinfotech.com/" "Mozilla/5.0 (Windows NT 10.0; Win64; x64) AppleWebKit/537.36 (KHTML, like Gecko) Chrome/150.0.0.0 Safari/537.36"
61.1.25.195 - - [29/Jul/2026:03:30:59 +0000] "OPTIONS /package/get-live-events-in-packages?page=1&limit=100¬_yet_ended_time=2026-07-29T03%3A30%3A56.360Z HTTP/1.1" 204 0 "https://profinz.studentswebapp.quditinfotech.com/" "Mozilla/5.0 (Windows NT 10.0; Win64; x64) AppleWebKit/537.36 (KHTML, like Gecko) Chrome/150.0.0.0 Safari/537.36"
61.1.25.195 - - [29/Jul/2026:03:30:59 +0000] "POST /package/get-live-events-in-packages?page=1&limit=100¬_yet_ended_time=2026-07-29T03%3A30%3A56.360Z HTTP/1.1" 200 116 "https://profinz.studentswebapp.quditinfotech.com/" "Mozilla/5.0 (Windows NT 10.0; Win64; x64) AppleWebKit/537.36 (KHTML, like Gecko) Chrome/150.0.0.0 Safari/537.36"
61.1.25.195 - - [29/Jul/2026:03:30:59 +0000] "POST /package/get-live-events-in-packages?page=1&limit=100&start_time=2026-07-29T03%3A30%3A56.359Z HTTP/1.1" 200 116 "https://profinz.studentswebapp.quditinfotech.com/" "Mozilla/5.0 (Windows NT 10.0; Win64; x64) AppleWebKit/537.36 (KHTML, like Gecko) Chrome/150.0.0.0 Safari/537.36"
61.1.25.195 - - [29/Jul/2026:03:31:07 +0000] "GET /user-notifications/unread-count HTTP/1.1" 499 0 "https://profinz.studentswebapp.quditinfotech.com/" "Mozilla/5.0 (Windows NT 10.0; Win64; x64) AppleWebKit/537.36 (KHTML, like Gecko) Chrome/150.0.0.0 Safari/537.36"
61.1.25.195 - - [29/Jul/2026:03:31:08 +0000] "OPTIONS /user-notifications/unread-count HTTP/1.1" 204 0 "https://profinz.studentswebapp.quditinfotech.com/" "Mozilla/5.0 (Windows NT 10.0; Win64; x64) AppleWebKit/537.36 (KHTML, like Gecko) Chrome/150.0.0.0 Safari/537.36"
65.1.209.187 - - [29/Jul/2026:03:31:09 +0000] "POST /wp-cron.php?doing_wp_cron=1785295869.3790490627288818359375 HTTP/1.1" 200 31 "-" "WordPress/6.7.2; https://www.trivandrumtennisclub.com"
57.141.0.25 - - [29/Jul/2026:03:31:09 +0000] "GET /member/sri-vijay-john-kurian/ HTTP/1.1" 200 17701 "-" "Mozilla/5.0 (Windows NT 10.0; Win64; x64) AppleWebKit/537.36 (KHTML, like Gecko) Chrome/145.0.0.0 Safari/537.36 (compatible; meta-externalagent/1.1 (+https://developers.facebook.com/docs/sharing/webmasters/crawler))"
61.1.25.195 - - [29/Jul/2026:03:31:09 +0000] "OPTIONS /learning-material/video/4975 HTTP/1.1" 204 0 "https://profinz.studentswebapp.quditinfotech.com/" "Mozilla/5.0 (Windows NT 10.0; Win64; x64) AppleWebKit/537.36 (KHTML, like Gecko) Chrome/150.0.0.0 Safari/537.36"
61.1.25.195 - - [29/Jul/2026:03:31:09 +0000] "GET /learning-material/video/4975 HTTP/1.1" 304 0 "https://profinz.studentswebapp.quditinfotech.com/" "Mozilla/5.0 (Windows NT 10.0; Win64; x64) AppleWebKit/537.36 (KHTML, like Gecko) Chrome/150.0.0.0 Safari/537.36"
61.1.25.195 - - [29/Jul/2026:03:31:18 +0000] "GET /user-notifications/unread-count HTTP/1.1" 499 0 "https://profinz.studentswebapp.quditinfotech.com/" "Mozilla/5.0 (Windows NT 10.0; Win64; x64) AppleWebKit/537.36 (KHTML, like Gecko) Chrome/150.0.0.0 Safari/537.36"
103.70.199.214 - - [29/Jul/2026:03:31:23 +0000] "OPTIONS /auth/refresh-session HTTP/1.1" 204 0 "https://profinz.operations-webapp.quditinfotech.com/" "Mozilla/5.0 (X11; Linux x86_64) AppleWebKit/537.36 (KHTML, like Gecko) Chrome/150.0.0.0 Safari/537.36"
103.70.199.214 - - [29/Jul/2026:03:31:24 +0000] "POST /auth/refresh-session HTTP/1.1" 200 496 "https://profinz.operations-webapp.quditinfotech.com/" "Mozilla/5.0 (X11; Linux x86_64) AppleWebKit/537.36 (KHTML, like Gecko) Chrome/150.0.0.0 Safari/537.36"
103.70.199.214 - - [29/Jul/2026:03:31:24 +0000] "OPTIONS /user HTTP/1.1" 204 0 "https://profinz.operations-webapp.quditinfotech.com/" "Mozilla/5.0 (X11; Linux x86_64) AppleWebKit/537.36 (KHTML, like Gecko) Chrome/150.0.0.0 Safari/537.36"
103.70.199.214 - - [29/Jul/2026:03:31:24 +0000] "GET /user HTTP/1.1" 304 0 "https://profinz.operations-webapp.quditinfotech.com/" "Mozilla/5.0 (X11; Linux x86_64) AppleWebKit/537.36 (KHTML, like Gecko) Chrome/150.0.0.0 Safari/537.36"
103.70.199.214 - - [29/Jul/2026:03:31:25 +0000] "OPTIONS /users/filter/packages HTTP/1.1" 204 0 "https://profinz.operations-webapp.quditinfotech.com/" "Mozilla/5.0 (X11; Linux x86_64) AppleWebKit/537.36 (KHTML, like Gecko) Chrome/150.0.0.0 Safari/537.36"
103.70.199.214 - - [29/Jul/2026:03:31:25 +0000] "OPTIONS /getUsers HTTP/1.1" 204 0 "https://profinz.operations-webapp.quditinfotech.com/" "Mozilla/5.0 (X11; Linux x86_64) AppleWebKit/537.36 (KHTML, like Gecko) Chrome/150.0.0.0 Safari/537.36"
103.70.199.214 - - [29/Jul/2026:03:31:25 +0000] "GET /users/filter/packages HTTP/1.1" 304 0 "https://profinz.operations-webapp.quditinfotech.com/" "Mozilla/5.0 (X11; Linux x86_64) AppleWebKit/537.36 (KHTML, like Gecko) Chrome/150.0.0.0 Safari/537.36"
103.70.199.214 - - [29/Jul/2026:03:31:25 +0000] "POST /getUsers HTTP/1.1" 200 2544 "https://profinz.operations-webapp.quditinfotech.com/" "Mozilla/5.0 (X11; Linux x86_64) AppleWebKit/537.36 (KHTML, like Gecko) Chrome/150.0.0.0 Safari/537.36"
103.70.199.214 - - [29/Jul/2026:03:31:33 +0000] "OPTIONS /zoom-accounts?page=1&limit=10 HTTP/1.1" 204 0 "https://profinz.operations-webapp.quditinfotech.com/" "Mozilla/5.0 (X11; Linux x86_64) AppleWebKit/537.36 (KHTML, like Gecko) Chrome/150.0.0.0 Safari/537.36"
103.70.199.214 - - [29/Jul/2026:03:31:33 +0000] "OPTIONS /getEventsList HTTP/1.1" 204 0 "https://profinz.operations-webapp.quditinfotech.com/" "Mozilla/5.0 (X11; Linux x86_64) AppleWebKit/537.36 (KHTML, like Gecko) Chrome/150.0.0.0 Safari/537.36"
103.70.199.214 - - [29/Jul/2026:03:31:33 +0000] "GET /zoom-accounts?page=1&limit=10 HTTP/1.1" 304 0 "https://profinz.operations-webapp.quditinfotech.com/" "Mozilla/5.0 (X11; Linux x86_64) AppleWebKit/537.36 (KHTML, like Gecko) Chrome/150.0.0.0 Safari/537.36"
103.70.199.214 - - [29/Jul/2026:03:31:33 +0000] "POST /getEventsList HTTP/1.1" 200 32216 "https://profinz.operations-webapp.quditinfotech.com/" "Mozilla/5.0 (X11; Linux x86_64) AppleWebKit/537.36 (KHTML, like Gecko) Chrome/150.0.0.0 Safari/537.36"
103.70.199.214 - - [29/Jul/2026:03:31:35 +0000] "OPTIONS /packages?limit=-1 HTTP/1.1" 204 0 "https://profinz.operations-webapp.quditinfotech.com/" "Mozilla/5.0 (X11; Linux x86_64) AppleWebKit/537.36 (KHTML, like Gecko) Chrome/150.0.0.0 Safari/537.36"
103.70.199.214 - - [29/Jul/2026:03:31:35 +0000] "GET /packages?limit=-1 HTTP/1.1" 304 0 "https://profinz.operations-webapp.quditinfotech.com/" "Mozilla/5.0 (X11; Linux x86_64) AppleWebKit/537.36 (KHTML, like Gecko) Chrome/150.0.0.0 Safari/537.36"
103.70.199.214 - - [29/Jul/2026:03:31:35 +0000] "OPTIONS /faculties?page=1&limit=10 HTTP/1.1" 204 0 "https://profinz.operations-webapp.quditinfotech.com/" "Mozilla/5.0 (X11; Linux x86_64) AppleWebKit/537.36 (KHTML, like Gecko) Chrome/150.0.0.0 Safari/537.36"
103.70.199.214 - - [29/Jul/2026:03:31:35 +0000] "OPTIONS /folders?limit=-1 HTTP/1.1" 204 0 "https://profinz.operations-webapp.quditinfotech.com/" "Mozilla/5.0 (X11; Linux x86_64) AppleWebKit/537.36 (KHTML, like Gecko) Chrome/150.0.0.0 Safari/537.36"
103.70.199.214 - - [29/Jul/2026:03:31:35 +0000] "GET /folders?limit=-1 HTTP/1.1" 304 0 "https://profinz.operations-webapp.quditinfotech.com/" "Mozilla/5.0 (X11; Linux x86_64) AppleWebKit/537.36 (KHTML, like Gecko) Chrome/150.0.0.0 Safari/537.36"
103.70.199.214 - - [29/Jul/2026:03:31:38 +0000] "GET /faculties?page=1&limit=10 HTTP/1.1" 304 0 "https://profinz.operations-webapp.quditinfotech.com/" "Mozilla/5.0 (X11; Linux x86_64) AppleWebKit/537.36 (KHTML, like Gecko) Chrome/150.0.0.0 Safari/537.36"
65.1.209.187 - - [29/Jul/2026:03:33:46 +0000] "POST /wp-cron.php?doing_wp_cron=1785296026.4348709583282470703125 HTTP/1.1" 200 31 "-" "WordPress/6.7.2; https://www.trivandrumtennisclub.com"
57.141.0.59 - - [29/Jul/2026:03:33:46 +0000] "GET /member/deepa-suresh/ HTTP/1.1" 200 17649 "-" "Mozilla/5.0 (Macintosh; Intel Mac OS X 10_15_7) AppleWebKit/537.36 (KHTML, like Gecko) Chrome/145.0.0.0 Safari/537.36 (compatible; meta-externalagent/1.1 (+https://developers.facebook.com/docs/sharing/webmasters/crawler))"
103.70.199.214 - - [29/Jul/2026:03:33:50 +0000] "OPTIONS /event HTTP/1.1" 204 0 "https://profinz.operations-webapp.quditinfotech.com/" "Mozilla/5.0 (X11; Linux x86_64) AppleWebKit/537.36 (KHTML, like Gecko) Chrome/150.0.0.0 Safari/537.36"
103.70.199.214 - - [29/Jul/2026:03:33:51 +0000] "POST /event HTTP/1.1" 200 51 "https://profinz.operations-webapp.quditinfotech.com/" "Mozilla/5.0 (X11; Linux x86_64) AppleWebKit/537.36 (KHTML, like Gecko) Chrome/150.0.0.0 Safari/537.36"
103.70.199.214 - - [29/Jul/2026:03:33:51 +0000] "OPTIONS /getEventsList HTTP/1.1" 204 0 "https://profinz.operations-webapp.quditinfotech.com/" "Mozilla/5.0 (X11; Linux x86_64) AppleWebKit/537.36 (KHTML, like Gecko) Chrome/150.0.0.0 Safari/537.36"
103.70.199.214 - - [29/Jul/2026:03:33:52 +0000] "POST /getEventsList HTTP/1.1" 200 32795 "https://profinz.operations-webapp.quditinfotech.com/" "Mozilla/5.0 (X11; Linux x86_64) AppleWebKit/537.36 (KHTML, like Gecko) Chrome/150.0.0.0 Safari/537.36"
198.235.24.134 - - [29/Jul/2026:03:34:23 +0000] "GET / HTTP/1.1" 444 0 "-" "Hello from Palo Alto Networks, find out more about our scans in https://docs-cortex.paloaltonetworks.com/r/1/Cortex-Xpanse/Scanning-activity"
17.246.19.23 - - [29/Jul/2026:03:34:30 +0000] "GET /service-hours HTTP/1.1" 301 5 "-" "Mozilla/5.0 (Macintosh; Intel Mac OS X 10_15_7) AppleWebKit/605.1.15 (KHTML, like Gecko) Version/17.4 Safari/605.1.15 (Applebot/0.1; +http://www.apple.com/go/applebot)"
17.246.19.23 - - [29/Jul/2026:03:34:31 +0000] "GET /service-hours/ HTTP/1.1" 200 16828 "-" "Mozilla/5.0 (Macintosh; Intel Mac OS X 10_15_7) AppleWebKit/605.1.15 (KHTML, like Gecko) Version/17.4 Safari/605.1.15 (Applebot/0.1; +http://www.apple.com/go/applebot)"
65.1.209.187 - - [29/Jul/2026:03:34:44 +0000] "POST /wp-cron.php?doing_wp_cron=1785296084.0590019226074218750000 HTTP/1.1" 200 31 "-" "WordPress/6.7.2; https://www.trivandrumtennisclub.com"
57.141.0.8 - - [29/Jul/2026:03:34:44 +0000] "GET /member/rajesh-nair/ HTTP/1.1" 200 17843 "-" "Mozilla/5.0 (Windows NT 10.0; Win64; x64) AppleWebKit/537.36 (KHTML, like Gecko) Chrome/145.0.0.0 Safari/537.36 (compatible; meta-externalagent/1.1 (+https://developers.facebook.com/docs/sharing/webmasters/crawler))"
66.249.74.104 - - [29/Jul/2026:03:35:31 +0000] "GET /ads.txt HTTP/1.1" 301 178 "-" "Mozilla/5.0 (compatible; Googlebot/2.1; +http://www.google.com/bot.html)"
66.249.74.97 - - [29/Jul/2026:03:35:32 +0000] "GET /ads.txt HTTP/1.1" 301 178 "-" "Mozilla/5.0 (compatible; Googlebot/2.1; +http://www.google.com/bot.html)"
65.1.209.187 - - [29/Jul/2026:03:35:44 +0000] "POST /wp-cron.php?doing_wp_cron=1785296144.1957759857177734375000 HTTP/1.1" 200 31 "-" "WordPress/6.7.2; https://www.trivandrumtennisclub.com"
57.141.0.32 - - [29/Jul/2026:03:35:44 +0000] "GET /member/dr-abhilash-balsalam-vasanthan/ HTTP/1.1" 200 17683 "-" "Mozilla/5.0 (Windows NT 10.0; Win64; x64) AppleWebKit/537.36 (KHTML, like Gecko) Chrome/145.0.0.0 Safari/537.36 (compatible; meta-externalagent/1.1 (+https://developers.facebook.com/docs/sharing/webmasters/crawler))"
57.141.0.67 - - [29/Jul/2026:03:35:58 +0000] "GET /member/bbqppqfxmngjveuffa-trbpfdjnoqzsqzraq/ HTTP/1.1" 200 17747 "-" "Mozilla/5.0 (Windows NT 10.0; Win64; x64) AppleWebKit/537.36 (KHTML, like Gecko) Chrome/145.0.0.0 Safari/537.36 (compatible; meta-externalagent/1.1 (+https://developers.facebook.com/docs/sharing/webmasters/crawler))"
66.249.74.104 - - [29/Jul/2026:03:36:21 +0000] "GET /robots.txt HTTP/1.1" 301 178 "-" "Mozilla/5.0 (compatible; Googlebot/2.1; +http://www.google.com/bot.html)"
66.249.74.137 - - [29/Jul/2026:03:36:22 +0000] "GET /robots.txt HTTP/1.1" 200 140 "-" "Mozilla/5.0 (compatible; Googlebot/2.1; +http://www.google.com/bot.html)"
65.1.209.187 - - [29/Jul/2026:03:37:32 +0000] "POST /wp-cron.php?doing_wp_cron=1785296252.3438029289245605468750 HTTP/1.1" 200 31 "-" "WordPress/6.7.2; https://www.trivandrumtennisclub.com"
57.141.0.71 - - [29/Jul/2026:03:37:32 +0000] "GET /member/sri-rajeev-gopal/ HTTP/1.1" 200 17706 "-" "Mozilla/5.0 (Macintosh; Intel Mac OS X 10_15_7) AppleWebKit/537.36 (KHTML, like Gecko) Chrome/145.0.0.0 Safari/537.36 (compatible; meta-externalagent/1.1 (+https://developers.facebook.com/docs/sharing/webmasters/crawler))"
65.1.209.187 - - [29/Jul/2026:03:39:11 +0000] "POST /wp-cron.php?doing_wp_cron=1785296351.4503679275512695312500 HTTP/1.1" 200 31 "-" "WordPress/6.7.2; https://www.trivandrumtennisclub.com"
57.141.0.20 - - [29/Jul/2026:03:39:11 +0000] "GET /member/sri-abhilash-v-mohan/ HTTP/1.1" 200 17664 "-" "Mozilla/5.0 (Windows NT 10.0; Win64; x64) AppleWebKit/537.36 (KHTML, like Gecko) Chrome/145.0.0.0 Safari/537.36 (compatible; meta-externalagent/1.1 (+https://developers.facebook.com/docs/sharing/webmasters/crawler))"
103.189.143.181 - - [29/Jul/2026:03:39:14 +0000] "GET / HTTP/1.1" 200 19848 "-" "Mozilla/5.0 (iPhone; CPU iPhone OS 26_5_0 like Mac OS X) AppleWebKit/605.1.15 (KHTML, like Gecko) CriOS/150.0.7871.113 Mobile/15E148 Safari/604.1"
103.189.143.181 - - [29/Jul/2026:03:39:15 +0000] "GET /wp-content/themes/ttc/images/logo.png HTTP/1.1" 200 15549 "https://www.trivandrumtennisclub.com/" "Mozilla/5.0 (iPhone; CPU iPhone OS 26_5_0 like Mac OS X) AppleWebKit/605.1.15 (KHTML, like Gecko) CriOS/150.0.7871.113 Mobile/15E148 Safari/604.1"
103.189.143.181 - - [29/Jul/2026:03:39:15 +0000] "GET /wp-content/uploads/2026/01/DJI_0013-scaled.jpg HTTP/1.1" 200 624144 "https://www.trivandrumtennisclub.com/" "Mozilla/5.0 (iPhone; CPU iPhone OS 26_5_0 like Mac OS X) AppleWebKit/605.1.15 (KHTML, like Gecko) CriOS/150.0.7871.113 Mobile/15E148 Safari/604.1"
103.189.143.181 - - [29/Jul/2026:03:39:16 +0000] "GET /wp-content/uploads/2026/04/PHOTO-2025-09-12-10-46-45-jpg-800%C3%971600-04-14-2026_09_58_AM.png HTTP/1.1" 200 635395 "https://www.trivandrumtennisclub.com/" "Mozilla/5.0 (iPhone; CPU iPhone OS 26_5_0 like Mac OS X) AppleWebKit/605.1.15 (KHTML, like Gecko) CriOS/150.0.7871.113 Mobile/15E148 Safari/604.1"
103.189.143.181 - - [29/Jul/2026:03:39:16 +0000] "GET /wp-content/uploads/2025/03/Tournament.png HTTP/1.1" 200 223341 "https://www.trivandrumtennisclub.com/" "Mozilla/5.0 (iPhone; CPU iPhone OS 26_5_0 like Mac OS X) AppleWebKit/605.1.15 (KHTML, like Gecko) CriOS/150.0.7871.113 Mobile/15E148 Safari/604.1"
103.189.143.181 - - [29/Jul/2026:03:39:16 +0000] "GET /wp-content/uploads/2025/03/Training.png HTTP/1.1" 200 164074 "https://www.trivandrumtennisclub.com/" "Mozilla/5.0 (iPhone; CPU iPhone OS 26_5_0 like Mac OS X) AppleWebKit/605.1.15 (KHTML, like Gecko) CriOS/150.0.7871.113 Mobile/15E148 Safari/604.1"
103.189.143.181 - - [29/Jul/2026:03:39:16 +0000] "GET /wp-content/themes/ttc/images/bottom-logo.avif HTTP/1.1" 200 8815 "https://www.trivandrumtennisclub.com/" "Mozilla/5.0 (iPhone; CPU iPhone OS 26_5_0 like Mac OS X) AppleWebKit/605.1.15 (KHTML, like Gecko) CriOS/150.0.7871.113 Mobile/15E148 Safari/604.1"
103.189.143.181 - - [29/Jul/2026:03:39:16 +0000] "GET /wp-content/themes/ttc/images/bottom-logo-text.png HTTP/1.1" 200 21668 "https://www.trivandrumtennisclub.com/" "Mozilla/5.0 (iPhone; CPU iPhone OS 26_5_0 like Mac OS X) AppleWebKit/605.1.15 (KHTML, like Gecko) CriOS/150.0.7871.113 Mobile/15E148 Safari/604.1"
103.189.143.181 - - [29/Jul/2026:03:39:16 +0000] "GET /wp-content/themes/ttc/images/humberg.png HTTP/1.1" 200 130 "https://www.trivandrumtennisclub.com/" "Mozilla/5.0 (iPhone; CPU iPhone OS 26_5_0 like Mac OS X) AppleWebKit/605.1.15 (KHTML, like Gecko) CriOS/150.0.7871.113 Mobile/15E148 Safari/604.1"
103.189.143.181 - - [29/Jul/2026:03:39:16 +0000] "GET /wp-content/uploads/2025/03/COACHING_1_CONVERTED.mp4 HTTP/1.1" 206 2 "https://www.trivandrumtennisclub.com/" "Mozilla/5.0 (iPhone; CPU iPhone OS 26_5_0 like Mac OS X) AppleWebKit/605.1.15 (KHTML, like Gecko) CriOS/150.0.7871.113 Mobile/15E148 Safari/604.1"
103.189.143.181 - - [29/Jul/2026:03:39:16 +0000] "GET /wp-content/uploads/2025/03/favicon.png HTTP/1.1" 200 12758 "-" "Mozilla/5.0 (iPhone; CPU iPhone OS 26_5_0 like Mac OS X) AppleWebKit/605.1.15 (KHTML, like Gecko) CriOS/150.0.7871.113 Mobile/15E148 Safari/604.1"
103.189.143.181 - - [29/Jul/2026:03:39:16 +0000] "GET /wp-content/uploads/2025/03/COACHING_1_CONVERTED.mp4 HTTP/1.1" 206 114291 "https://www.trivandrumtennisclub.com/" "Mozilla/5.0 (iPhone; CPU iPhone OS 26_5_0 like Mac OS X) AppleWebKit/605.1.15 (KHTML, like Gecko) CriOS/150.0.7871.113 Mobile/15E148 Safari/604.1"
103.189.143.181 - - [29/Jul/2026:03:39:16 +0000] "GET /wp-content/uploads/2025/03/COACHING_1_CONVERTED.mp4 HTTP/1.1" 206 19595 "https://www.trivandrumtennisclub.com/" "Mozilla/5.0 (iPhone; CPU iPhone OS 26_5_0 like Mac OS X) AppleWebKit/605.1.15 (KHTML, like Gecko) CriOS/150.0.7871.113 Mobile/15E148 Safari/604.1"
103.189.143.181 - - [29/Jul/2026:03:39:17 +0000] "GET /wp-content/uploads/2025/03/other.png HTTP/1.1" 200 937148 "https://www.trivandrumtennisclub.com/" "Mozilla/5.0 (iPhone; CPU iPhone OS 26_5_0 like Mac OS X) AppleWebKit/605.1.15 (KHTML, like Gecko) CriOS/150.0.7871.113 Mobile/15E148 Safari/604.1"
103.189.143.181 - - [29/Jul/2026:03:39:17 +0000] "GET /wp-content/uploads/2025/03/banner-bg.png HTTP/1.1" 200 2170520 "https://www.trivandrumtennisclub.com/" "Mozilla/5.0 (iPhone; CPU iPhone OS 26_5_0 like Mac OS X) AppleWebKit/605.1.15 (KHTML, like Gecko) CriOS/150.0.7871.113 Mobile/15E148 Safari/604.1"
111.92.86.156 - - [29/Jul/2026:03:39:20 +0000] "OPTIONS /user-notifications/unread-count HTTP/1.1" 204 0 "https://profinz.studentswebapp.quditinfotech.com/" "Mozilla/5.0 (Windows NT 10.0; Win64; x64) AppleWebKit/537.36 (KHTML, like Gecko) Chrome/128.0.0.0 Safari/537.36"
111.92.86.156 - - [29/Jul/2026:03:39:20 +0000] "OPTIONS /package/get-live-recordings-in-packages?page=1&limit=12 HTTP/1.1" 204 0 "https://profinz.studentswebapp.quditinfotech.com/" "Mozilla/5.0 (Windows NT 10.0; Win64; x64) AppleWebKit/537.36 (KHTML, like Gecko) Chrome/128.0.0.0 Safari/537.36"
111.92.86.156 - - [29/Jul/2026:03:39:20 +0000] "OPTIONS /package/get-folders-for-live-recordings?root_only=false HTTP/1.1" 204 0 "https://profinz.studentswebapp.quditinfotech.com/" "Mozilla/5.0 (Windows NT 10.0; Win64; x64) AppleWebKit/537.36 (KHTML, like Gecko) Chrome/128.0.0.0 Safari/537.36"
111.92.86.156 - - [29/Jul/2026:03:39:20 +0000] "OPTIONS /package/get-live-recordings-in-packages?page=1&limit=100 HTTP/1.1" 204 0 "https://profinz.studentswebapp.quditinfotech.com/" "Mozilla/5.0 (Windows NT 10.0; Win64; x64) AppleWebKit/537.36 (KHTML, like Gecko) Chrome/128.0.0.0 Safari/537.36"
111.92.86.156 - - [29/Jul/2026:03:39:20 +0000] "POST /package/get-folders-for-live-recordings?root_only=false HTTP/1.1" 200 692 "https://profinz.studentswebapp.quditinfotech.com/" "Mozilla/5.0 (Windows NT 10.0; Win64; x64) AppleWebKit/537.36 (KHTML, like Gecko) Chrome/128.0.0.0 Safari/537.36"
111.92.86.156 - - [29/Jul/2026:03:39:20 +0000] "POST /package/get-live-recordings-in-packages?page=1&limit=100 HTTP/1.1" 200 67927 "https://profinz.studentswebapp.quditinfotech.com/" "Mozilla/5.0 (Windows NT 10.0; Win64; x64) AppleWebKit/537.36 (KHTML, like Gecko) Chrome/128.0.0.0 Safari/537.36"
111.92.86.156 - - [29/Jul/2026:03:39:20 +0000] "POST /package/get-live-recordings-in-packages?page=1&limit=12 HTTP/1.1" 200 9533 "https://profinz.studentswebapp.quditinfotech.com/" "Mozilla/5.0 (Windows NT 10.0; Win64; x64) AppleWebKit/537.36 (KHTML, like Gecko) Chrome/128.0.0.0 Safari/537.36"
57.141.0.51 - - [29/Jul/2026:03:39:21 +0000] "GET /member/sri-sukesh-g/ HTTP/1.1" 200 17650 "-" "Mozilla/5.0 (Windows NT 10.0; Win64; x64) AppleWebKit/537.36 (KHTML, like Gecko) Chrome/145.0.0.0 Safari/537.36 (compatible; meta-externalagent/1.1 (+https://developers.facebook.com/docs/sharing/webmasters/crawler))"
111.92.86.156 - - [29/Jul/2026:03:39:30 +0000] "GET /user-notifications/unread-count HTTP/1.1" 499 0 "https://profinz.studentswebapp.quditinfotech.com/" "Mozilla/5.0 (Windows NT 10.0; Win64; x64) AppleWebKit/537.36 (KHTML, like Gecko) Chrome/128.0.0.0 Safari/537.36"
111.92.86.156 - - [29/Jul/2026:03:39:31 +0000] "OPTIONS /user-notifications/unread-count HTTP/1.1" 204 0 "https://profinz.studentswebapp.quditinfotech.com/" "Mozilla/5.0 (Windows NT 10.0; Win64; x64) AppleWebKit/537.36 (KHTML, like Gecko) Chrome/128.0.0.0 Safari/537.36"
103.189.143.181 - - [29/Jul/2026:03:39:33 +0000] "GET /wp-content/themes/ttc/images/up-arrow.png HTTP/1.1" 200 1130 "https://www.trivandrumtennisclub.com/" "Mozilla/5.0 (iPhone; CPU iPhone OS 26_5_0 like Mac OS X) AppleWebKit/605.1.15 (KHTML, like Gecko) CriOS/150.0.7871.113 Mobile/15E148 Safari/604.1"
65.1.209.187 - - [29/Jul/2026:03:39:40 +0000] "POST /wp-cron.php?doing_wp_cron=1785296380.4581589698791503906250 HTTP/1.1" 200 31 "-" "WordPress/6.7.2; https://www.trivandrumtennisclub.com"
57.141.0.9 - - [29/Jul/2026:03:39:40 +0000] "GET /member/cqaqsuowjgotpjnjc-kyscvydjaffqbiepauvzink/ HTTP/1.1" 200 17745 "-" "Mozilla/5.0 (Macintosh; Intel Mac OS X 10_15_7) AppleWebKit/537.36 (KHTML, like Gecko) Chrome/145.0.0.0 Safari/537.36 (compatible; meta-externalagent/1.1 (+https://developers.facebook.com/docs/sharing/webmasters/crawler))"
173.252.82.18 - - [29/Jul/2026:03:39:40 +0000] "GET /robots.txt HTTP/1.1" 200 140 "-" "facebookexternalhit/1.1 (+http://www.facebook.com/externalhit_uatext.php)"
173.252.82.0 - - [29/Jul/2026:03:39:41 +0000] "GET /robots.txt HTTP/1.1" 200 140 "-" "facebookexternalhit/1.1 (+http://www.facebook.com/externalhit_uatext.php)"
111.92.86.156 - - [29/Jul/2026:03:39:41 +0000] "GET /user-notifications/unread-count HTTP/1.1" 499 0 "https://profinz.studentswebapp.quditinfotech.com/" "Mozilla/5.0 (Windows NT 10.0; Win64; x64) AppleWebKit/537.36 (KHTML, like Gecko) Chrome/128.0.0.0 Safari/537.36"
103.189.143.181 - - [29/Jul/2026:03:39:43 +0000] "GET /wp-content/uploads/2025/03/146A0290-03-14-2025_04_26_PM.png HTTP/1.1" 200 202334 "https://www.trivandrumtennisclub.com/" "Mozilla/5.0 (iPhone; CPU iPhone OS 26_5_0 like Mac OS X) AppleWebKit/605.1.15 (KHTML, like Gecko) CriOS/150.0.7871.113 Mobile/15E148 Safari/604.1"
103.189.143.181 - - [29/Jul/2026:03:39:43 +0000] "GET /wp-content/uploads/2025/03/Screenshot-from-2025-03-14-15-18-50-03-14-2025_03_21_PM.png HTTP/1.1" 200 194022 "https://www.trivandrumtennisclub.com/" "Mozilla/5.0 (iPhone; CPU iPhone OS 26_5_0 like Mac OS X) AppleWebKit/605.1.15 (KHTML, like Gecko) CriOS/150.0.7871.113 Mobile/15E148 Safari/604.1"
103.189.143.181 - - [29/Jul/2026:03:39:45 +0000] "GET /wp-content/uploads/2025/03/146A9788-03-14-2025_03_29_PM.png HTTP/1.1" 200 307047 "https://www.trivandrumtennisclub.com/" "Mozilla/5.0 (iPhone; CPU iPhone OS 26_5_0 like Mac OS X) AppleWebKit/605.1.15 (KHTML, like Gecko) CriOS/150.0.7871.113 Mobile/15E148 Safari/604.1"
62.238.50.136 - - [29/Jul/2026:03:39:46 +0000] "GET /q_90/b94c8a_546b66f800ae408a99128387cc061d4d~mv2.webp HTTP/1.1" 404 64788 "-" "Mozilla/5.0 (X11; Ubuntu; Linux x86_64; rv:72.0) Gecko/20100101 Firefox/72.0"
62.238.50.136 - - [29/Jul/2026:03:39:46 +0000] "GET /q_90/b94c8a_b39d93eb852f48dfb64109cac69359ca~mv2.jpeg HTTP/1.1" 404 64795 "-" "Mozilla/5.0 (X11; Ubuntu; Linux x86_64; rv:72.0) Gecko/20100101 Firefox/72.0"
18.116.101.220 - - [29/Jul/2026:03:39:46 +0000] "GET / HTTP/1.1" 200 409 "-" "visionheight.com/scan Mozilla/5.0 (Macintosh; Intel Mac OS X 10_15_7) Chrome/126.0.0.0 Safari/537.36"
18.116.101.220 - - [29/Jul/2026:03:40:01 +0000] "" 400 0 "-" "-"
103.189.143.181 - - [29/Jul/2026:03:40:10 +0000] "GET /membership/ HTTP/1.1" 200 17887 "https://www.trivandrumtennisclub.com/" "Mozilla/5.0 (iPhone; CPU iPhone OS 26_5_0 like Mac OS X) AppleWebKit/605.1.15 (KHTML, like Gecko) CriOS/150.0.7871.113 Mobile/15E148 Safari/604.1"
103.189.143.181 - - [29/Jul/2026:03:40:10 +0000] "GET /wp-content/uploads/2025/01/membership.png HTTP/1.1" 200 106055 "https://www.trivandrumtennisclub.com/membership/" "Mozilla/5.0 (iPhone; CPU iPhone OS 26_5_0 like Mac OS X) AppleWebKit/605.1.15 (KHTML, like Gecko) CriOS/150.0.7871.113 Mobile/15E148 Safari/604.1"
65.1.209.187 - - [29/Jul/2026:03:40:26 +0000] "POST /wp-cron.php?doing_wp_cron=1785296426.2413589954376220703125 HTTP/1.1" 200 31 "-" "WordPress/6.9; https://www.drjunior.in"
209.99.191.65 - - [29/Jul/2026:03:40:26 +0000] "GET /api/v1/db/meta/plugins HTTP/1.1" 301 5 "-" "Mozilla/5.0 (compatible; SecurityResearch/1.0)"
209.99.191.65 - - [29/Jul/2026:03:40:26 +0000] "GET /api/v1/db/meta/plugins?locale=en HTTP/1.1" 301 5 "-" "Mozilla/5.0 (compatible; SecurityResearch/1.0)"
209.99.191.65 - - [29/Jul/2026:03:40:26 +0000] "GET /api/v2/meta/plugins HTTP/1.1" 301 5 "-" "Mozilla/5.0 (compatible; SecurityResearch/1.0)"
209.99.191.65 - - [29/Jul/2026:03:40:28 +0000] "GET /rest/credentials HTTP/1.1" 301 5 "-" "Mozilla/5.0 (compatible; SecurityResearch/1.0)"
209.99.191.65 - - [29/Jul/2026:03:40:28 +0000] "GET /rest/credentials?type=aws HTTP/1.1" 301 5 "-" "Mozilla/5.0 (compatible; SecurityResearch/1.0)"
209.99.191.65 - - [29/Jul/2026:03:40:28 +0000] "GET /api/v1/credentials HTTP/1.1" 301 5 "-" "Mozilla/5.0 (compatible; SecurityResearch/1.0)"
209.99.191.65 - - [29/Jul/2026:03:40:29 +0000] "GET /directus/settings HTTP/1.1" 301 5 "-" "Mozilla/5.0 (compatible; SecurityResearch/1.0)"
209.99.191.65 - - [29/Jul/2026:03:40:29 +0000] "GET /settings HTTP/1.1" 301 5 "-" "Mozilla/5.0 (compatible; SecurityResearch/1.0)"
209.99.191.65 - - [29/Jul/2026:03:40:29 +0000] "GET /admin/init HTTP/1.1" 301 5 "-" "Mozilla/5.0 (compatible; SecurityResearch/1.0)"
209.99.191.65 - - [29/Jul/2026:03:40:29 +0000] "GET /api/email/settings HTTP/1.1" 301 5 "-" "Mozilla/5.0 (compatible; SecurityResearch/1.0)"
209.99.191.65 - - [29/Jul/2026:03:40:29 +0000] "GET /api/settings HTTP/1.1" 301 5 "-" "Mozilla/5.0 (compatible; SecurityResearch/1.0)"
209.99.191.65 - - [29/Jul/2026:03:40:29 +0000] "GET /api/settings/smtp HTTP/1.1" 301 5 "-" "Mozilla/5.0 (compatible; SecurityResearch/1.0)"
209.99.191.65 - - [29/Jul/2026:03:40:30 +0000] "GET /_/api/settings HTTP/1.1" 301 5 "-" "Mozilla/5.0 (compatible; SecurityResearch/1.0)"
209.99.191.65 - - [29/Jul/2026:03:40:30 +0000] "GET /v1/projects HTTP/1.1" 301 5 "-" "Mozilla/5.0 (compatible; SecurityResearch/1.0)"
209.99.191.65 - - [29/Jul/2026:03:40:30 +0000] "GET /v1/health HTTP/1.1" 301 5 "-" "Mozilla/5.0 (compatible; SecurityResearch/1.0)"
209.99.191.65 - - [29/Jul/2026:03:40:30 +0000] "GET /api/v1/settings HTTP/1.1" 301 5 "-" "Mozilla/5.0 (compatible; SecurityResearch/1.0)"
209.99.191.65 - - [29/Jul/2026:03:40:30 +0000] "GET /api/v1/smtp HTTP/1.1" 301 5 "-" "Mozilla/5.0 (compatible; SecurityResearch/1.0)"
209.99.191.65 - - [29/Jul/2026:03:40:30 +0000] "GET /v1/config HTTP/1.1" 301 5 "-" "Mozilla/5.0 (compatible; SecurityResearch/1.0)"
209.99.191.65 - - [29/Jul/2026:03:40:31 +0000] "GET /healthz HTTP/1.1" 301 5 "-" "Mozilla/5.0 (compatible; SecurityResearch/1.0)"
209.99.191.65 - - [29/Jul/2026:03:40:31 +0000] "GET /v1alpha1/config HTTP/1.1" 301 5 "-" "Mozilla/5.0 (compatible; SecurityResearch/1.0)"
209.99.191.65 - - [29/Jul/2026:03:40:31 +0000] "GET /rest/v1/ HTTP/1.1" 301 5 "-" "Mozilla/5.0 (compatible; SecurityResearch/1.0)"
209.99.191.65 - - [29/Jul/2026:03:40:31 +0000] "GET /auth/v1/settings HTTP/1.1" 301 5 "-" "Mozilla/5.0 (compatible; SecurityResearch/1.0)"
209.99.191.65 - - [29/Jul/2026:03:40:31 +0000] "GET /api/v4/config/client?format=old HTTP/1.1" 301 5 "-" "Mozilla/5.0 (compatible; SecurityResearch/1.0)"
209.99.191.65 - - [29/Jul/2026:03:40:31 +0000] "GET /api/v4/email/test HTTP/1.1" 301 5 "-" "Mozilla/5.0 (compatible; SecurityResearch/1.0)"
209.99.191.65 - - [29/Jul/2026:03:40:32 +0000] "GET /api/v1/settings/api HTTP/1.1" 301 5 "-" "Mozilla/5.0 (compatible; SecurityResearch/1.0)"
209.99.191.65 - - [29/Jul/2026:03:40:32 +0000] "GET /-/admin/self-information HTTP/1.1" 301 5 "-" "Mozilla/5.0 (compatible; SecurityResearch/1.0)"
209.99.191.65 - - [29/Jul/2026:03:40:32 +0000] "GET /admin/site_settings.json HTTP/1.1" 301 5 "-" "Mozilla/5.0 (compatible; SecurityResearch/1.0)"
209.99.191.65 - - [29/Jul/2026:03:40:33 +0000] "GET /admin/site_settings/category/email.json HTTP/1.1" 301 5 "-" "Mozilla/5.0 (compatible; SecurityResearch/1.0)"
209.99.191.65 - - [29/Jul/2026:03:40:33 +0000] "GET /api/settings HTTP/1.1" 301 5 "-" "Mozilla/5.0 (compatible; SecurityResearch/1.0)"
209.99.191.65 - - [29/Jul/2026:03:40:33 +0000] "GET /-/settings HTTP/1.1" 301 5 "-" "Mozilla/5.0 (compatible; SecurityResearch/1.0)"
209.99.191.65 - - [29/Jul/2026:03:40:33 +0000] "GET /api/v1/organizations HTTP/1.1" 301 5 "-" "Mozilla/5.0 (compatible; SecurityResearch/1.0)"
209.99.191.65 - - [29/Jul/2026:03:40:34 +0000] "GET /api/v1/get/smtp/all HTTP/1.1" 301 5 "-" "Mozilla/5.0 (compatible; SecurityResearch/1.0)"
209.99.191.65 - - [29/Jul/2026:03:40:34 +0000] "GET /api/v1/get/dkim/private/ HTTP/1.1" 301 5 "-" "Mozilla/5.0 (compatible; SecurityResearch/1.0)"
209.99.191.65 - - [29/Jul/2026:03:40:35 +0000] "GET /ghost/api/admin/settings/?fields=mailgun_api_key,mailgun_domain,mail_content_type HTTP/1.1" 301 5 "-" "Mozilla/5.0 (compatible; SecurityResearch/1.0)"
209.99.191.65 - - [29/Jul/2026:03:40:35 +0000] "GET /ghost/api/v4/admin/settings/?fields=mailgun_api_key HTTP/1.1" 301 5 "-" "Mozilla/5.0 (compatible; SecurityResearch/1.0)"
209.99.191.65 - - [29/Jul/2026:03:40:35 +0000] "GET /ghost/api/v3/admin/settings/ HTTP/1.1" 301 5 "-" "Mozilla/5.0 (compatible; SecurityResearch/1.0)"
18.116.101.220 - - [29/Jul/2026:03:40:41 +0000] "GET / HTTP/1.1" 200 409 "-" "visionheight.com/scan Mozilla/5.0 (Macintosh; Intel Mac OS X 10_15_7) Chrome/126.0.0.0 Safari/537.36"
111.92.86.156 - - [29/Jul/2026:03:40:48 +0000] "OPTIONS /user-notifications/unread-count HTTP/1.1" 204 0 "https://profinz.studentswebapp.quditinfotech.com/" "Mozilla/5.0 (Windows NT 10.0; Win64; x64) AppleWebKit/537.36 (KHTML, like Gecko) Chrome/128.0.0.0 Safari/537.36"
111.92.86.156 - - [29/Jul/2026:03:40:52 +0000] "OPTIONS /package/get-live-recordings-in-packages?page=2&limit=12 HTTP/1.1" 204 0 "https://profinz.studentswebapp.quditinfotech.com/" "Mozilla/5.0 (Windows NT 10.0; Win64; x64) AppleWebKit/537.36 (KHTML, like Gecko) Chrome/128.0.0.0 Safari/537.36"
111.92.86.156 - - [29/Jul/2026:03:40:52 +0000] "POST /package/get-live-recordings-in-packages?page=2&limit=12 HTTP/1.1" 200 8044 "https://profinz.studentswebapp.quditinfotech.com/" "Mozilla/5.0 (Windows NT 10.0; Win64; x64) AppleWebKit/537.36 (KHTML, like Gecko) Chrome/128.0.0.0 Safari/537.36"
111.92.86.156 - - [29/Jul/2026:03:40:56 +0000] "OPTIONS /package/get-live-recordings-in-packages?page=3&limit=12 HTTP/1.1" 204 0 "https://profinz.studentswebapp.quditinfotech.com/" "Mozilla/5.0 (Windows NT 10.0; Win64; x64) AppleWebKit/537.36 (KHTML, like Gecko) Chrome/128.0.0.0 Safari/537.36"
111.92.86.156 - - [29/Jul/2026:03:40:56 +0000] "POST /package/get-live-recordings-in-packages?page=3&limit=12 HTTP/1.1" 200 8151 "https://profinz.studentswebapp.quditinfotech.com/" "Mozilla/5.0 (Windows NT 10.0; Win64; x64) AppleWebKit/537.36 (KHTML, like Gecko) Chrome/128.0.0.0 Safari/537.36"
111.92.86.156 - - [29/Jul/2026:03:40:58 +0000] "GET /user-notifications/unread-count HTTP/1.1" 499 0 "https://profinz.studentswebapp.quditinfotech.com/" "Mozilla/5.0 (Windows NT 10.0; Win64; x64) AppleWebKit/537.36 (KHTML, like Gecko) Chrome/128.0.0.0 Safari/537.36"
111.92.86.156 - - [29/Jul/2026:03:40:59 +0000] "OPTIONS /user-notifications/unread-count HTTP/1.1" 204 0 "https://profinz.studentswebapp.quditinfotech.com/" "Mozilla/5.0 (Windows NT 10.0; Win64; x64) AppleWebKit/537.36 (KHTML, like Gecko) Chrome/128.0.0.0 Safari/537.36"
111.92.86.156 - - [29/Jul/2026:03:40:59 +0000] "OPTIONS /package/get-live-recordings-in-packages?page=4&limit=12 HTTP/1.1" 204 0 "https://profinz.studentswebapp.quditinfotech.com/" "Mozilla/5.0 (Windows NT 10.0; Win64; x64) AppleWebKit/537.36 (KHTML, like Gecko) Chrome/128.0.0.0 Safari/537.36"
111.92.86.156 - - [29/Jul/2026:03:40:59 +0000] "POST /package/get-live-recordings-in-packages?page=4&limit=12 HTTP/1.1" 200 8109 "https://profinz.studentswebapp.quditinfotech.com/" "Mozilla/5.0 (Windows NT 10.0; Win64; x64) AppleWebKit/537.36 (KHTML, like Gecko) Chrome/128.0.0.0 Safari/537.36"
111.92.86.156 - - [29/Jul/2026:03:41:09 +0000] "GET /user-notifications/unread-count HTTP/1.1" 499 0 "https://profinz.studentswebapp.quditinfotech.com/" "Mozilla/5.0 (Windows NT 10.0; Win64; x64) AppleWebKit/537.36 (KHTML, like Gecko) Chrome/128.0.0.0 Safari/537.36"
65.1.209.187 - - [29/Jul/2026:03:41:45 +0000] "POST /wp-cron.php?doing_wp_cron=1785296505.9124081134796142578125 HTTP/1.1" 200 31 "-" "WordPress/6.7.2; https://www.trivandrumtennisclub.com"
103.189.143.181 - - [29/Jul/2026:03:41:46 +0000] "GET /affiliate-clubs/ HTTP/1.1" 200 19241 "https://www.trivandrumtennisclub.com/membership/" "Mozilla/5.0 (iPhone; CPU iPhone OS 26_5_0 like Mac OS X) AppleWebKit/605.1.15 (KHTML, like Gecko) CriOS/150.0.7871.113 Mobile/15E148 Safari/604.1"
103.189.143.181 - - [29/Jul/2026:03:41:46 +0000] "GET /wp-content/themes/ttc/images/down-arrow.png HTTP/1.1" 200 1066 "https://www.trivandrumtennisclub.com/affiliate-clubs/" "Mozilla/5.0 (iPhone; CPU iPhone OS 26_5_0 like Mac OS X) AppleWebKit/605.1.15 (KHTML, like Gecko) CriOS/150.0.7871.113 Mobile/15E148 Safari/604.1"
103.189.143.181 - - [29/Jul/2026:03:41:46 +0000] "GET /wp-content/themes/ttc/images/affiliate.png HTTP/1.1" 200 413268 "https://www.trivandrumtennisclub.com/affiliate-clubs/" "Mozilla/5.0 (iPhone; CPU iPhone OS 26_5_0 like Mac OS X) AppleWebKit/605.1.15 (KHTML, like Gecko) CriOS/150.0.7871.113 Mobile/15E148 Safari/604.1"
103.189.143.181 - - [29/Jul/2026:03:41:53 +0000] "GET /wp-json/location-manager/v1/states/2 HTTP/1.1" 200 412 "https://www.trivandrumtennisclub.com/affiliate-clubs/" "Mozilla/5.0 (iPhone; CPU iPhone OS 26_5_0 like Mac OS X) AppleWebKit/605.1.15 (KHTML, like Gecko) CriOS/150.0.7871.113 Mobile/15E148 Safari/604.1"
103.189.143.181 - - [29/Jul/2026:03:41:55 +0000] "GET /wp-json/location-manager/v1/districts/1 HTTP/1.1" 200 403 "https://www.trivandrumtennisclub.com/affiliate-clubs/" "Mozilla/5.0 (iPhone; CPU iPhone OS 26_5_0 like Mac OS X) AppleWebKit/605.1.15 (KHTML, like Gecko) CriOS/150.0.7871.113 Mobile/15E148 Safari/604.1"
103.189.143.181 - - [29/Jul/2026:03:41:58 +0000] "GET /affiliate-clubs/?country=2&state=1&district=4 HTTP/1.1" 200 18494 "https://www.trivandrumtennisclub.com/affiliate-clubs/" "Mozilla/5.0 (iPhone; CPU iPhone OS 26_5_0 like Mac OS X) AppleWebKit/605.1.15 (KHTML, like Gecko) CriOS/150.0.7871.113 Mobile/15E148 Safari/604.1"
18.116.101.220 - - [29/Jul/2026:03:41:59 +0000] "\x16\x03\x01\x01\x00\x01\x00\x00\xFC\x03\x03:\xE8~\xE6/\xE2\x13;\x93\x04\xEF\x04M\xE6\x81\xF2T\x17u\xF5*lY\x99h\xBF\xB1UyR*\xF5 \xDD\x1B'\xFC\x8A(\x09\xF5\x19\x03\xA8\x98eH\x1A\xCE\xAE\xEC&\xA8\xC2\x97\x8C.v\xE6\xB8\xD7\x7Fw\x04\xA2\x00&\xCC\xA8\xCC\xA9\xC0/\xC00\xC0+\xC0,\xC0\x13\xC0\x09\xC0\x14\xC0" 400 166 "-" "-"
57.141.0.19 - - [29/Jul/2026:03:42:00 +0000] "GET /wp-json/oembed/1.0/embed?url=https%3A%2F%2Fwww.trivandrumtennisclub.com%2Fmember%2Fsri-anand-george-kanjirakattu%2F HTTP/1.1" 200 2326 "-" "Mozilla/5.0 (Windows NT 10.0; Win64; x64) AppleWebKit/537.36 (KHTML, like Gecko) Chrome/145.0.0.0 Safari/537.36 (compatible; meta-externalagent/1.1 (+https://developers.facebook.com/docs/sharing/webmasters/crawler))"
103.189.143.181 - - [29/Jul/2026:03:42:13 +0000] "GET /affiliate-clubs/?country=2&state=1&district=1 HTTP/1.1" 200 19054 "https://www.trivandrumtennisclub.com/affiliate-clubs/?country=2&state=1&district=4" "Mozilla/5.0 (iPhone; CPU iPhone OS 26_5_0 like Mac OS X) AppleWebKit/605.1.15 (KHTML, like Gecko) CriOS/150.0.7871.113 Mobile/15E148 Safari/604.1"
65.1.209.187 - - [29/Jul/2026:03:42:52 +0000] "POST /wp-cron.php?doing_wp_cron=1785296572.5485179424285888671875 HTTP/1.1" 200 31 "-" "WordPress/6.7.2; https://www.trivandrumtennisclub.com"
103.189.143.181 - - [29/Jul/2026:03:42:52 +0000] "GET /affiliate-clubs/?country=2&state=1&district=9 HTTP/1.1" 200 18301 "https://www.trivandrumtennisclub.com/affiliate-clubs/?country=2&state=1&district=1" "Mozilla/5.0 (iPhone; CPU iPhone OS 26_5_0 like Mac OS X) AppleWebKit/605.1.15 (KHTML, like Gecko) CriOS/150.0.7871.113 Mobile/15E148 Safari/604.1"
18.116.101.220 - - [29/Jul/2026:03:43:04 +0000] "\x03\x00\x00+&\xE0\x00\x00\x00\x00\x00Cookie: mstshash=zgrab" 400 166 "-" "-"
111.92.86.156 - - [29/Jul/2026:03:43:23 +0000] "OPTIONS /user-notifications/unread-count HTTP/1.1" 204 0 "https://profinz.studentswebapp.quditinfotech.com/" "Mozilla/5.0 (Windows NT 10.0; Win64; x64) AppleWebKit/537.36 (KHTML, like Gecko) Chrome/128.0.0.0 Safari/537.36"
18.116.101.220 - - [29/Jul/2026:03:43:27 +0000] "\x16\x03\x01\x00\xEE\x01\x00\x00\xEA\x03\x03S\xBF4\xFA\xF3\xD3\x8EF\x00\x05\xD13\xB1\xAC\xB8\x8D\x98\xB1\x02\xE4\xEE\x10\xB9\x8C\x8D#\x1Fj\xF2(\xAC+ \x97\x1E\x9A\xF5\xEF\xA9\x13\xE4\xFBQQp\xE72\xD7\xD8\x10A\xF2\xA7\x1A\xA8\x1A\xD0\xB0E@COU\x8A\x04\x00&\xCC\xA8\xCC\xA9\xC0/\xC00\xC0+\xC0,\xC0\x13\xC0\x09\xC0\x14\xC0" 400 166 "-" "-"
111.92.86.156 - - [29/Jul/2026:03:43:33 +0000] "GET /user-notifications/unread-count HTTP/1.1" 499 0 "https://profinz.studentswebapp.quditinfotech.com/" "Mozilla/5.0 (Windows NT 10.0; Win64; x64) AppleWebKit/537.36 (KHTML, like Gecko) Chrome/128.0.0.0 Safari/537.36"
111.92.86.156 - - [29/Jul/2026:03:43:34 +0000] "OPTIONS /user-notifications/unread-count HTTP/1.1" 204 0 "https://profinz.studentswebapp.quditinfotech.com/" "Mozilla/5.0 (Windows NT 10.0; Win64; x64) AppleWebKit/537.36 (KHTML, like Gecko) Chrome/128.0.0.0 Safari/537.36"
137.59.87.226 - - [29/Jul/2026:03:43:43 +0000] "OPTIONS /user-notifications/unread-count HTTP/1.1" 204 0 "https://profinz.studentswebapp.quditinfotech.com/" "Mozilla/5.0 (Linux; Android 10; K) AppleWebKit/537.36 (KHTML, like Gecko) Chrome/150.0.0.0 Mobile Safari/537.36"
137.59.87.226 - - [29/Jul/2026:03:43:43 +0000] "OPTIONS /package/get-live-events-in-packages?page=1&limit=100¬_yet_ended_time=2026-07-29T03%3A43%3A42.672Z HTTP/1.1" 204 0 "https://profinz.studentswebapp.quditinfotech.com/" "Mozilla/5.0 (Linux; Android 10; K) AppleWebKit/537.36 (KHTML, like Gecko) Chrome/150.0.0.0 Mobile Safari/537.36"
137.59.87.226 - - [29/Jul/2026:03:43:43 +0000] "OPTIONS /package/get-live-events-in-packages?page=1&limit=100&start_time=2026-07-29T03%3A43%3A42.661Z HTTP/1.1" 204 0 "https://profinz.studentswebapp.quditinfotech.com/" "Mozilla/5.0 (Linux; Android 10; K) AppleWebKit/537.36 (KHTML, like Gecko) Chrome/150.0.0.0 Mobile Safari/537.36"
137.59.87.226 - - [29/Jul/2026:03:43:43 +0000] "POST /package/get-live-events-in-packages?page=1&limit=100&start_time=2026-07-29T03%3A43%3A42.661Z HTTP/1.1" 200 845 "https://profinz.studentswebapp.quditinfotech.com/" "Mozilla/5.0 (Linux; Android 10; K) AppleWebKit/537.36 (KHTML, like Gecko) Chrome/150.0.0.0 Mobile Safari/537.36"
137.59.87.226 - - [29/Jul/2026:03:43:43 +0000] "POST /package/get-live-events-in-packages?page=1&limit=100¬_yet_ended_time=2026-07-29T03%3A43%3A42.672Z HTTP/1.1" 200 845 "https://profinz.studentswebapp.quditinfotech.com/" "Mozilla/5.0 (Linux; Android 10; K) AppleWebKit/537.36 (KHTML, like Gecko) Chrome/150.0.0.0 Mobile Safari/537.36"
137.59.87.226 - - [29/Jul/2026:03:43:45 +0000] "GET /user-notifications/unread-count HTTP/1.1" 499 0 "https://profinz.studentswebapp.quditinfotech.com/" "Mozilla/5.0 (Linux; Android 10; K) AppleWebKit/537.36 (KHTML, like Gecko) Chrome/150.0.0.0 Mobile Safari/537.36"
137.59.87.226 - - [29/Jul/2026:03:43:45 +0000] "OPTIONS /user HTTP/1.1" 204 0 "https://profinz.studentswebapp.quditinfotech.com/" "Mozilla/5.0 (Linux; Android 10; K) AppleWebKit/537.36 (KHTML, like Gecko) Chrome/150.0.0.0 Mobile Safari/537.36"
137.59.87.226 - - [29/Jul/2026:03:43:45 +0000] "GET /user HTTP/1.1" 304 0 "https://profinz.studentswebapp.quditinfotech.com/" "Mozilla/5.0 (Linux; Android 10; K) AppleWebKit/537.36 (KHTML, like Gecko) Chrome/150.0.0.0 Mobile Safari/537.36"
137.59.87.226 - - [29/Jul/2026:03:43:45 +0000] "OPTIONS /user/subscriptions/package/active HTTP/1.1" 204 0 "https://profinz.studentswebapp.quditinfotech.com/" "Mozilla/5.0 (Linux; Android 10; K) AppleWebKit/537.36 (KHTML, like Gecko) Chrome/150.0.0.0 Mobile Safari/537.36"
137.59.87.226 - - [29/Jul/2026:03:43:45 +0000] "GET /user/subscriptions/package/active HTTP/1.1" 304 0 "https://profinz.studentswebapp.quditinfotech.com/" "Mozilla/5.0 (Linux; Android 10; K) AppleWebKit/537.36 (KHTML, like Gecko) Chrome/150.0.0.0 Mobile Safari/537.36"
137.59.87.226 - - [29/Jul/2026:03:43:45 +0000] "OPTIONS /package/get-live-events-in-packages?page=1&limit=100&start_time=2026-07-29T03%3A43%3A45.079Z HTTP/1.1" 204 0 "https://profinz.studentswebapp.quditinfotech.com/" "Mozilla/5.0 (Linux; Android 10; K) AppleWebKit/537.36 (KHTML, like Gecko) Chrome/150.0.0.0 Mobile Safari/537.36"
111.92.86.156 - - [29/Jul/2026:03:43:45 +0000] "GET /user-notifications/unread-count HTTP/1.1" 499 0 "https://profinz.studentswebapp.quditinfotech.com/" "Mozilla/5.0 (Windows NT 10.0; Win64; x64) AppleWebKit/537.36 (KHTML, like Gecko) Chrome/128.0.0.0 Safari/537.36"
137.59.87.226 - - [29/Jul/2026:03:43:45 +0000] "OPTIONS /package/get-live-events-in-packages?page=1&limit=100¬_yet_ended_time=2026-07-29T03%3A43%3A45.079Z HTTP/1.1" 204 0 "https://profinz.studentswebapp.quditinfotech.com/" "Mozilla/5.0 (Linux; Android 10; K) AppleWebKit/537.36 (KHTML, like Gecko) Chrome/150.0.0.0 Mobile Safari/537.36"
137.59.87.226 - - [29/Jul/2026:03:43:45 +0000] "POST /package/get-live-events-in-packages?page=1&limit=100¬_yet_ended_time=2026-07-29T03%3A43%3A45.079Z HTTP/1.1" 200 845 "https://profinz.studentswebapp.quditinfotech.com/" "Mozilla/5.0 (Linux; Android 10; K) AppleWebKit/537.36 (KHTML, like Gecko) Chrome/150.0.0.0 Mobile Safari/537.36"
137.59.87.226 - - [29/Jul/2026:03:43:45 +0000] "POST /package/get-live-events-in-packages?page=1&limit=100&start_time=2026-07-29T03%3A43%3A45.079Z HTTP/1.1" 200 845 "https://profinz.studentswebapp.quditinfotech.com/" "Mozilla/5.0 (Linux; Android 10; K) AppleWebKit/537.36 (KHTML, like Gecko) Chrome/150.0.0.0 Mobile Safari/537.36"
