64.89.162.15 - - [29/Jul/2026:02:09:09 +0000] "\x04\x01\x00P\xB9\xC2\x8E\x86\x00" 400 166 "-" "-"
64.89.162.15 - - [29/Jul/2026:02:09:09 +0000] "\x05\x01\x00" 400 166 "-" "-"
65.1.209.187 - - [29/Jul/2026:02:09:51 +0000] "POST /wp-cron.php?doing_wp_cron=1785290991.8167281150817871093750 HTTP/1.1" 200 31 "-" "WordPress/6.7.2; https://www.trivandrumtennisclub.com"
57.141.0.18 - - [29/Jul/2026:02:09:51 +0000] "GET /member/sri-binju-charly/ HTTP/1.1" 200 17845 "-" "Mozilla/5.0 (Macintosh; Intel Mac OS X 10_15_7) AppleWebKit/537.36 (KHTML, like Gecko) Chrome/145.0.0.0 Safari/537.36 (compatible; meta-externalagent/1.1 (+https://developers.facebook.com/docs/sharing/webmasters/crawler))"
65.1.209.187 - - [29/Jul/2026:02:11:55 +0000] "POST /wp-cron.php?doing_wp_cron=1785291115.6955430507659912109375 HTTP/1.1" 200 31 "-" "WordPress/6.7.2; https://www.trivandrumtennisclub.com"
57.141.0.44 - - [29/Jul/2026:02:11:55 +0000] "GET /play-tennis/ HTTP/1.1" 200 16272 "-" "Mozilla/5.0 (Macintosh; Intel Mac OS X 10_15_7) AppleWebKit/537.36 (KHTML, like Gecko) Chrome/145.0.0.0 Safari/537.36 (compatible; meta-externalagent/1.1 (+https://developers.facebook.com/docs/sharing/webmasters/crawler))"
57.141.0.55 - - [29/Jul/2026:02:11:57 +0000] "GET /wp-content/uploads/2025/02/play-tennis.png HTTP/1.1" 200 41463 "https://www.trivandrumtennisclub.com/play-tennis/" "Mozilla/5.0 (Macintosh; Intel Mac OS X 10_15_7) AppleWebKit/537.36 (KHTML, like Gecko) Chrome/145.0.0.0 Safari/537.36 (compatible; meta-externalagent/1.1 (+https://developers.facebook.com/docs/sharing/webmasters/crawler))"
57.141.0.64 - - [29/Jul/2026:02:12:02 +0000] "GET /member/sri-manish-p-k/ HTTP/1.1" 200 17674 "-" "Mozilla/5.0 (Windows NT 10.0; Win64; x64) AppleWebKit/537.36 (KHTML, like Gecko) Chrome/145.0.0.0 Safari/537.36 Edg/145.0.0.0 (compatible; meta-externalagent/1.1 (+https://developers.facebook.com/docs/sharing/webmasters/crawler))"
57.141.0.27 - - [29/Jul/2026:02:12:30 +0000] "GET /member-profile/ HTTP/1.1" 302 5 "-" "Mozilla/5.0 (Macintosh; Intel Mac OS X 10_15_7) AppleWebKit/537.36 (KHTML, like Gecko) Chrome/145.0.0.0 Safari/537.36 (compatible; meta-externalagent/1.1 (+https://developers.facebook.com/docs/sharing/webmasters/crawler))"
193.235.141.160 - - [29/Jul/2026:02:13:00 +0000] "GET / HTTP/1.1" 200 409 "-" "Mozilla/5.0 (Windows NT 10.0; Win64; x64) AppleWebKit/537.36 (KHTML, like Gecko) Chrome/120.0.0.0 Safari/537.36 Viewer/99.9.8853.8"
65.1.209.187 - - [29/Jul/2026:02:13:02 +0000] "POST /wp-cron.php?doing_wp_cron=1785291182.1059179306030273437500 HTTP/1.1" 200 31 "-" "WordPress/6.7.2; https://www.trivandrumtennisclub.com"
57.141.0.35 - - [29/Jul/2026:02:13:02 +0000] "GET /member/jloqqapkcoyxzqbxk-qseugjuknfkrtzorgx/ HTTP/1.1" 200 17960 "-" "Mozilla/5.0 (Windows NT 10.0; Win64; x64) AppleWebKit/537.36 (KHTML, like Gecko) Chrome/145.0.0.0 Safari/537.36 (compatible; meta-externalagent/1.1 (+https://developers.facebook.com/docs/sharing/webmasters/crawler))"
57.141.0.47 - - [29/Jul/2026:02:13:21 +0000] "GET /member/tszxnmhzchszbcxii-cvhzhkqkwloczpjjh/ HTTP/1.1" 200 17952 "-" "Mozilla/5.0 (Windows NT 10.0; Win64; x64) AppleWebKit/537.36 (KHTML, like Gecko) Chrome/145.0.0.0 Safari/537.36 (compatible; meta-externalagent/1.1 (+https://developers.facebook.com/docs/sharing/webmasters/crawler))"
106.76.191.46 - - [29/Jul/2026:02:14:02 +0000] "POST /v2/learning-material/4669/video/add-watch-log HTTP/1.1" 200 77 "-" "okhttp/3.12.12"
106.76.191.46 - - [29/Jul/2026:02:14:02 +0000] "POST /v2/learning-material/4669/video/add-watch-log HTTP/1.1" 200 77 "-" "okhttp/3.12.12"
106.76.191.46 - - [29/Jul/2026:02:14:09 +0000] "POST /v2/learning-material/4669/video/add-watch-log HTTP/1.1" 200 77 "-" "okhttp/3.12.12"
106.76.191.46 - - [29/Jul/2026:02:14:09 +0000] "POST /v2/learning-material/4669/video/add-watch-log HTTP/1.1" 200 77 "-" "okhttp/3.12.12"
106.76.191.46 - - [29/Jul/2026:02:14:43 +0000] "POST /v2/learning-material/4669/video/add-watch-log HTTP/1.1" 200 77 "-" "okhttp/3.12.12"
106.76.191.46 - - [29/Jul/2026:02:14:43 +0000] "POST /v2/learning-material/4669/video/add-watch-log HTTP/1.1" 200 77 "-" "okhttp/3.12.12"
106.76.191.46 - - [29/Jul/2026:02:15:00 +0000] "POST /v2/learning-material/4669/video/add-watch-log HTTP/1.1" 200 77 "-" "okhttp/3.12.12"
106.76.191.46 - - [29/Jul/2026:02:15:00 +0000] "POST /v2/learning-material/4669/video/add-watch-log HTTP/1.1" 200 77 "-" "okhttp/3.12.12"
106.76.191.46 - - [29/Jul/2026:02:15:21 +0000] "POST /v2/learning-material/4669/video/add-watch-log HTTP/1.1" 200 77 "-" "okhttp/3.12.12"
106.76.191.46 - - [29/Jul/2026:02:15:21 +0000] "POST /v2/learning-material/4669/video/add-watch-log HTTP/1.1" 200 77 "-" "okhttp/3.12.12"
51.68.236.72 - - [29/Jul/2026:02:15:27 +0000] "GET /robots.txt HTTP/1.1" 301 178 "-" "Mozilla/5.0 (compatible; MJ12bot/v2.0.5; http://mj12bot.com/)"
65.1.209.187 - - [29/Jul/2026:02:15:28 +0000] "POST /wp-cron.php?doing_wp_cron=1785291327.9943370819091796875000 HTTP/1.1" 200 31 "-" "WordPress/6.7.2; https://www.trivandrumtennisclub.com"
51.68.236.72 - - [29/Jul/2026:02:15:28 +0000] "GET /robots.txt HTTP/1.1" 200 140 "-" "Mozilla/5.0 (compatible; MJ12bot/v2.0.5; http://mj12bot.com/)"
51.68.236.72 - - [29/Jul/2026:02:15:28 +0000] "GET / HTTP/1.1" 301 178 "-" "Mozilla/5.0 (compatible; MJ12bot/v2.0.5; http://mj12bot.com/)"
51.68.236.72 - - [29/Jul/2026:02:15:28 +0000] "GET / HTTP/1.1" 200 19848 "-" "Mozilla/5.0 (compatible; MJ12bot/v2.0.5; http://mj12bot.com/)"
106.76.191.46 - - [29/Jul/2026:02:15:56 +0000] "POST /v2/learning-material/4669/video/add-watch-log HTTP/1.1" 200 77 "-" "okhttp/3.12.12"
106.76.191.46 - - [29/Jul/2026:02:15:56 +0000] "POST /v2/learning-material/4669/video/add-watch-log HTTP/1.1" 200 77 "-" "okhttp/3.12.12"
106.76.191.46 - - [29/Jul/2026:02:16:46 +0000] "POST /v2/learning-material/4669/video/add-watch-log HTTP/1.1" 200 77 "-" "okhttp/3.12.12"
106.76.191.46 - - [29/Jul/2026:02:16:46 +0000] "POST /v2/learning-material/4669/video/add-watch-log HTTP/1.1" 200 77 "-" "okhttp/3.12.12"
20.226.90.242 - - [29/Jul/2026:02:17:13 +0000] "GET /wp-content/plugins/hellopress/wp_filemanager.php HTTP/1.1" 404 162 "-" "-"
20.226.90.242 - - [29/Jul/2026:02:17:13 +0000] "GET /this_is_a_new_hello_world.php HTTP/1.1" 404 162 "-" "-"
20.226.90.242 - - [29/Jul/2026:02:17:13 +0000] "GET /inputs.php HTTP/1.1" 404 162 "-" "-"
20.226.90.242 - - [29/Jul/2026:02:17:14 +0000] "GET /admin.php HTTP/1.1" 404 162 "-" "-"
20.226.90.242 - - [29/Jul/2026:02:17:14 +0000] "GET /goods.php HTTP/1.1" 404 162 "-" "-"
20.226.90.242 - - [29/Jul/2026:02:17:14 +0000] "GET /file.php HTTP/1.1" 404 162 "-" "-"
20.226.90.242 - - [29/Jul/2026:02:17:14 +0000] "GET /adminfuns.php HTTP/1.1" 404 162 "-" "-"
20.226.90.242 - - [29/Jul/2026:02:17:15 +0000] "GET /404.php HTTP/1.1" 404 162 "-" "-"
20.226.90.242 - - [29/Jul/2026:02:17:15 +0000] "GET /wk/index.php HTTP/1.1" 404 162 "-" "-"
20.226.90.242 - - [29/Jul/2026:02:17:15 +0000] "GET /about.php HTTP/1.1" 404 162 "-" "-"
20.226.90.242 - - [29/Jul/2026:02:17:16 +0000] "GET /term.php HTTP/1.1" 404 162 "-" "-"
20.226.90.242 - - [29/Jul/2026:02:17:16 +0000] "GET /ioxi-o.php HTTP/1.1" 404 162 "-" "-"
20.226.90.242 - - [29/Jul/2026:02:17:16 +0000] "GET /1.php HTTP/1.1" 404 162 "-" "-"
20.226.90.242 - - [29/Jul/2026:02:17:17 +0000] "GET /alfa.php HTTP/1.1" 404 162 "-" "-"
20.226.90.242 - - [29/Jul/2026:02:17:17 +0000] "GET /edit.php HTTP/1.1" 404 162 "-" "-"
20.226.90.242 - - [29/Jul/2026:02:17:17 +0000] "GET /elp.php HTTP/1.1" 404 162 "-" "-"
20.226.90.242 - - [29/Jul/2026:02:17:18 +0000] "GET /classwithtostring.php HTTP/1.1" 404 162 "-" "-"
20.226.90.242 - - [29/Jul/2026:02:17:18 +0000] "GET /666.php HTTP/1.1" 404 162 "-" "-"
20.226.90.242 - - [29/Jul/2026:02:17:18 +0000] "GET /wp-admin/ HTTP/1.1" 404 162 "-" "-"
20.226.90.242 - - [29/Jul/2026:02:17:18 +0000] "GET /ws54.php HTTP/1.1" 404 162 "-" "-"
20.226.90.242 - - [29/Jul/2026:02:17:19 +0000] "GET /deepseek_d.php HTTP/1.1" 404 162 "-" "-"
20.226.90.242 - - [29/Jul/2026:02:17:19 +0000] "GET /function/function.php HTTP/1.1" 404 162 "-" "-"
20.226.90.242 - - [29/Jul/2026:02:17:19 +0000] "GET /nw.php HTTP/1.1" 404 162 "-" "-"
20.226.90.242 - - [29/Jul/2026:02:17:20 +0000] "GET /xleet.php HTTP/1.1" 404 162 "-" "-"
20.226.90.242 - - [29/Jul/2026:02:17:20 +0000] "GET /wp.php HTTP/1.1" 404 162 "-" "-"
20.226.90.242 - - [29/Jul/2026:02:17:20 +0000] "GET /155.php HTTP/1.1" 404 162 "-" "-"
20.226.90.242 - - [29/Jul/2026:02:17:21 +0000] "GET /96i.php HTTP/1.1" 404 162 "-" "-"
20.226.90.242 - - [29/Jul/2026:02:17:21 +0000] "GET /as.php HTTP/1.1" 404 162 "-" "-"
20.226.90.242 - - [29/Jul/2026:02:17:21 +0000] "GET /min.php HTTP/1.1" 404 162 "-" "-"
20.226.90.242 - - [29/Jul/2026:02:17:22 +0000] "GET /.well-known/ HTTP/1.1" 404 162 "-" "-"
20.226.90.242 - - [29/Jul/2026:02:17:22 +0000] "GET /php8.php HTTP/1.1" 404 162 "-" "-"
20.226.90.242 - - [29/Jul/2026:02:17:22 +0000] "GET /wp-content/admin.php HTTP/1.1" 404 162 "-" "-"
106.76.191.46 - - [29/Jul/2026:02:17:22 +0000] "POST /v2/learning-material/4669/video/add-watch-log HTTP/1.1" 200 77 "-" "okhttp/3.12.12"
106.76.191.46 - - [29/Jul/2026:02:17:22 +0000] "POST /v2/learning-material/4669/video/add-watch-log HTTP/1.1" 200 77 "-" "okhttp/3.12.12"
20.226.90.242 - - [29/Jul/2026:02:17:23 +0000] "GET /222.php HTTP/1.1" 404 162 "-" "-"
20.226.90.242 - - [29/Jul/2026:02:17:23 +0000] "GET /wp-content/themes/pridmag/il.php HTTP/1.1" 404 162 "-" "-"
20.226.90.242 - - [29/Jul/2026:02:17:23 +0000] "GET /info.php HTTP/1.1" 404 162 "-" "-"
20.226.90.242 - - [29/Jul/2026:02:17:23 +0000] "GET /a.php HTTP/1.1" 404 162 "-" "-"
20.226.90.242 - - [29/Jul/2026:02:17:24 +0000] "GET /chosen.php HTTP/1.1" 404 162 "-" "-"
20.226.90.242 - - [29/Jul/2026:02:17:24 +0000] "GET /wp-content/index.php HTTP/1.1" 404 162 "-" "-"
20.226.90.242 - - [29/Jul/2026:02:17:24 +0000] "GET /vx.php HTTP/1.1" 404 162 "-" "-"
20.226.90.242 - - [29/Jul/2026:02:17:25 +0000] "GET /admin/controller/extension/ HTTP/1.1" 404 162 "-" "-"
20.226.90.242 - - [29/Jul/2026:02:17:25 +0000] "GET /wap.php HTTP/1.1" 404 162 "-" "-"
20.226.90.242 - - [29/Jul/2026:02:17:25 +0000] "GET /wp-admin/wp.php HTTP/1.1" 404 162 "-" "-"
20.226.90.242 - - [29/Jul/2026:02:17:26 +0000] "GET /bgymj.php HTTP/1.1" 404 162 "-" "-"
20.226.90.242 - - [29/Jul/2026:02:17:26 +0000] "GET /aa.php HTTP/1.1" 404 162 "-" "-"
20.226.90.242 - - [29/Jul/2026:02:17:26 +0000] "GET /wp-mail.php HTTP/1.1" 404 162 "-" "-"
20.226.90.242 - - [29/Jul/2026:02:17:27 +0000] "GET /bolt.php HTTP/1.1" 404 162 "-" "-"
20.226.90.242 - - [29/Jul/2026:02:17:27 +0000] "GET /bthil.php HTTP/1.1" 404 162 "-" "-"
20.226.90.242 - - [29/Jul/2026:02:17:27 +0000] "GET /cgi-bin/ HTTP/1.1" 404 162 "-" "-"
20.226.90.242 - - [29/Jul/2026:02:17:28 +0000] "GET /x.php HTTP/1.1" 404 162 "-" "-"
20.226.90.242 - - [29/Jul/2026:02:17:28 +0000] "GET /index/function.php HTTP/1.1" 404 162 "-" "-"
20.226.90.242 - - [29/Jul/2026:02:17:29 +0000] "GET /aaa.php HTTP/1.1" 404 162 "-" "-"
20.226.90.242 - - [29/Jul/2026:02:17:29 +0000] "GET /abcd.php HTTP/1.1" 404 162 "-" "-"
20.226.90.242 - - [29/Jul/2026:02:17:29 +0000] "GET /wp-good.php HTTP/1.1" 404 162 "-" "-"
20.226.90.242 - - [29/Jul/2026:02:17:30 +0000] "GET /simple.php HTTP/1.1" 404 162 "-" "-"
20.226.90.242 - - [29/Jul/2026:02:17:30 +0000] "GET /edit-tags.php HTTP/1.1" 404 162 "-" "-"
20.226.90.242 - - [29/Jul/2026:02:17:30 +0000] "GET /u.php HTTP/1.1" 404 162 "-" "-"
20.226.90.242 - - [29/Jul/2026:02:17:31 +0000] "GET /wp-content/themes/admin.php HTTP/1.1" 404 162 "-" "-"
20.226.90.242 - - [29/Jul/2026:02:17:31 +0000] "GET /h.php HTTP/1.1" 404 162 "-" "-"
20.226.90.242 - - [29/Jul/2026:02:17:31 +0000] "GET /ms-edit.php HTTP/1.1" 404 162 "-" "-"
20.226.90.242 - - [29/Jul/2026:02:17:32 +0000] "GET /a7.php HTTP/1.1" 404 162 "-" "-"
20.226.90.242 - - [29/Jul/2026:02:17:32 +0000] "GET /manager.php HTTP/1.1" 404 162 "-" "-"
20.226.90.242 - - [29/Jul/2026:02:17:32 +0000] "GET /w1.php HTTP/1.1" 404 162 "-" "-"
20.226.90.242 - - [29/Jul/2026:02:17:33 +0000] "GET /wp-includes/fonts/ HTTP/1.1" 404 162 "-" "-"
20.226.90.242 - - [29/Jul/2026:02:17:33 +0000] "GET /wp-login.php HTTP/1.1" 404 162 "-" "-"
20.226.90.242 - - [29/Jul/2026:02:17:33 +0000] "GET /default.php HTTP/1.1" 404 162 "-" "-"
20.226.90.242 - - [29/Jul/2026:02:17:34 +0000] "GET /i.php HTTP/1.1" 404 162 "-" "-"
20.226.90.242 - - [29/Jul/2026:02:17:34 +0000] "GET /wp-content/uploads/ HTTP/1.1" 404 162 "-" "-"
20.226.90.242 - - [29/Jul/2026:02:17:34 +0000] "GET /wp-includes/Requests/library/index.php HTTP/1.1" 404 162 "-" "-"
20.226.90.242 - - [29/Jul/2026:02:17:34 +0000] "GET /wp-content/themes/index.php HTTP/1.1" 404 162 "-" "-"
20.226.90.242 - - [29/Jul/2026:02:17:35 +0000] "GET /gecko-new.php HTTP/1.1" 404 162 "-" "-"
20.226.90.242 - - [29/Jul/2026:02:17:35 +0000] "GET /NewFile.php HTTP/1.1" 404 162 "-" "-"
20.226.90.242 - - [29/Jul/2026:02:17:35 +0000] "GET /wp-Blogs.php HTTP/1.1" 404 162 "-" "-"
20.226.90.242 - - [29/Jul/2026:02:17:36 +0000] "GET /wp-includes/fonts/index.php HTTP/1.1" 404 162 "-" "-"
20.226.90.242 - - [29/Jul/2026:02:17:36 +0000] "GET /themes.php HTTP/1.1" 404 162 "-" "-"
20.226.90.242 - - [29/Jul/2026:02:17:36 +0000] "GET /cv.php HTTP/1.1" 404 162 "-" "-"
20.226.90.242 - - [29/Jul/2026:02:17:37 +0000] "GET /wp-admin/js/ HTTP/1.1" 404 162 "-" "-"
20.226.90.242 - - [29/Jul/2026:02:17:37 +0000] "GET /wp-content/uploads/index.php HTTP/1.1" 404 162 "-" "-"
20.226.90.242 - - [29/Jul/2026:02:17:37 +0000] "GET /ws83.php HTTP/1.1" 404 162 "-" "-"
20.226.90.242 - - [29/Jul/2026:02:17:38 +0000] "GET /atex1.php HTTP/1.1" 404 162 "-" "-"
20.226.90.242 - - [29/Jul/2026:02:17:38 +0000] "GET /class-t.api.php HTTP/1.1" 404 162 "-" "-"
20.226.90.242 - - [29/Jul/2026:02:17:38 +0000] "GET /w.php HTTP/1.1" 404 162 "-" "-"
20.226.90.242 - - [29/Jul/2026:02:17:38 +0000] "GET /archive.php HTTP/1.1" 404 162 "-" "-"
20.226.90.242 - - [29/Jul/2026:02:17:39 +0000] "GET /bless.php HTTP/1.1" 404 162 "-" "-"
20.226.90.242 - - [29/Jul/2026:02:17:39 +0000] "GET /sagax1.php HTTP/1.1" 404 162 "-" "-"
20.226.90.242 - - [29/Jul/2026:02:17:39 +0000] "GET /wpc.php HTTP/1.1" 404 162 "-" "-"
20.226.90.242 - - [29/Jul/2026:02:17:40 +0000] "GET /fone1.php HTTP/1.1" 404 162 "-" "-"
20.226.90.242 - - [29/Jul/2026:02:17:40 +0000] "GET /ncx.php HTTP/1.1" 404 162 "-" "-"
20.226.90.242 - - [29/Jul/2026:02:17:40 +0000] "GET /wp-admin/js/index.php HTTP/1.1" 404 162 "-" "-"
20.226.90.242 - - [29/Jul/2026:02:17:41 +0000] "GET /wso.php HTTP/1.1" 404 162 "-" "-"
20.226.90.242 - - [29/Jul/2026:02:17:41 +0000] "GET /zup.php73 HTTP/1.1" 404 162 "-" "-"
20.226.90.242 - - [29/Jul/2026:02:17:41 +0000] "GET /k.php HTTP/1.1" 404 162 "-" "-"
20.226.90.242 - - [29/Jul/2026:02:17:42 +0000] "GET /wp-blink.php HTTP/1.1" 404 162 "-" "-"
20.226.90.242 - - [29/Jul/2026:02:17:42 +0000] "GET /randkeyword.PhP7 HTTP/1.1" 404 162 "-" "-"
20.226.90.242 - - [29/Jul/2026:02:17:42 +0000] "GET /wp-admin/css/colors/ectoplasm/ HTTP/1.1" 404 162 "-" "-"
20.226.90.242 - - [29/Jul/2026:02:17:43 +0000] "GET /wp-content/ HTTP/1.1" 404 162 "-" "-"
20.226.90.242 - - [29/Jul/2026:02:17:43 +0000] "GET /ww5.php HTTP/1.1" 404 162 "-" "-"
20.226.90.242 - - [29/Jul/2026:02:17:43 +0000] "GET /2.php HTTP/1.1" 404 162 "-" "-"
20.226.90.242 - - [29/Jul/2026:02:17:43 +0000] "GET /wp-admin/classwithtostring.php HTTP/1.1" 404 162 "-" "-"
20.226.90.242 - - [29/Jul/2026:02:17:44 +0000] "GET /atomlib.php HTTP/1.1" 404 162 "-" "-"
20.226.90.242 - - [29/Jul/2026:02:17:44 +0000] "GET /rip.php HTTP/1.1" 404 162 "-" "-"
20.226.90.242 - - [29/Jul/2026:02:17:44 +0000] "GET /p.php HTTP/1.1" 404 162 "-" "-"
20.226.90.242 - - [29/Jul/2026:02:17:45 +0000] "GET /php.php HTTP/1.1" 404 162 "-" "-"
106.76.191.46 - - [29/Jul/2026:02:18:12 +0000] "POST /v2/learning-material/4669/video/add-watch-log HTTP/1.1" 200 77 "-" "okhttp/3.12.12"
106.76.191.46 - - [29/Jul/2026:02:18:12 +0000] "POST /v2/learning-material/4669/video/add-watch-log HTTP/1.1" 200 77 "-" "okhttp/3.12.12"
65.1.209.187 - - [29/Jul/2026:02:18:58 +0000] "POST /wp-cron.php?doing_wp_cron=1785291538.1147699356079101562500 HTTP/1.1" 200 31 "-" "WordPress/6.7.2; https://www.trivandrumtennisclub.com"
57.141.0.49 - - [29/Jul/2026:02:18:58 +0000] "GET /member/jeson-mathew/ HTTP/1.1" 200 17646 "-" "Mozilla/5.0 (Macintosh; Intel Mac OS X 10_15_7) AppleWebKit/537.36 (KHTML, like Gecko) Chrome/145.0.0.0 Safari/537.36 (compatible; meta-externalagent/1.1 (+https://developers.facebook.com/docs/sharing/webmasters/crawler))"
106.76.191.46 - - [29/Jul/2026:02:19:15 +0000] "POST /v2/learning-material/4669/video/add-watch-log HTTP/1.1" 200 77 "-" "okhttp/3.12.12"
106.76.191.46 - - [29/Jul/2026:02:19:15 +0000] "POST /v2/learning-material/4669/video/add-watch-log HTTP/1.1" 200 77 "-" "okhttp/3.12.12"
65.1.209.187 - - [29/Jul/2026:02:19:38 +0000] "POST /wp-cron.php?doing_wp_cron=1785291578.2338221073150634765625 HTTP/1.1" 200 31 "-" "WordPress/6.7.2; https://www.trivandrumtennisclub.com"
57.141.0.6 - - [29/Jul/2026:02:19:38 +0000] "GET /member/sri-joseph-p-isaac/ HTTP/1.1" 200 17647 "-" "Mozilla/5.0 (Windows NT 10.0; Win64; x64) AppleWebKit/537.36 (KHTML, like Gecko) Chrome/145.0.0.0 Safari/537.36 Edg/145.0.0.0 (compatible; meta-externalagent/1.1 (+https://developers.facebook.com/docs/sharing/webmasters/crawler))"
106.76.191.46 - - [29/Jul/2026:02:19:42 +0000] "POST /v2/learning-material/4669/video/add-watch-log HTTP/1.1" 200 77 "-" "okhttp/3.12.12"
106.76.191.46 - - [29/Jul/2026:02:19:42 +0000] "POST /v2/learning-material/4669/video/add-watch-log HTTP/1.1" 200 77 "-" "okhttp/3.12.12"
198.244.226.237 - - [29/Jul/2026:02:19:47 +0000] "GET /wp-sitemap.xml HTTP/1.1" 200 549 "-" "Mozilla/5.0 (compatible; AhrefsBot/7.0; +http://ahrefs.com/robot/)"
51.89.129.141 - - [29/Jul/2026:02:19:49 +0000] "GET /wp-sitemap-posts-post-1.xml HTTP/1.1" 200 82378 "-" "Mozilla/5.0 (compatible; AhrefsBot/7.0; +http://ahrefs.com/robot/)"
51.89.129.85 - - [29/Jul/2026:02:19:51 +0000] "GET /wp-sitemap-posts-page-1.xml HTTP/1.1" 200 1102 "-" "Mozilla/5.0 (compatible; AhrefsBot/7.0; +http://ahrefs.com/robot/)"
51.89.129.42 - - [29/Jul/2026:02:19:52 +0000] "GET /wp-sitemap-taxonomies-category-1.xml HTTP/1.1" 200 465 "-" "Mozilla/5.0 (compatible; AhrefsBot/7.0; +http://ahrefs.com/robot/)"
51.195.244.144 - - [29/Jul/2026:02:19:54 +0000] "GET /wp-sitemap-users-1.xml HTTP/1.1" 200 418 "-" "Mozilla/5.0 (compatible; AhrefsBot/7.0; +http://ahrefs.com/robot/)"
106.76.191.46 - - [29/Jul/2026:02:20:05 +0000] "POST /v2/learning-material/4669/video/add-watch-log HTTP/1.1" 200 77 "-" "okhttp/3.12.12"
106.76.191.46 - - [29/Jul/2026:02:20:05 +0000] "POST /v2/learning-material/4669/video/add-watch-log HTTP/1.1" 200 77 "-" "okhttp/3.12.12"
106.76.191.46 - - [29/Jul/2026:02:20:42 +0000] "POST /v2/learning-material/4669/video/add-watch-log HTTP/1.1" 200 77 "-" "okhttp/3.12.12"
106.76.191.46 - - [29/Jul/2026:02:20:42 +0000] "POST /v2/learning-material/4669/video/add-watch-log HTTP/1.1" 200 77 "-" "okhttp/3.12.12"
106.76.191.46 - - [29/Jul/2026:02:21:38 +0000] "POST /v2/learning-material/4669/video/add-watch-log HTTP/1.1" 200 77 "-" "okhttp/3.12.12"
106.76.191.46 - - [29/Jul/2026:02:21:38 +0000] "POST /v2/learning-material/4669/video/add-watch-log HTTP/1.1" 200 77 "-" "okhttp/3.12.12"
65.1.209.187 - - [29/Jul/2026:02:22:21 +0000] "POST /wp-cron.php?doing_wp_cron=1785291741.8438479900360107421875 HTTP/1.1" 200 31 "-" "WordPress/6.7.2; https://www.trivandrumtennisclub.com"
57.141.0.35 - - [29/Jul/2026:02:22:21 +0000] "GET /member/dr-koshy-oommen/ HTTP/1.1" 200 17660 "-" "Mozilla/5.0 (Windows NT 10.0; Win64; x64) AppleWebKit/537.36 (KHTML, like Gecko) Chrome/145.0.0.0 Safari/537.36 (compatible; meta-externalagent/1.1 (+https://developers.facebook.com/docs/sharing/webmasters/crawler))"
106.76.191.46 - - [29/Jul/2026:02:22:36 +0000] "POST /v2/learning-material/4669/video/add-watch-log HTTP/1.1" 200 77 "-" "okhttp/3.12.12"
106.76.191.46 - - [29/Jul/2026:02:22:36 +0000] "POST /v2/learning-material/4669/video/add-watch-log HTTP/1.1" 200 77 "-" "okhttp/3.12.12"
46.203.28.242 - - [29/Jul/2026:02:23:13 +0000] "GET /wp-login.php HTTP/1.1" 200 2039 "-" "Mozilla/5.0 (Windows NT 10.0; Win64; x64) AppleWebKit/537.36 (KHTML, like Gecko) Chrome/145.0.0.0 Safari/537.36"
46.203.28.242 - - [29/Jul/2026:02:23:17 +0000] "POST /wp-login.php HTTP/1.1" 302 5 "https://www.drjunior.in/wp-login.php" "Mozilla/5.0 (Windows NT 10.0; Win64; x64) AppleWebKit/537.36 (KHTML, like Gecko) Chrome/145.0.0.0 Safari/537.36"
46.203.28.242 - - [29/Jul/2026:02:23:19 +0000] "GET /wp-admin/ HTTP/1.1" 200 24312 "https://www.drjunior.in/wp-login.php" "Mozilla/5.0 (Windows NT 10.0; Win64; x64) AppleWebKit/537.36 (KHTML, like Gecko) Chrome/145.0.0.0 Safari/537.36"
106.76.191.46 - - [29/Jul/2026:02:23:20 +0000] "POST /v2/learning-material/4669/video/add-watch-log HTTP/1.1" 200 77 "-" "okhttp/3.12.12"
106.76.191.46 - - [29/Jul/2026:02:23:20 +0000] "POST /v2/learning-material/4669/video/add-watch-log HTTP/1.1" 200 77 "-" "okhttp/3.12.12"
46.203.28.242 - - [29/Jul/2026:02:23:24 +0000] "GET /wp-admin/user-new.php HTTP/1.1" 200 13323 "https://www.drjunior.in/wp-login.php" "Mozilla/5.0 (Windows NT 10.0; Win64; x64) AppleWebKit/537.36 (KHTML, like Gecko) Chrome/145.0.0.0 Safari/537.36"
46.203.28.242 - - [29/Jul/2026:02:23:28 +0000] "POST /wp-admin/user-new.php HTTP/1.1" 200 13388 "https://www.drjunior.in/wp-login.php" "Mozilla/5.0 (Windows NT 10.0; Win64; x64) AppleWebKit/537.36 (KHTML, like Gecko) Chrome/145.0.0.0 Safari/537.36"
46.203.28.242 - - [29/Jul/2026:02:23:35 +0000] "GET /wp-admin/plugins.php?plugin_status=all&paged=1&s HTTP/1.1" 200 17881 "https://www.drjunior.in/wp-login.php" "Mozilla/5.0 (Windows NT 10.0; Win64; x64) AppleWebKit/537.36 (KHTML, like Gecko) Chrome/145.0.0.0 Safari/537.36"
39.194.3.246 - - [29/Jul/2026:02:23:36 +0000] "POST /xmlrpc.php HTTP/1.1" 200 415 "-" "Jetpack by WordPress.com (Jetpack 12.0; WordPress 6.4)"
46.203.28.242 - - [29/Jul/2026:02:23:39 +0000] "GET /wp-admin/plugins.php HTTP/1.1" 200 17799 "https://www.drjunior.in/wp-login.php" "Mozilla/5.0 (Windows NT 10.0; Win64; x64) AppleWebKit/537.36 (KHTML, like Gecko) Chrome/145.0.0.0 Safari/537.36"
46.203.28.242 - - [29/Jul/2026:02:23:43 +0000] "GET /wp-admin/plugin-install.php HTTP/1.1" 200 20403 "https://www.drjunior.in/wp-login.php" "Mozilla/5.0 (Windows NT 10.0; Win64; x64) AppleWebKit/537.36 (KHTML, like Gecko) Chrome/145.0.0.0 Safari/537.36"
39.194.3.246 - - [29/Jul/2026:02:23:46 +0000] "POST /xmlrpc.php HTTP/1.1" 200 415 "-" "WordPress.com; https://wordpress.com"
46.203.28.242 - - [29/Jul/2026:02:23:48 +0000] "POST /wp-admin/admin-ajax.php HTTP/1.1" 200 273 "https://www.drjunior.in/wp-login.php" "Mozilla/5.0 (Windows NT 10.0; Win64; x64) AppleWebKit/537.36 (KHTML, like Gecko) Chrome/145.0.0.0 Safari/537.36"
46.203.28.242 - - [29/Jul/2026:02:23:54 +0000] "POST /wp-admin/admin-ajax.php HTTP/1.1" 200 242 "https://www.drjunior.in/wp-login.php" "Mozilla/5.0 (Windows NT 10.0; Win64; x64) AppleWebKit/537.36 (KHTML, like Gecko) Chrome/145.0.0.0 Safari/537.36"
39.194.3.246 - - [29/Jul/2026:02:23:57 +0000] "POST /xmlrpc.php HTTP/1.1" 200 415 "-" "Jetpack/12.1; WordPress/6.2; http://site36437626.com"
46.203.28.242 - - [29/Jul/2026:02:23:58 +0000] "GET /wp-admin/plugins.php?plugin_status=all&paged=1&s HTTP/1.1" 200 17878 "https://www.drjunior.in/wp-login.php" "Mozilla/5.0 (Windows NT 10.0; Win64; x64) AppleWebKit/537.36 (KHTML, like Gecko) Chrome/145.0.0.0 Safari/537.36"
106.76.191.46 - - [29/Jul/2026:02:24:01 +0000] "POST /v2/learning-material/4669/video/add-watch-log HTTP/1.1" 200 77 "-" "okhttp/3.12.12"
106.76.191.46 - - [29/Jul/2026:02:24:01 +0000] "POST /v2/learning-material/4669/video/add-watch-log HTTP/1.1" 200 77 "-" "okhttp/3.12.12"
66.132.172.40 - - [29/Jul/2026:02:24:02 +0000] "GET / HTTP/1.1" 444 0 "-" "Mozilla/5.0 (compatible; CensysInspect/1.1; +https://about.censys.io/)"
66.132.172.40 - - [29/Jul/2026:02:24:07 +0000] "GET / HTTP/1.1" 400 166 "-" "Mozilla/5.0 (compatible; CensysInspect/1.1; +https://about.censys.io/)"
39.194.3.246 - - [29/Jul/2026:02:24:08 +0000] "POST /xmlrpc.php HTTP/1.1" 200 415 "-" "WordPress.com; https://wordpress.com"
176.45.188.242 - - [29/Jul/2026:02:24:08 +0000] "GET / HTTP/1.1" 200 15841 "-" "Mozilla/5.0 (Windows NT 10.0; Win64; x64) AppleWebKit/537.36 (KHTML, like Gecko) Chrome/120.0.0.0 Safari/537.36"
176.45.188.242 - - [29/Jul/2026:02:24:10 +0000] "GET /wp-login.php HTTP/1.1" 200 2045 "-" "Mozilla/5.0 (Windows NT 10.0; Win64; x64) AppleWebKit/537.36 (KHTML, like Gecko) Chrome/120.0.0.0 Safari/537.36"
176.45.188.242 - - [29/Jul/2026:02:24:11 +0000] "POST /wp-login.php HTTP/1.1" 302 5 "https://www.drjunior.in/wp-login.php" "Mozilla/5.0 (Windows NT 10.0; Win64; x64) AppleWebKit/537.36 (KHTML, like Gecko) Chrome/120.0.0.0 Safari/537.36"
176.45.188.242 - - [29/Jul/2026:02:24:12 +0000] "GET /wp-admin/ HTTP/1.1" 200 24300 "https://www.drjunior.in/wp-login.php" "Mozilla/5.0 (Windows NT 10.0; Win64; x64) AppleWebKit/537.36 (KHTML, like Gecko) Chrome/120.0.0.0 Safari/537.36"
86.190.10.123 - - [29/Jul/2026:02:24:15 +0000] "GET /wp-admin/ HTTP/1.1" 200 24301 "-" "Mozilla/5.0 (Windows NT 10.0; Win64; x64) AppleWebKit/537.36 (KHTML, like Gecko) Chrome/120.0.0.0 Safari/537.36"
86.190.10.123 - - [29/Jul/2026:02:24:17 +0000] "GET /wp-admin/post-new.php HTTP/1.1" 200 79135 "-" "Mozilla/5.0 (Windows NT 10.0; Win64; x64) AppleWebKit/537.36 (KHTML, like Gecko) Chrome/120.0.0.0 Safari/537.36"
39.194.3.246 - - [29/Jul/2026:02:24:18 +0000] "POST /xmlrpc.php HTTP/1.1" 200 415 "-" "Jetpack by WordPress.com (Jetpack 13.0; WordPress 6.2)"
86.190.10.123 - - [29/Jul/2026:02:24:18 +0000] "POST /xmlrpc.php HTTP/1.1" 200 661 "-" "WordPress/5.0; https://www.drjunior.in"
86.190.10.123 - - [29/Jul/2026:02:24:19 +0000] "GET /wp-admin/admin-ajax.php?action=rest-nonce HTTP/1.1" 200 41 "-" "Mozilla/5.0 (Windows NT 10.0; Win64; x64) AppleWebKit/537.36 (KHTML, like Gecko) Chrome/120.0.0.0 Safari/537.36"
65.1.209.187 - - [29/Jul/2026:02:24:21 +0000] "POST /wp-cron.php?doing_wp_cron=1785291861.1584470272064208984375 HTTP/1.1" 200 31 "-" "WordPress/6.9; https://www.drjunior.in"
86.190.10.123 - - [29/Jul/2026:02:24:21 +0000] "POST /xmlrpc.php HTTP/1.1" 200 190 "-" "Mozilla/5.0 (Windows NT 10.0; Win64; x64) AppleWebKit/537.36 (KHTML, like Gecko) Chrome/120.0.0.0 Safari/537.36"
86.190.10.123 - - [29/Jul/2026:02:24:22 +0000] "GET /?p=1507 HTTP/1.1" 301 5 "-" "Mozilla/5.0 (Windows NT 10.0; Win64; x64) AppleWebKit/537.36 (KHTML, like Gecko) Chrome/120.0.0.0 Safari/537.36"
86.190.10.123 - - [29/Jul/2026:02:24:23 +0000] "GET /2026/07/28/jak-skorzystac-z-darmowych-spinow-w-kasyno-polska-online-dla-starych-graczy/ HTTP/1.1" 200 15429 "-" "Mozilla/5.0 (Windows NT 10.0; Win64; x64) AppleWebKit/537.36 (KHTML, like Gecko) Chrome/120.0.0.0 Safari/537.36"
86.190.10.123 - - [29/Jul/2026:02:24:26 +0000] "GET /?p=1507 HTTP/1.1" 301 5 "-" "Mozilla/5.0 (Windows NT 10.0; Win64; x64) AppleWebKit/537.36 (KHTML, like Gecko) Chrome/120.0.0.0 Safari/537.36"
86.190.10.123 - - [29/Jul/2026:02:24:27 +0000] "GET /2026/07/28/jak-skorzystac-z-darmowych-spinow-w-kasyno-polska-online-dla-starych-graczy/ HTTP/1.1" 200 15432 "-" "Mozilla/5.0 (Windows NT 10.0; Win64; x64) AppleWebKit/537.36 (KHTML, like Gecko) Chrome/120.0.0.0 Safari/537.36"
39.194.3.246 - - [29/Jul/2026:02:24:29 +0000] "POST /xmlrpc.php HTTP/1.1" 200 415 "-" "Jetpack by WordPress.com (Jetpack 13.0; WordPress 6.2)"
86.190.10.123 - - [29/Jul/2026:02:24:30 +0000] "GET /?p=1507 HTTP/1.1" 301 5 "-" "Mozilla/5.0 (Windows NT 10.0; Win64; x64) AppleWebKit/537.36 (KHTML, like Gecko) Chrome/120.0.0.0 Safari/537.36"
86.190.10.123 - - [29/Jul/2026:02:24:31 +0000] "GET /2026/07/28/jak-skorzystac-z-darmowych-spinow-w-kasyno-polska-online-dla-starych-graczy/ HTTP/1.1" 200 15421 "-" "Mozilla/5.0 (Windows NT 10.0; Win64; x64) AppleWebKit/537.36 (KHTML, like Gecko) Chrome/120.0.0.0 Safari/537.36"
65.1.209.187 - - [29/Jul/2026:02:24:33 +0000] "POST /wp-cron.php?doing_wp_cron=1785291873.4314720630645751953125 HTTP/1.1" 200 31 "-" "WordPress/6.9; https://www.drjunior.in"
86.190.10.123 - - [29/Jul/2026:02:24:33 +0000] "POST /wp-json/wp/v2/posts HTTP/1.1" 201 14227 "-" "Mozilla/5.0 (Windows NT 10.0; Win64; x64) AppleWebKit/537.36 (KHTML, like Gecko) Chrome/120.0.0.0 Safari/537.36"
86.190.10.123 - - [29/Jul/2026:02:24:34 +0000] "GET /2026/07/28/jak-skorzystac-z-darmowych-spinow-w-kasyno-polska-online-dla-starych-graczy-2/ HTTP/1.1" 200 15433 "-" "Mozilla/5.0 (Windows NT 10.0; Win64; x64) AppleWebKit/537.36 (KHTML, like Gecko) Chrome/120.0.0.0 Safari/537.36"
86.190.10.123 - - [29/Jul/2026:02:24:38 +0000] "GET /2026/07/28/jak-skorzystac-z-darmowych-spinow-w-kasyno-polska-online-dla-starych-graczy-2/ HTTP/1.1" 200 15431 "-" "Mozilla/5.0 (Windows NT 10.0; Win64; x64) AppleWebKit/537.36 (KHTML, like Gecko) Chrome/120.0.0.0 Safari/537.36"
106.76.191.46 - - [29/Jul/2026:02:24:39 +0000] "POST /v2/learning-material/4669/video/add-watch-log HTTP/1.1" 200 77 "-" "okhttp/3.12.12"
106.76.191.46 - - [29/Jul/2026:02:24:39 +0000] "POST /v2/learning-material/4669/video/add-watch-log HTTP/1.1" 200 77 "-" "okhttp/3.12.12"
39.194.3.246 - - [29/Jul/2026:02:24:40 +0000] "POST /xmlrpc.php HTTP/1.1" 200 415 "-" "Jetpack by WordPress.com"
86.190.10.123 - - [29/Jul/2026:02:24:41 +0000] "GET /2026/07/28/jak-skorzystac-z-darmowych-spinow-w-kasyno-polska-online-dla-starych-graczy-2/ HTTP/1.1" 200 15425 "-" "Mozilla/5.0 (Windows NT 10.0; Win64; x64) AppleWebKit/537.36 (KHTML, like Gecko) Chrome/120.0.0.0 Safari/537.36"
65.1.209.187 - - [29/Jul/2026:02:24:43 +0000] "POST /wp-cron.php?doing_wp_cron=1785291883.1908140182495117187500 HTTP/1.1" 200 31 "-" "WordPress/6.9; https://www.drjunior.in"
86.190.10.123 - - [29/Jul/2026:02:24:43 +0000] "POST /wp-json/wp/v2/posts HTTP/1.1" 201 14221 "-" "Mozilla/5.0 (Windows NT 10.0; Win64; x64) AppleWebKit/537.36 (KHTML, like Gecko) Chrome/120.0.0.0 Safari/537.36"
86.190.10.123 - - [29/Jul/2026:02:24:44 +0000] "GET /2026/07/28/jak-skorzystac-z-darmowych-spinow-w-kasyno-polska-online-dla-starych-graczy-3/ HTTP/1.1" 200 15421 "-" "Mozilla/5.0 (Windows NT 10.0; Win64; x64) AppleWebKit/537.36 (KHTML, like Gecko) Chrome/120.0.0.0 Safari/537.36"
86.190.10.123 - - [29/Jul/2026:02:24:47 +0000] "GET /2026/07/28/jak-skorzystac-z-darmowych-spinow-w-kasyno-polska-online-dla-starych-graczy-3/ HTTP/1.1" 200 15431 "-" "Mozilla/5.0 (Windows NT 10.0; Win64; x64) AppleWebKit/537.36 (KHTML, like Gecko) Chrome/120.0.0.0 Safari/537.36"
39.194.3.246 - - [29/Jul/2026:02:24:50 +0000] "POST /xmlrpc.php HTTP/1.1" 200 415 "-" "WordPress.com; https://wordpress.com"
86.190.10.123 - - [29/Jul/2026:02:24:51 +0000] "GET /2026/07/28/jak-skorzystac-z-darmowych-spinow-w-kasyno-polska-online-dla-starych-graczy-3/ HTTP/1.1" 200 15430 "-" "Mozilla/5.0 (Windows NT 10.0; Win64; x64) AppleWebKit/537.36 (KHTML, like Gecko) Chrome/120.0.0.0 Safari/537.36"
86.190.10.123 - - [29/Jul/2026:02:24:52 +0000] "GET /wp-admin/post-new.php HTTP/1.1" 200 79119 "-" "Mozilla/5.0 (Windows NT 10.0; Win64; x64) AppleWebKit/537.36 (KHTML, like Gecko) Chrome/120.0.0.0 Safari/537.36"
65.1.209.187 - - [29/Jul/2026:02:24:55 +0000] "POST /wp-cron.php?doing_wp_cron=1785291895.2670369148254394531250 HTTP/1.1" 200 31 "-" "WordPress/6.9; https://www.drjunior.in"
86.190.10.123 - - [29/Jul/2026:02:24:55 +0000] "POST /wp-admin/post.php HTTP/1.1" 302 5 "-" "Mozilla/5.0 (Windows NT 10.0; Win64; x64) AppleWebKit/537.36 (KHTML, like Gecko) Chrome/120.0.0.0 Safari/537.36"
86.190.10.123 - - [29/Jul/2026:02:24:56 +0000] "GET /wp-admin/post.php?post=1511&action=edit&message=1 HTTP/1.1" 200 82106 "-" "Mozilla/5.0 (Windows NT 10.0; Win64; x64) AppleWebKit/537.36 (KHTML, like Gecko) Chrome/120.0.0.0 Safari/537.36"
84.54.66.125 - - [29/Jul/2026:02:25:00 +0000] "GET /?p=1511 HTTP/1.1" 301 5 "-" "Mozilla/5.0 (Windows NT 10.0; Win64; x64) AppleWebKit/537.36 (KHTML, like Gecko) Chrome/120.0.0.0 Safari/537.36"
39.194.3.246 - - [29/Jul/2026:02:25:01 +0000] "POST /xmlrpc.php HTTP/1.1" 200 415 "-" "Jetpack by WordPress.com"
84.54.66.125 - - [29/Jul/2026:02:25:01 +0000] "GET /2026/07/29/jak-skorzystac-z-darmowych-spinow-w-kasyno-polska-online-dla-starych-graczy-4/ HTTP/1.1" 200 15437 "-" "Mozilla/5.0 (Windows NT 10.0; Win64; x64) AppleWebKit/537.36 (KHTML, like Gecko) Chrome/120.0.0.0 Safari/537.36"
84.54.66.125 - - [29/Jul/2026:02:25:05 +0000] "GET /?p=1511 HTTP/1.1" 301 5 "-" "Mozilla/5.0 (Windows NT 10.0; Win64; x64) AppleWebKit/537.36 (KHTML, like Gecko) Chrome/120.0.0.0 Safari/537.36"
84.54.66.125 - - [29/Jul/2026:02:25:06 +0000] "GET /2026/07/29/jak-skorzystac-z-darmowych-spinow-w-kasyno-polska-online-dla-starych-graczy-4/ HTTP/1.1" 200 15430 "-" "Mozilla/5.0 (Windows NT 10.0; Win64; x64) AppleWebKit/537.36 (KHTML, like Gecko) Chrome/120.0.0.0 Safari/537.36"
84.54.66.125 - - [29/Jul/2026:02:25:09 +0000] "GET /?p=1511 HTTP/1.1" 301 5 "-" "Mozilla/5.0 (Windows NT 10.0; Win64; x64) AppleWebKit/537.36 (KHTML, like Gecko) Chrome/120.0.0.0 Safari/537.36"
84.54.66.125 - - [29/Jul/2026:02:25:11 +0000] "GET /2026/07/29/jak-skorzystac-z-darmowych-spinow-w-kasyno-polska-online-dla-starych-graczy-4/ HTTP/1.1" 200 15433 "-" "Mozilla/5.0 (Windows NT 10.0; Win64; x64) AppleWebKit/537.36 (KHTML, like Gecko) Chrome/120.0.0.0 Safari/537.36"
39.194.3.246 - - [29/Jul/2026:02:25:11 +0000] "POST /xmlrpc.php HTTP/1.1" 200 415 "-" "Jetpack/12.5; WordPress/6.2; http://site51035454.com"
103.3.220.52 - - [29/Jul/2026:02:25:16 +0000] "GET / HTTP/1.1" 200 15845 "-" "Mozilla/5.0 (Windows NT 10.0; Win64; x64) AppleWebKit/537.36 (KHTML, like Gecko) Chrome/120.0.0.0 Safari/537.36"
106.76.191.46 - - [29/Jul/2026:02:25:16 +0000] "POST /v2/learning-material/4669/video/add-watch-log HTTP/1.1" 200 77 "-" "okhttp/3.12.12"
106.76.191.46 - - [29/Jul/2026:02:25:16 +0000] "POST /v2/learning-material/4669/video/add-watch-log HTTP/1.1" 200 77 "-" "okhttp/3.12.12"
103.3.220.52 - - [29/Jul/2026:02:25:17 +0000] "GET /wp-login.php HTTP/1.1" 200 2038 "-" "Mozilla/5.0 (Windows NT 10.0; Win64; x64) AppleWebKit/537.36 (KHTML, like Gecko) Chrome/120.0.0.0 Safari/537.36"
103.3.220.52 - - [29/Jul/2026:02:25:18 +0000] "POST /wp-login.php HTTP/1.1" 302 5 "https://www.drjunior.in/wp-login.php" "Mozilla/5.0 (Windows NT 10.0; Win64; x64) AppleWebKit/537.36 (KHTML, like Gecko) Chrome/120.0.0.0 Safari/537.36"
103.3.220.52 - - [29/Jul/2026:02:25:19 +0000] "GET /wp-admin/ HTTP/1.1" 200 24375 "https://www.drjunior.in/wp-login.php" "Mozilla/5.0 (Windows NT 10.0; Win64; x64) AppleWebKit/537.36 (KHTML, like Gecko) Chrome/120.0.0.0 Safari/537.36"
39.194.3.246 - - [29/Jul/2026:02:25:22 +0000] "POST /xmlrpc.php HTTP/1.1" 200 415 "-" "Jetpack by WordPress.com (Jetpack 13.0; WordPress 6.4)"
103.177.253.198 - - [29/Jul/2026:02:25:22 +0000] "GET /wp-admin/ HTTP/1.1" 200 24376 "-" "Mozilla/5.0 (Windows NT 10.0; Win64; x64) AppleWebKit/537.36 (KHTML, like Gecko) Chrome/120.0.0.0 Safari/537.36"
103.177.253.198 - - [29/Jul/2026:02:25:24 +0000] "GET /wp-admin/post-new.php HTTP/1.1" 200 79119 "-" "Mozilla/5.0 (Windows NT 10.0; Win64; x64) AppleWebKit/537.36 (KHTML, like Gecko) Chrome/120.0.0.0 Safari/537.36"
103.177.253.198 - - [29/Jul/2026:02:25:25 +0000] "POST /xmlrpc.php HTTP/1.1" 200 661 "-" "WordPress/5.0; https://www.drjunior.in"
103.177.253.198 - - [29/Jul/2026:02:25:26 +0000] "GET /wp-admin/admin-ajax.php?action=rest-nonce HTTP/1.1" 200 41 "-" "Mozilla/5.0 (Windows NT 10.0; Win64; x64) AppleWebKit/537.36 (KHTML, like Gecko) Chrome/120.0.0.0 Safari/537.36"
65.1.209.187 - - [29/Jul/2026:02:25:28 +0000] "POST /wp-cron.php?doing_wp_cron=1785291928.0133290290832519531250 HTTP/1.1" 200 31 "-" "WordPress/6.9; https://www.drjunior.in"
103.177.253.198 - - [29/Jul/2026:02:25:28 +0000] "POST /xmlrpc.php HTTP/1.1" 200 190 "-" "Mozilla/5.0 (Windows NT 10.0; Win64; x64) AppleWebKit/537.36 (KHTML, like Gecko) Chrome/120.0.0.0 Safari/537.36"
103.177.253.198 - - [29/Jul/2026:02:25:28 +0000] "GET /?p=1514 HTTP/1.1" 301 5 "-" "Mozilla/5.0 (Windows NT 10.0; Win64; x64) AppleWebKit/537.36 (KHTML, like Gecko) Chrome/120.0.0.0 Safari/537.36"
103.177.253.198 - - [29/Jul/2026:02:25:29 +0000] "GET /2026/07/28/jak-skorzystac-z-darmowych-spinow-w-kasyno-polska-online-dla-starych-graczy-5/ HTTP/1.1" 200 15427 "-" "Mozilla/5.0 (Windows NT 10.0; Win64; x64) AppleWebKit/537.36 (KHTML, like Gecko) Chrome/120.0.0.0 Safari/537.36"
39.194.3.246 - - [29/Jul/2026:02:25:33 +0000] "POST /xmlrpc.php HTTP/1.1" 200 415 "-" "Jetpack by WordPress.com"
103.177.253.198 - - [29/Jul/2026:02:25:33 +0000] "GET /?p=1514 HTTP/1.1" 301 5 "-" "Mozilla/5.0 (Windows NT 10.0; Win64; x64) AppleWebKit/537.36 (KHTML, like Gecko) Chrome/120.0.0.0 Safari/537.36"
65.1.209.187 - - [29/Jul/2026:02:25:34 +0000] "POST /wp-cron.php?doing_wp_cron=1785291934.1539289951324462890625 HTTP/1.1" 200 31 "-" "WordPress/6.7.2; https://www.trivandrumtennisclub.com"
14.191.61.67 - - [29/Jul/2026:02:25:34 +0000] "GET /_files/ugd/b94c8a_016e8b1ad639427387ce5a16fda92563.pdf HTTP/1.1" 404 15937 "https://www.trivandrumtennisclub.com/" "Mozilla/5.0 (Windows NT 10.0; Win64; x64) AppleWebKit/537.36 (KHTML, like Gecko) Chrome/122.0.0.0 Safari/537.36 Edg/122.0.0.0"
103.177.253.198 - - [29/Jul/2026:02:25:34 +0000] "GET /2026/07/28/jak-skorzystac-z-darmowych-spinow-w-kasyno-polska-online-dla-starych-graczy-5/ HTTP/1.1" 200 15426 "-" "Mozilla/5.0 (Windows NT 10.0; Win64; x64) AppleWebKit/537.36 (KHTML, like Gecko) Chrome/120.0.0.0 Safari/537.36"
165.154.182.223 - - [29/Jul/2026:02:25:36 +0000] "GET / HTTP/1.1" 400 264 "-" "curl/7.29.0"
103.177.253.198 - - [29/Jul/2026:02:25:37 +0000] "GET /?p=1514 HTTP/1.1" 301 5 "-" "Mozilla/5.0 (Windows NT 10.0; Win64; x64) AppleWebKit/537.36 (KHTML, like Gecko) Chrome/120.0.0.0 Safari/537.36"
103.177.253.198 - - [29/Jul/2026:02:25:38 +0000] "GET /2026/07/28/jak-skorzystac-z-darmowych-spinow-w-kasyno-polska-online-dla-starych-graczy-5/ HTTP/1.1" 200 15429 "-" "Mozilla/5.0 (Windows NT 10.0; Win64; x64) AppleWebKit/537.36 (KHTML, like Gecko) Chrome/120.0.0.0 Safari/537.36"
106.76.191.46 - - [29/Jul/2026:02:25:38 +0000] "POST /v2/learning-material/4669/video/add-watch-log HTTP/1.1" 200 77 "-" "okhttp/3.12.12"
106.76.191.46 - - [29/Jul/2026:02:25:38 +0000] "POST /v2/learning-material/4669/video/add-watch-log HTTP/1.1" 200 77 "-" "okhttp/3.12.12"
65.1.209.187 - - [29/Jul/2026:02:25:40 +0000] "POST /wp-cron.php?doing_wp_cron=1785291940.3893039226531982421875 HTTP/1.1" 200 31 "-" "WordPress/6.9; https://www.drjunior.in"
103.177.253.198 - - [29/Jul/2026:02:25:40 +0000] "POST /wp-json/wp/v2/posts HTTP/1.1" 201 14221 "-" "Mozilla/5.0 (Windows NT 10.0; Win64; x64) AppleWebKit/537.36 (KHTML, like Gecko) Chrome/120.0.0.0 Safari/537.36"
103.177.253.198 - - [29/Jul/2026:02:25:41 +0000] "GET /2026/07/28/jak-skorzystac-z-darmowych-spinow-w-kasyno-polska-online-dla-starych-graczy-6/ HTTP/1.1" 200 15427 "-" "Mozilla/5.0 (Windows NT 10.0; Win64; x64) AppleWebKit/537.36 (KHTML, like Gecko) Chrome/120.0.0.0 Safari/537.36"
39.194.3.246 - - [29/Jul/2026:02:25:43 +0000] "POST /xmlrpc.php HTTP/1.1" 200 415 "-" "Jetpack by WordPress.com"
103.177.253.198 - - [29/Jul/2026:02:25:45 +0000] "GET /2026/07/28/jak-skorzystac-z-darmowych-spinow-w-kasyno-polska-online-dla-starych-graczy-6/ HTTP/1.1" 200 15432 "-" "Mozilla/5.0 (Windows NT 10.0; Win64; x64) AppleWebKit/537.36 (KHTML, like Gecko) Chrome/120.0.0.0 Safari/537.36"
165.154.182.223 - - [29/Jul/2026:02:25:46 +0000] "GET / HTTP/1.1" 444 0 "-" "curl/7.29.0"
103.177.253.198 - - [29/Jul/2026:02:25:48 +0000] "GET /2026/07/28/jak-skorzystac-z-darmowych-spinow-w-kasyno-polska-online-dla-starych-graczy-6/ HTTP/1.1" 200 15428 "-" "Mozilla/5.0 (Windows NT 10.0; Win64; x64) AppleWebKit/537.36 (KHTML, like Gecko) Chrome/120.0.0.0 Safari/537.36"
165.154.182.223 - - [29/Jul/2026:02:25:49 +0000] "OPTIONS / HTTP/1.0" 444 0 "-" "-"
65.1.209.187 - - [29/Jul/2026:02:25:50 +0000] "POST /wp-cron.php?doing_wp_cron=1785291950.8614389896392822265625 HTTP/1.1" 200 31 "-" "WordPress/6.9; https://www.drjunior.in"
103.177.253.198 - - [29/Jul/2026:02:25:50 +0000] "POST /wp-json/wp/v2/posts HTTP/1.1" 201 14221 "-" "Mozilla/5.0 (Windows NT 10.0; Win64; x64) AppleWebKit/537.36 (KHTML, like Gecko) Chrome/120.0.0.0 Safari/537.36"
103.177.253.198 - - [29/Jul/2026:02:25:52 +0000] "GET /2026/07/28/jak-skorzystac-z-darmowych-spinow-w-kasyno-polska-online-dla-starych-graczy-7/ HTTP/1.1" 200 15430 "-" "Mozilla/5.0 (Windows NT 10.0; Win64; x64) AppleWebKit/537.36 (KHTML, like Gecko) Chrome/120.0.0.0 Safari/537.36"
165.154.182.223 - - [29/Jul/2026:02:25:52 +0000] "GET /nice%20ports%2C/Tri%6Eity.txt%2ebak HTTP/1.0" 444 0 "-" "-"
39.194.3.246 - - [29/Jul/2026:02:25:54 +0000] "POST /xmlrpc.php HTTP/1.1" 200 415 "-" "Jetpack by WordPress.com"
103.177.253.198 - - [29/Jul/2026:02:25:55 +0000] "GET /2026/07/28/jak-skorzystac-z-darmowych-spinow-w-kasyno-polska-online-dla-starych-graczy-7/ HTTP/1.1" 200 15440 "-" "Mozilla/5.0 (Windows NT 10.0; Win64; x64) AppleWebKit/537.36 (KHTML, like Gecko) Chrome/120.0.0.0 Safari/537.36"
165.154.182.223 - - [29/Jul/2026:02:25:55 +0000] "{\x22id\x22:1,\x22jsonrpc\x22:\x222.0\x22,\x22method\x22:\x22login\x22,\x22params\x22:{\x22login\x22:\x22YOUR_WALLET_ADDRESS\x22,\x22pass\x22:\x22x\x22,\x22agent\x22:\x22XMRig/6.20.0-C3Pool\x22,\x22algo\x22:[\x22cn/1\x22],\x22algo-perf\x22:{\x22cn/1\x22:63.32038223248976}}}" 400 166 "-" "-"
165.154.182.223 - - [29/Jul/2026:02:25:56 +0000] "t3 12.1.2" 400 166 "-" "-"
65.1.209.187 - - [29/Jul/2026:02:25:57 +0000] "POST /wp-cron.php?doing_wp_cron=1785291957.7640089988708496093750 HTTP/1.1" 200 31 "-" "WordPress/6.7.2; https://www.trivandrumtennisclub.com"
216.73.216.69 - - [29/Jul/2026:02:25:57 +0000] "GET /robots.txt HTTP/1.1" 200 140 "-" "Mozilla/5.0 AppleWebKit/537.36 (KHTML, like Gecko; compatible; ClaudeBot/1.0; +claudebot@anthropic.com)"
216.73.216.69 - - [29/Jul/2026:02:25:58 +0000] "GET /wp-sitemap.xml HTTP/1.1" 200 1505 "-" "Mozilla/5.0 AppleWebKit/537.36 (KHTML, like Gecko; compatible; ClaudeBot/1.0; +claudebot@anthropic.com)"
103.177.253.198 - - [29/Jul/2026:02:25:58 +0000] "GET /2026/07/28/jak-skorzystac-z-darmowych-spinow-w-kasyno-polska-online-dla-starych-graczy-7/ HTTP/1.1" 200 15429 "-" "Mozilla/5.0 (Windows NT 10.0; Win64; x64) AppleWebKit/537.36 (KHTML, like Gecko) Chrome/120.0.0.0 Safari/537.36"
103.177.253.198 - - [29/Jul/2026:02:25:59 +0000] "GET /wp-admin/post-new.php HTTP/1.1" 200 79123 "-" "Mozilla/5.0 (Windows NT 10.0; Win64; x64) AppleWebKit/537.36 (KHTML, like Gecko) Chrome/120.0.0.0 Safari/537.36"
65.1.209.187 - - [29/Jul/2026:02:26:02 +0000] "POST /wp-cron.php?doing_wp_cron=1785291962.2336668968200683593750 HTTP/1.1" 200 31 "-" "WordPress/6.9; https://www.drjunior.in"
103.177.253.198 - - [29/Jul/2026:02:26:02 +0000] "POST /wp-admin/post.php HTTP/1.1" 302 5 "-" "Mozilla/5.0 (Windows NT 10.0; Win64; x64) AppleWebKit/537.36 (KHTML, like Gecko) Chrome/120.0.0.0 Safari/537.36"
103.177.253.198 - - [29/Jul/2026:02:26:03 +0000] "GET /wp-admin/post.php?post=1518&action=edit&message=1 HTTP/1.1" 200 82104 "-" "Mozilla/5.0 (Windows NT 10.0; Win64; x64) AppleWebKit/537.36 (KHTML, like Gecko) Chrome/120.0.0.0 Safari/537.36"
39.194.3.246 - - [29/Jul/2026:02:26:05 +0000] "POST /xmlrpc.php HTTP/1.1" 200 415 "-" "Jetpack by WordPress.com"
178.147.130.22 - - [29/Jul/2026:02:26:09 +0000] "GET /?p=1518 HTTP/1.1" 301 5 "-" "Mozilla/5.0 (Windows NT 10.0; Win64; x64) AppleWebKit/537.36 (KHTML, like Gecko) Chrome/120.0.0.0 Safari/537.36"
178.147.130.22 - - [29/Jul/2026:02:26:10 +0000] "GET /2026/07/29/jak-skorzystac-z-darmowych-spinow-w-kasyno-polska-online-dla-starych-graczy-8/ HTTP/1.1" 200 15424 "-" "Mozilla/5.0 (Windows NT 10.0; Win64; x64) AppleWebKit/537.36 (KHTML, like Gecko) Chrome/120.0.0.0 Safari/537.36"
178.147.130.22 - - [29/Jul/2026:02:26:13 +0000] "GET /?p=1518 HTTP/1.1" 301 5 "-" "Mozilla/5.0 (Windows NT 10.0; Win64; x64) AppleWebKit/537.36 (KHTML, like Gecko) Chrome/120.0.0.0 Safari/537.36"
178.147.130.22 - - [29/Jul/2026:02:26:15 +0000] "GET /2026/07/29/jak-skorzystac-z-darmowych-spinow-w-kasyno-polska-online-dla-starych-graczy-8/ HTTP/1.1" 200 15427 "-" "Mozilla/5.0 (Windows NT 10.0; Win64; x64) AppleWebKit/537.36 (KHTML, like Gecko) Chrome/120.0.0.0 Safari/537.36"
39.194.3.246 - - [29/Jul/2026:02:26:15 +0000] "POST /xmlrpc.php HTTP/1.1" 200 415 "-" "Jetpack by WordPress.com (Jetpack 12.1; WordPress 6.3)"
106.76.191.46 - - [29/Jul/2026:02:26:15 +0000] "POST /v2/learning-material/4669/video/add-watch-log HTTP/1.1" 200 77 "-" "okhttp/3.12.12"
106.76.191.46 - - [29/Jul/2026:02:26:15 +0000] "POST /v2/learning-material/4669/video/add-watch-log HTTP/1.1" 200 77 "-" "okhttp/3.12.12"
178.147.130.22 - - [29/Jul/2026:02:26:18 +0000] "GET /?p=1518 HTTP/1.1" 301 5 "-" "Mozilla/5.0 (Windows NT 10.0; Win64; x64) AppleWebKit/537.36 (KHTML, like Gecko) Chrome/120.0.0.0 Safari/537.36"
178.147.130.22 - - [29/Jul/2026:02:26:19 +0000] "GET /2026/07/29/jak-skorzystac-z-darmowych-spinow-w-kasyno-polska-online-dla-starych-graczy-8/ HTTP/1.1" 200 15434 "-" "Mozilla/5.0 (Windows NT 10.0; Win64; x64) AppleWebKit/537.36 (KHTML, like Gecko) Chrome/120.0.0.0 Safari/537.36"
190.104.180.188 - - [29/Jul/2026:02:26:23 +0000] "GET / HTTP/1.1" 200 15841 "-" "Mozilla/5.0 (Windows NT 10.0; Win64; x64) AppleWebKit/537.36 (KHTML, like Gecko) Chrome/120.0.0.0 Safari/537.36"
190.104.180.188 - - [29/Jul/2026:02:26:25 +0000] "GET /wp-login.php HTTP/1.1" 200 2039 "-" "Mozilla/5.0 (Windows NT 10.0; Win64; x64) AppleWebKit/537.36 (KHTML, like Gecko) Chrome/120.0.0.0 Safari/537.36"
39.194.3.246 - - [29/Jul/2026:02:26:26 +0000] "POST /xmlrpc.php HTTP/1.1" 200 415 "-" "Jetpack by WordPress.com"
190.104.180.188 - - [29/Jul/2026:02:26:26 +0000] "POST /wp-login.php HTTP/1.1" 302 5 "https://www.drjunior.in/wp-login.php" "Mozilla/5.0 (Windows NT 10.0; Win64; x64) AppleWebKit/537.36 (KHTML, like Gecko) Chrome/120.0.0.0 Safari/537.36"
190.104.180.188 - - [29/Jul/2026:02:26:28 +0000] "GET /wp-admin/ HTTP/1.1" 200 24376 "https://www.drjunior.in/wp-login.php" "Mozilla/5.0 (Windows NT 10.0; Win64; x64) AppleWebKit/537.36 (KHTML, like Gecko) Chrome/120.0.0.0 Safari/537.36"
152.231.143.135 - - [29/Jul/2026:02:26:32 +0000] "GET /wp-admin/ HTTP/1.1" 200 24377 "-" "Mozilla/5.0 (Windows NT 10.0; Win64; x64) AppleWebKit/537.36 (KHTML, like Gecko) Chrome/120.0.0.0 Safari/537.36"
152.231.143.135 - - [29/Jul/2026:02:26:34 +0000] "GET /wp-admin/post-new.php HTTP/1.1" 200 79123 "-" "Mozilla/5.0 (Windows NT 10.0; Win64; x64) AppleWebKit/537.36 (KHTML, like Gecko) Chrome/120.0.0.0 Safari/537.36"
152.231.143.135 - - [29/Jul/2026:02:26:35 +0000] "POST /xmlrpc.php HTTP/1.1" 200 661 "-" "WordPress/5.0; https://www.drjunior.in"
152.231.143.135 - - [29/Jul/2026:02:26:36 +0000] "GET /wp-admin/admin-ajax.php?action=rest-nonce HTTP/1.1" 200 41 "-" "Mozilla/5.0 (Windows NT 10.0; Win64; x64) AppleWebKit/537.36 (KHTML, like Gecko) Chrome/120.0.0.0 Safari/537.36"
39.194.3.246 - - [29/Jul/2026:02:26:36 +0000] "POST /xmlrpc.php HTTP/1.1" 200 415 "-" "Jetpack by WordPress.com (Jetpack 13.0; WordPress 6.1)"
65.1.209.187 - - [29/Jul/2026:02:26:38 +0000] "POST /wp-cron.php?doing_wp_cron=1785291998.0739181041717529296875 HTTP/1.1" 200 31 "-" "WordPress/6.9; https://www.drjunior.in"
152.231.143.135 - - [29/Jul/2026:02:26:38 +0000] "POST /xmlrpc.php HTTP/1.1" 200 190 "-" "Mozilla/5.0 (Windows NT 10.0; Win64; x64) AppleWebKit/537.36 (KHTML, like Gecko) Chrome/120.0.0.0 Safari/537.36"
152.231.143.135 - - [29/Jul/2026:02:26:39 +0000] "GET /?p=1521 HTTP/1.1" 301 5 "-" "Mozilla/5.0 (Windows NT 10.0; Win64; x64) AppleWebKit/537.36 (KHTML, like Gecko) Chrome/120.0.0.0 Safari/537.36"
152.231.143.135 - - [29/Jul/2026:02:26:40 +0000] "GET /2026/07/28/jak-skorzystac-z-darmowych-spinow-w-kasyno-polska-online-dla-starych-graczy-9/ HTTP/1.1" 200 15432 "-" "Mozilla/5.0 (Windows NT 10.0; Win64; x64) AppleWebKit/537.36 (KHTML, like Gecko) Chrome/120.0.0.0 Safari/537.36"
152.231.143.135 - - [29/Jul/2026:02:26:43 +0000] "GET /?p=1521 HTTP/1.1" 301 5 "-" "Mozilla/5.0 (Windows NT 10.0; Win64; x64) AppleWebKit/537.36 (KHTML, like Gecko) Chrome/120.0.0.0 Safari/537.36"
152.231.143.135 - - [29/Jul/2026:02:26:44 +0000] "GET /2026/07/28/jak-skorzystac-z-darmowych-spinow-w-kasyno-polska-online-dla-starych-graczy-9/ HTTP/1.1" 200 15429 "-" "Mozilla/5.0 (Windows NT 10.0; Win64; x64) AppleWebKit/537.36 (KHTML, like Gecko) Chrome/120.0.0.0 Safari/537.36"
39.194.3.246 - - [29/Jul/2026:02:26:47 +0000] "POST /xmlrpc.php HTTP/1.1" 200 415 "-" "Jetpack/12.5; WordPress/6.2; http://site21032467.com"
152.231.143.135 - - [29/Jul/2026:02:26:47 +0000] "GET /?p=1521 HTTP/1.1" 301 5 "-" "Mozilla/5.0 (Windows NT 10.0; Win64; x64) AppleWebKit/537.36 (KHTML, like Gecko) Chrome/120.0.0.0 Safari/537.36"
152.231.143.135 - - [29/Jul/2026:02:26:48 +0000] "GET /2026/07/28/jak-skorzystac-z-darmowych-spinow-w-kasyno-polska-online-dla-starych-graczy-9/ HTTP/1.1" 200 15428 "-" "Mozilla/5.0 (Windows NT 10.0; Win64; x64) AppleWebKit/537.36 (KHTML, like Gecko) Chrome/120.0.0.0 Safari/537.36"
106.76.191.46 - - [29/Jul/2026:02:26:49 +0000] "POST /v2/learning-material/4669/video/add-watch-log HTTP/1.1" 200 77 "-" "okhttp/3.12.12"
106.76.191.46 - - [29/Jul/2026:02:26:49 +0000] "POST /v2/learning-material/4669/video/add-watch-log HTTP/1.1" 200 77 "-" "okhttp/3.12.12"
65.1.209.187 - - [29/Jul/2026:02:26:50 +0000] "POST /wp-cron.php?doing_wp_cron=1785292010.3980329036712646484375 HTTP/1.1" 200 31 "-" "WordPress/6.9; https://www.drjunior.in"
152.231.143.135 - - [29/Jul/2026:02:26:50 +0000] "POST /wp-json/wp/v2/posts HTTP/1.1" 201 14226 "-" "Mozilla/5.0 (Windows NT 10.0; Win64; x64) AppleWebKit/537.36 (KHTML, like Gecko) Chrome/120.0.0.0 Safari/537.36"
152.231.143.135 - - [29/Jul/2026:02:26:51 +0000] "GET /2026/07/28/jak-skorzystac-z-darmowych-spinow-w-kasyno-polska-online-dla-starych-graczy-10/ HTTP/1.1" 200 15428 "-" "Mozilla/5.0 (Windows NT 10.0; Win64; x64) AppleWebKit/537.36 (KHTML, like Gecko) Chrome/120.0.0.0 Safari/537.36"
