189.159.220.35 - - [29/Jul/2026:00:32:03 +0000] "GET /2026/07/28/aviator-oyna-v-qazan-rsmi-sayti-aviator-azerbaycan-5/ HTTP/1.1" 200 15438 "-" "Mozilla/5.0 (Windows NT 10.0; Win64; x64) AppleWebKit/537.36 (KHTML, like Gecko) Chrome/120.0.0.0 Safari/537.36"
189.159.220.35 - - [29/Jul/2026:00:32:08 +0000] "GET /?p=1041 HTTP/1.1" 301 5 "-" "Mozilla/5.0 (Windows NT 10.0; Win64; x64) AppleWebKit/537.36 (KHTML, like Gecko) Chrome/120.0.0.0 Safari/537.36"
189.159.220.35 - - [29/Jul/2026:00:32:10 +0000] "GET /2026/07/28/aviator-oyna-v-qazan-rsmi-sayti-aviator-azerbaycan-5/ HTTP/1.1" 200 15447 "-" "Mozilla/5.0 (Windows NT 10.0; Win64; x64) AppleWebKit/537.36 (KHTML, like Gecko) Chrome/120.0.0.0 Safari/537.36"
65.1.209.187 - - [29/Jul/2026:00:32:13 +0000] "POST /wp-cron.php?doing_wp_cron=1785285133.8917930126190185546875 HTTP/1.1" 200 31 "-" "WordPress/6.9; https://www.drjunior.in"
189.159.220.35 - - [29/Jul/2026:00:32:13 +0000] "POST /wp-json/wp/v2/posts HTTP/1.1" 201 103950 "-" "Mozilla/5.0 (Windows NT 10.0; Win64; x64) AppleWebKit/537.36 (KHTML, like Gecko) Chrome/120.0.0.0 Safari/537.36"
189.159.220.35 - - [29/Jul/2026:00:32:18 +0000] "GET /2026/07/28/aviator-oyna-v-qazan-rsmi-sayti-aviator-azerbaycan-6/ HTTP/1.1" 200 15447 "-" "Mozilla/5.0 (Windows NT 10.0; Win64; x64) AppleWebKit/537.36 (KHTML, like Gecko) Chrome/120.0.0.0 Safari/537.36"
189.159.220.35 - - [29/Jul/2026:00:32:23 +0000] "GET /2026/07/28/aviator-oyna-v-qazan-rsmi-sayti-aviator-azerbaycan-6/ HTTP/1.1" 200 15441 "-" "Mozilla/5.0 (Windows NT 10.0; Win64; x64) AppleWebKit/537.36 (KHTML, like Gecko) Chrome/120.0.0.0 Safari/537.36"
189.159.220.35 - - [29/Jul/2026:00:32:27 +0000] "GET /2026/07/28/aviator-oyna-v-qazan-rsmi-sayti-aviator-azerbaycan-6/ HTTP/1.1" 200 15443 "-" "Mozilla/5.0 (Windows NT 10.0; Win64; x64) AppleWebKit/537.36 (KHTML, like Gecko) Chrome/120.0.0.0 Safari/537.36"
65.1.209.187 - - [29/Jul/2026:00:32:32 +0000] "POST /wp-cron.php?doing_wp_cron=1785285151.9955079555511474609375 HTTP/1.1" 200 31 "-" "WordPress/6.9; https://www.drjunior.in"
189.159.220.35 - - [29/Jul/2026:00:32:32 +0000] "POST /wp-json/wp/v2/posts HTTP/1.1" 201 103950 "-" "Mozilla/5.0 (Windows NT 10.0; Win64; x64) AppleWebKit/537.36 (KHTML, like Gecko) Chrome/120.0.0.0 Safari/537.36"
65.1.209.187 - - [29/Jul/2026:00:32:32 +0000] "POST /wp-cron.php?doing_wp_cron=1785285152.7795619964599609375000 HTTP/1.1" 200 31 "-" "WordPress/6.7.2; https://www.trivandrumtennisclub.com"
57.141.0.36 - - [29/Jul/2026:00:32:32 +0000] "GET /member/sri-jayprakash-r/ HTTP/1.1" 200 17891 "-" "Mozilla/5.0 (Macintosh; Intel Mac OS X 10_15_7) AppleWebKit/537.36 (KHTML, like Gecko) Chrome/145.0.0.0 Safari/537.36 (compatible; meta-externalagent/1.1 (+https://developers.facebook.com/docs/sharing/webmasters/crawler))"
189.159.220.35 - - [29/Jul/2026:00:32:36 +0000] "GET /2026/07/28/aviator-oyna-v-qazan-rsmi-sayti-aviator-azerbaycan-7/ HTTP/1.1" 200 15439 "-" "Mozilla/5.0 (Windows NT 10.0; Win64; x64) AppleWebKit/537.36 (KHTML, like Gecko) Chrome/120.0.0.0 Safari/537.36"
189.159.220.35 - - [29/Jul/2026:00:32:41 +0000] "GET /2026/07/28/aviator-oyna-v-qazan-rsmi-sayti-aviator-azerbaycan-7/ HTTP/1.1" 200 15451 "-" "Mozilla/5.0 (Windows NT 10.0; Win64; x64) AppleWebKit/537.36 (KHTML, like Gecko) Chrome/120.0.0.0 Safari/537.36"
189.159.220.35 - - [29/Jul/2026:00:32:46 +0000] "GET /2026/07/28/aviator-oyna-v-qazan-rsmi-sayti-aviator-azerbaycan-7/ HTTP/1.1" 200 15454 "-" "Mozilla/5.0 (Windows NT 10.0; Win64; x64) AppleWebKit/537.36 (KHTML, like Gecko) Chrome/120.0.0.0 Safari/537.36"
189.159.220.35 - - [29/Jul/2026:00:32:48 +0000] "GET /wp-admin/post-new.php HTTP/1.1" 200 79128 "-" "Mozilla/5.0 (Windows NT 10.0; Win64; x64) AppleWebKit/537.36 (KHTML, like Gecko) Chrome/120.0.0.0 Safari/537.36"
65.1.209.187 - - [29/Jul/2026:00:32:49 +0000] "POST /wp-cron.php?doing_wp_cron=1785285169.3884119987487792968750 HTTP/1.1" 200 31 "-" "WordPress/6.7.2; https://www.trivandrumtennisclub.com"
57.141.0.71 - - [29/Jul/2026:00:32:49 +0000] "GET /member/vbkecenpftwxuybafz-vzigraxklqqlyuaot/ HTTP/1.1" 200 17731 "-" "Mozilla/5.0 (Windows NT 10.0; Win64; x64) AppleWebKit/537.36 (KHTML, like Gecko) Chrome/145.0.0.0 Safari/537.36 (compatible; meta-externalagent/1.1 (+https://developers.facebook.com/docs/sharing/webmasters/crawler))"
65.1.209.187 - - [29/Jul/2026:00:32:54 +0000] "POST /wp-cron.php?doing_wp_cron=1785285174.5497310161590576171875 HTTP/1.1" 200 31 "-" "WordPress/6.9; https://www.drjunior.in"
189.159.220.35 - - [29/Jul/2026:00:32:54 +0000] "POST /wp-admin/post.php HTTP/1.1" 302 5 "-" "Mozilla/5.0 (Windows NT 10.0; Win64; x64) AppleWebKit/537.36 (KHTML, like Gecko) Chrome/120.0.0.0 Safari/537.36"
189.159.220.35 - - [29/Jul/2026:00:32:56 +0000] "GET /wp-admin/post.php?post=1045&action=edit&message=1 HTTP/1.1" 200 107773 "-" "Mozilla/5.0 (Windows NT 10.0; Win64; x64) AppleWebKit/537.36 (KHTML, like Gecko) Chrome/120.0.0.0 Safari/537.36"
72.27.23.99 - - [29/Jul/2026:00:33:02 +0000] "GET /?p=1045 HTTP/1.1" 301 5 "-" "Mozilla/5.0 (Windows NT 10.0; Win64; x64) AppleWebKit/537.36 (KHTML, like Gecko) Chrome/120.0.0.0 Safari/537.36"
57.141.0.33 - - [29/Jul/2026:00:33:02 +0000] "GET /member/euinuzinsplxvtntqgqpto-odzmsyjzwivrintithlaqse/ HTTP/1.1" 200 17940 "-" "Mozilla/5.0 (Macintosh; Intel Mac OS X 10_15_7) AppleWebKit/537.36 (KHTML, like Gecko) Chrome/145.0.0.0 Safari/537.36 (compatible; meta-externalagent/1.1 (+https://developers.facebook.com/docs/sharing/webmasters/crawler))"
72.27.23.99 - - [29/Jul/2026:00:33:04 +0000] "GET /2026/07/29/aviator-oyna-v-qazan-rsmi-sayti-aviator-azerbaycan-8/ HTTP/1.1" 200 15441 "-" "Mozilla/5.0 (Windows NT 10.0; Win64; x64) AppleWebKit/537.36 (KHTML, like Gecko) Chrome/120.0.0.0 Safari/537.36"
72.27.23.99 - - [29/Jul/2026:00:33:08 +0000] "GET /?p=1045 HTTP/1.1" 301 5 "-" "Mozilla/5.0 (Windows NT 10.0; Win64; x64) AppleWebKit/537.36 (KHTML, like Gecko) Chrome/120.0.0.0 Safari/537.36"
72.27.23.99 - - [29/Jul/2026:00:33:10 +0000] "GET /2026/07/29/aviator-oyna-v-qazan-rsmi-sayti-aviator-azerbaycan-8/ HTTP/1.1" 200 15439 "-" "Mozilla/5.0 (Windows NT 10.0; Win64; x64) AppleWebKit/537.36 (KHTML, like Gecko) Chrome/120.0.0.0 Safari/537.36"
72.27.23.99 - - [29/Jul/2026:00:33:15 +0000] "GET /?p=1045 HTTP/1.1" 301 5 "-" "Mozilla/5.0 (Windows NT 10.0; Win64; x64) AppleWebKit/537.36 (KHTML, like Gecko) Chrome/120.0.0.0 Safari/537.36"
72.27.23.99 - - [29/Jul/2026:00:33:17 +0000] "GET /2026/07/29/aviator-oyna-v-qazan-rsmi-sayti-aviator-azerbaycan-8/ HTTP/1.1" 200 15443 "-" "Mozilla/5.0 (Windows NT 10.0; Win64; x64) AppleWebKit/537.36 (KHTML, like Gecko) Chrome/120.0.0.0 Safari/537.36"
176.186.130.225 - - [29/Jul/2026:00:33:23 +0000] "GET / HTTP/1.1" 200 15842 "-" "Mozilla/5.0 (Windows NT 10.0; Win64; x64) AppleWebKit/537.36 (KHTML, like Gecko) Chrome/120.0.0.0 Safari/537.36"
216.73.216.69 - - [29/Jul/2026:00:33:24 +0000] "GET /robots.txt HTTP/1.1" 200 140 "-" "Mozilla/5.0 AppleWebKit/537.36 (KHTML, like Gecko; compatible; ClaudeBot/1.0; +claudebot@anthropic.com)"
216.73.216.69 - - [29/Jul/2026:00:33:24 +0000] "GET /wp-sitemap.xml HTTP/1.1" 200 1505 "-" "Mozilla/5.0 AppleWebKit/537.36 (KHTML, like Gecko; compatible; ClaudeBot/1.0; +claudebot@anthropic.com)"
176.186.130.225 - - [29/Jul/2026:00:33:26 +0000] "GET /wp-login.php HTTP/1.1" 200 2037 "-" "Mozilla/5.0 (Windows NT 10.0; Win64; x64) AppleWebKit/537.36 (KHTML, like Gecko) Chrome/120.0.0.0 Safari/537.36"
176.186.130.225 - - [29/Jul/2026:00:33:29 +0000] "POST /wp-login.php HTTP/1.1" 302 5 "https://www.drjunior.in/wp-login.php" "Mozilla/5.0 (Windows NT 10.0; Win64; x64) AppleWebKit/537.36 (KHTML, like Gecko) Chrome/120.0.0.0 Safari/537.36"
176.186.130.225 - - [29/Jul/2026:00:33:31 +0000] "GET /wp-admin/ HTTP/1.1" 200 24199 "https://www.drjunior.in/wp-login.php" "Mozilla/5.0 (Windows NT 10.0; Win64; x64) AppleWebKit/537.36 (KHTML, like Gecko) Chrome/120.0.0.0 Safari/537.36"
138.97.163.21 - - [29/Jul/2026:00:33:39 +0000] "GET /wp-admin/ HTTP/1.1" 200 24199 "-" "Mozilla/5.0 (Windows NT 10.0; Win64; x64) AppleWebKit/537.36 (KHTML, like Gecko) Chrome/120.0.0.0 Safari/537.36"
138.97.163.21 - - [29/Jul/2026:00:33:41 +0000] "GET /wp-admin/post-new.php HTTP/1.1" 200 79124 "-" "Mozilla/5.0 (Windows NT 10.0; Win64; x64) AppleWebKit/537.36 (KHTML, like Gecko) Chrome/120.0.0.0 Safari/537.36"
138.97.163.21 - - [29/Jul/2026:00:33:46 +0000] "POST /xmlrpc.php HTTP/1.1" 200 661 "-" "WordPress/5.0; https://www.drjunior.in"
138.97.163.21 - - [29/Jul/2026:00:33:48 +0000] "GET /wp-admin/admin-ajax.php?action=rest-nonce HTTP/1.1" 200 41 "-" "Mozilla/5.0 (Windows NT 10.0; Win64; x64) AppleWebKit/537.36 (KHTML, like Gecko) Chrome/120.0.0.0 Safari/537.36"
65.1.209.187 - - [29/Jul/2026:00:33:52 +0000] "POST /wp-cron.php?doing_wp_cron=1785285232.1565670967102050781250 HTTP/1.1" 200 31 "-" "WordPress/6.9; https://www.drjunior.in"
138.97.163.21 - - [29/Jul/2026:00:33:52 +0000] "POST /xmlrpc.php HTTP/1.1" 200 190 "-" "Mozilla/5.0 (Windows NT 10.0; Win64; x64) AppleWebKit/537.36 (KHTML, like Gecko) Chrome/120.0.0.0 Safari/537.36"
138.97.163.21 - - [29/Jul/2026:00:33:54 +0000] "GET /?p=1048 HTTP/1.1" 301 5 "-" "Mozilla/5.0 (Windows NT 10.0; Win64; x64) AppleWebKit/537.36 (KHTML, like Gecko) Chrome/120.0.0.0 Safari/537.36"
138.97.163.21 - - [29/Jul/2026:00:33:55 +0000] "GET /2026/07/28/aviator-oyna-v-qazan-rsmi-sayti-aviator-azerbaycan-9/ HTTP/1.1" 200 15444 "-" "Mozilla/5.0 (Windows NT 10.0; Win64; x64) AppleWebKit/537.36 (KHTML, like Gecko) Chrome/120.0.0.0 Safari/537.36"
138.97.163.21 - - [29/Jul/2026:00:34:00 +0000] "GET /?p=1048 HTTP/1.1" 301 5 "-" "Mozilla/5.0 (Windows NT 10.0; Win64; x64) AppleWebKit/537.36 (KHTML, like Gecko) Chrome/120.0.0.0 Safari/537.36"
138.97.163.21 - - [29/Jul/2026:00:34:03 +0000] "GET /2026/07/28/aviator-oyna-v-qazan-rsmi-sayti-aviator-azerbaycan-9/ HTTP/1.1" 200 15437 "-" "Mozilla/5.0 (Windows NT 10.0; Win64; x64) AppleWebKit/537.36 (KHTML, like Gecko) Chrome/120.0.0.0 Safari/537.36"
138.97.163.21 - - [29/Jul/2026:00:34:09 +0000] "GET /?p=1048 HTTP/1.1" 301 5 "-" "Mozilla/5.0 (Windows NT 10.0; Win64; x64) AppleWebKit/537.36 (KHTML, like Gecko) Chrome/120.0.0.0 Safari/537.36"
138.97.163.21 - - [29/Jul/2026:00:34:12 +0000] "GET /2026/07/28/aviator-oyna-v-qazan-rsmi-sayti-aviator-azerbaycan-9/ HTTP/1.1" 200 15443 "-" "Mozilla/5.0 (Windows NT 10.0; Win64; x64) AppleWebKit/537.36 (KHTML, like Gecko) Chrome/120.0.0.0 Safari/537.36"
65.1.209.187 - - [29/Jul/2026:00:34:16 +0000] "POST /wp-cron.php?doing_wp_cron=1785285256.8342618942260742187500 HTTP/1.1" 200 31 "-" "WordPress/6.7.2; https://www.trivandrumtennisclub.com"
57.141.0.2 - - [29/Jul/2026:00:34:16 +0000] "GET /member/sri-bhaskaran-sunilkumar-mahadevan/ HTTP/1.1" 200 17721 "-" "Mozilla/5.0 (Macintosh; Intel Mac OS X 10_15_7) AppleWebKit/537.36 (KHTML, like Gecko) Chrome/145.0.0.0 Safari/537.36 (compatible; meta-externalagent/1.1 (+https://developers.facebook.com/docs/sharing/webmasters/crawler))"
65.1.209.187 - - [29/Jul/2026:00:34:17 +0000] "POST /wp-cron.php?doing_wp_cron=1785285257.0740408897399902343750 HTTP/1.1" 200 31 "-" "WordPress/6.9; https://www.drjunior.in"
138.97.163.21 - - [29/Jul/2026:00:34:17 +0000] "POST /wp-json/wp/v2/posts HTTP/1.1" 201 103954 "-" "Mozilla/5.0 (Windows NT 10.0; Win64; x64) AppleWebKit/537.36 (KHTML, like Gecko) Chrome/120.0.0.0 Safari/537.36"
138.97.163.21 - - [29/Jul/2026:00:34:21 +0000] "GET /2026/07/28/aviator-oyna-v-qazan-rsmi-sayti-aviator-azerbaycan-10/ HTTP/1.1" 200 15439 "-" "Mozilla/5.0 (Windows NT 10.0; Win64; x64) AppleWebKit/537.36 (KHTML, like Gecko) Chrome/120.0.0.0 Safari/537.36"
138.97.163.21 - - [29/Jul/2026:00:34:26 +0000] "GET /2026/07/28/aviator-oyna-v-qazan-rsmi-sayti-aviator-azerbaycan-10/ HTTP/1.1" 200 15453 "-" "Mozilla/5.0 (Windows NT 10.0; Win64; x64) AppleWebKit/537.36 (KHTML, like Gecko) Chrome/120.0.0.0 Safari/537.36"
138.97.163.21 - - [29/Jul/2026:00:34:32 +0000] "GET /2026/07/28/aviator-oyna-v-qazan-rsmi-sayti-aviator-azerbaycan-10/ HTTP/1.1" 200 15443 "-" "Mozilla/5.0 (Windows NT 10.0; Win64; x64) AppleWebKit/537.36 (KHTML, like Gecko) Chrome/120.0.0.0 Safari/537.36"
65.1.209.187 - - [29/Jul/2026:00:34:37 +0000] "POST /wp-cron.php?doing_wp_cron=1785285276.9906799793243408203125 HTTP/1.1" 200 31 "-" "WordPress/6.9; https://www.drjunior.in"
138.97.163.21 - - [29/Jul/2026:00:34:37 +0000] "POST /wp-json/wp/v2/posts HTTP/1.1" 201 103954 "-" "Mozilla/5.0 (Windows NT 10.0; Win64; x64) AppleWebKit/537.36 (KHTML, like Gecko) Chrome/120.0.0.0 Safari/537.36"
138.97.163.21 - - [29/Jul/2026:00:34:42 +0000] "GET /2026/07/28/aviator-oyna-v-qazan-rsmi-sayti-aviator-azerbaycan-11/ HTTP/1.1" 200 15448 "-" "Mozilla/5.0 (Windows NT 10.0; Win64; x64) AppleWebKit/537.36 (KHTML, like Gecko) Chrome/120.0.0.0 Safari/537.36"
138.97.163.21 - - [29/Jul/2026:00:34:47 +0000] "GET /2026/07/28/aviator-oyna-v-qazan-rsmi-sayti-aviator-azerbaycan-11/ HTTP/1.1" 200 15447 "-" "Mozilla/5.0 (Windows NT 10.0; Win64; x64) AppleWebKit/537.36 (KHTML, like Gecko) Chrome/120.0.0.0 Safari/537.36"
138.97.163.21 - - [29/Jul/2026:00:34:52 +0000] "GET /2026/07/28/aviator-oyna-v-qazan-rsmi-sayti-aviator-azerbaycan-11/ HTTP/1.1" 200 15453 "-" "Mozilla/5.0 (Windows NT 10.0; Win64; x64) AppleWebKit/537.36 (KHTML, like Gecko) Chrome/120.0.0.0 Safari/537.36"
138.97.163.21 - - [29/Jul/2026:00:34:55 +0000] "GET /wp-admin/post-new.php HTTP/1.1" 200 79120 "-" "Mozilla/5.0 (Windows NT 10.0; Win64; x64) AppleWebKit/537.36 (KHTML, like Gecko) Chrome/120.0.0.0 Safari/537.36"
65.1.209.187 - - [29/Jul/2026:00:35:02 +0000] "POST /wp-cron.php?doing_wp_cron=1785285302.1842811107635498046875 HTTP/1.1" 200 31 "-" "WordPress/6.9; https://www.drjunior.in"
138.97.163.21 - - [29/Jul/2026:00:35:02 +0000] "POST /wp-admin/post.php HTTP/1.1" 302 5 "-" "Mozilla/5.0 (Windows NT 10.0; Win64; x64) AppleWebKit/537.36 (KHTML, like Gecko) Chrome/120.0.0.0 Safari/537.36"
138.97.163.21 - - [29/Jul/2026:00:35:04 +0000] "GET /wp-admin/post.php?post=1052&action=edit&message=1 HTTP/1.1" 200 107772 "-" "Mozilla/5.0 (Windows NT 10.0; Win64; x64) AppleWebKit/537.36 (KHTML, like Gecko) Chrome/120.0.0.0 Safari/537.36"
189.132.1.35 - - [29/Jul/2026:00:35:11 +0000] "GET /?p=1052 HTTP/1.1" 301 5 "-" "Mozilla/5.0 (Windows NT 10.0; Win64; x64) AppleWebKit/537.36 (KHTML, like Gecko) Chrome/120.0.0.0 Safari/537.36"
189.132.1.35 - - [29/Jul/2026:00:35:14 +0000] "GET /2026/07/29/aviator-oyna-v-qazan-rsmi-sayti-aviator-azerbaycan-12/ HTTP/1.1" 200 15448 "-" "Mozilla/5.0 (Windows NT 10.0; Win64; x64) AppleWebKit/537.36 (KHTML, like Gecko) Chrome/120.0.0.0 Safari/537.36"
189.132.1.35 - - [29/Jul/2026:00:35:19 +0000] "GET /?p=1052 HTTP/1.1" 301 5 "-" "Mozilla/5.0 (Windows NT 10.0; Win64; x64) AppleWebKit/537.36 (KHTML, like Gecko) Chrome/120.0.0.0 Safari/537.36"
189.132.1.35 - - [29/Jul/2026:00:35:21 +0000] "GET /2026/07/29/aviator-oyna-v-qazan-rsmi-sayti-aviator-azerbaycan-12/ HTTP/1.1" 200 15440 "-" "Mozilla/5.0 (Windows NT 10.0; Win64; x64) AppleWebKit/537.36 (KHTML, like Gecko) Chrome/120.0.0.0 Safari/537.36"
189.132.1.35 - - [29/Jul/2026:00:35:27 +0000] "GET /?p=1052 HTTP/1.1" 301 5 "-" "Mozilla/5.0 (Windows NT 10.0; Win64; x64) AppleWebKit/537.36 (KHTML, like Gecko) Chrome/120.0.0.0 Safari/537.36"
189.132.1.35 - - [29/Jul/2026:00:35:29 +0000] "GET /2026/07/29/aviator-oyna-v-qazan-rsmi-sayti-aviator-azerbaycan-12/ HTTP/1.1" 200 15443 "-" "Mozilla/5.0 (Windows NT 10.0; Win64; x64) AppleWebKit/537.36 (KHTML, like Gecko) Chrome/120.0.0.0 Safari/537.36"
120.29.89.108 - - [29/Jul/2026:00:35:39 +0000] "GET / HTTP/1.1" 301 178 "-" "Mozilla/5.0 (Windows NT 10.0; Win64; x64) AppleWebKit/537.36 (KHTML, like Gecko) Chrome/120.0.0.0 Safari/537.36"
196.207.227.236 - - [29/Jul/2026:00:35:46 +0000] "GET / HTTP/1.1" 200 15844 "-" "Mozilla/5.0 (Windows NT 10.0; Win64; x64) AppleWebKit/537.36 (KHTML, like Gecko) Chrome/120.0.0.0 Safari/537.36"
196.207.227.236 - - [29/Jul/2026:00:35:49 +0000] "GET /wp-login.php HTTP/1.1" 200 2035 "-" "Mozilla/5.0 (Windows NT 10.0; Win64; x64) AppleWebKit/537.36 (KHTML, like Gecko) Chrome/120.0.0.0 Safari/537.36"
196.207.227.236 - - [29/Jul/2026:00:35:53 +0000] "POST /wp-login.php HTTP/1.1" 302 5 "https://www.drjunior.in/wp-login.php" "Mozilla/5.0 (Windows NT 10.0; Win64; x64) AppleWebKit/537.36 (KHTML, like Gecko) Chrome/120.0.0.0 Safari/537.36"
196.207.227.236 - - [29/Jul/2026:00:35:56 +0000] "GET /wp-admin/ HTTP/1.1" 200 24213 "https://www.drjunior.in/wp-login.php" "Mozilla/5.0 (Windows NT 10.0; Win64; x64) AppleWebKit/537.36 (KHTML, like Gecko) Chrome/120.0.0.0 Safari/537.36"
105.74.205.110 - - [29/Jul/2026:00:36:04 +0000] "GET /wp-admin/ HTTP/1.1" 200 24213 "-" "Mozilla/5.0 (Windows NT 10.0; Win64; x64) AppleWebKit/537.36 (KHTML, like Gecko) Chrome/120.0.0.0 Safari/537.36"
105.74.205.110 - - [29/Jul/2026:00:36:08 +0000] "GET /wp-admin/post-new.php HTTP/1.1" 200 79125 "-" "Mozilla/5.0 (Windows NT 10.0; Win64; x64) AppleWebKit/537.36 (KHTML, like Gecko) Chrome/120.0.0.0 Safari/537.36"
105.74.205.110 - - [29/Jul/2026:00:36:12 +0000] "POST /xmlrpc.php HTTP/1.1" 200 661 "-" "WordPress/5.0; https://www.drjunior.in"
105.74.205.110 - - [29/Jul/2026:00:36:14 +0000] "GET /wp-admin/admin-ajax.php?action=rest-nonce HTTP/1.1" 200 41 "-" "Mozilla/5.0 (Windows NT 10.0; Win64; x64) AppleWebKit/537.36 (KHTML, like Gecko) Chrome/120.0.0.0 Safari/537.36"
65.1.209.187 - - [29/Jul/2026:00:36:20 +0000] "POST /wp-cron.php?doing_wp_cron=1785285380.2911050319671630859375 HTTP/1.1" 200 31 "-" "WordPress/6.9; https://www.drjunior.in"
105.74.205.110 - - [29/Jul/2026:00:36:20 +0000] "POST /xmlrpc.php HTTP/1.1" 200 190 "-" "Mozilla/5.0 (Windows NT 10.0; Win64; x64) AppleWebKit/537.36 (KHTML, like Gecko) Chrome/120.0.0.0 Safari/537.36"
65.1.209.187 - - [29/Jul/2026:00:36:27 +0000] "POST /wp-cron.php?doing_wp_cron=1785285387.4690730571746826171875 HTTP/1.1" 200 31 "-" "WordPress/6.9; https://www.drjunior.in"
88.130.53.197 - - [29/Jul/2026:00:36:27 +0000] "POST /wp-json/wp/v2/posts HTTP/1.1" 201 103954 "-" "Mozilla/5.0 (Windows NT 10.0; Win64; x64) AppleWebKit/537.36 (KHTML, like Gecko) Chrome/120.0.0.0 Safari/537.36"
88.130.53.197 - - [29/Jul/2026:00:36:32 +0000] "GET /2026/07/28/aviator-oyna-v-qazan-rsmi-sayti-aviator-azerbaycan-14/ HTTP/1.1" 200 15455 "-" "Mozilla/5.0 (Windows NT 10.0; Win64; x64) AppleWebKit/537.36 (KHTML, like Gecko) Chrome/120.0.0.0 Safari/537.36"
88.130.53.197 - - [29/Jul/2026:00:36:37 +0000] "GET /2026/07/28/aviator-oyna-v-qazan-rsmi-sayti-aviator-azerbaycan-14/ HTTP/1.1" 200 15445 "-" "Mozilla/5.0 (Windows NT 10.0; Win64; x64) AppleWebKit/537.36 (KHTML, like Gecko) Chrome/120.0.0.0 Safari/537.36"
88.130.53.197 - - [29/Jul/2026:00:36:42 +0000] "GET /2026/07/28/aviator-oyna-v-qazan-rsmi-sayti-aviator-azerbaycan-14/ HTTP/1.1" 200 15446 "-" "Mozilla/5.0 (Windows NT 10.0; Win64; x64) AppleWebKit/537.36 (KHTML, like Gecko) Chrome/120.0.0.0 Safari/537.36"
65.1.209.187 - - [29/Jul/2026:00:36:47 +0000] "POST /wp-cron.php?doing_wp_cron=1785285407.5515310764312744140625 HTTP/1.1" 200 31 "-" "WordPress/6.9; https://www.drjunior.in"
88.130.53.197 - - [29/Jul/2026:00:36:47 +0000] "POST /wp-json/wp/v2/posts HTTP/1.1" 201 103954 "-" "Mozilla/5.0 (Windows NT 10.0; Win64; x64) AppleWebKit/537.36 (KHTML, like Gecko) Chrome/120.0.0.0 Safari/537.36"
169.224.0.26 - - [29/Jul/2026:00:36:59 +0000] "GET / HTTP/1.1" 200 15843 "-" "Mozilla/5.0 (Windows NT 10.0; Win64; x64) AppleWebKit/537.36 (KHTML, like Gecko) Chrome/120.0.0.0 Safari/537.36"
201.32.66.1 - - [29/Jul/2026:00:37:07 +0000] "GET /wp-login.php HTTP/1.1" 200 2038 "-" "Mozilla/5.0 (Windows NT 10.0; Win64; x64) AppleWebKit/537.36 (KHTML, like Gecko) Chrome/120.0.0.0 Safari/537.36"
201.32.66.1 - - [29/Jul/2026:00:37:12 +0000] "POST /wp-login.php HTTP/1.1" 302 5 "https://www.drjunior.in/wp-login.php" "Mozilla/5.0 (Windows NT 10.0; Win64; x64) AppleWebKit/537.36 (KHTML, like Gecko) Chrome/120.0.0.0 Safari/537.36"
201.32.66.1 - - [29/Jul/2026:00:37:14 +0000] "GET /wp-admin/ HTTP/1.1" 200 24221 "https://www.drjunior.in/wp-login.php" "Mozilla/5.0 (Windows NT 10.0; Win64; x64) AppleWebKit/537.36 (KHTML, like Gecko) Chrome/120.0.0.0 Safari/537.36"
92.159.170.245 - - [29/Jul/2026:00:37:22 +0000] "GET /wp-admin/ HTTP/1.1" 200 24220 "-" "Mozilla/5.0 (Windows NT 10.0; Win64; x64) AppleWebKit/537.36 (KHTML, like Gecko) Chrome/120.0.0.0 Safari/537.36"
92.159.170.245 - - [29/Jul/2026:00:37:25 +0000] "GET /wp-admin/post-new.php HTTP/1.1" 200 79125 "-" "Mozilla/5.0 (Windows NT 10.0; Win64; x64) AppleWebKit/537.36 (KHTML, like Gecko) Chrome/120.0.0.0 Safari/537.36"
92.159.170.245 - - [29/Jul/2026:00:37:30 +0000] "POST /xmlrpc.php HTTP/1.1" 200 661 "-" "WordPress/5.0; https://www.drjunior.in"
92.159.170.245 - - [29/Jul/2026:00:37:32 +0000] "GET /wp-admin/admin-ajax.php?action=rest-nonce HTTP/1.1" 200 41 "-" "Mozilla/5.0 (Windows NT 10.0; Win64; x64) AppleWebKit/537.36 (KHTML, like Gecko) Chrome/120.0.0.0 Safari/537.36"
65.1.209.187 - - [29/Jul/2026:00:37:36 +0000] "POST /wp-cron.php?doing_wp_cron=1785285456.6349060535430908203125 HTTP/1.1" 200 31 "-" "WordPress/6.9; https://www.drjunior.in"
92.159.170.245 - - [29/Jul/2026:00:37:36 +0000] "POST /xmlrpc.php HTTP/1.1" 200 190 "-" "Mozilla/5.0 (Windows NT 10.0; Win64; x64) AppleWebKit/537.36 (KHTML, like Gecko) Chrome/120.0.0.0 Safari/537.36"
65.1.209.187 - - [29/Jul/2026:00:37:37 +0000] "POST /wp-cron.php?doing_wp_cron=1785285457.3612849712371826171875 HTTP/1.1" 200 31 "-" "WordPress/6.7.2; https://www.trivandrumtennisclub.com"
57.141.0.20 - - [29/Jul/2026:00:37:37 +0000] "GET /wp-json/wp/v2/member/1240 HTTP/1.1" 200 1095 "-" "Mozilla/5.0 (Macintosh; Intel Mac OS X 10_15_7) AppleWebKit/537.36 (KHTML, like Gecko) Chrome/145.0.0.0 Safari/537.36 (compatible; meta-externalagent/1.1 (+https://developers.facebook.com/docs/sharing/webmasters/crawler))"
65.1.209.187 - - [29/Jul/2026:00:37:38 +0000] "POST /wp-cron.php?doing_wp_cron=1785285458.8381690979003906250000 HTTP/1.1" 200 31 "-" "WordPress/6.9; https://www.drjunior.in"
92.159.170.245 - - [29/Jul/2026:00:37:38 +0000] "GET /?p=1060 HTTP/1.1" 301 5 "-" "Mozilla/5.0 (Windows NT 10.0; Win64; x64) AppleWebKit/537.36 (KHTML, like Gecko) Chrome/120.0.0.0 Safari/537.36"
92.159.170.245 - - [29/Jul/2026:00:37:41 +0000] "GET /2026/07/28/aviator-oyna-v-qazan-rsmi-sayti-aviator-azerbaycan-16/ HTTP/1.1" 200 15444 "-" "Mozilla/5.0 (Windows NT 10.0; Win64; x64) AppleWebKit/537.36 (KHTML, like Gecko) Chrome/120.0.0.0 Safari/537.36"
92.159.170.245 - - [29/Jul/2026:00:37:46 +0000] "GET /?p=1060 HTTP/1.1" 301 5 "-" "Mozilla/5.0 (Windows NT 10.0; Win64; x64) AppleWebKit/537.36 (KHTML, like Gecko) Chrome/120.0.0.0 Safari/537.36"
92.159.170.245 - - [29/Jul/2026:00:37:48 +0000] "GET /2026/07/28/aviator-oyna-v-qazan-rsmi-sayti-aviator-azerbaycan-16/ HTTP/1.1" 200 15451 "-" "Mozilla/5.0 (Windows NT 10.0; Win64; x64) AppleWebKit/537.36 (KHTML, like Gecko) Chrome/120.0.0.0 Safari/537.36"
92.159.170.245 - - [29/Jul/2026:00:37:53 +0000] "GET /?p=1060 HTTP/1.1" 301 5 "-" "Mozilla/5.0 (Windows NT 10.0; Win64; x64) AppleWebKit/537.36 (KHTML, like Gecko) Chrome/120.0.0.0 Safari/537.36"
92.159.170.245 - - [29/Jul/2026:00:37:55 +0000] "GET /2026/07/28/aviator-oyna-v-qazan-rsmi-sayti-aviator-azerbaycan-16/ HTTP/1.1" 200 15443 "-" "Mozilla/5.0 (Windows NT 10.0; Win64; x64) AppleWebKit/537.36 (KHTML, like Gecko) Chrome/120.0.0.0 Safari/537.36"
65.1.209.187 - - [29/Jul/2026:00:38:00 +0000] "POST /wp-cron.php?doing_wp_cron=1785285480.8288359642028808593750 HTTP/1.1" 200 31 "-" "WordPress/6.9; https://www.drjunior.in"
92.159.170.245 - - [29/Jul/2026:00:38:00 +0000] "POST /wp-json/wp/v2/posts HTTP/1.1" 201 103954 "-" "Mozilla/5.0 (Windows NT 10.0; Win64; x64) AppleWebKit/537.36 (KHTML, like Gecko) Chrome/120.0.0.0 Safari/537.36"
92.159.170.245 - - [29/Jul/2026:00:38:05 +0000] "GET /2026/07/28/aviator-oyna-v-qazan-rsmi-sayti-aviator-azerbaycan-17/ HTTP/1.1" 200 15458 "-" "Mozilla/5.0 (Windows NT 10.0; Win64; x64) AppleWebKit/537.36 (KHTML, like Gecko) Chrome/120.0.0.0 Safari/537.36"
74.125.217.162 - - [29/Jul/2026:00:38:09 +0000] "GET / HTTP/1.1" 200 15833 "-" "Mozilla/5.0 (X11; Linux x86_64) AppleWebKit/537.36 (KHTML, like Gecko) Chrome/150.0.7871.124 Safari/537.36 PlayStore-Google"
92.159.170.245 - - [29/Jul/2026:00:38:10 +0000] "GET /2026/07/28/aviator-oyna-v-qazan-rsmi-sayti-aviator-azerbaycan-17/ HTTP/1.1" 200 15440 "-" "Mozilla/5.0 (Windows NT 10.0; Win64; x64) AppleWebKit/537.36 (KHTML, like Gecko) Chrome/120.0.0.0 Safari/537.36"
92.159.170.245 - - [29/Jul/2026:00:38:14 +0000] "GET /2026/07/28/aviator-oyna-v-qazan-rsmi-sayti-aviator-azerbaycan-17/ HTTP/1.1" 200 15437 "-" "Mozilla/5.0 (Windows NT 10.0; Win64; x64) AppleWebKit/537.36 (KHTML, like Gecko) Chrome/120.0.0.0 Safari/537.36"
65.1.209.187 - - [29/Jul/2026:00:38:19 +0000] "POST /wp-cron.php?doing_wp_cron=1785285499.4931540489196777343750 HTTP/1.1" 200 31 "-" "WordPress/6.9; https://www.drjunior.in"
92.159.170.245 - - [29/Jul/2026:00:38:19 +0000] "POST /wp-json/wp/v2/posts HTTP/1.1" 201 103954 "-" "Mozilla/5.0 (Windows NT 10.0; Win64; x64) AppleWebKit/537.36 (KHTML, like Gecko) Chrome/120.0.0.0 Safari/537.36"
92.159.170.245 - - [29/Jul/2026:00:38:24 +0000] "GET /2026/07/28/aviator-oyna-v-qazan-rsmi-sayti-aviator-azerbaycan-18/ HTTP/1.1" 200 15441 "-" "Mozilla/5.0 (Windows NT 10.0; Win64; x64) AppleWebKit/537.36 (KHTML, like Gecko) Chrome/120.0.0.0 Safari/537.36"
92.159.170.245 - - [29/Jul/2026:00:38:29 +0000] "GET /2026/07/28/aviator-oyna-v-qazan-rsmi-sayti-aviator-azerbaycan-18/ HTTP/1.1" 200 15448 "-" "Mozilla/5.0 (Windows NT 10.0; Win64; x64) AppleWebKit/537.36 (KHTML, like Gecko) Chrome/120.0.0.0 Safari/537.36"
92.159.170.245 - - [29/Jul/2026:00:38:34 +0000] "GET /2026/07/28/aviator-oyna-v-qazan-rsmi-sayti-aviator-azerbaycan-18/ HTTP/1.1" 200 15456 "-" "Mozilla/5.0 (Windows NT 10.0; Win64; x64) AppleWebKit/537.36 (KHTML, like Gecko) Chrome/120.0.0.0 Safari/537.36"
94.103.84.74 - - [29/Jul/2026:00:38:35 +0000] "GET /wp-login.php HTTP/1.1" 200 2037 "-" "Mozilla/5.0 (Windows NT 10.0; Win64; x64) AppleWebKit/537.36 (KHTML, like Gecko) Chrome/124.0.0.0 Safari/537.36"
92.159.170.245 - - [29/Jul/2026:00:38:37 +0000] "GET /wp-admin/post-new.php HTTP/1.1" 200 79127 "-" "Mozilla/5.0 (Windows NT 10.0; Win64; x64) AppleWebKit/537.36 (KHTML, like Gecko) Chrome/120.0.0.0 Safari/537.36"
94.103.84.74 - - [29/Jul/2026:00:38:40 +0000] "GET /wp-login.php?wp_lang=en_US HTTP/1.1" 200 2039 "-" "Mozilla/5.0 (Windows NT 10.0; Win64; x64; rv:133.0) Gecko/20100101 Firefox/133.0"
65.1.209.187 - - [29/Jul/2026:00:38:43 +0000] "POST /wp-cron.php?doing_wp_cron=1785285523.5366809368133544921875 HTTP/1.1" 200 31 "-" "WordPress/6.9; https://www.drjunior.in"
92.159.170.245 - - [29/Jul/2026:00:38:43 +0000] "POST /wp-admin/post.php HTTP/1.1" 302 5 "-" "Mozilla/5.0 (Windows NT 10.0; Win64; x64) AppleWebKit/537.36 (KHTML, like Gecko) Chrome/120.0.0.0 Safari/537.36"
94.103.84.74 - - [29/Jul/2026:00:38:44 +0000] "POST /wp-login.php?wp_lang=en_US HTTP/1.1" 302 5 "https://www.drjunior.in/wp-login.php?wp_lang=en_US" "Mozilla/5.0 (Windows NT 10.0; Win64; x64; rv:133.0) Gecko/20100101 Firefox/133.0"
94.103.84.74 - - [29/Jul/2026:00:38:45 +0000] "GET /wp-admin/ HTTP/1.1" 200 24177 "https://www.drjunior.in/wp-login.php?wp_lang=en_US" "Mozilla/5.0 (Windows NT 10.0; Win64; x64; rv:133.0) Gecko/20100101 Firefox/133.0"
92.159.170.245 - - [29/Jul/2026:00:38:45 +0000] "GET /wp-admin/post.php?post=1064&action=edit&message=1 HTTP/1.1" 200 107776 "-" "Mozilla/5.0 (Windows NT 10.0; Win64; x64) AppleWebKit/537.36 (KHTML, like Gecko) Chrome/120.0.0.0 Safari/537.36"
94.103.84.74 - - [29/Jul/2026:00:38:52 +0000] "GET /wp-admin/plugin-install.php HTTP/1.1" 200 20353 "-" "Mozilla/5.0 (Windows NT 10.0; Win64; x64; rv:133.0) Gecko/20100101 Firefox/133.0"
45.169.28.133 - - [29/Jul/2026:00:38:53 +0000] "GET /?p=1064 HTTP/1.1" 301 5 "-" "Mozilla/5.0 (Windows NT 10.0; Win64; x64) AppleWebKit/537.36 (KHTML, like Gecko) Chrome/120.0.0.0 Safari/537.36"
94.103.84.74 - - [29/Jul/2026:00:38:54 +0000] "POST /wp-admin/update.php?action=upload-plugin HTTP/1.1" 200 10942 "https://www.drjunior.in/wp-admin/update.php?action=upload-plugin" "Mozilla/5.0 (Windows NT 10.0; Win64; x64; rv:133.0) Gecko/20100101 Firefox/133.0"
45.169.28.133 - - [29/Jul/2026:00:38:56 +0000] "GET /2026/07/29/aviator-oyna-v-qazan-rsmi-sayti-aviator-azerbaycan-19/ HTTP/1.1" 200 15451 "-" "Mozilla/5.0 (Windows NT 10.0; Win64; x64) AppleWebKit/537.36 (KHTML, like Gecko) Chrome/120.0.0.0 Safari/537.36"
45.169.28.133 - - [29/Jul/2026:00:39:01 +0000] "GET /?p=1064 HTTP/1.1" 301 5 "-" "Mozilla/5.0 (Windows NT 10.0; Win64; x64) AppleWebKit/537.36 (KHTML, like Gecko) Chrome/120.0.0.0 Safari/537.36"
45.169.28.133 - - [29/Jul/2026:00:39:03 +0000] "GET /2026/07/29/aviator-oyna-v-qazan-rsmi-sayti-aviator-azerbaycan-19/ HTTP/1.1" 200 15452 "-" "Mozilla/5.0 (Windows NT 10.0; Win64; x64) AppleWebKit/537.36 (KHTML, like Gecko) Chrome/120.0.0.0 Safari/537.36"
45.169.28.133 - - [29/Jul/2026:00:39:08 +0000] "GET /?p=1064 HTTP/1.1" 301 5 "-" "Mozilla/5.0 (Windows NT 10.0; Win64; x64) AppleWebKit/537.36 (KHTML, like Gecko) Chrome/120.0.0.0 Safari/537.36"
45.169.28.133 - - [29/Jul/2026:00:39:11 +0000] "GET /2026/07/29/aviator-oyna-v-qazan-rsmi-sayti-aviator-azerbaycan-19/ HTTP/1.1" 200 15450 "-" "Mozilla/5.0 (Windows NT 10.0; Win64; x64) AppleWebKit/537.36 (KHTML, like Gecko) Chrome/120.0.0.0 Safari/537.36"
186.78.12.106 - - [29/Jul/2026:00:39:22 +0000] "GET / HTTP/1.1" 200 15850 "-" "Mozilla/5.0 (Windows NT 10.0; Win64; x64) AppleWebKit/537.36 (KHTML, like Gecko) Chrome/120.0.0.0 Safari/537.36"
186.78.12.106 - - [29/Jul/2026:00:39:25 +0000] "GET /wp-login.php HTTP/1.1" 200 2036 "-" "Mozilla/5.0 (Windows NT 10.0; Win64; x64) AppleWebKit/537.36 (KHTML, like Gecko) Chrome/120.0.0.0 Safari/537.36"
94.103.84.74 - - [29/Jul/2026:00:39:27 +0000] "GET /wp-admin/plugin-install.php HTTP/1.1" 200 20358 "-" "Mozilla/5.0 (Windows NT 10.0; Win64; x64; rv:133.0) Gecko/20100101 Firefox/133.0"
94.103.84.74 - - [29/Jul/2026:00:39:29 +0000] "POST /wp-admin/update.php?action=upload-plugin HTTP/1.1" 500 2516 "https://www.drjunior.in/wp-admin/update.php?action=upload-plugin" "Mozilla/5.0 (Windows NT 10.0; Win64; x64; rv:133.0) Gecko/20100101 Firefox/133.0"
186.78.12.106 - - [29/Jul/2026:00:39:29 +0000] "POST /wp-login.php HTTP/1.1" 302 5 "https://www.drjunior.in/wp-login.php" "Mozilla/5.0 (Windows NT 10.0; Win64; x64) AppleWebKit/537.36 (KHTML, like Gecko) Chrome/120.0.0.0 Safari/537.36"
94.103.84.74 - - [29/Jul/2026:00:39:31 +0000] "POST /wp-admin/update.php?action=upload-plugin HTTP/1.1" 500 2516 "https://www.drjunior.in/wp-admin/update.php?action=upload-plugin" "Mozilla/5.0 (Windows NT 10.0; Win64; x64; rv:133.0) Gecko/20100101 Firefox/133.0"
94.103.84.74 - - [29/Jul/2026:00:39:32 +0000] "POST /wp-admin/update.php?action=upload-plugin HTTP/1.1" 500 2516 "https://www.drjunior.in/wp-admin/update.php?action=upload-plugin" "Mozilla/5.0 (Windows NT 10.0; Win64; x64; rv:133.0) Gecko/20100101 Firefox/133.0"
94.103.84.74 - - [29/Jul/2026:00:39:32 +0000] "POST /wp-admin/update.php?action=upload-plugin HTTP/1.1" 500 2516 "https://www.drjunior.in/wp-admin/update.php?action=upload-plugin" "Mozilla/5.0 (Windows NT 10.0; Win64; x64; rv:133.0) Gecko/20100101 Firefox/133.0"
186.78.12.106 - - [29/Jul/2026:00:39:32 +0000] "GET /wp-admin/ HTTP/1.1" 200 24213 "https://www.drjunior.in/wp-login.php" "Mozilla/5.0 (Windows NT 10.0; Win64; x64) AppleWebKit/537.36 (KHTML, like Gecko) Chrome/120.0.0.0 Safari/537.36"
94.103.84.74 - - [29/Jul/2026:00:39:33 +0000] "POST /wp-admin/update.php?action=upload-plugin HTTP/1.1" 500 2516 "https://www.drjunior.in/wp-admin/update.php?action=upload-plugin" "Mozilla/5.0 (Windows NT 10.0; Win64; x64; rv:133.0) Gecko/20100101 Firefox/133.0"
94.103.84.74 - - [29/Jul/2026:00:39:34 +0000] "GET /wp-admin/plugins.php HTTP/1.1" 200 17754 "-" "Mozilla/5.0 (Windows NT 10.0; Win64; x64; rv:133.0) Gecko/20100101 Firefox/133.0"
186.78.12.106 - - [29/Jul/2026:00:39:35 +0000] "GET /wp-admin/ HTTP/1.1" 200 24213 "-" "Mozilla/5.0 (Windows NT 10.0; Win64; x64) AppleWebKit/537.36 (KHTML, like Gecko) Chrome/120.0.0.0 Safari/537.36"
94.103.84.74 - - [29/Jul/2026:00:39:36 +0000] "POST /wp-admin/admin-ajax.php HTTP/1.1" 200 242 "https://www.drjunior.in/wp-admin/admin-ajax.php" "Mozilla/5.0 (Windows NT 10.0; Win64; x64; rv:133.0) Gecko/20100101 Firefox/133.0"
186.78.12.106 - - [29/Jul/2026:00:39:38 +0000] "GET /wp-admin/post-new.php HTTP/1.1" 200 79122 "-" "Mozilla/5.0 (Windows NT 10.0; Win64; x64) AppleWebKit/537.36 (KHTML, like Gecko) Chrome/120.0.0.0 Safari/537.36"
186.78.12.106 - - [29/Jul/2026:00:39:44 +0000] "POST /xmlrpc.php HTTP/1.1" 200 661 "-" "WordPress/5.0; https://www.drjunior.in"
186.78.12.106 - - [29/Jul/2026:00:39:46 +0000] "GET /wp-admin/admin-ajax.php?action=rest-nonce HTTP/1.1" 200 41 "-" "Mozilla/5.0 (Windows NT 10.0; Win64; x64) AppleWebKit/537.36 (KHTML, like Gecko) Chrome/120.0.0.0 Safari/537.36"
65.1.209.187 - - [29/Jul/2026:00:39:49 +0000] "POST /wp-cron.php?doing_wp_cron=1785285589.6261310577392578125000 HTTP/1.1" 200 31 "-" "WordPress/6.9; https://www.drjunior.in"
186.78.12.106 - - [29/Jul/2026:00:39:49 +0000] "POST /xmlrpc.php HTTP/1.1" 200 190 "-" "Mozilla/5.0 (Windows NT 10.0; Win64; x64) AppleWebKit/537.36 (KHTML, like Gecko) Chrome/120.0.0.0 Safari/537.36"
186.78.12.106 - - [29/Jul/2026:00:39:51 +0000] "GET /?p=1068 HTTP/1.1" 301 5 "-" "Mozilla/5.0 (Windows NT 10.0; Win64; x64) AppleWebKit/537.36 (KHTML, like Gecko) Chrome/120.0.0.0 Safari/537.36"
186.78.12.106 - - [29/Jul/2026:00:39:54 +0000] "GET /2026/07/28/il-paesaggio-legale-per-i-giocatori-di-casino-online-non-aams/ HTTP/1.1" 200 15357 "-" "Mozilla/5.0 (Windows NT 10.0; Win64; x64) AppleWebKit/537.36 (KHTML, like Gecko) Chrome/120.0.0.0 Safari/537.36"
186.78.12.106 - - [29/Jul/2026:00:39:59 +0000] "GET /?p=1068 HTTP/1.1" 301 5 "-" "Mozilla/5.0 (Windows NT 10.0; Win64; x64) AppleWebKit/537.36 (KHTML, like Gecko) Chrome/120.0.0.0 Safari/537.36"
65.1.209.187 - - [29/Jul/2026:00:40:02 +0000] "POST /wp-cron.php?doing_wp_cron=1785285602.0019450187683105468750 HTTP/1.1" 200 31 "-" "WordPress/6.7.2; https://www.trivandrumtennisclub.com"
186.78.12.106 - - [29/Jul/2026:00:40:02 +0000] "GET /2026/07/28/il-paesaggio-legale-per-i-giocatori-di-casino-online-non-aams/ HTTP/1.1" 200 15351 "-" "Mozilla/5.0 (Windows NT 10.0; Win64; x64) AppleWebKit/537.36 (KHTML, like Gecko) Chrome/120.0.0.0 Safari/537.36"
57.141.0.28 - - [29/Jul/2026:00:40:02 +0000] "GET /member/pace-international-ltd-2/ HTTP/1.1" 200 17855 "-" "Mozilla/5.0 (Windows NT 10.0; Win64; x64) AppleWebKit/537.36 (KHTML, like Gecko) Chrome/145.0.0.0 Safari/537.36 (compatible; meta-externalagent/1.1 (+https://developers.facebook.com/docs/sharing/webmasters/crawler))"
186.78.12.106 - - [29/Jul/2026:00:40:07 +0000] "GET /?p=1068 HTTP/1.1" 301 5 "-" "Mozilla/5.0 (Windows NT 10.0; Win64; x64) AppleWebKit/537.36 (KHTML, like Gecko) Chrome/120.0.0.0 Safari/537.36"
186.78.12.106 - - [29/Jul/2026:00:40:09 +0000] "GET /2026/07/28/il-paesaggio-legale-per-i-giocatori-di-casino-online-non-aams/ HTTP/1.1" 200 15362 "-" "Mozilla/5.0 (Windows NT 10.0; Win64; x64) AppleWebKit/537.36 (KHTML, like Gecko) Chrome/120.0.0.0 Safari/537.36"
65.1.209.187 - - [29/Jul/2026:00:40:14 +0000] "POST /wp-cron.php?doing_wp_cron=1785285614.5269570350646972656250 HTTP/1.1" 200 31 "-" "WordPress/6.9; https://www.drjunior.in"
186.78.12.106 - - [29/Jul/2026:00:40:14 +0000] "POST /wp-json/wp/v2/posts HTTP/1.1" 201 14328 "-" "Mozilla/5.0 (Windows NT 10.0; Win64; x64) AppleWebKit/537.36 (KHTML, like Gecko) Chrome/120.0.0.0 Safari/537.36"
186.78.12.106 - - [29/Jul/2026:00:40:18 +0000] "GET /2026/07/28/il-paesaggio-legale-per-i-giocatori-di-casino-online-non-aams-2/ HTTP/1.1" 200 15353 "-" "Mozilla/5.0 (Windows NT 10.0; Win64; x64) AppleWebKit/537.36 (KHTML, like Gecko) Chrome/120.0.0.0 Safari/537.36"
85.204.70.116 - - [29/Jul/2026:00:40:21 +0000] "GET / HTTP/1.1" 301 178 "-" "Mozilla/5.0 (Windows NT 10.0; Win64; x64) AppleWebKit/537.36 (KHTML, like Gecko) Chrome/78.0.3904.108 Safari/537.36"
85.204.70.116 - - [29/Jul/2026:00:40:22 +0000] "" 400 0 "-" "-"
85.204.70.116 - - [29/Jul/2026:00:40:22 +0000] "GET / HTTP/1.1" 200 80643 "-" "Mozilla/5.0 (Windows NT 10.0; Win64; x64) AppleWebKit/537.36 (KHTML, like Gecko) Chrome/78.0.3904.108 Safari/537.36"
85.204.70.116 - - [29/Jul/2026:00:40:23 +0000] "GET //wp-includes/wlwmanifest.xml HTTP/1.1" 301 5 "-" "Mozilla/5.0 (Windows NT 10.0; Win64; x64) AppleWebKit/537.36 (KHTML, like Gecko) Chrome/78.0.3904.108 Safari/537.36"
85.204.70.116 - - [29/Jul/2026:00:40:23 +0000] "GET //xmlrpc.php?rsd HTTP/1.1" 200 894 "-" "Mozilla/5.0 (Windows NT 10.0; Win64; x64) AppleWebKit/537.36 (KHTML, like Gecko) Chrome/78.0.3904.108 Safari/537.36"
186.78.12.106 - - [29/Jul/2026:00:40:23 +0000] "GET /2026/07/28/il-paesaggio-legale-per-i-giocatori-di-casino-online-non-aams-2/ HTTP/1.1" 200 15363 "-" "Mozilla/5.0 (Windows NT 10.0; Win64; x64) AppleWebKit/537.36 (KHTML, like Gecko) Chrome/120.0.0.0 Safari/537.36"
85.204.70.116 - - [29/Jul/2026:00:40:23 +0000] "GET //?author=1 HTTP/1.1" 301 5 "-" "Mozilla/5.0 (Windows NT 10.0; Win64; x64) AppleWebKit/537.36 (KHTML, like Gecko) Chrome/78.0.3904.108 Safari/537.36"
85.204.70.116 - - [29/Jul/2026:00:40:23 +0000] "GET //?author=2 HTTP/1.1" 301 5 "-" "Mozilla/5.0 (Windows NT 10.0; Win64; x64) AppleWebKit/537.36 (KHTML, like Gecko) Chrome/78.0.3904.108 Safari/537.36"
85.204.70.116 - - [29/Jul/2026:00:40:24 +0000] "GET //wp-json/wp/v2/users/ HTTP/1.1" 200 725 "-" "Mozilla/5.0 (Windows NT 10.0; Win64; x64) AppleWebKit/537.36 (KHTML, like Gecko) Chrome/78.0.3904.108 Safari/537.36"
85.204.70.116 - - [29/Jul/2026:00:40:24 +0000] "POST //xmlrpc.php HTTP/1.1" 200 413 "-" "Mozilla/5.0 (Windows NT 10.0; Win64; x64) AppleWebKit/537.36 (KHTML, like Gecko) Chrome/78.0.3904.108 Safari/537.36"
85.204.70.116 - - [29/Jul/2026:00:40:24 +0000] "POST //xmlrpc.php HTTP/1.1" 200 413 "-" "Mozilla/5.0 (Windows NT 10.0; Win64; x64) AppleWebKit/537.36 (KHTML, like Gecko) Chrome/78.0.3904.108 Safari/537.36"
85.204.70.116 - - [29/Jul/2026:00:40:24 +0000] "POST //xmlrpc.php HTTP/1.1" 200 413 "-" "Mozilla/5.0 (Windows NT 10.0; Win64; x64) AppleWebKit/537.36 (KHTML, like Gecko) Chrome/78.0.3904.108 Safari/537.36"
85.204.70.116 - - [29/Jul/2026:00:40:25 +0000] "POST //xmlrpc.php HTTP/1.1" 200 413 "-" "Mozilla/5.0 (Windows NT 10.0; Win64; x64) AppleWebKit/537.36 (KHTML, like Gecko) Chrome/78.0.3904.108 Safari/537.36"
85.204.70.116 - - [29/Jul/2026:00:40:25 +0000] "POST //xmlrpc.php HTTP/1.1" 200 413 "-" "Mozilla/5.0 (Windows NT 10.0; Win64; x64) AppleWebKit/537.36 (KHTML, like Gecko) Chrome/78.0.3904.108 Safari/537.36"
85.204.70.116 - - [29/Jul/2026:00:40:25 +0000] "POST //xmlrpc.php HTTP/1.1" 200 413 "-" "Mozilla/5.0 (Windows NT 10.0; Win64; x64) AppleWebKit/537.36 (KHTML, like Gecko) Chrome/78.0.3904.108 Safari/537.36"
85.204.70.116 - - [29/Jul/2026:00:40:25 +0000] "POST //xmlrpc.php HTTP/1.1" 200 413 "-" "Mozilla/5.0 (Windows NT 10.0; Win64; x64) AppleWebKit/537.36 (KHTML, like Gecko) Chrome/78.0.3904.108 Safari/537.36"
85.204.70.116 - - [29/Jul/2026:00:40:25 +0000] "POST //xmlrpc.php HTTP/1.1" 200 413 "-" "Mozilla/5.0 (Windows NT 10.0; Win64; x64) AppleWebKit/537.36 (KHTML, like Gecko) Chrome/78.0.3904.108 Safari/537.36"
85.204.70.116 - - [29/Jul/2026:00:40:26 +0000] "POST //xmlrpc.php HTTP/1.1" 200 413 "-" "Mozilla/5.0 (Windows NT 10.0; Win64; x64) AppleWebKit/537.36 (KHTML, like Gecko) Chrome/78.0.3904.108 Safari/537.36"
85.204.70.116 - - [29/Jul/2026:00:40:26 +0000] "POST //xmlrpc.php HTTP/1.1" 200 413 "-" "Mozilla/5.0 (Windows NT 10.0; Win64; x64) AppleWebKit/537.36 (KHTML, like Gecko) Chrome/78.0.3904.108 Safari/537.36"
85.204.70.116 - - [29/Jul/2026:00:40:26 +0000] "POST //xmlrpc.php HTTP/1.1" 200 413 "-" "Mozilla/5.0 (Windows NT 10.0; Win64; x64) AppleWebKit/537.36 (KHTML, like Gecko) Chrome/78.0.3904.108 Safari/537.36"
85.204.70.116 - - [29/Jul/2026:00:40:26 +0000] "POST //xmlrpc.php HTTP/1.1" 200 413 "-" "Mozilla/5.0 (Windows NT 10.0; Win64; x64) AppleWebKit/537.36 (KHTML, like Gecko) Chrome/78.0.3904.108 Safari/537.36"
85.204.70.116 - - [29/Jul/2026:00:40:27 +0000] "POST //xmlrpc.php HTTP/1.1" 200 413 "-" "Mozilla/5.0 (Windows NT 10.0; Win64; x64) AppleWebKit/537.36 (KHTML, like Gecko) Chrome/78.0.3904.108 Safari/537.36"
85.204.70.116 - - [29/Jul/2026:00:40:27 +0000] "POST //xmlrpc.php HTTP/1.1" 200 413 "-" "Mozilla/5.0 (Windows NT 10.0; Win64; x64) AppleWebKit/537.36 (KHTML, like Gecko) Chrome/78.0.3904.108 Safari/537.36"
85.204.70.116 - - [29/Jul/2026:00:40:27 +0000] "POST //xmlrpc.php HTTP/1.1" 200 413 "-" "Mozilla/5.0 (Windows NT 10.0; Win64; x64) AppleWebKit/537.36 (KHTML, like Gecko) Chrome/78.0.3904.108 Safari/537.36"
85.204.70.116 - - [29/Jul/2026:00:40:27 +0000] "POST //xmlrpc.php HTTP/1.1" 200 413 "-" "Mozilla/5.0 (Windows NT 10.0; Win64; x64) AppleWebKit/537.36 (KHTML, like Gecko) Chrome/78.0.3904.108 Safari/537.36"
85.204.70.116 - - [29/Jul/2026:00:40:27 +0000] "POST //xmlrpc.php HTTP/1.1" 200 413 "-" "Mozilla/5.0 (Windows NT 10.0; Win64; x64) AppleWebKit/537.36 (KHTML, like Gecko) Chrome/78.0.3904.108 Safari/537.36"
85.204.70.116 - - [29/Jul/2026:00:40:28 +0000] "POST //xmlrpc.php HTTP/1.1" 200 413 "-" "Mozilla/5.0 (Windows NT 10.0; Win64; x64) AppleWebKit/537.36 (KHTML, like Gecko) Chrome/78.0.3904.108 Safari/537.36"
85.204.70.116 - - [29/Jul/2026:00:40:28 +0000] "POST //xmlrpc.php HTTP/1.1" 200 413 "-" "Mozilla/5.0 (Windows NT 10.0; Win64; x64) AppleWebKit/537.36 (KHTML, like Gecko) Chrome/78.0.3904.108 Safari/537.36"
85.204.70.116 - - [29/Jul/2026:00:40:28 +0000] "POST //xmlrpc.php HTTP/1.1" 200 413 "-" "Mozilla/5.0 (Windows NT 10.0; Win64; x64) AppleWebKit/537.36 (KHTML, like Gecko) Chrome/78.0.3904.108 Safari/537.36"
85.204.70.116 - - [29/Jul/2026:00:40:28 +0000] "POST //xmlrpc.php HTTP/1.1" 200 413 "-" "Mozilla/5.0 (Windows NT 10.0; Win64; x64) AppleWebKit/537.36 (KHTML, like Gecko) Chrome/78.0.3904.108 Safari/537.36"
186.78.12.106 - - [29/Jul/2026:00:40:28 +0000] "GET /2026/07/28/il-paesaggio-legale-per-i-giocatori-di-casino-online-non-aams-2/ HTTP/1.1" 200 15364 "-" "Mozilla/5.0 (Windows NT 10.0; Win64; x64) AppleWebKit/537.36 (KHTML, like Gecko) Chrome/120.0.0.0 Safari/537.36"
85.204.70.116 - - [29/Jul/2026:00:40:29 +0000] "POST //xmlrpc.php HTTP/1.1" 200 413 "-" "Mozilla/5.0 (Windows NT 10.0; Win64; x64) AppleWebKit/537.36 (KHTML, like Gecko) Chrome/78.0.3904.108 Safari/537.36"
85.204.70.116 - - [29/Jul/2026:00:40:29 +0000] "POST //xmlrpc.php HTTP/1.1" 200 413 "-" "Mozilla/5.0 (Windows NT 10.0; Win64; x64) AppleWebKit/537.36 (KHTML, like Gecko) Chrome/78.0.3904.108 Safari/537.36"
85.204.70.116 - - [29/Jul/2026:00:40:29 +0000] "POST //xmlrpc.php HTTP/1.1" 200 413 "-" "Mozilla/5.0 (Windows NT 10.0; Win64; x64) AppleWebKit/537.36 (KHTML, like Gecko) Chrome/78.0.3904.108 Safari/537.36"
85.204.70.116 - - [29/Jul/2026:00:40:29 +0000] "POST //xmlrpc.php HTTP/1.1" 200 413 "-" "Mozilla/5.0 (Windows NT 10.0; Win64; x64) AppleWebKit/537.36 (KHTML, like Gecko) Chrome/78.0.3904.108 Safari/537.36"
85.204.70.116 - - [29/Jul/2026:00:40:29 +0000] "POST //xmlrpc.php HTTP/1.1" 200 413 "-" "Mozilla/5.0 (Windows NT 10.0; Win64; x64) AppleWebKit/537.36 (KHTML, like Gecko) Chrome/78.0.3904.108 Safari/537.36"
85.204.70.116 - - [29/Jul/2026:00:40:30 +0000] "POST //xmlrpc.php HTTP/1.1" 200 413 "-" "Mozilla/5.0 (Windows NT 10.0; Win64; x64) AppleWebKit/537.36 (KHTML, like Gecko) Chrome/78.0.3904.108 Safari/537.36"
85.204.70.116 - - [29/Jul/2026:00:40:30 +0000] "POST //xmlrpc.php HTTP/1.1" 200 413 "-" "Mozilla/5.0 (Windows NT 10.0; Win64; x64) AppleWebKit/537.36 (KHTML, like Gecko) Chrome/78.0.3904.108 Safari/537.36"
85.204.70.116 - - [29/Jul/2026:00:40:30 +0000] "POST //xmlrpc.php HTTP/1.1" 200 413 "-" "Mozilla/5.0 (Windows NT 10.0; Win64; x64) AppleWebKit/537.36 (KHTML, like Gecko) Chrome/78.0.3904.108 Safari/537.36"
85.204.70.116 - - [29/Jul/2026:00:40:30 +0000] "POST //xmlrpc.php HTTP/1.1" 200 413 "-" "Mozilla/5.0 (Windows NT 10.0; Win64; x64) AppleWebKit/537.36 (KHTML, like Gecko) Chrome/78.0.3904.108 Safari/537.36"
85.204.70.116 - - [29/Jul/2026:00:40:30 +0000] "POST //xmlrpc.php HTTP/1.1" 200 413 "-" "Mozilla/5.0 (Windows NT 10.0; Win64; x64) AppleWebKit/537.36 (KHTML, like Gecko) Chrome/78.0.3904.108 Safari/537.36"
85.204.70.116 - - [29/Jul/2026:00:40:31 +0000] "POST //xmlrpc.php HTTP/1.1" 200 413 "-" "Mozilla/5.0 (Windows NT 10.0; Win64; x64) AppleWebKit/537.36 (KHTML, like Gecko) Chrome/78.0.3904.108 Safari/537.36"
85.204.70.116 - - [29/Jul/2026:00:40:31 +0000] "POST //xmlrpc.php HTTP/1.1" 200 413 "-" "Mozilla/5.0 (Windows NT 10.0; Win64; x64) AppleWebKit/537.36 (KHTML, like Gecko) Chrome/78.0.3904.108 Safari/537.36"
85.204.70.116 - - [29/Jul/2026:00:40:31 +0000] "POST //xmlrpc.php HTTP/1.1" 200 413 "-" "Mozilla/5.0 (Windows NT 10.0; Win64; x64) AppleWebKit/537.36 (KHTML, like Gecko) Chrome/78.0.3904.108 Safari/537.36"
85.204.70.116 - - [29/Jul/2026:00:40:31 +0000] "POST //xmlrpc.php HTTP/1.1" 200 413 "-" "Mozilla/5.0 (Windows NT 10.0; Win64; x64) AppleWebKit/537.36 (KHTML, like Gecko) Chrome/78.0.3904.108 Safari/537.36"
85.204.70.116 - - [29/Jul/2026:00:40:32 +0000] "POST //xmlrpc.php HTTP/1.1" 200 413 "-" "Mozilla/5.0 (Windows NT 10.0; Win64; x64) AppleWebKit/537.36 (KHTML, like Gecko) Chrome/78.0.3904.108 Safari/537.36"
85.204.70.116 - - [29/Jul/2026:00:40:32 +0000] "POST //xmlrpc.php HTTP/1.1" 200 413 "-" "Mozilla/5.0 (Windows NT 10.0; Win64; x64) AppleWebKit/537.36 (KHTML, like Gecko) Chrome/78.0.3904.108 Safari/537.36"
85.204.70.116 - - [29/Jul/2026:00:40:32 +0000] "POST //xmlrpc.php HTTP/1.1" 200 413 "-" "Mozilla/5.0 (Windows NT 10.0; Win64; x64) AppleWebKit/537.36 (KHTML, like Gecko) Chrome/78.0.3904.108 Safari/537.36"
85.204.70.116 - - [29/Jul/2026:00:40:32 +0000] "POST //xmlrpc.php HTTP/1.1" 200 413 "-" "Mozilla/5.0 (Windows NT 10.0; Win64; x64) AppleWebKit/537.36 (KHTML, like Gecko) Chrome/78.0.3904.108 Safari/537.36"
85.204.70.116 - - [29/Jul/2026:00:40:32 +0000] "POST //xmlrpc.php HTTP/1.1" 200 413 "-" "Mozilla/5.0 (Windows NT 10.0; Win64; x64) AppleWebKit/537.36 (KHTML, like Gecko) Chrome/78.0.3904.108 Safari/537.36"
85.204.70.116 - - [29/Jul/2026:00:40:33 +0000] "POST //xmlrpc.php HTTP/1.1" 200 413 "-" "Mozilla/5.0 (Windows NT 10.0; Win64; x64) AppleWebKit/537.36 (KHTML, like Gecko) Chrome/78.0.3904.108 Safari/537.36"
65.1.209.187 - - [29/Jul/2026:00:40:33 +0000] "POST /wp-cron.php?doing_wp_cron=1785285633.3601028919219970703125 HTTP/1.1" 200 31 "-" "WordPress/6.9; https://www.drjunior.in"
186.78.12.106 - - [29/Jul/2026:00:40:33 +0000] "POST /wp-json/wp/v2/posts HTTP/1.1" 201 14328 "-" "Mozilla/5.0 (Windows NT 10.0; Win64; x64) AppleWebKit/537.36 (KHTML, like Gecko) Chrome/120.0.0.0 Safari/537.36"
85.204.70.116 - - [29/Jul/2026:00:40:33 +0000] "POST //xmlrpc.php HTTP/1.1" 200 413 "-" "Mozilla/5.0 (Windows NT 10.0; Win64; x64) AppleWebKit/537.36 (KHTML, like Gecko) Chrome/78.0.3904.108 Safari/537.36"
85.204.70.116 - - [29/Jul/2026:00:40:33 +0000] "POST //xmlrpc.php HTTP/1.1" 200 413 "-" "Mozilla/5.0 (Windows NT 10.0; Win64; x64) AppleWebKit/537.36 (KHTML, like Gecko) Chrome/78.0.3904.108 Safari/537.36"
85.204.70.116 - - [29/Jul/2026:00:40:33 +0000] "POST //xmlrpc.php HTTP/1.1" 200 413 "-" "Mozilla/5.0 (Windows NT 10.0; Win64; x64) AppleWebKit/537.36 (KHTML, like Gecko) Chrome/78.0.3904.108 Safari/537.36"
85.204.70.116 - - [29/Jul/2026:00:40:34 +0000] "POST //xmlrpc.php HTTP/1.1" 200 413 "-" "Mozilla/5.0 (Windows NT 10.0; Win64; x64) AppleWebKit/537.36 (KHTML, like Gecko) Chrome/78.0.3904.108 Safari/537.36"
85.204.70.116 - - [29/Jul/2026:00:40:34 +0000] "POST //xmlrpc.php HTTP/1.1" 200 413 "-" "Mozilla/5.0 (Windows NT 10.0; Win64; x64) AppleWebKit/537.36 (KHTML, like Gecko) Chrome/78.0.3904.108 Safari/537.36"
85.204.70.116 - - [29/Jul/2026:00:40:34 +0000] "POST //xmlrpc.php HTTP/1.1" 200 413 "-" "Mozilla/5.0 (Windows NT 10.0; Win64; x64) AppleWebKit/537.36 (KHTML, like Gecko) Chrome/78.0.3904.108 Safari/537.36"
85.204.70.116 - - [29/Jul/2026:00:40:34 +0000] "POST //xmlrpc.php HTTP/1.1" 200 413 "-" "Mozilla/5.0 (Windows NT 10.0; Win64; x64) AppleWebKit/537.36 (KHTML, like Gecko) Chrome/78.0.3904.108 Safari/537.36"
85.204.70.116 - - [29/Jul/2026:00:40:34 +0000] "POST //xmlrpc.php HTTP/1.1" 200 413 "-" "Mozilla/5.0 (Windows NT 10.0; Win64; x64) AppleWebKit/537.36 (KHTML, like Gecko) Chrome/78.0.3904.108 Safari/537.36"
65.1.209.187 - - [29/Jul/2026:00:40:35 +0000] "POST /wp-cron.php?doing_wp_cron=1785285635.1141500473022460937500 HTTP/1.1" 200 31 "-" "WordPress/6.7.2; https://www.trivandrumtennisclub.com"
85.204.70.116 - - [29/Jul/2026:00:40:35 +0000] "POST //xmlrpc.php HTTP/1.1" 200 413 "-" "Mozilla/5.0 (Windows NT 10.0; Win64; x64) AppleWebKit/537.36 (KHTML, like Gecko) Chrome/78.0.3904.108 Safari/537.36"
85.204.70.116 - - [29/Jul/2026:00:40:35 +0000] "POST //xmlrpc.php HTTP/1.1" 200 413 "-" "Mozilla/5.0 (Windows NT 10.0; Win64; x64) AppleWebKit/537.36 (KHTML, like Gecko) Chrome/78.0.3904.108 Safari/537.36"
85.204.70.116 - - [29/Jul/2026:00:40:35 +0000] "POST //xmlrpc.php HTTP/1.1" 200 413 "-" "Mozilla/5.0 (Windows NT 10.0; Win64; x64) AppleWebKit/537.36 (KHTML, like Gecko) Chrome/78.0.3904.108 Safari/537.36"
85.204.70.116 - - [29/Jul/2026:00:40:35 +0000] "POST //xmlrpc.php HTTP/1.1" 200 413 "-" "Mozilla/5.0 (Windows NT 10.0; Win64; x64) AppleWebKit/537.36 (KHTML, like Gecko) Chrome/78.0.3904.108 Safari/537.36"
85.204.70.116 - - [29/Jul/2026:00:40:36 +0000] "POST //xmlrpc.php HTTP/1.1" 200 413 "-" "Mozilla/5.0 (Windows NT 10.0; Win64; x64) AppleWebKit/537.36 (KHTML, like Gecko) Chrome/78.0.3904.108 Safari/537.36"
85.204.70.116 - - [29/Jul/2026:00:40:36 +0000] "POST //xmlrpc.php HTTP/1.1" 200 413 "-" "Mozilla/5.0 (Windows NT 10.0; Win64; x64) AppleWebKit/537.36 (KHTML, like Gecko) Chrome/78.0.3904.108 Safari/537.36"
85.204.70.116 - - [29/Jul/2026:00:40:36 +0000] "POST //xmlrpc.php HTTP/1.1" 200 413 "-" "Mozilla/5.0 (Windows NT 10.0; Win64; x64) AppleWebKit/537.36 (KHTML, like Gecko) Chrome/78.0.3904.108 Safari/537.36"
