110.235.191.215 - - [29/Jul/2026:00:49:57 +0000] "GET / HTTP/1.1" 200 15841 "-" "Mozilla/5.0 (Windows NT 10.0; Win64; x64) AppleWebKit/537.36 (KHTML, like Gecko) Chrome/120.0.0.0 Safari/537.36"
110.235.191.215 - - [29/Jul/2026:00:50:00 +0000] "GET /wp-login.php HTTP/1.1" 200 2035 "-" "Mozilla/5.0 (Windows NT 10.0; Win64; x64) AppleWebKit/537.36 (KHTML, like Gecko) Chrome/120.0.0.0 Safari/537.36"
110.235.191.215 - - [29/Jul/2026:00:50:03 +0000] "POST /wp-login.php HTTP/1.1" 302 5 "https://www.drjunior.in/wp-login.php" "Mozilla/5.0 (Windows NT 10.0; Win64; x64) AppleWebKit/537.36 (KHTML, like Gecko) Chrome/120.0.0.0 Safari/537.36"
110.235.191.215 - - [29/Jul/2026:00:50:05 +0000] "GET /wp-admin/ HTTP/1.1" 200 24159 "https://www.drjunior.in/wp-login.php" "Mozilla/5.0 (Windows NT 10.0; Win64; x64) AppleWebKit/537.36 (KHTML, like Gecko) Chrome/120.0.0.0 Safari/537.36"
45.183.250.254 - - [29/Jul/2026:00:50:12 +0000] "GET /wp-admin/ HTTP/1.1" 200 24157 "-" "Mozilla/5.0 (Windows NT 10.0; Win64; x64) AppleWebKit/537.36 (KHTML, like Gecko) Chrome/120.0.0.0 Safari/537.36"
45.183.250.254 - - [29/Jul/2026:00:50:15 +0000] "GET /wp-admin/post-new.php HTTP/1.1" 200 79124 "-" "Mozilla/5.0 (Windows NT 10.0; Win64; x64) AppleWebKit/537.36 (KHTML, like Gecko) Chrome/120.0.0.0 Safari/537.36"
45.183.250.254 - - [29/Jul/2026:00:50:20 +0000] "POST /xmlrpc.php HTTP/1.1" 200 661 "-" "WordPress/5.0; https://www.drjunior.in"
45.183.250.254 - - [29/Jul/2026:00:50:23 +0000] "GET /wp-admin/admin-ajax.php?action=rest-nonce HTTP/1.1" 200 41 "-" "Mozilla/5.0 (Windows NT 10.0; Win64; x64) AppleWebKit/537.36 (KHTML, like Gecko) Chrome/120.0.0.0 Safari/537.36"
65.1.209.187 - - [29/Jul/2026:00:50:26 +0000] "POST /wp-cron.php?doing_wp_cron=1785286226.0117750167846679687500 HTTP/1.1" 200 31 "-" "WordPress/6.9; https://www.drjunior.in"
45.183.250.254 - - [29/Jul/2026:00:50:26 +0000] "POST /xmlrpc.php HTTP/1.1" 200 190 "-" "Mozilla/5.0 (Windows NT 10.0; Win64; x64) AppleWebKit/537.36 (KHTML, like Gecko) Chrome/120.0.0.0 Safari/537.36"
45.183.250.254 - - [29/Jul/2026:00:50:28 +0000] "GET /?p=1103 HTTP/1.1" 301 5 "-" "Mozilla/5.0 (Windows NT 10.0; Win64; x64) AppleWebKit/537.36 (KHTML, like Gecko) Chrome/120.0.0.0 Safari/537.36"
45.183.250.254 - - [29/Jul/2026:00:50:30 +0000] "GET /2026/07/28/proc-zahrajte-si-popularni-mostbet-aviator-a-vyhrajte-ceny/ HTTP/1.1" 200 15394 "-" "Mozilla/5.0 (Windows NT 10.0; Win64; x64) AppleWebKit/537.36 (KHTML, like Gecko) Chrome/120.0.0.0 Safari/537.36"
45.183.250.254 - - [29/Jul/2026:00:50:35 +0000] "GET /?p=1103 HTTP/1.1" 301 5 "-" "Mozilla/5.0 (Windows NT 10.0; Win64; x64) AppleWebKit/537.36 (KHTML, like Gecko) Chrome/120.0.0.0 Safari/537.36"
45.183.250.254 - - [29/Jul/2026:00:50:38 +0000] "GET /2026/07/28/proc-zahrajte-si-popularni-mostbet-aviator-a-vyhrajte-ceny/ HTTP/1.1" 200 15389 "-" "Mozilla/5.0 (Windows NT 10.0; Win64; x64) AppleWebKit/537.36 (KHTML, like Gecko) Chrome/120.0.0.0 Safari/537.36"
45.183.250.254 - - [29/Jul/2026:00:50:42 +0000] "GET /?p=1103 HTTP/1.1" 301 5 "-" "Mozilla/5.0 (Windows NT 10.0; Win64; x64) AppleWebKit/537.36 (KHTML, like Gecko) Chrome/120.0.0.0 Safari/537.36"
45.183.250.254 - - [29/Jul/2026:00:50:45 +0000] "GET /2026/07/28/proc-zahrajte-si-popularni-mostbet-aviator-a-vyhrajte-ceny/ HTTP/1.1" 200 15390 "-" "Mozilla/5.0 (Windows NT 10.0; Win64; x64) AppleWebKit/537.36 (KHTML, like Gecko) Chrome/120.0.0.0 Safari/537.36"
65.1.209.187 - - [29/Jul/2026:00:50:49 +0000] "POST /wp-cron.php?doing_wp_cron=1785286249.4933369159698486328125 HTTP/1.1" 200 31 "-" "WordPress/6.9; https://www.drjunior.in"
45.183.250.254 - - [29/Jul/2026:00:50:49 +0000] "POST /wp-json/wp/v2/posts HTTP/1.1" 201 16460 "-" "Mozilla/5.0 (Windows NT 10.0; Win64; x64) AppleWebKit/537.36 (KHTML, like Gecko) Chrome/120.0.0.0 Safari/537.36"
45.183.250.254 - - [29/Jul/2026:00:50:52 +0000] "GET /2026/07/28/proc-zahrajte-si-popularni-mostbet-aviator-a-vyhrajte-ceny-2/ HTTP/1.1" 200 15399 "-" "Mozilla/5.0 (Windows NT 10.0; Win64; x64) AppleWebKit/537.36 (KHTML, like Gecko) Chrome/120.0.0.0 Safari/537.36"
45.183.250.254 - - [29/Jul/2026:00:50:57 +0000] "GET /2026/07/28/proc-zahrajte-si-popularni-mostbet-aviator-a-vyhrajte-ceny-2/ HTTP/1.1" 200 15395 "-" "Mozilla/5.0 (Windows NT 10.0; Win64; x64) AppleWebKit/537.36 (KHTML, like Gecko) Chrome/120.0.0.0 Safari/537.36"
198.244.168.96 - - [29/Jul/2026:00:51:01 +0000] "GET /wp-sitemap.xml HTTP/1.1" 200 549 "-" "Mozilla/5.0 (compatible; AhrefsBot/7.0; +http://ahrefs.com/robot/)"
51.195.244.39 - - [29/Jul/2026:00:51:03 +0000] "GET /wp-sitemap-posts-post-1.xml HTTP/1.1" 200 45685 "-" "Mozilla/5.0 (compatible; AhrefsBot/7.0; +http://ahrefs.com/robot/)"
45.183.250.254 - - [29/Jul/2026:00:51:03 +0000] "GET /2026/07/28/proc-zahrajte-si-popularni-mostbet-aviator-a-vyhrajte-ceny-2/ HTTP/1.1" 200 15395 "-" "Mozilla/5.0 (Windows NT 10.0; Win64; x64) AppleWebKit/537.36 (KHTML, like Gecko) Chrome/120.0.0.0 Safari/537.36"
198.244.242.124 - - [29/Jul/2026:00:51:04 +0000] "GET /wp-sitemap-posts-page-1.xml HTTP/1.1" 200 1102 "-" "Mozilla/5.0 (compatible; AhrefsBot/7.0; +http://ahrefs.com/robot/)"
65.1.209.187 - - [29/Jul/2026:00:51:06 +0000] "POST /wp-cron.php?doing_wp_cron=1785286266.6269190311431884765625 HTTP/1.1" 200 31 "-" "WordPress/6.9; https://www.drjunior.in"
45.183.250.254 - - [29/Jul/2026:00:51:06 +0000] "POST /wp-json/wp/v2/posts HTTP/1.1" 201 16460 "-" "Mozilla/5.0 (Windows NT 10.0; Win64; x64) AppleWebKit/537.36 (KHTML, like Gecko) Chrome/120.0.0.0 Safari/537.36"
198.244.240.253 - - [29/Jul/2026:00:51:06 +0000] "GET /wp-sitemap-taxonomies-category-1.xml HTTP/1.1" 200 403 "-" "Mozilla/5.0 (compatible; AhrefsBot/7.0; +http://ahrefs.com/robot/)"
51.195.244.164 - - [29/Jul/2026:00:51:08 +0000] "GET /wp-sitemap-users-1.xml HTTP/1.1" 200 418 "-" "Mozilla/5.0 (compatible; AhrefsBot/7.0; +http://ahrefs.com/robot/)"
111.119.201.23 - - [29/Jul/2026:00:51:09 +0000] "GET /ip HTTP/1.1" 301 178 "-" "Mozilla/5.0 (Macintosh; Intel Mac OS X 10_15_7) AppleWebKit/537.36 (KHTML, like Gecko) Chrome/114.0.0.0 Safari/537.36"
124.243.186.218 - - [29/Jul/2026:00:51:09 +0000] "GET /ip HTTP/1.1" 301 178 "-" "Mozilla/5.0 (Macintosh; Intel Mac OS X 10_15_7) AppleWebKit/537.36 (KHTML, like Gecko) Chrome/114.0.0.0 Safari/537.36"
94.74.105.132 - - [29/Jul/2026:00:51:09 +0000] "GET /ip HTTP/1.1" 301 178 "-" "Mozilla/5.0 (Macintosh; Intel Mac OS X 10_15_7) AppleWebKit/537.36 (KHTML, like Gecko) Chrome/114.0.0.0 Safari/537.36"
159.138.134.104 - - [29/Jul/2026:00:51:09 +0000] "GET /ip HTTP/1.1" 301 178 "-" "Mozilla/5.0 (Macintosh; Intel Mac OS X 10_15_7) AppleWebKit/537.36 (KHTML, like Gecko) Chrome/114.0.0.0 Safari/537.36"
149.232.142.139 - - [29/Jul/2026:00:51:09 +0000] "GET /ip HTTP/1.1" 301 178 "-" "Mozilla/5.0 (Macintosh; Intel Mac OS X 10_15_7) AppleWebKit/537.36 (KHTML, like Gecko) Chrome/114.0.0.0 Safari/537.36"
45.183.250.254 - - [29/Jul/2026:00:51:09 +0000] "GET /2026/07/28/proc-zahrajte-si-popularni-mostbet-aviator-a-vyhrajte-ceny-3/ HTTP/1.1" 200 15388 "-" "Mozilla/5.0 (Windows NT 10.0; Win64; x64) AppleWebKit/537.36 (KHTML, like Gecko) Chrome/120.0.0.0 Safari/537.36"
46.250.168.137 - - [29/Jul/2026:00:51:10 +0000] "GET /ip HTTP/1.1" 301 178 "-" "Mozilla/5.0 (Macintosh; Intel Mac OS X 10_15_7) AppleWebKit/537.36 (KHTML, like Gecko) Chrome/114.0.0.0 Safari/537.36"
45.183.250.254 - - [29/Jul/2026:00:51:14 +0000] "GET /2026/07/28/proc-zahrajte-si-popularni-mostbet-aviator-a-vyhrajte-ceny-3/ HTTP/1.1" 200 15398 "-" "Mozilla/5.0 (Windows NT 10.0; Win64; x64) AppleWebKit/537.36 (KHTML, like Gecko) Chrome/120.0.0.0 Safari/537.36"
45.183.250.254 - - [29/Jul/2026:00:51:20 +0000] "GET /2026/07/28/proc-zahrajte-si-popularni-mostbet-aviator-a-vyhrajte-ceny-3/ HTTP/1.1" 200 15389 "-" "Mozilla/5.0 (Windows NT 10.0; Win64; x64) AppleWebKit/537.36 (KHTML, like Gecko) Chrome/120.0.0.0 Safari/537.36"
45.183.250.254 - - [29/Jul/2026:00:51:23 +0000] "GET /wp-admin/post-new.php HTTP/1.1" 200 79127 "-" "Mozilla/5.0 (Windows NT 10.0; Win64; x64) AppleWebKit/537.36 (KHTML, like Gecko) Chrome/120.0.0.0 Safari/537.36"
65.1.209.187 - - [29/Jul/2026:00:51:28 +0000] "POST /wp-cron.php?doing_wp_cron=1785286288.3996388912200927734375 HTTP/1.1" 200 31 "-" "WordPress/6.9; https://www.drjunior.in"
45.183.250.254 - - [29/Jul/2026:00:51:28 +0000] "POST /wp-admin/post.php HTTP/1.1" 302 5 "-" "Mozilla/5.0 (Windows NT 10.0; Win64; x64) AppleWebKit/537.36 (KHTML, like Gecko) Chrome/120.0.0.0 Safari/537.36"
45.183.250.254 - - [29/Jul/2026:00:51:30 +0000] "GET /wp-admin/post.php?post=1107&action=edit&message=1 HTTP/1.1" 200 82837 "-" "Mozilla/5.0 (Windows NT 10.0; Win64; x64) AppleWebKit/537.36 (KHTML, like Gecko) Chrome/120.0.0.0 Safari/537.36"
148.222.205.254 - - [29/Jul/2026:00:51:36 +0000] "GET /?p=1107 HTTP/1.1" 301 5 "-" "Mozilla/5.0 (Windows NT 10.0; Win64; x64) AppleWebKit/537.36 (KHTML, like Gecko) Chrome/120.0.0.0 Safari/537.36"
148.222.205.254 - - [29/Jul/2026:00:51:39 +0000] "GET /2026/07/29/proc-zahrajte-si-popularni-mostbet-aviator-a-vyhrajte-ceny-4/ HTTP/1.1" 200 15402 "-" "Mozilla/5.0 (Windows NT 10.0; Win64; x64) AppleWebKit/537.36 (KHTML, like Gecko) Chrome/120.0.0.0 Safari/537.36"
148.222.205.254 - - [29/Jul/2026:00:51:43 +0000] "GET /?p=1107 HTTP/1.1" 301 5 "-" "Mozilla/5.0 (Windows NT 10.0; Win64; x64) AppleWebKit/537.36 (KHTML, like Gecko) Chrome/120.0.0.0 Safari/537.36"
148.222.205.254 - - [29/Jul/2026:00:51:45 +0000] "GET /2026/07/29/proc-zahrajte-si-popularni-mostbet-aviator-a-vyhrajte-ceny-4/ HTTP/1.1" 200 15405 "-" "Mozilla/5.0 (Windows NT 10.0; Win64; x64) AppleWebKit/537.36 (KHTML, like Gecko) Chrome/120.0.0.0 Safari/537.36"
148.222.205.254 - - [29/Jul/2026:00:51:50 +0000] "GET /?p=1107 HTTP/1.1" 301 5 "-" "Mozilla/5.0 (Windows NT 10.0; Win64; x64) AppleWebKit/537.36 (KHTML, like Gecko) Chrome/120.0.0.0 Safari/537.36"
148.222.205.254 - - [29/Jul/2026:00:51:52 +0000] "GET /2026/07/29/proc-zahrajte-si-popularni-mostbet-aviator-a-vyhrajte-ceny-4/ HTTP/1.1" 200 15401 "-" "Mozilla/5.0 (Windows NT 10.0; Win64; x64) AppleWebKit/537.36 (KHTML, like Gecko) Chrome/120.0.0.0 Safari/537.36"
148.227.121.69 - - [29/Jul/2026:00:52:01 +0000] "GET / HTTP/1.1" 200 15846 "-" "Mozilla/5.0 (Windows NT 10.0; Win64; x64) AppleWebKit/537.36 (KHTML, like Gecko) Chrome/120.0.0.0 Safari/537.36"
148.227.121.69 - - [29/Jul/2026:00:52:05 +0000] "GET /wp-login.php HTTP/1.1" 200 2039 "-" "Mozilla/5.0 (Windows NT 10.0; Win64; x64) AppleWebKit/537.36 (KHTML, like Gecko) Chrome/120.0.0.0 Safari/537.36"
148.227.121.69 - - [29/Jul/2026:00:52:09 +0000] "POST /wp-login.php HTTP/1.1" 302 5 "https://www.drjunior.in/wp-login.php" "Mozilla/5.0 (Windows NT 10.0; Win64; x64) AppleWebKit/537.36 (KHTML, like Gecko) Chrome/120.0.0.0 Safari/537.36"
148.227.121.69 - - [29/Jul/2026:00:52:11 +0000] "GET /wp-admin/ HTTP/1.1" 200 24218 "https://www.drjunior.in/wp-login.php" "Mozilla/5.0 (Windows NT 10.0; Win64; x64) AppleWebKit/537.36 (KHTML, like Gecko) Chrome/120.0.0.0 Safari/537.36"
115.135.199.182 - - [29/Jul/2026:00:52:22 +0000] "GET /wp-admin/ HTTP/1.1" 200 24218 "-" "Mozilla/5.0 (Windows NT 10.0; Win64; x64) AppleWebKit/537.36 (KHTML, like Gecko) Chrome/120.0.0.0 Safari/537.36"
148.227.121.69 - - [29/Jul/2026:00:52:31 +0000] "GET /wp-admin/post-new.php HTTP/1.1" 200 79126 "-" "Mozilla/5.0 (Windows NT 10.0; Win64; x64) AppleWebKit/537.36 (KHTML, like Gecko) Chrome/120.0.0.0 Safari/537.36"
148.227.121.69 - - [29/Jul/2026:00:52:40 +0000] "POST /xmlrpc.php HTTP/1.1" 200 661 "-" "WordPress/5.0; https://www.drjunior.in"
148.227.121.69 - - [29/Jul/2026:00:52:42 +0000] "GET /wp-admin/admin-ajax.php?action=rest-nonce HTTP/1.1" 200 41 "-" "Mozilla/5.0 (Windows NT 10.0; Win64; x64) AppleWebKit/537.36 (KHTML, like Gecko) Chrome/120.0.0.0 Safari/537.36"
65.1.209.187 - - [29/Jul/2026:00:52:45 +0000] "POST /wp-cron.php?doing_wp_cron=1785286365.5207901000976562500000 HTTP/1.1" 200 31 "-" "WordPress/6.9; https://www.drjunior.in"
148.227.121.69 - - [29/Jul/2026:00:52:45 +0000] "POST /xmlrpc.php HTTP/1.1" 200 190 "-" "Mozilla/5.0 (Windows NT 10.0; Win64; x64) AppleWebKit/537.36 (KHTML, like Gecko) Chrome/120.0.0.0 Safari/537.36"
148.227.121.69 - - [29/Jul/2026:00:52:47 +0000] "GET /?p=1110 HTTP/1.1" 301 5 "-" "Mozilla/5.0 (Windows NT 10.0; Win64; x64) AppleWebKit/537.36 (KHTML, like Gecko) Chrome/120.0.0.0 Safari/537.36"
148.227.121.69 - - [29/Jul/2026:00:52:49 +0000] "GET /2026/07/28/proc-zahrajte-si-popularni-mostbet-aviator-a-vyhrajte-ceny-5/ HTTP/1.1" 200 15393 "-" "Mozilla/5.0 (Windows NT 10.0; Win64; x64) AppleWebKit/537.36 (KHTML, like Gecko) Chrome/120.0.0.0 Safari/537.36"
148.227.121.69 - - [29/Jul/2026:00:52:54 +0000] "GET /?p=1110 HTTP/1.1" 301 5 "-" "Mozilla/5.0 (Windows NT 10.0; Win64; x64) AppleWebKit/537.36 (KHTML, like Gecko) Chrome/120.0.0.0 Safari/537.36"
43.164.196.47 - - [29/Jul/2026:00:52:56 +0000] "GET / HTTP/1.1" 301 178 "-" "Mozilla/5.0 (iPhone; CPU iPhone OS 13_2_3 like Mac OS X) AppleWebKit/605.1.15 (KHTML, like Gecko) Version/13.0.3 Mobile/15E148 Safari/604.1"
148.227.121.69 - - [29/Jul/2026:00:52:56 +0000] "GET /2026/07/28/proc-zahrajte-si-popularni-mostbet-aviator-a-vyhrajte-ceny-5/ HTTP/1.1" 200 15399 "-" "Mozilla/5.0 (Windows NT 10.0; Win64; x64) AppleWebKit/537.36 (KHTML, like Gecko) Chrome/120.0.0.0 Safari/537.36"
43.164.196.47 - - [29/Jul/2026:00:52:57 +0000] "GET / HTTP/1.1" 301 5 "http://drjunior.in" "Mozilla/5.0 (iPhone; CPU iPhone OS 13_2_3 like Mac OS X) AppleWebKit/605.1.15 (KHTML, like Gecko) Version/13.0.3 Mobile/15E148 Safari/604.1"
43.164.196.47 - - [29/Jul/2026:00:52:59 +0000] "GET / HTTP/1.1" 200 15839 "https://drjunior.in/" "Mozilla/5.0 (iPhone; CPU iPhone OS 13_2_3 like Mac OS X) AppleWebKit/605.1.15 (KHTML, like Gecko) Version/13.0.3 Mobile/15E148 Safari/604.1"
148.227.121.69 - - [29/Jul/2026:00:53:01 +0000] "GET /?p=1110 HTTP/1.1" 301 5 "-" "Mozilla/5.0 (Windows NT 10.0; Win64; x64) AppleWebKit/537.36 (KHTML, like Gecko) Chrome/120.0.0.0 Safari/537.36"
148.227.121.69 - - [29/Jul/2026:00:53:03 +0000] "GET /2026/07/28/proc-zahrajte-si-popularni-mostbet-aviator-a-vyhrajte-ceny-5/ HTTP/1.1" 200 15384 "-" "Mozilla/5.0 (Windows NT 10.0; Win64; x64) AppleWebKit/537.36 (KHTML, like Gecko) Chrome/120.0.0.0 Safari/537.36"
65.1.209.187 - - [29/Jul/2026:00:53:07 +0000] "POST /wp-cron.php?doing_wp_cron=1785286387.5743250846862792968750 HTTP/1.1" 200 31 "-" "WordPress/6.9; https://www.drjunior.in"
148.227.121.69 - - [29/Jul/2026:00:53:07 +0000] "POST /wp-json/wp/v2/posts HTTP/1.1" 201 16460 "-" "Mozilla/5.0 (Windows NT 10.0; Win64; x64) AppleWebKit/537.36 (KHTML, like Gecko) Chrome/120.0.0.0 Safari/537.36"
148.227.121.69 - - [29/Jul/2026:00:53:10 +0000] "GET /2026/07/28/proc-zahrajte-si-popularni-mostbet-aviator-a-vyhrajte-ceny-6/ HTTP/1.1" 200 15393 "-" "Mozilla/5.0 (Windows NT 10.0; Win64; x64) AppleWebKit/537.36 (KHTML, like Gecko) Chrome/120.0.0.0 Safari/537.36"
148.227.121.69 - - [29/Jul/2026:00:53:15 +0000] "GET /2026/07/28/proc-zahrajte-si-popularni-mostbet-aviator-a-vyhrajte-ceny-6/ HTTP/1.1" 200 15393 "-" "Mozilla/5.0 (Windows NT 10.0; Win64; x64) AppleWebKit/537.36 (KHTML, like Gecko) Chrome/120.0.0.0 Safari/537.36"
148.227.121.69 - - [29/Jul/2026:00:53:20 +0000] "GET /2026/07/28/proc-zahrajte-si-popularni-mostbet-aviator-a-vyhrajte-ceny-6/ HTTP/1.1" 200 15394 "-" "Mozilla/5.0 (Windows NT 10.0; Win64; x64) AppleWebKit/537.36 (KHTML, like Gecko) Chrome/120.0.0.0 Safari/537.36"
65.1.209.187 - - [29/Jul/2026:00:53:24 +0000] "POST /wp-cron.php?doing_wp_cron=1785286404.3337709903717041015625 HTTP/1.1" 200 31 "-" "WordPress/6.9; https://www.drjunior.in"
148.227.121.69 - - [29/Jul/2026:00:53:24 +0000] "POST /wp-json/wp/v2/posts HTTP/1.1" 201 16460 "-" "Mozilla/5.0 (Windows NT 10.0; Win64; x64) AppleWebKit/537.36 (KHTML, like Gecko) Chrome/120.0.0.0 Safari/537.36"
148.227.121.69 - - [29/Jul/2026:00:53:27 +0000] "GET /2026/07/28/proc-zahrajte-si-popularni-mostbet-aviator-a-vyhrajte-ceny-7/ HTTP/1.1" 200 15393 "-" "Mozilla/5.0 (Windows NT 10.0; Win64; x64) AppleWebKit/537.36 (KHTML, like Gecko) Chrome/120.0.0.0 Safari/537.36"
148.227.121.69 - - [29/Jul/2026:00:53:33 +0000] "GET /2026/07/28/proc-zahrajte-si-popularni-mostbet-aviator-a-vyhrajte-ceny-7/ HTTP/1.1" 200 15386 "-" "Mozilla/5.0 (Windows NT 10.0; Win64; x64) AppleWebKit/537.36 (KHTML, like Gecko) Chrome/120.0.0.0 Safari/537.36"
148.227.121.69 - - [29/Jul/2026:00:53:38 +0000] "GET /2026/07/28/proc-zahrajte-si-popularni-mostbet-aviator-a-vyhrajte-ceny-7/ HTTP/1.1" 200 15386 "-" "Mozilla/5.0 (Windows NT 10.0; Win64; x64) AppleWebKit/537.36 (KHTML, like Gecko) Chrome/120.0.0.0 Safari/537.36"
114.119.157.245 - - [29/Jul/2026:00:53:39 +0000] "GET /category/uncategorized/ HTTP/1.1" 200 14115 "https://www.drjunior.in/wp-sitemap-taxonomies-category-1.xml" "Mozilla/5.0 (Linux; Android 7.0;) AppleWebKit/537.36 (HTML, like Gecko) Mobile Safari/537.36 (compatible; PetalBot;+https://webmaster.petalsearch.com/site/petalbot)"
148.227.121.69 - - [29/Jul/2026:00:53:40 +0000] "GET /wp-admin/post-new.php HTTP/1.1" 200 79126 "-" "Mozilla/5.0 (Windows NT 10.0; Win64; x64) AppleWebKit/537.36 (KHTML, like Gecko) Chrome/120.0.0.0 Safari/537.36"
65.1.209.187 - - [29/Jul/2026:00:53:51 +0000] "POST /wp-cron.php?doing_wp_cron=1785286431.5178649425506591796875 HTTP/1.1" 200 31 "-" "WordPress/6.9; https://www.drjunior.in"
148.227.121.69 - - [29/Jul/2026:00:53:51 +0000] "POST /wp-admin/post.php HTTP/1.1" 302 5 "-" "Mozilla/5.0 (Windows NT 10.0; Win64; x64) AppleWebKit/537.36 (KHTML, like Gecko) Chrome/120.0.0.0 Safari/537.36"
148.227.121.69 - - [29/Jul/2026:00:53:53 +0000] "GET /wp-admin/post.php?post=1114&action=edit&message=1 HTTP/1.1" 200 82836 "-" "Mozilla/5.0 (Windows NT 10.0; Win64; x64) AppleWebKit/537.36 (KHTML, like Gecko) Chrome/120.0.0.0 Safari/537.36"
31.15.0.229 - - [29/Jul/2026:00:54:00 +0000] "GET /?p=1114 HTTP/1.1" 301 5 "-" "Mozilla/5.0 (Windows NT 10.0; Win64; x64) AppleWebKit/537.36 (KHTML, like Gecko) Chrome/120.0.0.0 Safari/537.36"
31.15.0.229 - - [29/Jul/2026:00:54:02 +0000] "GET /2026/07/29/proc-zahrajte-si-popularni-mostbet-aviator-a-vyhrajte-ceny-8/ HTTP/1.1" 200 15396 "-" "Mozilla/5.0 (Windows NT 10.0; Win64; x64) AppleWebKit/537.36 (KHTML, like Gecko) Chrome/120.0.0.0 Safari/537.36"
31.15.0.229 - - [29/Jul/2026:00:54:07 +0000] "GET /?p=1114 HTTP/1.1" 301 5 "-" "Mozilla/5.0 (Windows NT 10.0; Win64; x64) AppleWebKit/537.36 (KHTML, like Gecko) Chrome/120.0.0.0 Safari/537.36"
31.15.0.229 - - [29/Jul/2026:00:54:09 +0000] "GET /2026/07/29/proc-zahrajte-si-popularni-mostbet-aviator-a-vyhrajte-ceny-8/ HTTP/1.1" 200 15388 "-" "Mozilla/5.0 (Windows NT 10.0; Win64; x64) AppleWebKit/537.36 (KHTML, like Gecko) Chrome/120.0.0.0 Safari/537.36"
31.15.0.229 - - [29/Jul/2026:00:54:13 +0000] "GET /?p=1114 HTTP/1.1" 301 5 "-" "Mozilla/5.0 (Windows NT 10.0; Win64; x64) AppleWebKit/537.36 (KHTML, like Gecko) Chrome/120.0.0.0 Safari/537.36"
31.15.0.229 - - [29/Jul/2026:00:54:15 +0000] "GET /2026/07/29/proc-zahrajte-si-popularni-mostbet-aviator-a-vyhrajte-ceny-8/ HTTP/1.1" 200 15404 "-" "Mozilla/5.0 (Windows NT 10.0; Win64; x64) AppleWebKit/537.36 (KHTML, like Gecko) Chrome/120.0.0.0 Safari/537.36"
190.141.121.63 - - [29/Jul/2026:00:54:21 +0000] "GET / HTTP/1.1" 200 15848 "-" "Mozilla/5.0 (Windows NT 10.0; Win64; x64) AppleWebKit/537.36 (KHTML, like Gecko) Chrome/120.0.0.0 Safari/537.36"
190.141.121.63 - - [29/Jul/2026:00:54:23 +0000] "GET /wp-login.php HTTP/1.1" 200 2033 "-" "Mozilla/5.0 (Windows NT 10.0; Win64; x64) AppleWebKit/537.36 (KHTML, like Gecko) Chrome/120.0.0.0 Safari/537.36"
190.141.121.63 - - [29/Jul/2026:00:54:25 +0000] "POST /wp-login.php HTTP/1.1" 302 5 "https://www.drjunior.in/wp-login.php" "Mozilla/5.0 (Windows NT 10.0; Win64; x64) AppleWebKit/537.36 (KHTML, like Gecko) Chrome/120.0.0.0 Safari/537.36"
190.141.121.63 - - [29/Jul/2026:00:54:27 +0000] "GET /wp-admin/ HTTP/1.1" 200 24230 "https://www.drjunior.in/wp-login.php" "Mozilla/5.0 (Windows NT 10.0; Win64; x64) AppleWebKit/537.36 (KHTML, like Gecko) Chrome/120.0.0.0 Safari/537.36"
103.157.94.191 - - [29/Jul/2026:00:54:33 +0000] "GET /wp-admin/ HTTP/1.1" 200 24230 "-" "Mozilla/5.0 (Windows NT 10.0; Win64; x64) AppleWebKit/537.36 (KHTML, like Gecko) Chrome/120.0.0.0 Safari/537.36"
103.157.94.191 - - [29/Jul/2026:00:54:36 +0000] "GET /wp-admin/post-new.php HTTP/1.1" 200 79135 "-" "Mozilla/5.0 (Windows NT 10.0; Win64; x64) AppleWebKit/537.36 (KHTML, like Gecko) Chrome/120.0.0.0 Safari/537.36"
103.157.94.191 - - [29/Jul/2026:00:54:39 +0000] "POST /xmlrpc.php HTTP/1.1" 200 661 "-" "WordPress/5.0; https://www.drjunior.in"
103.157.94.191 - - [29/Jul/2026:00:54:40 +0000] "GET /wp-admin/admin-ajax.php?action=rest-nonce HTTP/1.1" 200 41 "-" "Mozilla/5.0 (Windows NT 10.0; Win64; x64) AppleWebKit/537.36 (KHTML, like Gecko) Chrome/120.0.0.0 Safari/537.36"
65.1.209.187 - - [29/Jul/2026:00:54:42 +0000] "POST /wp-cron.php?doing_wp_cron=1785286482.6258339881896972656250 HTTP/1.1" 200 31 "-" "WordPress/6.9; https://www.drjunior.in"
103.157.94.191 - - [29/Jul/2026:00:54:42 +0000] "POST /xmlrpc.php HTTP/1.1" 200 190 "-" "Mozilla/5.0 (Windows NT 10.0; Win64; x64) AppleWebKit/537.36 (KHTML, like Gecko) Chrome/120.0.0.0 Safari/537.36"
103.157.94.191 - - [29/Jul/2026:00:54:44 +0000] "GET /?p=1117 HTTP/1.1" 301 5 "-" "Mozilla/5.0 (Windows NT 10.0; Win64; x64) AppleWebKit/537.36 (KHTML, like Gecko) Chrome/120.0.0.0 Safari/537.36"
103.157.94.191 - - [29/Jul/2026:00:54:45 +0000] "GET /2026/07/28/proc-zahrajte-si-popularni-mostbet-aviator-a-vyhrajte-ceny-9/ HTTP/1.1" 200 15390 "-" "Mozilla/5.0 (Windows NT 10.0; Win64; x64) AppleWebKit/537.36 (KHTML, like Gecko) Chrome/120.0.0.0 Safari/537.36"
103.157.94.191 - - [29/Jul/2026:00:54:49 +0000] "GET /?p=1117 HTTP/1.1" 301 5 "-" "Mozilla/5.0 (Windows NT 10.0; Win64; x64) AppleWebKit/537.36 (KHTML, like Gecko) Chrome/120.0.0.0 Safari/537.36"
103.157.94.191 - - [29/Jul/2026:00:54:51 +0000] "GET /2026/07/28/proc-zahrajte-si-popularni-mostbet-aviator-a-vyhrajte-ceny-9/ HTTP/1.1" 200 15401 "-" "Mozilla/5.0 (Windows NT 10.0; Win64; x64) AppleWebKit/537.36 (KHTML, like Gecko) Chrome/120.0.0.0 Safari/537.36"
103.157.94.191 - - [29/Jul/2026:00:54:55 +0000] "GET /?p=1117 HTTP/1.1" 301 5 "-" "Mozilla/5.0 (Windows NT 10.0; Win64; x64) AppleWebKit/537.36 (KHTML, like Gecko) Chrome/120.0.0.0 Safari/537.36"
103.157.94.191 - - [29/Jul/2026:00:54:56 +0000] "GET /2026/07/28/proc-zahrajte-si-popularni-mostbet-aviator-a-vyhrajte-ceny-9/ HTTP/1.1" 200 15398 "-" "Mozilla/5.0 (Windows NT 10.0; Win64; x64) AppleWebKit/537.36 (KHTML, like Gecko) Chrome/120.0.0.0 Safari/537.36"
65.1.209.187 - - [29/Jul/2026:00:54:58 +0000] "POST /wp-cron.php?doing_wp_cron=1785286498.4631249904632568359375 HTTP/1.1" 200 31 "-" "WordPress/6.7.2; https://www.trivandrumtennisclub.com"
57.141.0.56 - - [29/Jul/2026:00:54:58 +0000] "GET /member/pstebcuhtyemluhul-nuupsmhtcagaknacyhbvqwgk/ HTTP/1.1" 200 17931 "-" "Mozilla/5.0 (Windows NT 10.0; Win64; x64) AppleWebKit/537.36 (KHTML, like Gecko) Chrome/145.0.0.0 Safari/537.36 (compatible; meta-externalagent/1.1 (+https://developers.facebook.com/docs/sharing/webmasters/crawler))"
65.1.209.187 - - [29/Jul/2026:00:54:59 +0000] "POST /wp-cron.php?doing_wp_cron=1785286499.6470460891723632812500 HTTP/1.1" 200 31 "-" "WordPress/6.9; https://www.drjunior.in"
103.157.94.191 - - [29/Jul/2026:00:54:59 +0000] "POST /wp-json/wp/v2/posts HTTP/1.1" 201 16465 "-" "Mozilla/5.0 (Windows NT 10.0; Win64; x64) AppleWebKit/537.36 (KHTML, like Gecko) Chrome/120.0.0.0 Safari/537.36"
103.157.94.191 - - [29/Jul/2026:00:55:01 +0000] "GET /2026/07/28/proc-zahrajte-si-popularni-mostbet-aviator-a-vyhrajte-ceny-10/ HTTP/1.1" 200 15405 "-" "Mozilla/5.0 (Windows NT 10.0; Win64; x64) AppleWebKit/537.36 (KHTML, like Gecko) Chrome/120.0.0.0 Safari/537.36"
103.157.94.191 - - [29/Jul/2026:00:55:05 +0000] "GET /2026/07/28/proc-zahrajte-si-popularni-mostbet-aviator-a-vyhrajte-ceny-10/ HTTP/1.1" 200 15395 "-" "Mozilla/5.0 (Windows NT 10.0; Win64; x64) AppleWebKit/537.36 (KHTML, like Gecko) Chrome/120.0.0.0 Safari/537.36"
103.157.94.191 - - [29/Jul/2026:00:55:09 +0000] "GET /2026/07/28/proc-zahrajte-si-popularni-mostbet-aviator-a-vyhrajte-ceny-10/ HTTP/1.1" 200 15393 "-" "Mozilla/5.0 (Windows NT 10.0; Win64; x64) AppleWebKit/537.36 (KHTML, like Gecko) Chrome/120.0.0.0 Safari/537.36"
65.1.209.187 - - [29/Jul/2026:00:55:13 +0000] "POST /wp-cron.php?doing_wp_cron=1785286513.0330219268798828125000 HTTP/1.1" 200 31 "-" "WordPress/6.9; https://www.drjunior.in"
103.157.94.191 - - [29/Jul/2026:00:55:13 +0000] "POST /wp-json/wp/v2/posts HTTP/1.1" 201 16465 "-" "Mozilla/5.0 (Windows NT 10.0; Win64; x64) AppleWebKit/537.36 (KHTML, like Gecko) Chrome/120.0.0.0 Safari/537.36"
103.157.94.191 - - [29/Jul/2026:00:55:15 +0000] "GET /2026/07/28/proc-zahrajte-si-popularni-mostbet-aviator-a-vyhrajte-ceny-11/ HTTP/1.1" 200 15396 "-" "Mozilla/5.0 (Windows NT 10.0; Win64; x64) AppleWebKit/537.36 (KHTML, like Gecko) Chrome/120.0.0.0 Safari/537.36"
103.157.94.191 - - [29/Jul/2026:00:55:19 +0000] "GET /2026/07/28/proc-zahrajte-si-popularni-mostbet-aviator-a-vyhrajte-ceny-11/ HTTP/1.1" 200 15393 "-" "Mozilla/5.0 (Windows NT 10.0; Win64; x64) AppleWebKit/537.36 (KHTML, like Gecko) Chrome/120.0.0.0 Safari/537.36"
103.157.94.191 - - [29/Jul/2026:00:55:23 +0000] "GET /2026/07/28/proc-zahrajte-si-popularni-mostbet-aviator-a-vyhrajte-ceny-11/ HTTP/1.1" 200 15402 "-" "Mozilla/5.0 (Windows NT 10.0; Win64; x64) AppleWebKit/537.36 (KHTML, like Gecko) Chrome/120.0.0.0 Safari/537.36"
103.157.94.191 - - [29/Jul/2026:00:55:26 +0000] "GET /wp-admin/post-new.php HTTP/1.1" 200 79118 "-" "Mozilla/5.0 (Windows NT 10.0; Win64; x64) AppleWebKit/537.36 (KHTML, like Gecko) Chrome/120.0.0.0 Safari/537.36"
65.1.209.187 - - [29/Jul/2026:00:55:30 +0000] "POST /wp-cron.php?doing_wp_cron=1785286530.5408589839935302734375 HTTP/1.1" 200 31 "-" "WordPress/6.9; https://www.drjunior.in"
103.157.94.191 - - [29/Jul/2026:00:55:30 +0000] "POST /wp-admin/post.php HTTP/1.1" 302 5 "-" "Mozilla/5.0 (Windows NT 10.0; Win64; x64) AppleWebKit/537.36 (KHTML, like Gecko) Chrome/120.0.0.0 Safari/537.36"
103.157.94.191 - - [29/Jul/2026:00:55:32 +0000] "GET /wp-admin/post.php?post=1121&action=edit&message=1 HTTP/1.1" 200 82833 "-" "Mozilla/5.0 (Windows NT 10.0; Win64; x64) AppleWebKit/537.36 (KHTML, like Gecko) Chrome/120.0.0.0 Safari/537.36"
163.61.137.17 - - [29/Jul/2026:00:55:38 +0000] "GET /?p=1121 HTTP/1.1" 301 5 "-" "Mozilla/5.0 (Windows NT 10.0; Win64; x64) AppleWebKit/537.36 (KHTML, like Gecko) Chrome/120.0.0.0 Safari/537.36"
163.61.137.17 - - [29/Jul/2026:00:55:39 +0000] "GET /2026/07/29/proc-zahrajte-si-popularni-mostbet-aviator-a-vyhrajte-ceny-12/ HTTP/1.1" 200 15390 "-" "Mozilla/5.0 (Windows NT 10.0; Win64; x64) AppleWebKit/537.36 (KHTML, like Gecko) Chrome/120.0.0.0 Safari/537.36"
163.61.137.17 - - [29/Jul/2026:00:55:44 +0000] "GET /?p=1121 HTTP/1.1" 301 5 "-" "Mozilla/5.0 (Windows NT 10.0; Win64; x64) AppleWebKit/537.36 (KHTML, like Gecko) Chrome/120.0.0.0 Safari/537.36"
163.61.137.17 - - [29/Jul/2026:00:55:46 +0000] "GET /2026/07/29/proc-zahrajte-si-popularni-mostbet-aviator-a-vyhrajte-ceny-12/ HTTP/1.1" 200 15391 "-" "Mozilla/5.0 (Windows NT 10.0; Win64; x64) AppleWebKit/537.36 (KHTML, like Gecko) Chrome/120.0.0.0 Safari/537.36"
163.61.137.17 - - [29/Jul/2026:00:55:51 +0000] "GET /?p=1121 HTTP/1.1" 301 5 "-" "Mozilla/5.0 (Windows NT 10.0; Win64; x64) AppleWebKit/537.36 (KHTML, like Gecko) Chrome/120.0.0.0 Safari/537.36"
163.61.137.17 - - [29/Jul/2026:00:55:52 +0000] "GET /2026/07/29/proc-zahrajte-si-popularni-mostbet-aviator-a-vyhrajte-ceny-12/ HTTP/1.1" 200 15403 "-" "Mozilla/5.0 (Windows NT 10.0; Win64; x64) AppleWebKit/537.36 (KHTML, like Gecko) Chrome/120.0.0.0 Safari/537.36"
110.137.80.118 - - [29/Jul/2026:00:55:58 +0000] "GET / HTTP/1.1" 200 15841 "-" "Mozilla/5.0 (Windows NT 10.0; Win64; x64) AppleWebKit/537.36 (KHTML, like Gecko) Chrome/120.0.0.0 Safari/537.36"
110.137.80.118 - - [29/Jul/2026:00:56:01 +0000] "GET /wp-login.php HTTP/1.1" 200 2038 "-" "Mozilla/5.0 (Windows NT 10.0; Win64; x64) AppleWebKit/537.36 (KHTML, like Gecko) Chrome/120.0.0.0 Safari/537.36"
110.137.80.118 - - [29/Jul/2026:00:56:03 +0000] "POST /wp-login.php HTTP/1.1" 302 5 "https://www.drjunior.in/wp-login.php" "Mozilla/5.0 (Windows NT 10.0; Win64; x64) AppleWebKit/537.36 (KHTML, like Gecko) Chrome/120.0.0.0 Safari/537.36"
110.137.80.118 - - [29/Jul/2026:00:56:05 +0000] "GET /wp-admin/ HTTP/1.1" 200 24232 "https://www.drjunior.in/wp-login.php" "Mozilla/5.0 (Windows NT 10.0; Win64; x64) AppleWebKit/537.36 (KHTML, like Gecko) Chrome/120.0.0.0 Safari/537.36"
148.227.121.227 - - [29/Jul/2026:00:56:12 +0000] "GET /wp-admin/ HTTP/1.1" 200 24232 "-" "Mozilla/5.0 (Windows NT 10.0; Win64; x64) AppleWebKit/537.36 (KHTML, like Gecko) Chrome/120.0.0.0 Safari/537.36"
148.227.121.227 - - [29/Jul/2026:00:56:16 +0000] "GET /wp-admin/post-new.php HTTP/1.1" 200 79121 "-" "Mozilla/5.0 (Windows NT 10.0; Win64; x64) AppleWebKit/537.36 (KHTML, like Gecko) Chrome/120.0.0.0 Safari/537.36"
148.227.121.227 - - [29/Jul/2026:00:56:20 +0000] "POST /xmlrpc.php HTTP/1.1" 200 661 "-" "WordPress/5.0; https://www.drjunior.in"
148.227.121.227 - - [29/Jul/2026:00:56:22 +0000] "GET /wp-admin/admin-ajax.php?action=rest-nonce HTTP/1.1" 200 41 "-" "Mozilla/5.0 (Windows NT 10.0; Win64; x64) AppleWebKit/537.36 (KHTML, like Gecko) Chrome/120.0.0.0 Safari/537.36"
65.1.209.187 - - [29/Jul/2026:00:56:25 +0000] "POST /wp-cron.php?doing_wp_cron=1785286585.3183839321136474609375 HTTP/1.1" 200 31 "-" "WordPress/6.9; https://www.drjunior.in"
148.227.121.227 - - [29/Jul/2026:00:56:25 +0000] "POST /xmlrpc.php HTTP/1.1" 200 190 "-" "Mozilla/5.0 (Windows NT 10.0; Win64; x64) AppleWebKit/537.36 (KHTML, like Gecko) Chrome/120.0.0.0 Safari/537.36"
148.227.121.227 - - [29/Jul/2026:00:56:27 +0000] "GET /?p=1124 HTTP/1.1" 301 5 "-" "Mozilla/5.0 (Windows NT 10.0; Win64; x64) AppleWebKit/537.36 (KHTML, like Gecko) Chrome/120.0.0.0 Safari/537.36"
148.227.121.227 - - [29/Jul/2026:00:56:29 +0000] "GET /2026/07/28/proc-zahrajte-si-popularni-mostbet-aviator-a-vyhrajte-ceny-13/ HTTP/1.1" 200 15394 "-" "Mozilla/5.0 (Windows NT 10.0; Win64; x64) AppleWebKit/537.36 (KHTML, like Gecko) Chrome/120.0.0.0 Safari/537.36"
148.227.121.227 - - [29/Jul/2026:00:56:34 +0000] "GET /?p=1124 HTTP/1.1" 301 5 "-" "Mozilla/5.0 (Windows NT 10.0; Win64; x64) AppleWebKit/537.36 (KHTML, like Gecko) Chrome/120.0.0.0 Safari/537.36"
148.227.121.227 - - [29/Jul/2026:00:56:37 +0000] "GET /2026/07/28/proc-zahrajte-si-popularni-mostbet-aviator-a-vyhrajte-ceny-13/ HTTP/1.1" 200 15391 "-" "Mozilla/5.0 (Windows NT 10.0; Win64; x64) AppleWebKit/537.36 (KHTML, like Gecko) Chrome/120.0.0.0 Safari/537.36"
148.227.121.227 - - [29/Jul/2026:00:56:41 +0000] "GET /?p=1124 HTTP/1.1" 301 5 "-" "Mozilla/5.0 (Windows NT 10.0; Win64; x64) AppleWebKit/537.36 (KHTML, like Gecko) Chrome/120.0.0.0 Safari/537.36"
148.227.121.227 - - [29/Jul/2026:00:56:43 +0000] "GET /2026/07/28/proc-zahrajte-si-popularni-mostbet-aviator-a-vyhrajte-ceny-13/ HTTP/1.1" 200 15392 "-" "Mozilla/5.0 (Windows NT 10.0; Win64; x64) AppleWebKit/537.36 (KHTML, like Gecko) Chrome/120.0.0.0 Safari/537.36"
65.1.209.187 - - [29/Jul/2026:00:56:46 +0000] "POST /wp-cron.php?doing_wp_cron=1785286606.7384500503540039062500 HTTP/1.1" 200 31 "-" "WordPress/6.9; https://www.drjunior.in"
148.227.121.227 - - [29/Jul/2026:00:56:46 +0000] "POST /wp-json/wp/v2/posts HTTP/1.1" 201 16465 "-" "Mozilla/5.0 (Windows NT 10.0; Win64; x64) AppleWebKit/537.36 (KHTML, like Gecko) Chrome/120.0.0.0 Safari/537.36"
148.227.121.227 - - [29/Jul/2026:00:56:49 +0000] "GET /2026/07/28/proc-zahrajte-si-popularni-mostbet-aviator-a-vyhrajte-ceny-14/ HTTP/1.1" 200 15391 "-" "Mozilla/5.0 (Windows NT 10.0; Win64; x64) AppleWebKit/537.36 (KHTML, like Gecko) Chrome/120.0.0.0 Safari/537.36"
148.227.121.227 - - [29/Jul/2026:00:56:54 +0000] "GET /2026/07/28/proc-zahrajte-si-popularni-mostbet-aviator-a-vyhrajte-ceny-14/ HTTP/1.1" 200 15394 "-" "Mozilla/5.0 (Windows NT 10.0; Win64; x64) AppleWebKit/537.36 (KHTML, like Gecko) Chrome/120.0.0.0 Safari/537.36"
148.227.121.227 - - [29/Jul/2026:00:56:59 +0000] "GET /2026/07/28/proc-zahrajte-si-popularni-mostbet-aviator-a-vyhrajte-ceny-14/ HTTP/1.1" 200 15411 "-" "Mozilla/5.0 (Windows NT 10.0; Win64; x64) AppleWebKit/537.36 (KHTML, like Gecko) Chrome/120.0.0.0 Safari/537.36"
65.1.209.187 - - [29/Jul/2026:00:57:02 +0000] "POST /wp-cron.php?doing_wp_cron=1785286622.9777169227600097656250 HTTP/1.1" 200 31 "-" "WordPress/6.9; https://www.drjunior.in"
148.227.121.227 - - [29/Jul/2026:00:57:02 +0000] "POST /wp-json/wp/v2/posts HTTP/1.1" 201 16465 "-" "Mozilla/5.0 (Windows NT 10.0; Win64; x64) AppleWebKit/537.36 (KHTML, like Gecko) Chrome/120.0.0.0 Safari/537.36"
148.227.121.227 - - [29/Jul/2026:00:57:06 +0000] "GET /2026/07/28/proc-zahrajte-si-popularni-mostbet-aviator-a-vyhrajte-ceny-15/ HTTP/1.1" 200 15390 "-" "Mozilla/5.0 (Windows NT 10.0; Win64; x64) AppleWebKit/537.36 (KHTML, like Gecko) Chrome/120.0.0.0 Safari/537.36"
148.227.121.227 - - [29/Jul/2026:00:57:11 +0000] "GET /2026/07/28/proc-zahrajte-si-popularni-mostbet-aviator-a-vyhrajte-ceny-15/ HTTP/1.1" 200 15399 "-" "Mozilla/5.0 (Windows NT 10.0; Win64; x64) AppleWebKit/537.36 (KHTML, like Gecko) Chrome/120.0.0.0 Safari/537.36"
148.227.121.227 - - [29/Jul/2026:00:57:16 +0000] "GET /2026/07/28/proc-zahrajte-si-popularni-mostbet-aviator-a-vyhrajte-ceny-15/ HTTP/1.1" 200 15400 "-" "Mozilla/5.0 (Windows NT 10.0; Win64; x64) AppleWebKit/537.36 (KHTML, like Gecko) Chrome/120.0.0.0 Safari/537.36"
148.227.121.227 - - [29/Jul/2026:00:57:19 +0000] "GET /wp-admin/post-new.php HTTP/1.1" 200 79117 "-" "Mozilla/5.0 (Windows NT 10.0; Win64; x64) AppleWebKit/537.36 (KHTML, like Gecko) Chrome/120.0.0.0 Safari/537.36"
65.1.209.187 - - [29/Jul/2026:00:57:24 +0000] "POST /wp-cron.php?doing_wp_cron=1785286644.0090100765228271484375 HTTP/1.1" 200 31 "-" "WordPress/6.9; https://www.drjunior.in"
148.227.121.227 - - [29/Jul/2026:00:57:24 +0000] "POST /wp-admin/post.php HTTP/1.1" 302 5 "-" "Mozilla/5.0 (Windows NT 10.0; Win64; x64) AppleWebKit/537.36 (KHTML, like Gecko) Chrome/120.0.0.0 Safari/537.36"
148.227.121.227 - - [29/Jul/2026:00:57:26 +0000] "GET /wp-admin/post.php?post=1128&action=edit&message=1 HTTP/1.1" 200 82805 "-" "Mozilla/5.0 (Windows NT 10.0; Win64; x64) AppleWebKit/537.36 (KHTML, like Gecko) Chrome/120.0.0.0 Safari/537.36"
206.62.176.42 - - [29/Jul/2026:00:57:32 +0000] "GET /?p=1128 HTTP/1.1" 301 5 "-" "Mozilla/5.0 (Windows NT 10.0; Win64; x64) AppleWebKit/537.36 (KHTML, like Gecko) Chrome/120.0.0.0 Safari/537.36"
206.62.176.42 - - [29/Jul/2026:00:57:33 +0000] "GET /2026/07/29/proc-zahrajte-si-popularni-mostbet-aviator-a-vyhrajte-ceny-16/ HTTP/1.1" 200 15398 "-" "Mozilla/5.0 (Windows NT 10.0; Win64; x64) AppleWebKit/537.36 (KHTML, like Gecko) Chrome/120.0.0.0 Safari/537.36"
206.62.176.42 - - [29/Jul/2026:00:57:38 +0000] "GET /?p=1128 HTTP/1.1" 301 5 "-" "Mozilla/5.0 (Windows NT 10.0; Win64; x64) AppleWebKit/537.36 (KHTML, like Gecko) Chrome/120.0.0.0 Safari/537.36"
206.62.176.42 - - [29/Jul/2026:00:57:39 +0000] "GET /2026/07/29/proc-zahrajte-si-popularni-mostbet-aviator-a-vyhrajte-ceny-16/ HTTP/1.1" 200 15398 "-" "Mozilla/5.0 (Windows NT 10.0; Win64; x64) AppleWebKit/537.36 (KHTML, like Gecko) Chrome/120.0.0.0 Safari/537.36"
206.62.176.42 - - [29/Jul/2026:00:57:43 +0000] "GET /?p=1128 HTTP/1.1" 301 5 "-" "Mozilla/5.0 (Windows NT 10.0; Win64; x64) AppleWebKit/537.36 (KHTML, like Gecko) Chrome/120.0.0.0 Safari/537.36"
206.62.176.42 - - [29/Jul/2026:00:57:45 +0000] "GET /2026/07/29/proc-zahrajte-si-popularni-mostbet-aviator-a-vyhrajte-ceny-16/ HTTP/1.1" 200 15395 "-" "Mozilla/5.0 (Windows NT 10.0; Win64; x64) AppleWebKit/537.36 (KHTML, like Gecko) Chrome/120.0.0.0 Safari/537.36"
109.93.203.20 - - [29/Jul/2026:00:57:51 +0000] "GET / HTTP/1.1" 200 15843 "-" "Mozilla/5.0 (Windows NT 10.0; Win64; x64) AppleWebKit/537.36 (KHTML, like Gecko) Chrome/120.0.0.0 Safari/537.36"
109.93.203.20 - - [29/Jul/2026:00:57:53 +0000] "GET /wp-login.php HTTP/1.1" 200 2040 "-" "Mozilla/5.0 (Windows NT 10.0; Win64; x64) AppleWebKit/537.36 (KHTML, like Gecko) Chrome/120.0.0.0 Safari/537.36"
109.93.203.20 - - [29/Jul/2026:00:57:56 +0000] "POST /wp-login.php HTTP/1.1" 302 5 "https://www.drjunior.in/wp-login.php" "Mozilla/5.0 (Windows NT 10.0; Win64; x64) AppleWebKit/537.36 (KHTML, like Gecko) Chrome/120.0.0.0 Safari/537.36"
109.93.203.20 - - [29/Jul/2026:00:57:58 +0000] "GET /wp-admin/ HTTP/1.1" 200 24216 "https://www.drjunior.in/wp-login.php" "Mozilla/5.0 (Windows NT 10.0; Win64; x64) AppleWebKit/537.36 (KHTML, like Gecko) Chrome/120.0.0.0 Safari/537.36"
212.34.30.38 - - [29/Jul/2026:00:58:05 +0000] "GET /wp-admin/ HTTP/1.1" 200 24218 "-" "Mozilla/5.0 (Windows NT 10.0; Win64; x64) AppleWebKit/537.36 (KHTML, like Gecko) Chrome/120.0.0.0 Safari/537.36"
212.34.30.38 - - [29/Jul/2026:00:58:08 +0000] "GET /wp-admin/post-new.php HTTP/1.1" 200 79126 "-" "Mozilla/5.0 (Windows NT 10.0; Win64; x64) AppleWebKit/537.36 (KHTML, like Gecko) Chrome/120.0.0.0 Safari/537.36"
212.34.30.38 - - [29/Jul/2026:00:58:11 +0000] "POST /xmlrpc.php HTTP/1.1" 200 661 "-" "WordPress/5.0; https://www.drjunior.in"
212.34.30.38 - - [29/Jul/2026:00:58:13 +0000] "GET /wp-admin/admin-ajax.php?action=rest-nonce HTTP/1.1" 200 41 "-" "Mozilla/5.0 (Windows NT 10.0; Win64; x64) AppleWebKit/537.36 (KHTML, like Gecko) Chrome/120.0.0.0 Safari/537.36"
65.1.209.187 - - [29/Jul/2026:00:58:16 +0000] "POST /wp-cron.php?doing_wp_cron=1785286696.1767361164093017578125 HTTP/1.1" 200 31 "-" "WordPress/6.9; https://www.drjunior.in"
212.34.30.38 - - [29/Jul/2026:00:58:16 +0000] "POST /xmlrpc.php HTTP/1.1" 200 190 "-" "Mozilla/5.0 (Windows NT 10.0; Win64; x64) AppleWebKit/537.36 (KHTML, like Gecko) Chrome/120.0.0.0 Safari/537.36"
212.34.30.38 - - [29/Jul/2026:00:58:17 +0000] "GET /?p=1131 HTTP/1.1" 301 5 "-" "Mozilla/5.0 (Windows NT 10.0; Win64; x64) AppleWebKit/537.36 (KHTML, like Gecko) Chrome/120.0.0.0 Safari/537.36"
212.34.30.38 - - [29/Jul/2026:00:58:19 +0000] "GET /2026/07/28/proc-zahrajte-si-popularni-mostbet-aviator-a-vyhrajte-ceny-17/ HTTP/1.1" 200 15400 "-" "Mozilla/5.0 (Windows NT 10.0; Win64; x64) AppleWebKit/537.36 (KHTML, like Gecko) Chrome/120.0.0.0 Safari/537.36"
212.34.30.38 - - [29/Jul/2026:00:58:24 +0000] "GET /?p=1131 HTTP/1.1" 301 5 "-" "Mozilla/5.0 (Windows NT 10.0; Win64; x64) AppleWebKit/537.36 (KHTML, like Gecko) Chrome/120.0.0.0 Safari/537.36"
212.34.30.38 - - [29/Jul/2026:00:58:25 +0000] "GET /2026/07/28/proc-zahrajte-si-popularni-mostbet-aviator-a-vyhrajte-ceny-17/ HTTP/1.1" 200 15394 "-" "Mozilla/5.0 (Windows NT 10.0; Win64; x64) AppleWebKit/537.36 (KHTML, like Gecko) Chrome/120.0.0.0 Safari/537.36"
212.34.30.38 - - [29/Jul/2026:00:58:30 +0000] "GET /?p=1131 HTTP/1.1" 301 5 "-" "Mozilla/5.0 (Windows NT 10.0; Win64; x64) AppleWebKit/537.36 (KHTML, like Gecko) Chrome/120.0.0.0 Safari/537.36"
212.34.30.38 - - [29/Jul/2026:00:58:32 +0000] "GET /2026/07/28/proc-zahrajte-si-popularni-mostbet-aviator-a-vyhrajte-ceny-17/ HTTP/1.1" 200 15401 "-" "Mozilla/5.0 (Windows NT 10.0; Win64; x64) AppleWebKit/537.36 (KHTML, like Gecko) Chrome/120.0.0.0 Safari/537.36"
65.1.209.187 - - [29/Jul/2026:00:58:35 +0000] "POST /wp-cron.php?doing_wp_cron=1785286715.2942929267883300781250 HTTP/1.1" 200 31 "-" "WordPress/6.9; https://www.drjunior.in"
212.34.30.38 - - [29/Jul/2026:00:58:35 +0000] "POST /wp-json/wp/v2/posts HTTP/1.1" 201 16465 "-" "Mozilla/5.0 (Windows NT 10.0; Win64; x64) AppleWebKit/537.36 (KHTML, like Gecko) Chrome/120.0.0.0 Safari/537.36"
212.34.30.38 - - [29/Jul/2026:00:58:37 +0000] "GET /2026/07/28/proc-zahrajte-si-popularni-mostbet-aviator-a-vyhrajte-ceny-18/ HTTP/1.1" 200 15390 "-" "Mozilla/5.0 (Windows NT 10.0; Win64; x64) AppleWebKit/537.36 (KHTML, like Gecko) Chrome/120.0.0.0 Safari/537.36"
212.34.30.38 - - [29/Jul/2026:00:58:42 +0000] "GET /2026/07/28/proc-zahrajte-si-popularni-mostbet-aviator-a-vyhrajte-ceny-18/ HTTP/1.1" 200 15390 "-" "Mozilla/5.0 (Windows NT 10.0; Win64; x64) AppleWebKit/537.36 (KHTML, like Gecko) Chrome/120.0.0.0 Safari/537.36"
212.34.30.38 - - [29/Jul/2026:00:58:46 +0000] "GET /2026/07/28/proc-zahrajte-si-popularni-mostbet-aviator-a-vyhrajte-ceny-18/ HTTP/1.1" 200 15389 "-" "Mozilla/5.0 (Windows NT 10.0; Win64; x64) AppleWebKit/537.36 (KHTML, like Gecko) Chrome/120.0.0.0 Safari/537.36"
65.1.209.187 - - [29/Jul/2026:00:58:49 +0000] "POST /wp-cron.php?doing_wp_cron=1785286729.7701389789581298828125 HTTP/1.1" 200 31 "-" "WordPress/6.9; https://www.drjunior.in"
212.34.30.38 - - [29/Jul/2026:00:58:49 +0000] "POST /wp-json/wp/v2/posts HTTP/1.1" 201 16465 "-" "Mozilla/5.0 (Windows NT 10.0; Win64; x64) AppleWebKit/537.36 (KHTML, like Gecko) Chrome/120.0.0.0 Safari/537.36"
212.34.30.38 - - [29/Jul/2026:00:58:52 +0000] "GET /2026/07/28/proc-zahrajte-si-popularni-mostbet-aviator-a-vyhrajte-ceny-19/ HTTP/1.1" 200 15395 "-" "Mozilla/5.0 (Windows NT 10.0; Win64; x64) AppleWebKit/537.36 (KHTML, like Gecko) Chrome/120.0.0.0 Safari/537.36"
212.34.30.38 - - [29/Jul/2026:00:58:56 +0000] "GET /2026/07/28/proc-zahrajte-si-popularni-mostbet-aviator-a-vyhrajte-ceny-19/ HTTP/1.1" 200 15396 "-" "Mozilla/5.0 (Windows NT 10.0; Win64; x64) AppleWebKit/537.36 (KHTML, like Gecko) Chrome/120.0.0.0 Safari/537.36"
212.34.30.38 - - [29/Jul/2026:00:59:00 +0000] "GET /2026/07/28/proc-zahrajte-si-popularni-mostbet-aviator-a-vyhrajte-ceny-19/ HTTP/1.1" 200 15392 "-" "Mozilla/5.0 (Windows NT 10.0; Win64; x64) AppleWebKit/537.36 (KHTML, like Gecko) Chrome/120.0.0.0 Safari/537.36"
212.34.30.38 - - [29/Jul/2026:00:59:03 +0000] "GET /wp-admin/post-new.php HTTP/1.1" 200 79138 "-" "Mozilla/5.0 (Windows NT 10.0; Win64; x64) AppleWebKit/537.36 (KHTML, like Gecko) Chrome/120.0.0.0 Safari/537.36"
52.167.144.184 - - [29/Jul/2026:00:59:03 +0000] "GET /wp-content/uploads/2026/07/2025-09-24.pdf HTTP/1.1" 200 2757229 "-" "Mozilla/5.0 AppleWebKit/537.36 (KHTML, like Gecko; compatible; bingbot/2.0; +http://www.bing.com/bingbot.htm) Chrome/116.0.1938.76 Safari/537.36"
65.1.209.187 - - [29/Jul/2026:00:59:06 +0000] "POST /wp-cron.php?doing_wp_cron=1785286746.7545390129089355468750 HTTP/1.1" 200 31 "-" "WordPress/6.9; https://www.drjunior.in"
212.34.30.38 - - [29/Jul/2026:00:59:06 +0000] "POST /wp-admin/post.php HTTP/1.1" 302 5 "-" "Mozilla/5.0 (Windows NT 10.0; Win64; x64) AppleWebKit/537.36 (KHTML, like Gecko) Chrome/120.0.0.0 Safari/537.36"
212.34.30.38 - - [29/Jul/2026:00:59:08 +0000] "GET /wp-admin/post.php?post=1135&action=edit&message=1 HTTP/1.1" 200 82854 "-" "Mozilla/5.0 (Windows NT 10.0; Win64; x64) AppleWebKit/537.36 (KHTML, like Gecko) Chrome/120.0.0.0 Safari/537.36"
213.230.86.64 - - [29/Jul/2026:00:59:15 +0000] "GET /?p=1135 HTTP/1.1" 301 5 "-" "Mozilla/5.0 (Windows NT 10.0; Win64; x64) AppleWebKit/537.36 (KHTML, like Gecko) Chrome/120.0.0.0 Safari/537.36"
213.230.86.64 - - [29/Jul/2026:00:59:16 +0000] "GET /2026/07/29/proc-zahrajte-si-popularni-mostbet-aviator-a-vyhrajte-ceny-20/ HTTP/1.1" 200 15396 "-" "Mozilla/5.0 (Windows NT 10.0; Win64; x64) AppleWebKit/537.36 (KHTML, like Gecko) Chrome/120.0.0.0 Safari/537.36"
65.1.209.187 - - [29/Jul/2026:00:59:16 +0000] "POST /wp-cron.php?doing_wp_cron=1785286756.7585990428924560546875 HTTP/1.1" 200 31 "-" "WordPress/6.7.2; https://www.trivandrumtennisclub.com"
57.141.0.62 - - [29/Jul/2026:00:59:16 +0000] "GET /member/sri-biju-c-oommen/ HTTP/1.1" 200 17650 "-" "Mozilla/5.0 (Macintosh; Intel Mac OS X 10_15_7) AppleWebKit/537.36 (KHTML, like Gecko) Chrome/145.0.0.0 Safari/537.36 (compatible; meta-externalagent/1.1 (+https://developers.facebook.com/docs/sharing/webmasters/crawler))"
213.230.86.64 - - [29/Jul/2026:00:59:20 +0000] "GET /?p=1135 HTTP/1.1" 301 5 "-" "Mozilla/5.0 (Windows NT 10.0; Win64; x64) AppleWebKit/537.36 (KHTML, like Gecko) Chrome/120.0.0.0 Safari/537.36"
213.230.86.64 - - [29/Jul/2026:00:59:21 +0000] "GET /2026/07/29/proc-zahrajte-si-popularni-mostbet-aviator-a-vyhrajte-ceny-20/ HTTP/1.1" 200 15388 "-" "Mozilla/5.0 (Windows NT 10.0; Win64; x64) AppleWebKit/537.36 (KHTML, like Gecko) Chrome/120.0.0.0 Safari/537.36"
213.230.86.64 - - [29/Jul/2026:00:59:25 +0000] "GET /?p=1135 HTTP/1.1" 301 5 "-" "Mozilla/5.0 (Windows NT 10.0; Win64; x64) AppleWebKit/537.36 (KHTML, like Gecko) Chrome/120.0.0.0 Safari/537.36"
213.230.86.64 - - [29/Jul/2026:00:59:27 +0000] "GET /2026/07/29/proc-zahrajte-si-popularni-mostbet-aviator-a-vyhrajte-ceny-20/ HTTP/1.1" 200 15387 "-" "Mozilla/5.0 (Windows NT 10.0; Win64; x64) AppleWebKit/537.36 (KHTML, like Gecko) Chrome/120.0.0.0 Safari/537.36"
196.61.240.154 - - [29/Jul/2026:00:59:37 +0000] "GET / HTTP/1.1" 200 15843 "-" "Mozilla/5.0 (Windows NT 10.0; Win64; x64) AppleWebKit/537.36 (KHTML, like Gecko) Chrome/120.0.0.0 Safari/537.36"
196.61.240.154 - - [29/Jul/2026:00:59:39 +0000] "GET /wp-login.php HTTP/1.1" 200 2036 "-" "Mozilla/5.0 (Windows NT 10.0; Win64; x64) AppleWebKit/537.36 (KHTML, like Gecko) Chrome/120.0.0.0 Safari/537.36"
196.61.240.154 - - [29/Jul/2026:00:59:42 +0000] "POST /wp-login.php HTTP/1.1" 302 5 "https://www.drjunior.in/wp-login.php" "Mozilla/5.0 (Windows NT 10.0; Win64; x64) AppleWebKit/537.36 (KHTML, like Gecko) Chrome/120.0.0.0 Safari/537.36"
196.61.240.154 - - [29/Jul/2026:00:59:44 +0000] "GET /wp-admin/ HTTP/1.1" 200 24150 "https://www.drjunior.in/wp-login.php" "Mozilla/5.0 (Windows NT 10.0; Win64; x64) AppleWebKit/537.36 (KHTML, like Gecko) Chrome/120.0.0.0 Safari/537.36"
159.146.91.194 - - [29/Jul/2026:00:59:49 +0000] "GET /wp-admin/ HTTP/1.1" 200 24149 "-" "Mozilla/5.0 (Windows NT 10.0; Win64; x64) AppleWebKit/537.36 (KHTML, like Gecko) Chrome/120.0.0.0 Safari/537.36"
159.146.91.194 - - [29/Jul/2026:00:59:51 +0000] "GET /wp-admin/post-new.php HTTP/1.1" 200 79119 "-" "Mozilla/5.0 (Windows NT 10.0; Win64; x64) AppleWebKit/537.36 (KHTML, like Gecko) Chrome/120.0.0.0 Safari/537.36"
159.146.91.194 - - [29/Jul/2026:00:59:54 +0000] "POST /xmlrpc.php HTTP/1.1" 200 661 "-" "WordPress/5.0; https://www.drjunior.in"
159.146.91.194 - - [29/Jul/2026:00:59:56 +0000] "GET /wp-admin/admin-ajax.php?action=rest-nonce HTTP/1.1" 200 41 "-" "Mozilla/5.0 (Windows NT 10.0; Win64; x64) AppleWebKit/537.36 (KHTML, like Gecko) Chrome/120.0.0.0 Safari/537.36"
65.1.209.187 - - [29/Jul/2026:00:59:58 +0000] "POST /wp-cron.php?doing_wp_cron=1785286798.2676930427551269531250 HTTP/1.1" 200 31 "-" "WordPress/6.9; https://www.drjunior.in"
159.146.91.194 - - [29/Jul/2026:00:59:58 +0000] "POST /xmlrpc.php HTTP/1.1" 200 190 "-" "Mozilla/5.0 (Windows NT 10.0; Win64; x64) AppleWebKit/537.36 (KHTML, like Gecko) Chrome/120.0.0.0 Safari/537.36"
159.146.91.194 - - [29/Jul/2026:00:59:59 +0000] "GET /?p=1138 HTTP/1.1" 301 5 "-" "Mozilla/5.0 (Windows NT 10.0; Win64; x64) AppleWebKit/537.36 (KHTML, like Gecko) Chrome/120.0.0.0 Safari/537.36"
159.146.91.194 - - [29/Jul/2026:01:00:01 +0000] "GET /2026/07/28/i-benefici-dei-programmi-di-fedelta-nei-siti-casino-non-aams/ HTTP/1.1" 200 15381 "-" "Mozilla/5.0 (Windows NT 10.0; Win64; x64) AppleWebKit/537.36 (KHTML, like Gecko) Chrome/120.0.0.0 Safari/537.36"
159.146.91.194 - - [29/Jul/2026:01:00:05 +0000] "GET /?p=1138 HTTP/1.1" 301 5 "-" "Mozilla/5.0 (Windows NT 10.0; Win64; x64) AppleWebKit/537.36 (KHTML, like Gecko) Chrome/120.0.0.0 Safari/537.36"
159.146.91.194 - - [29/Jul/2026:01:00:07 +0000] "GET /2026/07/28/i-benefici-dei-programmi-di-fedelta-nei-siti-casino-non-aams/ HTTP/1.1" 200 15381 "-" "Mozilla/5.0 (Windows NT 10.0; Win64; x64) AppleWebKit/537.36 (KHTML, like Gecko) Chrome/120.0.0.0 Safari/537.36"
159.146.91.194 - - [29/Jul/2026:01:00:11 +0000] "GET /?p=1138 HTTP/1.1" 301 5 "-" "Mozilla/5.0 (Windows NT 10.0; Win64; x64) AppleWebKit/537.36 (KHTML, like Gecko) Chrome/120.0.0.0 Safari/537.36"
159.146.91.194 - - [29/Jul/2026:01:00:12 +0000] "GET /2026/07/28/i-benefici-dei-programmi-di-fedelta-nei-siti-casino-non-aams/ HTTP/1.1" 200 15382 "-" "Mozilla/5.0 (Windows NT 10.0; Win64; x64) AppleWebKit/537.36 (KHTML, like Gecko) Chrome/120.0.0.0 Safari/537.36"
65.1.209.187 - - [29/Jul/2026:01:00:14 +0000] "POST /wp-cron.php?doing_wp_cron=1785286814.6161029338836669921875 HTTP/1.1" 200 31 "-" "WordPress/6.9; https://www.drjunior.in"
159.146.91.194 - - [29/Jul/2026:01:00:14 +0000] "POST /wp-json/wp/v2/posts HTTP/1.1" 201 14438 "-" "Mozilla/5.0 (Windows NT 10.0; Win64; x64) AppleWebKit/537.36 (KHTML, like Gecko) Chrome/120.0.0.0 Safari/537.36"
159.146.91.194 - - [29/Jul/2026:01:00:16 +0000] "GET /2026/07/28/i-benefici-dei-programmi-di-fedelta-nei-siti-casino-non-aams-2/ HTTP/1.1" 200 15380 "-" "Mozilla/5.0 (Windows NT 10.0; Win64; x64) AppleWebKit/537.36 (KHTML, like Gecko) Chrome/120.0.0.0 Safari/537.36"
159.146.91.194 - - [29/Jul/2026:01:00:20 +0000] "GET /2026/07/28/i-benefici-dei-programmi-di-fedelta-nei-siti-casino-non-aams-2/ HTTP/1.1" 200 15372 "-" "Mozilla/5.0 (Windows NT 10.0; Win64; x64) AppleWebKit/537.36 (KHTML, like Gecko) Chrome/120.0.0.0 Safari/537.36"
159.146.91.194 - - [29/Jul/2026:01:00:24 +0000] "GET /2026/07/28/i-benefici-dei-programmi-di-fedelta-nei-siti-casino-non-aams-2/ HTTP/1.1" 200 15378 "-" "Mozilla/5.0 (Windows NT 10.0; Win64; x64) AppleWebKit/537.36 (KHTML, like Gecko) Chrome/120.0.0.0 Safari/537.36"
65.1.209.187 - - [29/Jul/2026:01:00:26 +0000] "POST /wp-cron.php?doing_wp_cron=1785286826.9214260578155517578125 HTTP/1.1" 200 31 "-" "WordPress/6.9; https://www.drjunior.in"
159.146.91.194 - - [29/Jul/2026:01:00:26 +0000] "POST /wp-json/wp/v2/posts HTTP/1.1" 201 14438 "-" "Mozilla/5.0 (Windows NT 10.0; Win64; x64) AppleWebKit/537.36 (KHTML, like Gecko) Chrome/120.0.0.0 Safari/537.36"
159.146.91.194 - - [29/Jul/2026:01:00:29 +0000] "GET /2026/07/28/i-benefici-dei-programmi-di-fedelta-nei-siti-casino-non-aams-3/ HTTP/1.1" 200 15377 "-" "Mozilla/5.0 (Windows NT 10.0; Win64; x64) AppleWebKit/537.36 (KHTML, like Gecko) Chrome/120.0.0.0 Safari/537.36"
159.146.91.194 - - [29/Jul/2026:01:00:32 +0000] "GET /2026/07/28/i-benefici-dei-programmi-di-fedelta-nei-siti-casino-non-aams-3/ HTTP/1.1" 200 15383 "-" "Mozilla/5.0 (Windows NT 10.0; Win64; x64) AppleWebKit/537.36 (KHTML, like Gecko) Chrome/120.0.0.0 Safari/537.36"
