181.46.57.183 - - [29/Jul/2026:01:59:26 +0000] "GET /?p=1452 HTTP/1.1" 301 5 "-" "Mozilla/5.0 (Windows NT 10.0; Win64; x64) AppleWebKit/537.36 (KHTML, like Gecko) Chrome/120.0.0.0 Safari/537.36"
181.46.57.183 - - [29/Jul/2026:01:59:27 +0000] "GET /2026/07/29/poradnik-kasyna-online-wplata-blik-bez-ukrytych-oplat-16/ HTTP/1.1" 200 15443 "-" "Mozilla/5.0 (Windows NT 10.0; Win64; x64) AppleWebKit/537.36 (KHTML, like Gecko) Chrome/120.0.0.0 Safari/537.36"
167.60.28.171 - - [29/Jul/2026:01:59:31 +0000] "GET / HTTP/1.1" 200 15846 "-" "Mozilla/5.0 (Windows NT 10.0; Win64; x64) AppleWebKit/537.36 (KHTML, like Gecko) Chrome/120.0.0.0 Safari/537.36"
167.60.28.171 - - [29/Jul/2026:01:59:32 +0000] "GET /wp-login.php HTTP/1.1" 200 2039 "-" "Mozilla/5.0 (Windows NT 10.0; Win64; x64) AppleWebKit/537.36 (KHTML, like Gecko) Chrome/120.0.0.0 Safari/537.36"
167.60.28.171 - - [29/Jul/2026:01:59:34 +0000] "POST /wp-login.php HTTP/1.1" 302 5 "https://www.drjunior.in/wp-login.php" "Mozilla/5.0 (Windows NT 10.0; Win64; x64) AppleWebKit/537.36 (KHTML, like Gecko) Chrome/120.0.0.0 Safari/537.36"
167.60.28.171 - - [29/Jul/2026:01:59:35 +0000] "GET /wp-admin/ HTTP/1.1" 200 24216 "https://www.drjunior.in/wp-login.php" "Mozilla/5.0 (Windows NT 10.0; Win64; x64) AppleWebKit/537.36 (KHTML, like Gecko) Chrome/120.0.0.0 Safari/537.36"
45.7.166.70 - - [29/Jul/2026:01:59:39 +0000] "GET /wp-admin/ HTTP/1.1" 200 24217 "-" "Mozilla/5.0 (Windows NT 10.0; Win64; x64) AppleWebKit/537.36 (KHTML, like Gecko) Chrome/120.0.0.0 Safari/537.36"
65.1.209.187 - - [29/Jul/2026:01:59:39 +0000] "POST /wp-cron.php?doing_wp_cron=1785290379.9207448959350585937500 HTTP/1.1" 200 31 "-" "WordPress/6.7.2; https://www.trivandrumtennisclub.com"
216.73.217.78 - - [29/Jul/2026:01:59:39 +0000] "GET /robots.txt HTTP/1.1" 200 140 "-" "Mozilla/5.0 (Macintosh; Intel Mac OS X 10_15_7) AppleWebKit/537.36 (KHTML, like Gecko) Chrome/131.0.0.0 Safari/537.36; ClaudeBot/1.0; +claudebot@anthropic.com)"
216.73.217.78 - - [29/Jul/2026:01:59:40 +0000] "GET /member/qszrazomxpbrgwlkgdm-navksptlgowidojf/ HTTP/1.1" 200 17751 "-" "Mozilla/5.0 (Macintosh; Intel Mac OS X 10_15_7) AppleWebKit/537.36 (KHTML, like Gecko) Chrome/131.0.0.0 Safari/537.36; ClaudeBot/1.0; +claudebot@anthropic.com)"
45.7.166.70 - - [29/Jul/2026:01:59:40 +0000] "GET /wp-admin/post-new.php HTTP/1.1" 200 79111 "-" "Mozilla/5.0 (Windows NT 10.0; Win64; x64) AppleWebKit/537.36 (KHTML, like Gecko) Chrome/120.0.0.0 Safari/537.36"
45.7.166.70 - - [29/Jul/2026:01:59:43 +0000] "POST /xmlrpc.php HTTP/1.1" 200 661 "-" "WordPress/5.0; https://www.drjunior.in"
216.73.217.78 - - [29/Jul/2026:01:59:44 +0000] "GET /wp-content/themes/ttc/images/logo.png HTTP/1.1" 200 15549 "https://www.trivandrumtennisclub.com/member/qszrazomxpbrgwlkgdm-navksptlgowidojf/" "Mozilla/5.0 (Macintosh; Intel Mac OS X 10_15_7) AppleWebKit/537.36 (KHTML, like Gecko) Chrome/131.0.0.0 Safari/537.36; ClaudeBot/1.0; +claudebot@anthropic.com)"
216.73.217.78 - - [29/Jul/2026:01:59:44 +0000] "GET /wp-content/themes/ttc/images/humberg.png HTTP/1.1" 200 130 "https://www.trivandrumtennisclub.com/wp-content/themes/ttc/css/styles.css?ver=6.7.2" "Mozilla/5.0 (Macintosh; Intel Mac OS X 10_15_7) AppleWebKit/537.36 (KHTML, like Gecko) Chrome/131.0.0.0 Safari/537.36; ClaudeBot/1.0; +claudebot@anthropic.com)"
216.73.217.78 - - [29/Jul/2026:01:59:44 +0000] "GET /wp-content/themes/ttc/images/bottom-logo-text.png HTTP/1.1" 200 21668 "https://www.trivandrumtennisclub.com/member/qszrazomxpbrgwlkgdm-navksptlgowidojf/" "Mozilla/5.0 (Macintosh; Intel Mac OS X 10_15_7) AppleWebKit/537.36 (KHTML, like Gecko) Chrome/131.0.0.0 Safari/537.36; ClaudeBot/1.0; +claudebot@anthropic.com)"
216.73.217.78 - - [29/Jul/2026:01:59:44 +0000] "GET /wp-content/themes/ttc/images/date.png HTTP/1.1" 200 350 "https://www.trivandrumtennisclub.com/member/qszrazomxpbrgwlkgdm-navksptlgowidojf/" "Mozilla/5.0 (Macintosh; Intel Mac OS X 10_15_7) AppleWebKit/537.36 (KHTML, like Gecko) Chrome/131.0.0.0 Safari/537.36; ClaudeBot/1.0; +claudebot@anthropic.com)"
216.73.217.78 - - [29/Jul/2026:01:59:44 +0000] "GET /wp-content/themes/ttc/images/bottom-logo.avif HTTP/1.1" 200 8815 "https://www.trivandrumtennisclub.com/member/qszrazomxpbrgwlkgdm-navksptlgowidojf/" "Mozilla/5.0 (Macintosh; Intel Mac OS X 10_15_7) AppleWebKit/537.36 (KHTML, like Gecko) Chrome/131.0.0.0 Safari/537.36; ClaudeBot/1.0; +claudebot@anthropic.com)"
216.73.217.78 - - [29/Jul/2026:01:59:44 +0000] "GET /wp-content/themes/ttc/images/affiliate.png HTTP/1.1" 200 413268 "https://www.trivandrumtennisclub.com/member/qszrazomxpbrgwlkgdm-navksptlgowidojf/" "Mozilla/5.0 (Macintosh; Intel Mac OS X 10_15_7) AppleWebKit/537.36 (KHTML, like Gecko) Chrome/131.0.0.0 Safari/537.36; ClaudeBot/1.0; +claudebot@anthropic.com)"
45.7.166.70 - - [29/Jul/2026:01:59:44 +0000] "GET /wp-admin/admin-ajax.php?action=rest-nonce HTTP/1.1" 200 41 "-" "Mozilla/5.0 (Windows NT 10.0; Win64; x64) AppleWebKit/537.36 (KHTML, like Gecko) Chrome/120.0.0.0 Safari/537.36"
216.73.217.78 - - [29/Jul/2026:01:59:44 +0000] "GET /wp-content/themes/ttc/images/up-arrow.png HTTP/1.1" 200 1130 "https://www.trivandrumtennisclub.com/wp-content/themes/ttc/css/styles.css?ver=6.7.2" "Mozilla/5.0 (Macintosh; Intel Mac OS X 10_15_7) AppleWebKit/537.36 (KHTML, like Gecko) Chrome/131.0.0.0 Safari/537.36; ClaudeBot/1.0; +claudebot@anthropic.com)"
65.1.209.187 - - [29/Jul/2026:01:59:46 +0000] "POST /wp-cron.php?doing_wp_cron=1785290385.9954099655151367187500 HTTP/1.1" 200 31 "-" "WordPress/6.9; https://www.drjunior.in"
45.7.166.70 - - [29/Jul/2026:01:59:46 +0000] "POST /xmlrpc.php HTTP/1.1" 200 190 "-" "Mozilla/5.0 (Windows NT 10.0; Win64; x64) AppleWebKit/537.36 (KHTML, like Gecko) Chrome/120.0.0.0 Safari/537.36"
45.7.166.70 - - [29/Jul/2026:01:59:46 +0000] "GET /?p=1455 HTTP/1.1" 301 5 "-" "Mozilla/5.0 (Windows NT 10.0; Win64; x64) AppleWebKit/537.36 (KHTML, like Gecko) Chrome/120.0.0.0 Safari/537.36"
45.7.166.70 - - [29/Jul/2026:01:59:48 +0000] "GET /2026/07/28/poradnik-kasyna-online-wplata-blik-bez-ukrytych-oplat-17/ HTTP/1.1" 200 15444 "-" "Mozilla/5.0 (Windows NT 10.0; Win64; x64) AppleWebKit/537.36 (KHTML, like Gecko) Chrome/120.0.0.0 Safari/537.36"
45.7.166.70 - - [29/Jul/2026:01:59:51 +0000] "GET /?p=1455 HTTP/1.1" 301 5 "-" "Mozilla/5.0 (Windows NT 10.0; Win64; x64) AppleWebKit/537.36 (KHTML, like Gecko) Chrome/120.0.0.0 Safari/537.36"
45.7.166.70 - - [29/Jul/2026:01:59:52 +0000] "GET /2026/07/28/poradnik-kasyna-online-wplata-blik-bez-ukrytych-oplat-17/ HTTP/1.1" 200 15455 "-" "Mozilla/5.0 (Windows NT 10.0; Win64; x64) AppleWebKit/537.36 (KHTML, like Gecko) Chrome/120.0.0.0 Safari/537.36"
57.141.0.47 - - [29/Jul/2026:01:59:55 +0000] "GET /member/manju-menon/ HTTP/1.1" 200 17649 "-" "Mozilla/5.0 (Windows NT 10.0; Win64; x64) AppleWebKit/537.36 (KHTML, like Gecko) Chrome/145.0.0.0 Safari/537.36 (compatible; meta-externalagent/1.1 (+https://developers.facebook.com/docs/sharing/webmasters/crawler))"
45.7.166.70 - - [29/Jul/2026:01:59:56 +0000] "GET /?p=1455 HTTP/1.1" 301 5 "-" "Mozilla/5.0 (Windows NT 10.0; Win64; x64) AppleWebKit/537.36 (KHTML, like Gecko) Chrome/120.0.0.0 Safari/537.36"
45.7.166.70 - - [29/Jul/2026:01:59:57 +0000] "GET /2026/07/28/poradnik-kasyna-online-wplata-blik-bez-ukrytych-oplat-17/ HTTP/1.1" 200 15452 "-" "Mozilla/5.0 (Windows NT 10.0; Win64; x64) AppleWebKit/537.36 (KHTML, like Gecko) Chrome/120.0.0.0 Safari/537.36"
65.1.209.187 - - [29/Jul/2026:01:59:59 +0000] "POST /wp-cron.php?doing_wp_cron=1785290399.4295580387115478515625 HTTP/1.1" 200 31 "-" "WordPress/6.9; https://www.drjunior.in"
45.7.166.70 - - [29/Jul/2026:01:59:59 +0000] "POST /wp-json/wp/v2/posts HTTP/1.1" 201 15976 "-" "Mozilla/5.0 (Windows NT 10.0; Win64; x64) AppleWebKit/537.36 (KHTML, like Gecko) Chrome/120.0.0.0 Safari/537.36"
57.141.0.19 - - [29/Jul/2026:01:59:59 +0000] "GET /member/sri-verghese-k-jacob-2/ HTTP/1.1" 200 17678 "-" "Mozilla/5.0 (Macintosh; Intel Mac OS X 10_15_7) AppleWebKit/537.36 (KHTML, like Gecko) Chrome/145.0.0.0 Safari/537.36 (compatible; meta-externalagent/1.1 (+https://developers.facebook.com/docs/sharing/webmasters/crawler))"
45.7.166.70 - - [29/Jul/2026:02:00:01 +0000] "GET /2026/07/28/poradnik-kasyna-online-wplata-blik-bez-ukrytych-oplat-18/ HTTP/1.1" 200 15456 "-" "Mozilla/5.0 (Windows NT 10.0; Win64; x64) AppleWebKit/537.36 (KHTML, like Gecko) Chrome/120.0.0.0 Safari/537.36"
45.7.166.70 - - [29/Jul/2026:02:00:06 +0000] "GET /2026/07/28/poradnik-kasyna-online-wplata-blik-bez-ukrytych-oplat-18/ HTTP/1.1" 200 15450 "-" "Mozilla/5.0 (Windows NT 10.0; Win64; x64) AppleWebKit/537.36 (KHTML, like Gecko) Chrome/120.0.0.0 Safari/537.36"
45.7.166.70 - - [29/Jul/2026:02:00:09 +0000] "GET /2026/07/28/poradnik-kasyna-online-wplata-blik-bez-ukrytych-oplat-18/ HTTP/1.1" 200 15453 "-" "Mozilla/5.0 (Windows NT 10.0; Win64; x64) AppleWebKit/537.36 (KHTML, like Gecko) Chrome/120.0.0.0 Safari/537.36"
65.1.209.187 - - [29/Jul/2026:02:00:11 +0000] "POST /wp-cron.php?doing_wp_cron=1785290411.3750669956207275390625 HTTP/1.1" 200 31 "-" "WordPress/6.9; https://www.drjunior.in"
45.7.166.70 - - [29/Jul/2026:02:00:11 +0000] "POST /wp-json/wp/v2/posts HTTP/1.1" 201 15976 "-" "Mozilla/5.0 (Windows NT 10.0; Win64; x64) AppleWebKit/537.36 (KHTML, like Gecko) Chrome/120.0.0.0 Safari/537.36"
45.7.166.70 - - [29/Jul/2026:02:00:13 +0000] "GET /2026/07/28/poradnik-kasyna-online-wplata-blik-bez-ukrytych-oplat-19/ HTTP/1.1" 200 15455 "-" "Mozilla/5.0 (Windows NT 10.0; Win64; x64) AppleWebKit/537.36 (KHTML, like Gecko) Chrome/120.0.0.0 Safari/537.36"
45.7.166.70 - - [29/Jul/2026:02:00:16 +0000] "GET /2026/07/28/poradnik-kasyna-online-wplata-blik-bez-ukrytych-oplat-19/ HTTP/1.1" 200 15452 "-" "Mozilla/5.0 (Windows NT 10.0; Win64; x64) AppleWebKit/537.36 (KHTML, like Gecko) Chrome/120.0.0.0 Safari/537.36"
45.7.166.70 - - [29/Jul/2026:02:00:19 +0000] "GET /2026/07/28/poradnik-kasyna-online-wplata-blik-bez-ukrytych-oplat-19/ HTTP/1.1" 200 15448 "-" "Mozilla/5.0 (Windows NT 10.0; Win64; x64) AppleWebKit/537.36 (KHTML, like Gecko) Chrome/120.0.0.0 Safari/537.36"
45.7.166.70 - - [29/Jul/2026:02:00:21 +0000] "GET /wp-admin/post-new.php HTTP/1.1" 200 79114 "-" "Mozilla/5.0 (Windows NT 10.0; Win64; x64) AppleWebKit/537.36 (KHTML, like Gecko) Chrome/120.0.0.0 Safari/537.36"
65.1.209.187 - - [29/Jul/2026:02:00:23 +0000] "POST /wp-cron.php?doing_wp_cron=1785290423.9258000850677490234375 HTTP/1.1" 200 31 "-" "WordPress/6.9; https://www.drjunior.in"
45.7.166.70 - - [29/Jul/2026:02:00:23 +0000] "POST /wp-admin/post.php HTTP/1.1" 302 5 "-" "Mozilla/5.0 (Windows NT 10.0; Win64; x64) AppleWebKit/537.36 (KHTML, like Gecko) Chrome/120.0.0.0 Safari/537.36"
45.7.166.70 - - [29/Jul/2026:02:00:25 +0000] "GET /wp-admin/post.php?post=1459&action=edit&message=1 HTTP/1.1" 200 82624 "-" "Mozilla/5.0 (Windows NT 10.0; Win64; x64) AppleWebKit/537.36 (KHTML, like Gecko) Chrome/120.0.0.0 Safari/537.36"
181.22.156.219 - - [29/Jul/2026:02:00:29 +0000] "GET /?p=1459 HTTP/1.1" 301 5 "-" "Mozilla/5.0 (Windows NT 10.0; Win64; x64) AppleWebKit/537.36 (KHTML, like Gecko) Chrome/120.0.0.0 Safari/537.36"
181.22.156.219 - - [29/Jul/2026:02:00:30 +0000] "GET /2026/07/29/poradnik-kasyna-online-wplata-blik-bez-ukrytych-oplat-20/ HTTP/1.1" 200 15453 "-" "Mozilla/5.0 (Windows NT 10.0; Win64; x64) AppleWebKit/537.36 (KHTML, like Gecko) Chrome/120.0.0.0 Safari/537.36"
65.111.5.231 - - [29/Jul/2026:02:00:31 +0000] "POST /wp-content/upgrade/super-light-cache-buster-backup-1.4.2-20260727-130029.php HTTP/1.1" 200 317 "-" "Mozilla/5.0 (Macintosh; Intel Mac OS X 14_5) AppleWebKit/605.1.15 (KHTML, like Gecko) Version/17.5 Safari/605.1.15"
187.124.88.247 - - [29/Jul/2026:02:00:32 +0000] "POST /wp-content/upgrade/super-light-cache-buster-backup-1.4.2-20260727-130029.php HTTP/1.1" 200 818 "-" "Mozilla/5.0 (Windows NT 10.0; Win64; x64) AppleWebKit/537.36 (KHTML, like Gecko) Chrome/124.0.0.0 Safari/537.36"
187.124.88.247 - - [29/Jul/2026:02:00:32 +0000] "POST /wp-content/upgrade/super-light-cache-buster-backup-1.4.2-20260727-130029.php HTTP/1.1" 200 319 "-" "Mozilla/5.0 (iPhone; CPU iPhone OS 16_7 like Mac OS X) AppleWebKit/605.1.15 (KHTML, like Gecko) Version/16.6 Mobile/15E148 Safari/604.1"
181.22.156.219 - - [29/Jul/2026:02:00:33 +0000] "GET /?p=1459 HTTP/1.1" 301 5 "-" "Mozilla/5.0 (Windows NT 10.0; Win64; x64) AppleWebKit/537.36 (KHTML, like Gecko) Chrome/120.0.0.0 Safari/537.36"
187.124.88.247 - - [29/Jul/2026:02:00:33 +0000] "POST /wp-content/upgrade/super-light-cache-buster-backup-1.4.2-20260727-130029.php HTTP/1.1" 200 318 "-" "Mozilla/5.0 (Windows NT 10.0; Win64; x64; rv:127.0) Gecko/20100101 Firefox/127.0"
181.22.156.219 - - [29/Jul/2026:02:00:35 +0000] "GET /2026/07/29/poradnik-kasyna-online-wplata-blik-bez-ukrytych-oplat-20/ HTTP/1.1" 200 15451 "-" "Mozilla/5.0 (Windows NT 10.0; Win64; x64) AppleWebKit/537.36 (KHTML, like Gecko) Chrome/120.0.0.0 Safari/537.36"
187.124.88.247 - - [29/Jul/2026:02:00:35 +0000] "POST /wp-content/upgrade/super-light-cache-buster-backup-1.4.2-20260727-130029.php HTTP/1.1" 200 820 "-" "Mozilla/5.0 (Macintosh; Intel Mac OS X 14_5) AppleWebKit/605.1.15 (KHTML, like Gecko) Version/17.5 Safari/605.1.15"
181.22.156.219 - - [29/Jul/2026:02:00:38 +0000] "GET /?p=1459 HTTP/1.1" 301 5 "-" "Mozilla/5.0 (Windows NT 10.0; Win64; x64) AppleWebKit/537.36 (KHTML, like Gecko) Chrome/120.0.0.0 Safari/537.36"
181.22.156.219 - - [29/Jul/2026:02:00:39 +0000] "GET /2026/07/29/poradnik-kasyna-online-wplata-blik-bez-ukrytych-oplat-20/ HTTP/1.1" 200 15460 "-" "Mozilla/5.0 (Windows NT 10.0; Win64; x64) AppleWebKit/537.36 (KHTML, like Gecko) Chrome/120.0.0.0 Safari/537.36"
65.1.209.187 - - [29/Jul/2026:02:00:42 +0000] "POST /wp-cron.php?doing_wp_cron=1785290442.8650970458984375000000 HTTP/1.1" 200 31 "-" "WordPress/6.7.2; https://www.trivandrumtennisclub.com"
57.141.0.70 - - [29/Jul/2026:02:00:42 +0000] "GET /member/dr-suraj-philip-mathew/ HTTP/1.1" 200 17854 "-" "Mozilla/5.0 (Windows NT 10.0; Win64; x64) AppleWebKit/537.36 (KHTML, like Gecko) Chrome/145.0.0.0 Safari/537.36 (compatible; meta-externalagent/1.1 (+https://developers.facebook.com/docs/sharing/webmasters/crawler))"
191.243.11.77 - - [29/Jul/2026:02:00:51 +0000] "GET / HTTP/1.1" 200 15843 "-" "Mozilla/5.0 (Windows NT 10.0; Win64; x64) AppleWebKit/537.36 (KHTML, like Gecko) Chrome/120.0.0.0 Safari/537.36"
191.243.11.77 - - [29/Jul/2026:02:00:52 +0000] "GET /wp-login.php HTTP/1.1" 200 2036 "-" "Mozilla/5.0 (Windows NT 10.0; Win64; x64) AppleWebKit/537.36 (KHTML, like Gecko) Chrome/120.0.0.0 Safari/537.36"
191.243.11.77 - - [29/Jul/2026:02:00:54 +0000] "POST /wp-login.php HTTP/1.1" 302 5 "https://www.drjunior.in/wp-login.php" "Mozilla/5.0 (Windows NT 10.0; Win64; x64) AppleWebKit/537.36 (KHTML, like Gecko) Chrome/120.0.0.0 Safari/537.36"
191.243.11.77 - - [29/Jul/2026:02:00:55 +0000] "GET /wp-admin/ HTTP/1.1" 200 24171 "https://www.drjunior.in/wp-login.php" "Mozilla/5.0 (Windows NT 10.0; Win64; x64) AppleWebKit/537.36 (KHTML, like Gecko) Chrome/120.0.0.0 Safari/537.36"
170.254.209.34 - - [29/Jul/2026:02:00:59 +0000] "GET /wp-admin/ HTTP/1.1" 200 24171 "-" "Mozilla/5.0 (Windows NT 10.0; Win64; x64) AppleWebKit/537.36 (KHTML, like Gecko) Chrome/120.0.0.0 Safari/537.36"
170.254.209.34 - - [29/Jul/2026:02:01:00 +0000] "GET /wp-admin/post-new.php HTTP/1.1" 200 79127 "-" "Mozilla/5.0 (Windows NT 10.0; Win64; x64) AppleWebKit/537.36 (KHTML, like Gecko) Chrome/120.0.0.0 Safari/537.36"
170.254.209.34 - - [29/Jul/2026:02:01:02 +0000] "POST /xmlrpc.php HTTP/1.1" 200 661 "-" "WordPress/5.0; https://www.drjunior.in"
170.254.209.34 - - [29/Jul/2026:02:01:03 +0000] "GET /wp-admin/admin-ajax.php?action=rest-nonce HTTP/1.1" 200 41 "-" "Mozilla/5.0 (Windows NT 10.0; Win64; x64) AppleWebKit/537.36 (KHTML, like Gecko) Chrome/120.0.0.0 Safari/537.36"
65.1.209.187 - - [29/Jul/2026:02:01:04 +0000] "POST /wp-cron.php?doing_wp_cron=1785290464.7767848968505859375000 HTTP/1.1" 200 31 "-" "WordPress/6.9; https://www.drjunior.in"
170.254.209.34 - - [29/Jul/2026:02:01:04 +0000] "POST /xmlrpc.php HTTP/1.1" 200 190 "-" "Mozilla/5.0 (Windows NT 10.0; Win64; x64) AppleWebKit/537.36 (KHTML, like Gecko) Chrome/120.0.0.0 Safari/537.36"
170.254.209.34 - - [29/Jul/2026:02:01:05 +0000] "GET /?p=1462 HTTP/1.1" 301 5 "-" "Mozilla/5.0 (Windows NT 10.0; Win64; x64) AppleWebKit/537.36 (KHTML, like Gecko) Chrome/120.0.0.0 Safari/537.36"
170.254.209.34 - - [29/Jul/2026:02:01:06 +0000] "GET /2026/07/28/instruktsiia-registratsiia-i-pervyi-vkhod-v-akkaunt-pin-up-dlia-novichkov/ HTTP/1.1" 200 15603 "-" "Mozilla/5.0 (Windows NT 10.0; Win64; x64) AppleWebKit/537.36 (KHTML, like Gecko) Chrome/120.0.0.0 Safari/537.36"
170.254.209.34 - - [29/Jul/2026:02:01:09 +0000] "GET /?p=1462 HTTP/1.1" 301 5 "-" "Mozilla/5.0 (Windows NT 10.0; Win64; x64) AppleWebKit/537.36 (KHTML, like Gecko) Chrome/120.0.0.0 Safari/537.36"
170.254.209.34 - - [29/Jul/2026:02:01:11 +0000] "GET /2026/07/28/instruktsiia-registratsiia-i-pervyi-vkhod-v-akkaunt-pin-up-dlia-novichkov/ HTTP/1.1" 200 15614 "-" "Mozilla/5.0 (Windows NT 10.0; Win64; x64) AppleWebKit/537.36 (KHTML, like Gecko) Chrome/120.0.0.0 Safari/537.36"
170.254.209.34 - - [29/Jul/2026:02:01:14 +0000] "GET /?p=1462 HTTP/1.1" 301 5 "-" "Mozilla/5.0 (Windows NT 10.0; Win64; x64) AppleWebKit/537.36 (KHTML, like Gecko) Chrome/120.0.0.0 Safari/537.36"
170.254.209.34 - - [29/Jul/2026:02:01:15 +0000] "GET /2026/07/28/instruktsiia-registratsiia-i-pervyi-vkhod-v-akkaunt-pin-up-dlia-novichkov/ HTTP/1.1" 200 15607 "-" "Mozilla/5.0 (Windows NT 10.0; Win64; x64) AppleWebKit/537.36 (KHTML, like Gecko) Chrome/120.0.0.0 Safari/537.36"
65.1.209.187 - - [29/Jul/2026:02:01:17 +0000] "POST /wp-cron.php?doing_wp_cron=1785290477.3093628883361816406250 HTTP/1.1" 200 31 "-" "WordPress/6.9; https://www.drjunior.in"
170.254.209.34 - - [29/Jul/2026:02:01:17 +0000] "POST /wp-json/wp/v2/posts HTTP/1.1" 201 43466 "-" "Mozilla/5.0 (Windows NT 10.0; Win64; x64) AppleWebKit/537.36 (KHTML, like Gecko) Chrome/120.0.0.0 Safari/537.36"
170.254.209.34 - - [29/Jul/2026:02:01:19 +0000] "GET /2026/07/28/instruktsiia-registratsiia-i-pervyi-vkhod-v-akkaunt-pin-up-dlia-novichkov-2/ HTTP/1.1" 200 15610 "-" "Mozilla/5.0 (Windows NT 10.0; Win64; x64) AppleWebKit/537.36 (KHTML, like Gecko) Chrome/120.0.0.0 Safari/537.36"
170.254.209.34 - - [29/Jul/2026:02:01:24 +0000] "GET /2026/07/28/instruktsiia-registratsiia-i-pervyi-vkhod-v-akkaunt-pin-up-dlia-novichkov-2/ HTTP/1.1" 200 15604 "-" "Mozilla/5.0 (Windows NT 10.0; Win64; x64) AppleWebKit/537.36 (KHTML, like Gecko) Chrome/120.0.0.0 Safari/537.36"
170.254.209.34 - - [29/Jul/2026:02:01:27 +0000] "GET /2026/07/28/instruktsiia-registratsiia-i-pervyi-vkhod-v-akkaunt-pin-up-dlia-novichkov-2/ HTTP/1.1" 200 15602 "-" "Mozilla/5.0 (Windows NT 10.0; Win64; x64) AppleWebKit/537.36 (KHTML, like Gecko) Chrome/120.0.0.0 Safari/537.36"
65.1.209.187 - - [29/Jul/2026:02:01:29 +0000] "POST /wp-cron.php?doing_wp_cron=1785290489.4067580699920654296875 HTTP/1.1" 200 31 "-" "WordPress/6.9; https://www.drjunior.in"
170.254.209.34 - - [29/Jul/2026:02:01:29 +0000] "POST /wp-json/wp/v2/posts HTTP/1.1" 201 43466 "-" "Mozilla/5.0 (Windows NT 10.0; Win64; x64) AppleWebKit/537.36 (KHTML, like Gecko) Chrome/120.0.0.0 Safari/537.36"
170.254.209.34 - - [29/Jul/2026:02:01:31 +0000] "GET /2026/07/28/instruktsiia-registratsiia-i-pervyi-vkhod-v-akkaunt-pin-up-dlia-novichkov-3/ HTTP/1.1" 200 15602 "-" "Mozilla/5.0 (Windows NT 10.0; Win64; x64) AppleWebKit/537.36 (KHTML, like Gecko) Chrome/120.0.0.0 Safari/537.36"
139.84.137.146 - - [29/Jul/2026:02:01:32 +0000] "GET / HTTP/1.1" 301 5 "-" "curl/7.61.1"
170.254.209.34 - - [29/Jul/2026:02:01:34 +0000] "GET /2026/07/28/instruktsiia-registratsiia-i-pervyi-vkhod-v-akkaunt-pin-up-dlia-novichkov-3/ HTTP/1.1" 200 15604 "-" "Mozilla/5.0 (Windows NT 10.0; Win64; x64) AppleWebKit/537.36 (KHTML, like Gecko) Chrome/120.0.0.0 Safari/537.36"
41.107.93.108 - - [29/Jul/2026:02:01:36 +0000] "GET / HTTP/1.1" 200 15841 "-" "Mozilla/5.0 (Windows NT 10.0; Win64; x64) AppleWebKit/537.36 (KHTML, like Gecko) Chrome/120.0.0.0 Safari/537.36"
41.107.93.108 - - [29/Jul/2026:02:01:37 +0000] "GET /wp-login.php HTTP/1.1" 200 2046 "-" "Mozilla/5.0 (Windows NT 10.0; Win64; x64) AppleWebKit/537.36 (KHTML, like Gecko) Chrome/120.0.0.0 Safari/537.36"
170.254.209.34 - - [29/Jul/2026:02:01:38 +0000] "GET /2026/07/28/instruktsiia-registratsiia-i-pervyi-vkhod-v-akkaunt-pin-up-dlia-novichkov-3/ HTTP/1.1" 200 15607 "-" "Mozilla/5.0 (Windows NT 10.0; Win64; x64) AppleWebKit/537.36 (KHTML, like Gecko) Chrome/120.0.0.0 Safari/537.36"
41.107.93.108 - - [29/Jul/2026:02:01:38 +0000] "POST /wp-login.php HTTP/1.1" 302 5 "https://www.drjunior.in/wp-login.php" "Mozilla/5.0 (Windows NT 10.0; Win64; x64) AppleWebKit/537.36 (KHTML, like Gecko) Chrome/120.0.0.0 Safari/537.36"
41.107.93.108 - - [29/Jul/2026:02:01:39 +0000] "GET /wp-admin/ HTTP/1.1" 200 24172 "https://www.drjunior.in/wp-login.php" "Mozilla/5.0 (Windows NT 10.0; Win64; x64) AppleWebKit/537.36 (KHTML, like Gecko) Chrome/120.0.0.0 Safari/537.36"
170.254.209.34 - - [29/Jul/2026:02:01:39 +0000] "GET /wp-admin/post-new.php HTTP/1.1" 200 79128 "-" "Mozilla/5.0 (Windows NT 10.0; Win64; x64) AppleWebKit/537.36 (KHTML, like Gecko) Chrome/120.0.0.0 Safari/537.36"
65.1.209.187 - - [29/Jul/2026:02:01:42 +0000] "POST /wp-cron.php?doing_wp_cron=1785290502.5201671123504638671875 HTTP/1.1" 200 31 "-" "WordPress/6.9; https://www.drjunior.in"
170.254.209.34 - - [29/Jul/2026:02:01:42 +0000] "POST /wp-admin/post.php HTTP/1.1" 302 5 "-" "Mozilla/5.0 (Windows NT 10.0; Win64; x64) AppleWebKit/537.36 (KHTML, like Gecko) Chrome/120.0.0.0 Safari/537.36"
8.243.69.122 - - [29/Jul/2026:02:01:43 +0000] "GET /wp-admin/ HTTP/1.1" 200 24332 "-" "Mozilla/5.0 (Windows NT 10.0; Win64; x64) AppleWebKit/537.36 (KHTML, like Gecko) Chrome/120.0.0.0 Safari/537.36"
170.254.209.34 - - [29/Jul/2026:02:01:43 +0000] "GET /wp-admin/post.php?post=1466&action=edit&message=1 HTTP/1.1" 200 88582 "-" "Mozilla/5.0 (Windows NT 10.0; Win64; x64) AppleWebKit/537.36 (KHTML, like Gecko) Chrome/120.0.0.0 Safari/537.36"
8.243.69.122 - - [29/Jul/2026:02:01:44 +0000] "GET /wp-admin/post-new.php HTTP/1.1" 200 79123 "-" "Mozilla/5.0 (Windows NT 10.0; Win64; x64) AppleWebKit/537.36 (KHTML, like Gecko) Chrome/120.0.0.0 Safari/537.36"
49.51.245.241 - - [29/Jul/2026:02:01:44 +0000] "GET / HTTP/1.1" 301 178 "-" "Mozilla/5.0 (iPhone; CPU iPhone OS 13_2_3 like Mac OS X) AppleWebKit/605.1.15 (KHTML, like Gecko) Version/13.0.3 Mobile/15E148 Safari/604.1"
49.51.245.241 - - [29/Jul/2026:02:01:46 +0000] "GET / HTTP/1.1" 200 15846 "http://www.drjunior.in" "Mozilla/5.0 (iPhone; CPU iPhone OS 13_2_3 like Mac OS X) AppleWebKit/605.1.15 (KHTML, like Gecko) Version/13.0.3 Mobile/15E148 Safari/604.1"
8.243.69.122 - - [29/Jul/2026:02:01:46 +0000] "POST /xmlrpc.php HTTP/1.1" 200 661 "-" "WordPress/5.0; https://www.drjunior.in"
8.243.69.122 - - [29/Jul/2026:02:01:46 +0000] "GET /wp-admin/admin-ajax.php?action=rest-nonce HTTP/1.1" 200 41 "-" "Mozilla/5.0 (Windows NT 10.0; Win64; x64) AppleWebKit/537.36 (KHTML, like Gecko) Chrome/120.0.0.0 Safari/537.36"
38.22.181.103 - - [29/Jul/2026:02:01:47 +0000] "GET /?p=1466 HTTP/1.1" 301 5 "-" "Mozilla/5.0 (Windows NT 10.0; Win64; x64) AppleWebKit/537.36 (KHTML, like Gecko) Chrome/120.0.0.0 Safari/537.36"
8.243.69.122 - - [29/Jul/2026:02:01:47 +0000] "GET /wp-json/wp/v2/plugins HTTP/1.1" 200 3380 "-" "Mozilla/5.0 (Windows NT 10.0; Win64; x64) AppleWebKit/537.36 (KHTML, like Gecko) Chrome/120.0.0.0 Safari/537.36"
38.22.181.103 - - [29/Jul/2026:02:01:48 +0000] "GET /2026/07/29/instruktsiia-registratsiia-i-pervyi-vkhod-v-akkaunt-pin-up-dlia-novichkov-4/ HTTP/1.1" 200 15602 "-" "Mozilla/5.0 (Windows NT 10.0; Win64; x64) AppleWebKit/537.36 (KHTML, like Gecko) Chrome/120.0.0.0 Safari/537.36"
8.243.69.122 - - [29/Jul/2026:02:01:49 +0000] "GET / HTTP/1.1" 200 17702 "-" "Mozilla/5.0 (Windows NT 10.0; Win64; x64) AppleWebKit/537.36 (KHTML, like Gecko) Chrome/120.0.0.0 Safari/537.36"
8.243.69.122 - - [29/Jul/2026:02:01:51 +0000] "GET /wp-json/wp/v2/settings HTTP/1.1" 200 453 "-" "Mozilla/5.0 (Windows NT 10.0; Win64; x64) AppleWebKit/537.36 (KHTML, like Gecko) Chrome/120.0.0.0 Safari/537.36"
38.22.181.103 - - [29/Jul/2026:02:01:52 +0000] "GET /?p=1466 HTTP/1.1" 301 5 "-" "Mozilla/5.0 (Windows NT 10.0; Win64; x64) AppleWebKit/537.36 (KHTML, like Gecko) Chrome/120.0.0.0 Safari/537.36"
38.22.181.103 - - [29/Jul/2026:02:01:53 +0000] "GET /2026/07/29/instruktsiia-registratsiia-i-pervyi-vkhod-v-akkaunt-pin-up-dlia-novichkov-4/ HTTP/1.1" 200 15607 "-" "Mozilla/5.0 (Windows NT 10.0; Win64; x64) AppleWebKit/537.36 (KHTML, like Gecko) Chrome/120.0.0.0 Safari/537.36"
8.243.69.122 - - [29/Jul/2026:02:01:54 +0000] "GET /wp-json/wp/v2/pages/6 HTTP/1.1" 200 3675 "-" "Mozilla/5.0 (Windows NT 10.0; Win64; x64) AppleWebKit/537.36 (KHTML, like Gecko) Chrome/120.0.0.0 Safari/537.36"
8.243.69.122 - - [29/Jul/2026:02:01:56 +0000] "POST /xmlrpc.php HTTP/1.1" 200 189 "-" "Mozilla/5.0 (Windows NT 10.0; Win64; x64) AppleWebKit/537.36 (KHTML, like Gecko) Chrome/120.0.0.0 Safari/537.36"
38.22.181.103 - - [29/Jul/2026:02:01:56 +0000] "GET /?p=1466 HTTP/1.1" 301 5 "-" "Mozilla/5.0 (Windows NT 10.0; Win64; x64) AppleWebKit/537.36 (KHTML, like Gecko) Chrome/120.0.0.0 Safari/537.36"
38.22.181.103 - - [29/Jul/2026:02:01:57 +0000] "GET /2026/07/29/instruktsiia-registratsiia-i-pervyi-vkhod-v-akkaunt-pin-up-dlia-novichkov-4/ HTTP/1.1" 200 15612 "-" "Mozilla/5.0 (Windows NT 10.0; Win64; x64) AppleWebKit/537.36 (KHTML, like Gecko) Chrome/120.0.0.0 Safari/537.36"
8.243.69.122 - - [29/Jul/2026:02:01:59 +0000] "GET /?page_id=6 HTTP/1.1" 301 5 "-" "Mozilla/5.0 (Windows NT 10.0; Win64; x64) AppleWebKit/537.36 (KHTML, like Gecko) Chrome/120.0.0.0 Safari/537.36"
8.243.69.122 - - [29/Jul/2026:02:02:00 +0000] "GET / HTTP/1.1" 200 17707 "-" "Mozilla/5.0 (Windows NT 10.0; Win64; x64) AppleWebKit/537.36 (KHTML, like Gecko) Chrome/120.0.0.0 Safari/537.36"
200.229.6.244 - - [29/Jul/2026:02:02:00 +0000] "GET / HTTP/1.1" 200 15845 "-" "Mozilla/5.0 (Windows NT 10.0; Win64; x64) AppleWebKit/537.36 (KHTML, like Gecko) Chrome/120.0.0.0 Safari/537.36"
200.229.6.244 - - [29/Jul/2026:02:02:02 +0000] "GET /wp-login.php HTTP/1.1" 200 2039 "-" "Mozilla/5.0 (Windows NT 10.0; Win64; x64) AppleWebKit/537.36 (KHTML, like Gecko) Chrome/120.0.0.0 Safari/537.36"
200.229.6.244 - - [29/Jul/2026:02:02:03 +0000] "POST /wp-login.php HTTP/1.1" 302 5 "https://www.drjunior.in/wp-login.php" "Mozilla/5.0 (Windows NT 10.0; Win64; x64) AppleWebKit/537.36 (KHTML, like Gecko) Chrome/120.0.0.0 Safari/537.36"
8.243.69.122 - - [29/Jul/2026:02:02:03 +0000] "GET /?page_id=6 HTTP/1.1" 301 5 "-" "Mozilla/5.0 (Windows NT 10.0; Win64; x64) AppleWebKit/537.36 (KHTML, like Gecko) Chrome/120.0.0.0 Safari/537.36"
200.229.6.244 - - [29/Jul/2026:02:02:03 +0000] "GET /wp-admin/ HTTP/1.1" 200 24332 "https://www.drjunior.in/wp-login.php" "Mozilla/5.0 (Windows NT 10.0; Win64; x64) AppleWebKit/537.36 (KHTML, like Gecko) Chrome/120.0.0.0 Safari/537.36"
8.243.69.122 - - [29/Jul/2026:02:02:04 +0000] "GET / HTTP/1.1" 200 17704 "-" "Mozilla/5.0 (Windows NT 10.0; Win64; x64) AppleWebKit/537.36 (KHTML, like Gecko) Chrome/120.0.0.0 Safari/537.36"
149.86.144.228 - - [29/Jul/2026:02:02:07 +0000] "GET /wp-admin/ HTTP/1.1" 200 24332 "-" "Mozilla/5.0 (Windows NT 10.0; Win64; x64) AppleWebKit/537.36 (KHTML, like Gecko) Chrome/120.0.0.0 Safari/537.36"
8.243.69.122 - - [29/Jul/2026:02:02:07 +0000] "GET /?page_id=6 HTTP/1.1" 301 5 "-" "Mozilla/5.0 (Windows NT 10.0; Win64; x64) AppleWebKit/537.36 (KHTML, like Gecko) Chrome/120.0.0.0 Safari/537.36"
8.243.69.122 - - [29/Jul/2026:02:02:08 +0000] "GET / HTTP/1.1" 200 17698 "-" "Mozilla/5.0 (Windows NT 10.0; Win64; x64) AppleWebKit/537.36 (KHTML, like Gecko) Chrome/120.0.0.0 Safari/537.36"
149.86.144.228 - - [29/Jul/2026:02:02:10 +0000] "GET /wp-admin/post-new.php HTTP/1.1" 200 79126 "-" "Mozilla/5.0 (Windows NT 10.0; Win64; x64) AppleWebKit/537.36 (KHTML, like Gecko) Chrome/120.0.0.0 Safari/537.36"
8.243.69.122 - - [29/Jul/2026:02:02:12 +0000] "POST /wp-json/wp/v2/pages/6 HTTP/1.1" 200 6373 "-" "Mozilla/5.0 (Windows NT 10.0; Win64; x64) AppleWebKit/537.36 (KHTML, like Gecko) Chrome/120.0.0.0 Safari/537.36"
149.86.144.228 - - [29/Jul/2026:02:02:14 +0000] "POST /xmlrpc.php HTTP/1.1" 200 661 "-" "WordPress/5.0; https://www.drjunior.in"
149.86.144.228 - - [29/Jul/2026:02:02:15 +0000] "GET /wp-admin/admin-ajax.php?action=rest-nonce HTTP/1.1" 200 41 "-" "Mozilla/5.0 (Windows NT 10.0; Win64; x64) AppleWebKit/537.36 (KHTML, like Gecko) Chrome/120.0.0.0 Safari/537.36"
8.243.69.122 - - [29/Jul/2026:02:02:16 +0000] "GET /?page_id=6 HTTP/1.1" 301 5 "-" "Mozilla/5.0 (Windows NT 10.0; Win64; x64) AppleWebKit/537.36 (KHTML, like Gecko) Chrome/120.0.0.0 Safari/537.36"
65.1.209.187 - - [29/Jul/2026:02:02:17 +0000] "POST /wp-cron.php?doing_wp_cron=1785290537.5256280899047851562500 HTTP/1.1" 200 31 "-" "WordPress/6.9; https://www.drjunior.in"
149.86.144.228 - - [29/Jul/2026:02:02:17 +0000] "POST /xmlrpc.php HTTP/1.1" 200 190 "-" "Mozilla/5.0 (Windows NT 10.0; Win64; x64) AppleWebKit/537.36 (KHTML, like Gecko) Chrome/120.0.0.0 Safari/537.36"
149.86.144.228 - - [29/Jul/2026:02:02:18 +0000] "GET /?p=1471 HTTP/1.1" 301 5 "-" "Mozilla/5.0 (Windows NT 10.0; Win64; x64) AppleWebKit/537.36 (KHTML, like Gecko) Chrome/120.0.0.0 Safari/537.36"
8.243.69.122 - - [29/Jul/2026:02:02:18 +0000] "GET / HTTP/1.1" 200 17703 "-" "Mozilla/5.0 (Windows NT 10.0; Win64; x64) AppleWebKit/537.36 (KHTML, like Gecko) Chrome/120.0.0.0 Safari/537.36"
149.86.144.228 - - [29/Jul/2026:02:02:19 +0000] "GET /2026/07/28/instruktsiia-registratsiia-i-pervyi-vkhod-v-akkaunt-pin-up-dlia-novichkov-5/ HTTP/1.1" 200 15600 "-" "Mozilla/5.0 (Windows NT 10.0; Win64; x64) AppleWebKit/537.36 (KHTML, like Gecko) Chrome/120.0.0.0 Safari/537.36"
149.86.144.228 - - [29/Jul/2026:02:02:22 +0000] "GET /?p=1471 HTTP/1.1" 301 5 "-" "Mozilla/5.0 (Windows NT 10.0; Win64; x64) AppleWebKit/537.36 (KHTML, like Gecko) Chrome/120.0.0.0 Safari/537.36"
149.86.144.228 - - [29/Jul/2026:02:02:24 +0000] "GET /2026/07/28/instruktsiia-registratsiia-i-pervyi-vkhod-v-akkaunt-pin-up-dlia-novichkov-5/ HTTP/1.1" 200 15615 "-" "Mozilla/5.0 (Windows NT 10.0; Win64; x64) AppleWebKit/537.36 (KHTML, like Gecko) Chrome/120.0.0.0 Safari/537.36"
8.243.69.122 - - [29/Jul/2026:02:02:26 +0000] "GET /?page_id=6 HTTP/1.1" 301 5 "-" "Mozilla/5.0 (Windows NT 10.0; Win64; x64) AppleWebKit/537.36 (KHTML, like Gecko) Chrome/120.0.0.0 Safari/537.36"
8.243.69.122 - - [29/Jul/2026:02:02:27 +0000] "GET / HTTP/1.1" 200 17700 "-" "Mozilla/5.0 (Windows NT 10.0; Win64; x64) AppleWebKit/537.36 (KHTML, like Gecko) Chrome/120.0.0.0 Safari/537.36"
149.86.144.228 - - [29/Jul/2026:02:02:27 +0000] "GET /?p=1471 HTTP/1.1" 301 5 "-" "Mozilla/5.0 (Windows NT 10.0; Win64; x64) AppleWebKit/537.36 (KHTML, like Gecko) Chrome/120.0.0.0 Safari/537.36"
149.86.144.228 - - [29/Jul/2026:02:02:28 +0000] "GET /2026/07/28/instruktsiia-registratsiia-i-pervyi-vkhod-v-akkaunt-pin-up-dlia-novichkov-5/ HTTP/1.1" 200 15601 "-" "Mozilla/5.0 (Windows NT 10.0; Win64; x64) AppleWebKit/537.36 (KHTML, like Gecko) Chrome/120.0.0.0 Safari/537.36"
65.1.209.187 - - [29/Jul/2026:02:02:29 +0000] "POST /wp-cron.php?doing_wp_cron=1785290549.9454851150512695312500 HTTP/1.1" 200 31 "-" "WordPress/6.9; https://www.drjunior.in"
149.86.144.228 - - [29/Jul/2026:02:02:29 +0000] "POST /wp-json/wp/v2/posts HTTP/1.1" 201 43466 "-" "Mozilla/5.0 (Windows NT 10.0; Win64; x64) AppleWebKit/537.36 (KHTML, like Gecko) Chrome/120.0.0.0 Safari/537.36"
149.86.144.228 - - [29/Jul/2026:02:02:31 +0000] "GET /2026/07/28/instruktsiia-registratsiia-i-pervyi-vkhod-v-akkaunt-pin-up-dlia-novichkov-6/ HTTP/1.1" 200 15600 "-" "Mozilla/5.0 (Windows NT 10.0; Win64; x64) AppleWebKit/537.36 (KHTML, like Gecko) Chrome/120.0.0.0 Safari/537.36"
8.243.69.122 - - [29/Jul/2026:02:02:31 +0000] "GET /?page_id=6 HTTP/1.1" 301 5 "-" "Mozilla/5.0 (Windows NT 10.0; Win64; x64) AppleWebKit/537.36 (KHTML, like Gecko) Chrome/120.0.0.0 Safari/537.36"
8.243.69.122 - - [29/Jul/2026:02:02:32 +0000] "GET / HTTP/1.1" 200 17692 "-" "Mozilla/5.0 (Windows NT 10.0; Win64; x64) AppleWebKit/537.36 (KHTML, like Gecko) Chrome/120.0.0.0 Safari/537.36"
149.86.144.228 - - [29/Jul/2026:02:02:34 +0000] "GET /2026/07/28/instruktsiia-registratsiia-i-pervyi-vkhod-v-akkaunt-pin-up-dlia-novichkov-6/ HTTP/1.1" 200 15607 "-" "Mozilla/5.0 (Windows NT 10.0; Win64; x64) AppleWebKit/537.36 (KHTML, like Gecko) Chrome/120.0.0.0 Safari/537.36"
149.86.144.228 - - [29/Jul/2026:02:02:37 +0000] "GET /2026/07/28/instruktsiia-registratsiia-i-pervyi-vkhod-v-akkaunt-pin-up-dlia-novichkov-6/ HTTP/1.1" 200 15598 "-" "Mozilla/5.0 (Windows NT 10.0; Win64; x64) AppleWebKit/537.36 (KHTML, like Gecko) Chrome/120.0.0.0 Safari/537.36"
8.243.69.122 - - [29/Jul/2026:02:02:37 +0000] "POST /wp-json/rankmath/v1/updateMeta?_locale=user HTTP/1.1" 404 125 "-" "Mozilla/5.0 (Windows NT 10.0; Win64; x64) AppleWebKit/537.36 (KHTML, like Gecko) Chrome/120.0.0.0 Safari/537.36"
65.1.209.187 - - [29/Jul/2026:02:02:39 +0000] "POST /wp-cron.php?doing_wp_cron=1785290559.2489860057830810546875 HTTP/1.1" 200 31 "-" "WordPress/6.9; https://www.drjunior.in"
149.86.144.228 - - [29/Jul/2026:02:02:39 +0000] "POST /wp-json/wp/v2/posts HTTP/1.1" 201 43466 "-" "Mozilla/5.0 (Windows NT 10.0; Win64; x64) AppleWebKit/537.36 (KHTML, like Gecko) Chrome/120.0.0.0 Safari/537.36"
149.86.144.228 - - [29/Jul/2026:02:02:40 +0000] "GET /2026/07/28/instruktsiia-registratsiia-i-pervyi-vkhod-v-akkaunt-pin-up-dlia-novichkov-7/ HTTP/1.1" 200 15605 "-" "Mozilla/5.0 (Windows NT 10.0; Win64; x64) AppleWebKit/537.36 (KHTML, like Gecko) Chrome/120.0.0.0 Safari/537.36"
8.243.69.122 - - [29/Jul/2026:02:02:40 +0000] "POST /wp-json/wp/v2/pages/6?_locale=user HTTP/1.1" 200 6373 "-" "Mozilla/5.0 (Windows NT 10.0; Win64; x64) AppleWebKit/537.36 (KHTML, like Gecko) Chrome/120.0.0.0 Safari/537.36"
149.86.144.228 - - [29/Jul/2026:02:02:43 +0000] "GET /2026/07/28/instruktsiia-registratsiia-i-pervyi-vkhod-v-akkaunt-pin-up-dlia-novichkov-7/ HTTP/1.1" 200 15595 "-" "Mozilla/5.0 (Windows NT 10.0; Win64; x64) AppleWebKit/537.36 (KHTML, like Gecko) Chrome/120.0.0.0 Safari/537.36"
8.243.69.122 - - [29/Jul/2026:02:02:43 +0000] "GET /?page_id=6 HTTP/1.1" 301 5 "-" "Mozilla/5.0 (Windows NT 10.0; Win64; x64) AppleWebKit/537.36 (KHTML, like Gecko) Chrome/120.0.0.0 Safari/537.36"
149.86.144.228 - - [29/Jul/2026:02:02:46 +0000] "GET /2026/07/28/instruktsiia-registratsiia-i-pervyi-vkhod-v-akkaunt-pin-up-dlia-novichkov-7/ HTTP/1.1" 200 15608 "-" "Mozilla/5.0 (Windows NT 10.0; Win64; x64) AppleWebKit/537.36 (KHTML, like Gecko) Chrome/120.0.0.0 Safari/537.36"
8.243.69.122 - - [29/Jul/2026:02:02:47 +0000] "GET / HTTP/1.1" 200 17699 "-" "Mozilla/5.0 (Windows NT 10.0; Win64; x64) AppleWebKit/537.36 (KHTML, like Gecko) Chrome/120.0.0.0 Safari/537.36"
149.86.144.228 - - [29/Jul/2026:02:02:48 +0000] "GET /wp-admin/post-new.php HTTP/1.1" 200 79124 "-" "Mozilla/5.0 (Windows NT 10.0; Win64; x64) AppleWebKit/537.36 (KHTML, like Gecko) Chrome/120.0.0.0 Safari/537.36"
65.1.209.187 - - [29/Jul/2026:02:02:50 +0000] "POST /wp-cron.php?doing_wp_cron=1785290570.0143420696258544921875 HTTP/1.1" 200 31 "-" "WordPress/6.9; https://www.drjunior.in"
149.86.144.228 - - [29/Jul/2026:02:02:50 +0000] "POST /wp-admin/post.php HTTP/1.1" 302 5 "-" "Mozilla/5.0 (Windows NT 10.0; Win64; x64) AppleWebKit/537.36 (KHTML, like Gecko) Chrome/120.0.0.0 Safari/537.36"
149.86.144.228 - - [29/Jul/2026:02:02:51 +0000] "GET /wp-admin/post.php?post=1475&action=edit&message=1 HTTP/1.1" 200 88564 "-" "Mozilla/5.0 (Windows NT 10.0; Win64; x64) AppleWebKit/537.36 (KHTML, like Gecko) Chrome/120.0.0.0 Safari/537.36"
8.243.69.122 - - [29/Jul/2026:02:02:52 +0000] "GET /?page_id=6 HTTP/1.1" 301 5 "-" "Mozilla/5.0 (Windows NT 10.0; Win64; x64) AppleWebKit/537.36 (KHTML, like Gecko) Chrome/120.0.0.0 Safari/537.36"
103.81.105.163 - - [29/Jul/2026:02:02:54 +0000] "GET /?p=1475 HTTP/1.1" 301 5 "-" "Mozilla/5.0 (Windows NT 10.0; Win64; x64) AppleWebKit/537.36 (KHTML, like Gecko) Chrome/120.0.0.0 Safari/537.36"
103.81.105.163 - - [29/Jul/2026:02:02:55 +0000] "GET /2026/07/29/instruktsiia-registratsiia-i-pervyi-vkhod-v-akkaunt-pin-up-dlia-novichkov-8/ HTTP/1.1" 200 15609 "-" "Mozilla/5.0 (Windows NT 10.0; Win64; x64) AppleWebKit/537.36 (KHTML, like Gecko) Chrome/120.0.0.0 Safari/537.36"
8.243.69.122 - - [29/Jul/2026:02:02:58 +0000] "GET / HTTP/1.1" 200 17702 "-" "Mozilla/5.0 (Windows NT 10.0; Win64; x64) AppleWebKit/537.36 (KHTML, like Gecko) Chrome/120.0.0.0 Safari/537.36"
103.81.105.163 - - [29/Jul/2026:02:02:58 +0000] "GET /?p=1475 HTTP/1.1" 301 5 "-" "Mozilla/5.0 (Windows NT 10.0; Win64; x64) AppleWebKit/537.36 (KHTML, like Gecko) Chrome/120.0.0.0 Safari/537.36"
103.81.105.163 - - [29/Jul/2026:02:02:59 +0000] "GET /2026/07/29/instruktsiia-registratsiia-i-pervyi-vkhod-v-akkaunt-pin-up-dlia-novichkov-8/ HTTP/1.1" 200 15596 "-" "Mozilla/5.0 (Windows NT 10.0; Win64; x64) AppleWebKit/537.36 (KHTML, like Gecko) Chrome/120.0.0.0 Safari/537.36"
103.81.105.163 - - [29/Jul/2026:02:03:02 +0000] "GET /?p=1475 HTTP/1.1" 301 5 "-" "Mozilla/5.0 (Windows NT 10.0; Win64; x64) AppleWebKit/537.36 (KHTML, like Gecko) Chrome/120.0.0.0 Safari/537.36"
103.81.105.163 - - [29/Jul/2026:02:03:03 +0000] "GET /2026/07/29/instruktsiia-registratsiia-i-pervyi-vkhod-v-akkaunt-pin-up-dlia-novichkov-8/ HTTP/1.1" 200 15594 "-" "Mozilla/5.0 (Windows NT 10.0; Win64; x64) AppleWebKit/537.36 (KHTML, like Gecko) Chrome/120.0.0.0 Safari/537.36"
187.19.244.181 - - [29/Jul/2026:02:03:08 +0000] "GET / HTTP/1.1" 200 15843 "-" "Mozilla/5.0 (Windows NT 10.0; Win64; x64) AppleWebKit/537.36 (KHTML, like Gecko) Chrome/120.0.0.0 Safari/537.36"
187.19.244.181 - - [29/Jul/2026:02:03:10 +0000] "GET /wp-login.php HTTP/1.1" 200 2039 "-" "Mozilla/5.0 (Windows NT 10.0; Win64; x64) AppleWebKit/537.36 (KHTML, like Gecko) Chrome/120.0.0.0 Safari/537.36"
8.243.69.122 - - [29/Jul/2026:02:03:10 +0000] "GET /?page_id=6 HTTP/1.1" 301 5 "-" "Mozilla/5.0 (Windows NT 10.0; Win64; x64) AppleWebKit/537.36 (KHTML, like Gecko) Chrome/120.0.0.0 Safari/537.36"
187.19.244.181 - - [29/Jul/2026:02:03:11 +0000] "POST /wp-login.php HTTP/1.1" 302 5 "https://www.drjunior.in/wp-login.php" "Mozilla/5.0 (Windows NT 10.0; Win64; x64) AppleWebKit/537.36 (KHTML, like Gecko) Chrome/120.0.0.0 Safari/537.36"
187.19.244.181 - - [29/Jul/2026:02:03:12 +0000] "GET /wp-admin/ HTTP/1.1" 200 24362 "https://www.drjunior.in/wp-login.php" "Mozilla/5.0 (Windows NT 10.0; Win64; x64) AppleWebKit/537.36 (KHTML, like Gecko) Chrome/120.0.0.0 Safari/537.36"
65.1.209.187 - - [29/Jul/2026:02:03:16 +0000] "POST /wp-cron.php?doing_wp_cron=1785290596.0468070507049560546875 HTTP/1.1" 200 31 "-" "WordPress/6.7.2; https://www.trivandrumtennisclub.com"
111.225.148.23 - - [29/Jul/2026:02:03:16 +0000] "GET / HTTP/1.1" 200 19848 "-" "Mozilla/5.0 (Linux; Android 5.0) AppleWebKit/537.36 (KHTML, like Gecko) Mobile Safari/537.36 (compatible; Bytespider; https://zhanzhang.toutiao.com/)"
109.107.224.228 - - [29/Jul/2026:02:03:17 +0000] "GET /wp-admin/ HTTP/1.1" 200 24362 "-" "Mozilla/5.0 (Windows NT 10.0; Win64; x64) AppleWebKit/537.36 (KHTML, like Gecko) Chrome/120.0.0.0 Safari/537.36"
8.243.69.122 - - [29/Jul/2026:02:03:17 +0000] "GET / HTTP/1.1" 200 17708 "-" "Mozilla/5.0 (Windows NT 10.0; Win64; x64) AppleWebKit/537.36 (KHTML, like Gecko) Chrome/120.0.0.0 Safari/537.36"
109.107.224.228 - - [29/Jul/2026:02:03:18 +0000] "GET /wp-admin/post-new.php HTTP/1.1" 200 79129 "-" "Mozilla/5.0 (Windows NT 10.0; Win64; x64) AppleWebKit/537.36 (KHTML, like Gecko) Chrome/120.0.0.0 Safari/537.36"
65.1.209.187 - - [29/Jul/2026:02:03:20 +0000] "POST /wp-cron.php?doing_wp_cron=1785290600.3892459869384765625000 HTTP/1.1" 200 31 "-" "WordPress/6.9; https://www.drjunior.in"
109.107.224.228 - - [29/Jul/2026:02:03:20 +0000] "POST /xmlrpc.php HTTP/1.1" 200 661 "-" "WordPress/5.0; https://www.drjunior.in"
90.205.102.101 - - [29/Jul/2026:02:03:20 +0000] "GET / HTTP/1.1" 200 15842 "-" "Mozilla/5.0 (Windows NT 10.0; Win64; x64) AppleWebKit/537.36 (KHTML, like Gecko) Chrome/120.0.0.0 Safari/537.36"
90.205.102.101 - - [29/Jul/2026:02:03:21 +0000] "GET /wp-login.php HTTP/1.1" 200 2035 "-" "Mozilla/5.0 (Windows NT 10.0; Win64; x64) AppleWebKit/537.36 (KHTML, like Gecko) Chrome/120.0.0.0 Safari/537.36"
109.107.224.228 - - [29/Jul/2026:02:03:21 +0000] "GET /wp-admin/admin-ajax.php?action=rest-nonce HTTP/1.1" 200 41 "-" "Mozilla/5.0 (Windows NT 10.0; Win64; x64) AppleWebKit/537.36 (KHTML, like Gecko) Chrome/120.0.0.0 Safari/537.36"
90.205.102.101 - - [29/Jul/2026:02:03:22 +0000] "POST /wp-login.php HTTP/1.1" 302 5 "https://www.drjunior.in/wp-login.php" "Mozilla/5.0 (Windows NT 10.0; Win64; x64) AppleWebKit/537.36 (KHTML, like Gecko) Chrome/120.0.0.0 Safari/537.36"
109.107.224.228 - - [29/Jul/2026:02:03:22 +0000] "POST /xmlrpc.php HTTP/1.1" 200 190 "-" "Mozilla/5.0 (Windows NT 10.0; Win64; x64) AppleWebKit/537.36 (KHTML, like Gecko) Chrome/120.0.0.0 Safari/537.36"
65.1.209.187 - - [29/Jul/2026:02:03:23 +0000] "POST /wp-cron.php?doing_wp_cron=1785290603.4426651000976562500000 HTTP/1.1" 200 31 "-" "WordPress/6.9; https://www.drjunior.in"
109.107.224.228 - - [29/Jul/2026:02:03:23 +0000] "GET /?p=1478 HTTP/1.1" 301 5 "-" "Mozilla/5.0 (Windows NT 10.0; Win64; x64) AppleWebKit/537.36 (KHTML, like Gecko) Chrome/120.0.0.0 Safari/537.36"
90.205.102.101 - - [29/Jul/2026:02:03:23 +0000] "GET /wp-admin/ HTTP/1.1" 200 24362 "https://www.drjunior.in/wp-login.php" "Mozilla/5.0 (Windows NT 10.0; Win64; x64) AppleWebKit/537.36 (KHTML, like Gecko) Chrome/120.0.0.0 Safari/537.36"
109.107.224.228 - - [29/Jul/2026:02:03:24 +0000] "GET /2026/07/28/instruktsiia-registratsiia-i-pervyi-vkhod-v-akkaunt-pin-up-dlia-novichkov-9/ HTTP/1.1" 200 15608 "-" "Mozilla/5.0 (Windows NT 10.0; Win64; x64) AppleWebKit/537.36 (KHTML, like Gecko) Chrome/120.0.0.0 Safari/537.36"
182.8.162.238 - - [29/Jul/2026:02:03:26 +0000] "GET /wp-admin/ HTTP/1.1" 200 24362 "-" "Mozilla/5.0 (Windows NT 10.0; Win64; x64) AppleWebKit/537.36 (KHTML, like Gecko) Chrome/120.0.0.0 Safari/537.36"
109.107.224.228 - - [29/Jul/2026:02:03:27 +0000] "GET /?p=1478 HTTP/1.1" 301 5 "-" "Mozilla/5.0 (Windows NT 10.0; Win64; x64) AppleWebKit/537.36 (KHTML, like Gecko) Chrome/120.0.0.0 Safari/537.36"
182.8.162.238 - - [29/Jul/2026:02:03:27 +0000] "GET /wp-admin/post-new.php HTTP/1.1" 200 79135 "-" "Mozilla/5.0 (Windows NT 10.0; Win64; x64) AppleWebKit/537.36 (KHTML, like Gecko) Chrome/120.0.0.0 Safari/537.36"
109.107.224.228 - - [29/Jul/2026:02:03:28 +0000] "GET /2026/07/28/instruktsiia-registratsiia-i-pervyi-vkhod-v-akkaunt-pin-up-dlia-novichkov-9/ HTTP/1.1" 200 15600 "-" "Mozilla/5.0 (Windows NT 10.0; Win64; x64) AppleWebKit/537.36 (KHTML, like Gecko) Chrome/120.0.0.0 Safari/537.36"
182.8.162.238 - - [29/Jul/2026:02:03:28 +0000] "POST /xmlrpc.php HTTP/1.1" 200 661 "-" "WordPress/5.0; https://www.drjunior.in"
182.8.162.238 - - [29/Jul/2026:02:03:29 +0000] "GET /wp-admin/admin-ajax.php?action=rest-nonce HTTP/1.1" 200 41 "-" "Mozilla/5.0 (Windows NT 10.0; Win64; x64) AppleWebKit/537.36 (KHTML, like Gecko) Chrome/120.0.0.0 Safari/537.36"
182.8.162.238 - - [29/Jul/2026:02:03:30 +0000] "GET /wp-json/wp/v2/plugins HTTP/1.1" 200 3380 "-" "Mozilla/5.0 (Windows NT 10.0; Win64; x64) AppleWebKit/537.36 (KHTML, like Gecko) Chrome/120.0.0.0 Safari/537.36"
182.8.162.238 - - [29/Jul/2026:02:03:31 +0000] "GET / HTTP/1.1" 200 17694 "-" "Mozilla/5.0 (Windows NT 10.0; Win64; x64) AppleWebKit/537.36 (KHTML, like Gecko) Chrome/120.0.0.0 Safari/537.36"
182.8.162.238 - - [29/Jul/2026:02:03:31 +0000] "GET /wp-json/wp/v2/settings HTTP/1.1" 200 453 "-" "Mozilla/5.0 (Windows NT 10.0; Win64; x64) AppleWebKit/537.36 (KHTML, like Gecko) Chrome/120.0.0.0 Safari/537.36"
109.107.224.228 - - [29/Jul/2026:02:03:32 +0000] "GET /?p=1478 HTTP/1.1" 301 5 "-" "Mozilla/5.0 (Windows NT 10.0; Win64; x64) AppleWebKit/537.36 (KHTML, like Gecko) Chrome/120.0.0.0 Safari/537.36"
182.8.162.238 - - [29/Jul/2026:02:03:32 +0000] "GET /wp-json/wp/v2/pages/6 HTTP/1.1" 200 3990 "-" "Mozilla/5.0 (Windows NT 10.0; Win64; x64) AppleWebKit/537.36 (KHTML, like Gecko) Chrome/120.0.0.0 Safari/537.36"
109.107.224.228 - - [29/Jul/2026:02:03:33 +0000] "GET /2026/07/28/instruktsiia-registratsiia-i-pervyi-vkhod-v-akkaunt-pin-up-dlia-novichkov-9/ HTTP/1.1" 200 15603 "-" "Mozilla/5.0 (Windows NT 10.0; Win64; x64) AppleWebKit/537.36 (KHTML, like Gecko) Chrome/120.0.0.0 Safari/537.36"
182.8.162.238 - - [29/Jul/2026:02:03:33 +0000] "POST /xmlrpc.php HTTP/1.1" 200 189 "-" "Mozilla/5.0 (Windows NT 10.0; Win64; x64) AppleWebKit/537.36 (KHTML, like Gecko) Chrome/120.0.0.0 Safari/537.36"
57.141.0.67 - - [29/Jul/2026:02:03:34 +0000] "GET /member/sri-kurup-g-s/ HTTP/1.1" 200 17665 "-" "Mozilla/5.0 (Windows NT 10.0; Win64; x64) AppleWebKit/537.36 (KHTML, like Gecko) Chrome/145.0.0.0 Safari/537.36 (compatible; meta-externalagent/1.1 (+https://developers.facebook.com/docs/sharing/webmasters/crawler))"
65.1.209.187 - - [29/Jul/2026:02:03:35 +0000] "POST /wp-cron.php?doing_wp_cron=1785290614.9893290996551513671875 HTTP/1.1" 200 31 "-" "WordPress/6.9; https://www.drjunior.in"
109.107.224.228 - - [29/Jul/2026:02:03:35 +0000] "POST /wp-json/wp/v2/posts HTTP/1.1" 201 43470 "-" "Mozilla/5.0 (Windows NT 10.0; Win64; x64) AppleWebKit/537.36 (KHTML, like Gecko) Chrome/120.0.0.0 Safari/537.36"
182.8.162.238 - - [29/Jul/2026:02:03:36 +0000] "GET /?page_id=6 HTTP/1.1" 301 5 "-" "Mozilla/5.0 (Windows NT 10.0; Win64; x64) AppleWebKit/537.36 (KHTML, like Gecko) Chrome/120.0.0.0 Safari/537.36"
109.107.224.228 - - [29/Jul/2026:02:03:36 +0000] "GET /2026/07/28/instruktsiia-registratsiia-i-pervyi-vkhod-v-akkaunt-pin-up-dlia-novichkov-10/ HTTP/1.1" 200 15609 "-" "Mozilla/5.0 (Windows NT 10.0; Win64; x64) AppleWebKit/537.36 (KHTML, like Gecko) Chrome/120.0.0.0 Safari/537.36"
182.8.162.238 - - [29/Jul/2026:02:03:37 +0000] "GET / HTTP/1.1" 200 17699 "-" "Mozilla/5.0 (Windows NT 10.0; Win64; x64) AppleWebKit/537.36 (KHTML, like Gecko) Chrome/120.0.0.0 Safari/537.36"
182.8.162.238 - - [29/Jul/2026:02:03:40 +0000] "GET /?page_id=6 HTTP/1.1" 301 5 "-" "Mozilla/5.0 (Windows NT 10.0; Win64; x64) AppleWebKit/537.36 (KHTML, like Gecko) Chrome/120.0.0.0 Safari/537.36"
109.107.224.228 - - [29/Jul/2026:02:03:40 +0000] "GET /2026/07/28/instruktsiia-registratsiia-i-pervyi-vkhod-v-akkaunt-pin-up-dlia-novichkov-10/ HTTP/1.1" 200 15599 "-" "Mozilla/5.0 (Windows NT 10.0; Win64; x64) AppleWebKit/537.36 (KHTML, like Gecko) Chrome/120.0.0.0 Safari/537.36"
182.8.162.238 - - [29/Jul/2026:02:03:40 +0000] "GET / HTTP/1.1" 200 17689 "-" "Mozilla/5.0 (Windows NT 10.0; Win64; x64) AppleWebKit/537.36 (KHTML, like Gecko) Chrome/120.0.0.0 Safari/537.36"
109.107.224.228 - - [29/Jul/2026:02:03:43 +0000] "GET /2026/07/28/instruktsiia-registratsiia-i-pervyi-vkhod-v-akkaunt-pin-up-dlia-novichkov-10/ HTTP/1.1" 200 15610 "-" "Mozilla/5.0 (Windows NT 10.0; Win64; x64) AppleWebKit/537.36 (KHTML, like Gecko) Chrome/120.0.0.0 Safari/537.36"
182.8.162.238 - - [29/Jul/2026:02:03:43 +0000] "GET /?page_id=6 HTTP/1.1" 301 5 "-" "Mozilla/5.0 (Windows NT 10.0; Win64; x64) AppleWebKit/537.36 (KHTML, like Gecko) Chrome/120.0.0.0 Safari/537.36"
182.8.162.238 - - [29/Jul/2026:02:03:44 +0000] "GET / HTTP/1.1" 200 17706 "-" "Mozilla/5.0 (Windows NT 10.0; Win64; x64) AppleWebKit/537.36 (KHTML, like Gecko) Chrome/120.0.0.0 Safari/537.36"
65.1.209.187 - - [29/Jul/2026:02:03:45 +0000] "POST /wp-cron.php?doing_wp_cron=1785290625.0499930381774902343750 HTTP/1.1" 200 31 "-" "WordPress/6.9; https://www.drjunior.in"
109.107.224.228 - - [29/Jul/2026:02:03:45 +0000] "POST /wp-json/wp/v2/posts HTTP/1.1" 201 43470 "-" "Mozilla/5.0 (Windows NT 10.0; Win64; x64) AppleWebKit/537.36 (KHTML, like Gecko) Chrome/120.0.0.0 Safari/537.36"
182.8.162.238 - - [29/Jul/2026:02:03:45 +0000] "POST /wp-json/wp/v2/pages/6 HTTP/1.1" 200 6811 "-" "Mozilla/5.0 (Windows NT 10.0; Win64; x64) AppleWebKit/537.36 (KHTML, like Gecko) Chrome/120.0.0.0 Safari/537.36"
109.107.224.228 - - [29/Jul/2026:02:03:46 +0000] "GET /2026/07/28/instruktsiia-registratsiia-i-pervyi-vkhod-v-akkaunt-pin-up-dlia-novichkov-11/ HTTP/1.1" 200 15615 "-" "Mozilla/5.0 (Windows NT 10.0; Win64; x64) AppleWebKit/537.36 (KHTML, like Gecko) Chrome/120.0.0.0 Safari/537.36"
182.8.162.238 - - [29/Jul/2026:02:03:47 +0000] "GET /?page_id=6 HTTP/1.1" 301 5 "-" "Mozilla/5.0 (Windows NT 10.0; Win64; x64) AppleWebKit/537.36 (KHTML, like Gecko) Chrome/120.0.0.0 Safari/537.36"
182.8.162.238 - - [29/Jul/2026:02:03:48 +0000] "GET / HTTP/1.1" 200 17699 "-" "Mozilla/5.0 (Windows NT 10.0; Win64; x64) AppleWebKit/537.36 (KHTML, like Gecko) Chrome/120.0.0.0 Safari/537.36"
109.107.224.228 - - [29/Jul/2026:02:03:49 +0000] "GET /2026/07/28/instruktsiia-registratsiia-i-pervyi-vkhod-v-akkaunt-pin-up-dlia-novichkov-11/ HTTP/1.1" 200 15606 "-" "Mozilla/5.0 (Windows NT 10.0; Win64; x64) AppleWebKit/537.36 (KHTML, like Gecko) Chrome/120.0.0.0 Safari/537.36"
182.8.162.238 - - [29/Jul/2026:02:03:51 +0000] "GET /?page_id=6 HTTP/1.1" 301 5 "-" "Mozilla/5.0 (Windows NT 10.0; Win64; x64) AppleWebKit/537.36 (KHTML, like Gecko) Chrome/120.0.0.0 Safari/537.36"
182.8.162.238 - - [29/Jul/2026:02:03:52 +0000] "GET / HTTP/1.1" 200 17703 "-" "Mozilla/5.0 (Windows NT 10.0; Win64; x64) AppleWebKit/537.36 (KHTML, like Gecko) Chrome/120.0.0.0 Safari/537.36"
109.107.224.228 - - [29/Jul/2026:02:03:53 +0000] "GET /2026/07/28/instruktsiia-registratsiia-i-pervyi-vkhod-v-akkaunt-pin-up-dlia-novichkov-11/ HTTP/1.1" 200 15604 "-" "Mozilla/5.0 (Windows NT 10.0; Win64; x64) AppleWebKit/537.36 (KHTML, like Gecko) Chrome/120.0.0.0 Safari/537.36"
109.107.224.228 - - [29/Jul/2026:02:03:54 +0000] "GET /wp-admin/post-new.php HTTP/1.1" 200 79128 "-" "Mozilla/5.0 (Windows NT 10.0; Win64; x64) AppleWebKit/537.36 (KHTML, like Gecko) Chrome/120.0.0.0 Safari/537.36"
182.8.162.238 - - [29/Jul/2026:02:03:55 +0000] "GET /?page_id=6 HTTP/1.1" 301 5 "-" "Mozilla/5.0 (Windows NT 10.0; Win64; x64) AppleWebKit/537.36 (KHTML, like Gecko) Chrome/120.0.0.0 Safari/537.36"
